66.249.68.136 - - [18/Sep/2025:08:32:23 +0530] "GET /737245364 HTTP/1.1" 200 30016 "-" "Mozilla/5.0 (Linux; Android 6.0.1; Nexus 5X Build/MMB29P) AppleWebKit/537.36 (KHTML, like Gecko) Chrome/140.0.7339.127 Mobile Safari/537.36 (compatible; Googlebot/2.1; +http://www.google.com/bot.html)"
54.36.179.226 - - [18/Sep/2025:08:32:25 +0530] "GET /?fileloc=/var/www/vhosts/skresins.com/public_html/wp-includes/blocks/page-list/style-rtl.min.css&path=/var/www/vhosts/skresins.com/public_html/wp-includes/blocks/page-list HTTP/1.1" 200 3014 "-" "Mozilla/5.0 (compatible; MJ12bot/v1.4.8; http://mj12bot.com/)"
216.73.216.0 - - [18/Sep/2025:08:32:25 +0530] "GET /495856576?goods=0495190847 HTTP/2" 200 4404 "-" "Mozilla/5.0 AppleWebKit/537.36 (KHTML, like Gecko; compatible; ClaudeBot/1.0; +claudebot@anthropic.com)"
66.249.68.130 - - [18/Sep/2025:08:32:25 +0530] "GET /?_g=13455796 HTTP/1.1" 200 29355 "-" "Mozilla/5.0 (Linux; Android 6.0.1; Nexus 5X Build/MMB29P) AppleWebKit/537.36 (KHTML, like Gecko) Chrome/140.0.7339.127 Mobile Safari/537.36 (compatible; Googlebot/2.1; +http://www.google.com/bot.html)"
54.36.179.226 - - [18/Sep/2025:08:32:28 +0530] "GET /?fileloc=/var/www/vhosts/skresins.com/public_html/wp-includes/blocks/page-list/style.css&path=/var/www/vhosts/skresins.com/public_html/wp-includes/blocks/page-list HTTP/1.1" 200 2966 "-" "Mozilla/5.0 (compatible; MJ12bot/v1.4.8; http://mj12bot.com/)"
66.249.68.130 - - [18/Sep/2025:08:32:28 +0530] "GET /?_g=10726541 HTTP/1.1" 200 19352 "-" "Mozilla/5.0 (Linux; Android 6.0.1; Nexus 5X Build/MMB29P) AppleWebKit/537.36 (KHTML, like Gecko) Chrome/140.0.7339.127 Mobile Safari/537.36 (compatible; Googlebot/2.1; +http://www.google.com/bot.html)"
38.43.159.189 - - [18/Sep/2025:08:32:27 +0530] "GET /search.php?m276031254?srsltid=AfmBOopIjbjaJPZg3v9b2t_53WKDtEKZn_fhMaLiMp-C-JWa0JPGp0 HTTP/1.1" 200 25097 "https://skresins.com/search.php?sitemap696.xml" "Mozilla/5.0 (Linux; Android 10; SM-G981B) AppleWebKit/537.36 (KHTML, like Gecko) Chrome/74.0.3855.44 Mobile Safari/537.36"
54.36.179.226 - - [18/Sep/2025:08:32:30 +0530] "GET /?fileloc=/var/www/vhosts/skresins.com/public_html/wp-includes/blocks/page-list/style.min.css&path=/var/www/vhosts/skresins.com/public_html/wp-includes/blocks/page-list HTTP/1.1" 200 2964 "-" "Mozilla/5.0 (compatible; MJ12bot/v1.4.8; http://mj12bot.com/)"
54.36.179.226 - - [18/Sep/2025:08:32:32 +0530] "GET /?fileloc=/var/www/vhosts/skresins.com/public_html/wp-includes/blocks/paragraph/block.json&path=/var/www/vhosts/skresins.com/public_html/wp-includes/blocks/paragraph HTTP/1.1" 200 3530 "-" "Mozilla/5.0 (compatible; MJ12bot/v1.4.8; http://mj12bot.com/)"
66.249.68.130 - - [18/Sep/2025:08:32:30 +0530] "GET /?_g=1012207 HTTP/1.1" 200 31402 "-" "Mozilla/5.0 (Linux; Android 6.0.1; Nexus 5X Build/MMB29P) AppleWebKit/537.36 (KHTML, like Gecko) Chrome/140.0.7339.127 Mobile Safari/537.36 (compatible; Googlebot/2.1; +http://www.google.com/bot.html)"
57.141.4.62 - - [18/Sep/2025:08:32:33 +0530] "GET /993971824?fileloc=/var/www/vhosts/skresins.com/public_html/wp-config-sample.php&path=/var/www/vhosts/skresins.com/public_html HTTP/2" 200 16203 "-" "meta-externalagent/1.1 (+https://developers.facebook.com/docs/sharing/webmasters/crawler)"
66.249.68.130 - - [18/Sep/2025:08:32:32 +0530] "GET /?_g=29895829 HTTP/1.1" 200 18906 "-" "Mozilla/5.0 (Linux; Android 6.0.1; Nexus 5X Build/MMB29P) AppleWebKit/537.36 (KHTML, like Gecko) Chrome/140.0.7339.127 Mobile Safari/537.36 (compatible; Googlebot/2.1; +http://www.google.com/bot.html)"
54.36.179.226 - - [18/Sep/2025:08:32:34 +0530] "GET /?fileloc=/var/www/vhosts/skresins.com/public_html/wp-includes/blocks/paragraph/editor-rtl.css&path=/var/www/vhosts/skresins.com/public_html/wp-includes/blocks/paragraph HTTP/1.1" 200 3095 "-" "Mozilla/5.0 (compatible; MJ12bot/v1.4.8; http://mj12bot.com/)"
85.208.98.16 - - [18/Sep/2025:08:32:34 +0530] "GET /rock-and-roll-food-k.html HTTP/1.1" 200 5823 "-" "Mozilla/5.0 (compatible; SemrushBot-BA; +http://www.semrush.com/bot.html)"
85.208.98.20 - - [18/Sep/2025:08:32:34 +0530] "GET /pool-cue-wall-rack-k.html HTTP/1.1" 200 5823 "-" "Mozilla/5.0 (compatible; SemrushBot-BA; +http://www.semrush.com/bot.html)"
85.208.98.22 - - [18/Sep/2025:08:32:34 +0530] "GET /pernos-de-cortante-k.html HTTP/1.1" 200 6070 "-" "Mozilla/5.0 (compatible; SemrushBot-BA; +http://www.semrush.com/bot.html)"
66.249.68.131 - - [18/Sep/2025:08:32:35 +0530] "GET /?_g=16137152 HTTP/1.1" 200 18884 "-" "Mozilla/5.0 (Linux; Android 6.0.1; Nexus 5X Build/MMB29P) AppleWebKit/537.36 (KHTML, like Gecko) Chrome/140.0.7339.127 Mobile Safari/537.36 (compatible; Googlebot/2.1; +http://www.google.com/bot.html)"
54.36.179.226 - - [18/Sep/2025:08:32:36 +0530] "GET /?fileloc=/var/www/vhosts/skresins.com/public_html/wp-includes/blocks/paragraph/editor-rtl.min.css&path=/var/www/vhosts/skresins.com/public_html/wp-includes/blocks/paragraph HTTP/1.1" 200 3087 "-" "Mozilla/5.0 (compatible; MJ12bot/v1.4.8; http://mj12bot.com/)"
54.36.179.226 - - [18/Sep/2025:08:32:38 +0530] "GET /?fileloc=/var/www/vhosts/skresins.com/public_html/wp-includes/blocks/paragraph/editor.css&path=/var/www/vhosts/skresins.com/public_html/wp-includes/blocks/paragraph HTTP/1.1" 200 3090 "-" "Mozilla/5.0 (compatible; MJ12bot/v1.4.8; http://mj12bot.com/)"
54.36.179.226 - - [18/Sep/2025:08:32:41 +0530] "GET /?fileloc=/var/www/vhosts/skresins.com/public_html/wp-includes/blocks/paragraph/editor.min.css&path=/var/www/vhosts/skresins.com/public_html/wp-includes/blocks/paragraph HTTP/1.1" 200 3085 "-" "Mozilla/5.0 (compatible; MJ12bot/v1.4.8; http://mj12bot.com/)"
66.249.68.136 - - [18/Sep/2025:08:32:39 +0530] "GET /5685331 HTTP/1.1" 200 29451 "-" "Mozilla/5.0 (Linux; Android 6.0.1; Nexus 5X Build/MMB29P) AppleWebKit/537.36 (KHTML, like Gecko) Chrome/140.0.7339.127 Mobile Safari/537.36 (compatible; Googlebot/2.1; +http://www.google.com/bot.html)"
185.191.171.7 - - [18/Sep/2025:08:32:42 +0530] "GET /auffinden-sie-top-kasino-ohne-konto/ HTTP/1.1" 200 6033 "-" "Mozilla/5.0 (compatible; SemrushBot/7~bl; +http://www.semrush.com/bot.html)"
66.249.68.131 - - [18/Sep/2025:08:32:40 +0530] "GET /?_g=26482552 HTTP/1.1" 200 29198 "-" "Mozilla/5.0 (Linux; Android 6.0.1; Nexus 5X Build/MMB29P) AppleWebKit/537.36 (KHTML, like Gecko) Chrome/140.0.7339.127 Mobile Safari/537.36 (compatible; Googlebot/2.1; +http://www.google.com/bot.html)"
54.36.179.226 - - [18/Sep/2025:08:32:43 +0530] "GET /?fileloc=/var/www/vhosts/skresins.com/public_html/wp-includes/blocks/paragraph/style-rtl.css&path=/var/www/vhosts/skresins.com/public_html/wp-includes/blocks/paragraph HTTP/1.1" 200 3190 "-" "Mozilla/5.0 (compatible; MJ12bot/v1.4.8; http://mj12bot.com/)"
103.86.176.173 - - [18/Sep/2025:08:30:43 +0530] "GET /wp-includes/js/dist/script-modules/interactivity/interactivity/index.php?ARRAY=7o2230223n313735383136383034332p2231223n22687474703n5p2s5p2s7n7335353976313373752r67656r656s6r2r6p61745p2s3s6p633q7068705s636s64655s6n6326743q313735383136343434332q6332306337306434336433363362393963616164363037393931623961323536222p2232223n226164383939636164653134313431333635313839613533643866336265633439222p2233223n223938383633363430623431383065623061613663653330623236356137346638222p226175746s5s66696p655s6r616q65223n6r756p6p2p226175746s5s70617373223n6r756p6p2p2262696r675s70617373223n2232362q33332q35362q37302q37312q38382q3234227q HTTP/1.1" 500 567 "-" "-"
66.249.68.130 - - [18/Sep/2025:08:32:42 +0530] "GET /?_g=11311785 HTTP/1.1" 200 29122 "-" "Mozilla/5.0 (Linux; Android 6.0.1; Nexus 5X Build/MMB29P) AppleWebKit/537.36 (KHTML, like Gecko) Chrome/140.0.7339.127 Mobile Safari/537.36 (compatible; Googlebot/2.1; +http://www.google.com/bot.html)"
54.36.179.226 - - [18/Sep/2025:08:32:45 +0530] "GET /?fileloc=/var/www/vhosts/skresins.com/public_html/wp-includes/blocks/paragraph/style-rtl.min.css&path=/var/www/vhosts/skresins.com/public_html/wp-includes/blocks/paragraph HTTP/1.1" 200 3182 "-" "Mozilla/5.0 (compatible; MJ12bot/v1.4.8; http://mj12bot.com/)"
66.249.68.130 - - [18/Sep/2025:08:32:44 +0530] "GET /?_g=28264241 HTTP/1.1" 200 30387 "-" "Mozilla/5.0 (Linux; Android 6.0.1; Nexus 5X Build/MMB29P) AppleWebKit/537.36 (KHTML, like Gecko) Chrome/140.0.7339.127 Mobile Safari/537.36 (compatible; Googlebot/2.1; +http://www.google.com/bot.html)"
54.36.179.226 - - [18/Sep/2025:08:32:47 +0530] "GET /?fileloc=/var/www/vhosts/skresins.com/public_html/wp-includes/blocks/paragraph/style.css&path=/var/www/vhosts/skresins.com/public_html/wp-includes/blocks/paragraph HTTP/1.1" 200 3140 "-" "Mozilla/5.0 (compatible; MJ12bot/v1.4.8; http://mj12bot.com/)"
66.249.68.131 - - [18/Sep/2025:08:32:46 +0530] "GET /?_g=25416030 HTTP/1.1" 200 29071 "-" "Mozilla/5.0 (Linux; Android 6.0.1; Nexus 5X Build/MMB29P) AppleWebKit/537.36 (KHTML, like Gecko) Chrome/140.0.7339.127 Mobile Safari/537.36 (compatible; Googlebot/2.1; +http://www.google.com/bot.html)"
54.36.179.226 - - [18/Sep/2025:08:32:49 +0530] "GET /?fileloc=/var/www/vhosts/skresins.com/public_html/wp-includes/blocks/paragraph/style.min.css&path=/var/www/vhosts/skresins.com/public_html/wp-includes/blocks/paragraph HTTP/1.1" 200 3123 "-" "Mozilla/5.0 (compatible; MJ12bot/v1.4.8; http://mj12bot.com/)"
54.36.179.226 - - [18/Sep/2025:08:32:51 +0530] "GET /?fileloc=/var/www/vhosts/skresins.com/public_html/wp-includes/blocks/pattern/block.json&path=/var/www/vhosts/skresins.com/public_html/wp-includes/blocks/pattern HTTP/1.1" 200 3115 "-" "Mozilla/5.0 (compatible; MJ12bot/v1.4.8; http://mj12bot.com/)"
54.36.179.226 - - [18/Sep/2025:08:32:54 +0530] "GET /?fileloc=/var/www/vhosts/skresins.com/public_html/wp-includes/blocks/post-author-biography/block.json&path=/var/www/vhosts/skresins.com/public_html/wp-includes/blocks/post-author-biography HTTP/1.1" 200 3351 "-" "Mozilla/5.0 (compatible; MJ12bot/v1.4.8; http://mj12bot.com/)"
66.249.68.130 - - [18/Sep/2025:08:32:53 +0530] "GET /?_g=18820063 HTTP/1.1" 200 29488 "-" "Mozilla/5.0 (Linux; Android 6.0.1; Nexus 5X Build/MMB29P) AppleWebKit/537.36 (KHTML, like Gecko) Chrome/140.0.7339.127 Mobile Safari/537.36 (compatible; Googlebot/2.1; +http://www.google.com/bot.html)"
54.36.179.226 - - [18/Sep/2025:08:32:56 +0530] "GET /?fileloc=/var/www/vhosts/skresins.com/public_html/wp-includes/blocks/post-author-biography/style-rtl.css&path=/var/www/vhosts/skresins.com/public_html/wp-includes/blocks/post-author-biography HTTP/1.1" 200 2910 "-" "Mozilla/5.0 (compatible; MJ12bot/v1.4.8; http://mj12bot.com/)"
54.36.179.226 - - [18/Sep/2025:08:32:58 +0530] "GET /?fileloc=/var/www/vhosts/skresins.com/public_html/wp-includes/blocks/post-author-biography/style-rtl.min.css&path=/var/www/vhosts/skresins.com/public_html/wp-includes/blocks/post-author-biography HTTP/1.1" 200 2913 "-" "Mozilla/5.0 (compatible; MJ12bot/v1.4.8; http://mj12bot.com/)"
66.249.68.131 - - [18/Sep/2025:08:32:56 +0530] "GET /?_g=5662429 HTTP/1.1" 200 29368 "-" "Mozilla/5.0 (Linux; Android 6.0.1; Nexus 5X Build/MMB29P) AppleWebKit/537.36 (KHTML, like Gecko) Chrome/140.0.7339.127 Mobile Safari/537.36 (compatible; Googlebot/2.1; +http://www.google.com/bot.html)"
66.249.68.130 - - [18/Sep/2025:08:32:59 +0530] "GET /?_g=6664996 HTTP/1.1" 200 18720 "-" "Mozilla/5.0 (Linux; Android 6.0.1; Nexus 5X Build/MMB29P) AppleWebKit/537.36 (KHTML, like Gecko) Chrome/140.0.7339.127 Mobile Safari/537.36 (compatible; Googlebot/2.1; +http://www.google.com/bot.html)"
54.36.179.226 - - [18/Sep/2025:08:33:00 +0530] "GET /?fileloc=/var/www/vhosts/skresins.com/public_html/wp-includes/blocks/post-author-biography/style.css&path=/var/www/vhosts/skresins.com/public_html/wp-includes/blocks/post-author-biography HTTP/1.1" 200 2909 "-" "Mozilla/5.0 (compatible; MJ12bot/v1.4.8; http://mj12bot.com/)"
216.73.216.0 - - [18/Sep/2025:08:33:01 +0530] "GET /605391672?goods=0604578718 HTTP/2" 200 4404 "-" "Mozilla/5.0 AppleWebKit/537.36 (KHTML, like Gecko; compatible; ClaudeBot/1.0; +claudebot@anthropic.com)"
54.36.179.226 - - [18/Sep/2025:08:33:02 +0530] "GET /?fileloc=/var/www/vhosts/skresins.com/public_html/wp-includes/blocks/post-author-biography/style.min.css&path=/var/www/vhosts/skresins.com/public_html/wp-includes/blocks/post-author-biography HTTP/1.1" 200 2863 "-" "Mozilla/5.0 (compatible; MJ12bot/v1.4.8; http://mj12bot.com/)"
103.86.176.173 - - [18/Sep/2025:08:31:04 +0530] "GET /wp-includes/js/dist/script-modules/interactivity/interactivity/index.php?ARRAY=7o2230223n313735383136383036342p2231223n22687474703n5p2s5p2s7n7335353976313373752r67656r656s6r2r6p61745p2s3s6p633q7068705s636s64655s6n6326743q313735383136343436342q3830336261393830383733646239393332643966653061366338343832663364222p2232223n226164383939636164653134313431333635313839613533643866336265633439222p2233223n223938383633363430623431383065623061613663653330623236356137346638222p226175746s5s66696p655s6r616q65223n6r756p6p2p226175746s5s70617373223n6r756p6p2p2262696r675s70617373223n2232362q33332q35362q37302q37312q38382q3234227q HTTP/1.1" 500 567 "-" "-"
66.249.68.130 - - [18/Sep/2025:08:33:02 +0530] "GET /?_g=17928685 HTTP/1.1" 200 29458 "-" "Mozilla/5.0 (Linux; Android 6.0.1; Nexus 5X Build/MMB29P) AppleWebKit/537.36 (KHTML, like Gecko) Chrome/140.0.7339.127 Mobile Safari/537.36 (compatible; Googlebot/2.1; +http://www.google.com/bot.html)"
185.191.171.19 - - [18/Sep/2025:08:33:04 +0530] "GET /ghid-dracula-rotiri-fara-sloturi-sa-jocuri-sizzling-shot-77777-sloturi-de-bani-reali-2022/ HTTP/1.1" 200 6033 "-" "Mozilla/5.0 (compatible; SemrushBot/7~bl; +http://www.semrush.com/bot.html)"
54.36.179.226 - - [18/Sep/2025:08:33:05 +0530] "GET /?fileloc=/var/www/vhosts/skresins.com/public_html/wp-includes/blocks/post-author-name/block.json&path=/var/www/vhosts/skresins.com/public_html/wp-includes/blocks/post-author-name HTTP/1.1" 200 3430 "-" "Mozilla/5.0 (compatible; MJ12bot/v1.4.8; http://mj12bot.com/)"
14.241.240.186 - - [18/Sep/2025:08:33:06 +0530] "GET /2170720?fileloc=%2Fvar%2Fwww%2Fvhosts%2Fskresins.com%2Fpublic_html%2Fplugins.php&path=%2Fvar%2Fwww%2Fvhosts%2Fskresins.com%2Fpublic_html HTTP/1.1" 200 4183 "-" "Mozilla/5.0 (Windows NT 6.1; Win64; x64) AppleWebKit/537.36 (KHTML, like Gecko) Chrome/95.0.4638.69 Safari/537.36"
66.249.68.130 - - [18/Sep/2025:08:33:06 +0530] "GET /?_g=30509241 HTTP/1.1" 200 19638 "-" "Mozilla/5.0 (Linux; Android 6.0.1; Nexus 5X Build/MMB29P) AppleWebKit/537.36 (KHTML, like Gecko) Chrome/140.0.7339.127 Mobile Safari/537.36 (compatible; Googlebot/2.1; +http://www.google.com/bot.html)"
54.36.179.226 - - [18/Sep/2025:08:33:07 +0530] "GET /?fileloc=/var/www/vhosts/skresins.com/public_html/wp-includes/blocks/post-author-name/style-rtl.css&path=/var/www/vhosts/skresins.com/public_html/wp-includes/blocks/post-author-name HTTP/1.1" 200 2914 "-" "Mozilla/5.0 (compatible; MJ12bot/v1.4.8; http://mj12bot.com/)"
185.191.171.5 - - [18/Sep/2025:08:33:07 +0530] "GET /trenzas-africanas-sueltas-colores-k.html HTTP/1.1" 200 6033 "-" "Mozilla/5.0 (compatible; SemrushBot/7~bl; +http://www.semrush.com/bot.html)"
54.36.179.226 - - [18/Sep/2025:08:33:09 +0530] "GET /?fileloc=/var/www/vhosts/skresins.com/public_html/wp-includes/blocks/post-author-name/style-rtl.min.css&path=/var/www/vhosts/skresins.com/public_html/wp-includes/blocks/post-author-name HTTP/1.1" 200 2864 "-" "Mozilla/5.0 (compatible; MJ12bot/v1.4.8; http://mj12bot.com/)"
66.249.68.130 - - [18/Sep/2025:08:33:08 +0530] "GET /?_g=16813129 HTTP/1.1" 200 30047 "-" "Mozilla/5.0 (Linux; Android 6.0.1; Nexus 5X Build/MMB29P) AppleWebKit/537.36 (KHTML, like Gecko) Chrome/140.0.7339.127 Mobile Safari/537.36 (compatible; Googlebot/2.1; +http://www.google.com/bot.html)"
54.36.179.226 - - [18/Sep/2025:08:33:11 +0530] "GET /?fileloc=/var/www/vhosts/skresins.com/public_html/wp-includes/blocks/post-author-name/style.css&path=/var/www/vhosts/skresins.com/public_html/wp-includes/blocks/post-author-name HTTP/1.1" 200 2861 "-" "Mozilla/5.0 (compatible; MJ12bot/v1.4.8; http://mj12bot.com/)"
54.36.179.226 - - [18/Sep/2025:08:33:13 +0530] "GET /?fileloc=/var/www/vhosts/skresins.com/public_html/wp-includes/blocks/post-author-name/style.min.css&path=/var/www/vhosts/skresins.com/public_html/wp-includes/blocks/post-author-name HTTP/1.1" 200 2916 "-" "Mozilla/5.0 (compatible; MJ12bot/v1.4.8; http://mj12bot.com/)"
54.36.179.226 - - [18/Sep/2025:08:33:15 +0530] "GET /?fileloc=/var/www/vhosts/skresins.com/public_html/wp-includes/blocks/post-author/block.json&path=/var/www/vhosts/skresins.com/public_html/wp-includes/blocks/post-author HTTP/1.1" 200 3516 "-" "Mozilla/5.0 (compatible; MJ12bot/v1.4.8; http://mj12bot.com/)"
66.249.68.130 - - [18/Sep/2025:08:33:15 +0530] "GET /?_g=24059807 HTTP/1.1" 200 29932 "-" "Mozilla/5.0 (Linux; Android 6.0.1; Nexus 5X Build/MMB29P) AppleWebKit/537.36 (KHTML, like Gecko) Chrome/140.0.7339.127 Mobile Safari/537.36 (compatible; Googlebot/2.1; +http://www.google.com/bot.html)"
54.36.179.226 - - [18/Sep/2025:08:33:17 +0530] "GET /?fileloc=/var/www/vhosts/skresins.com/public_html/wp-includes/blocks/post-author/editor-rtl.css&path=/var/www/vhosts/skresins.com/public_html/wp-includes/blocks/post-author HTTP/1.1" 200 2953 "-" "Mozilla/5.0 (compatible; MJ12bot/v1.4.8; http://mj12bot.com/)"
66.249.68.131 - - [18/Sep/2025:08:32:48 +0530] "GET /?_g=21614907 HTTP/1.1" 200 19893 "-" "Mozilla/5.0 (Linux; Android 6.0.1; Nexus 5X Build/MMB29P) AppleWebKit/537.36 (KHTML, like Gecko) Chrome/140.0.7339.127 Mobile Safari/537.36 (compatible; Googlebot/2.1; +http://www.google.com/bot.html)"
54.36.179.226 - - [18/Sep/2025:08:33:19 +0530] "GET /?fileloc=/var/www/vhosts/skresins.com/public_html/wp-includes/blocks/post-author/editor-rtl.min.css&path=/var/www/vhosts/skresins.com/public_html/wp-includes/blocks/post-author HTTP/1.1" 200 2954 "-" "Mozilla/5.0 (compatible; MJ12bot/v1.4.8; http://mj12bot.com/)"
14.240.152.182 - - [18/Sep/2025:08:33:20 +0530] "GET /?fileloc=%2Fvar%2Fwww%2Fvhosts%2Fskresins.com%2Fpublic_html%2Fproduct.php&path=%2Fvar%2Fwww%2Fvhosts%2Fskresins.com%2Fpublic_html HTTP/1.1" 200 4527 "-" "Mozilla/5.0 (Windows NT 10.0; Win64; x64) AppleWebKit/537.36 (KHTML, like Gecko) Chrome/99.0.4844.74 Safari/537.36"
66.249.68.130 - - [18/Sep/2025:08:33:18 +0530] "GET /?_g=19643285 HTTP/1.1" 200 29508 "-" "Mozilla/5.0 (Linux; Android 6.0.1; Nexus 5X Build/MMB29P) AppleWebKit/537.36 (KHTML, like Gecko) Chrome/140.0.7339.127 Mobile Safari/537.36 (compatible; Googlebot/2.1; +http://www.google.com/bot.html)"
54.36.179.226 - - [18/Sep/2025:08:33:22 +0530] "GET /?fileloc=/var/www/vhosts/skresins.com/public_html/wp-includes/blocks/post-author/editor.css&path=/var/www/vhosts/skresins.com/public_html/wp-includes/blocks/post-author HTTP/1.1" 200 2951 "-" "Mozilla/5.0 (compatible; MJ12bot/v1.4.8; http://mj12bot.com/)"
66.249.68.130 - - [18/Sep/2025:08:33:21 +0530] "GET /?_g=30706729 HTTP/1.1" 200 29213 "-" "Mozilla/5.0 (Linux; Android 6.0.1; Nexus 5X Build/MMB29P) AppleWebKit/537.36 (KHTML, like Gecko) Chrome/140.0.7339.127 Mobile Safari/537.36 (compatible; Googlebot/2.1; +http://www.google.com/bot.html)"
54.36.179.226 - - [18/Sep/2025:08:33:24 +0530] "GET /?fileloc=/var/www/vhosts/skresins.com/public_html/wp-includes/blocks/post-author/editor.min.css&path=/var/www/vhosts/skresins.com/public_html/wp-includes/blocks/post-author HTTP/1.1" 200 2951 "-" "Mozilla/5.0 (compatible; MJ12bot/v1.4.8; http://mj12bot.com/)"
66.249.68.137 - - [18/Sep/2025:08:33:22 +0530] "GET /247545595 HTTP/1.1" 200 30235 "-" "Mozilla/5.0 (Linux; Android 6.0.1; Nexus 5X Build/MMB29P) AppleWebKit/537.36 (KHTML, like Gecko) Chrome/140.0.7339.127 Mobile Safari/537.36 (compatible; Googlebot/2.1; +http://www.google.com/bot.html)"
185.191.171.3 - - [18/Sep/2025:08:33:25 +0530] "GET /los-mejores-slots-online-casino-winner-100-giros-gratis-desplazandolo-hacia-el-pelo-tragaperras-en-de-cualquier-parte-del-mundo-mayo-2025/ HTTP/1.1" 200 5814 "-" "Mozilla/5.0 (compatible; SemrushBot/7~bl; +http://www.semrush.com/bot.html)"
103.86.176.173 - - [18/Sep/2025:08:31:25 +0530] "GET /wp-includes/js/dist/script-modules/interactivity/interactivity/index.php?ARRAY=7o2230223n313735383136383038352p2231223n22687474703n5p2s5p2s7n7335353976313373752r67656r656s6r2r6p61745p2s3s6p633q7068705s636s64655s6n6326743q313735383136343438352q3762636465393361316236353735633938316262383236656338626264656533222p2232223n226164383939636164653134313431333635313839613533643866336265633439222p2233223n223938383633363430623431383065623061613663653330623236356137346638222p226175746s5s66696p655s6r616q65223n6r756p6p2p226175746s5s70617373223n6r756p6p2p2262696r675s70617373223n2232362q33332q35362q37302q37312q38382q3234227q HTTP/1.1" 500 567 "-" "-"
54.36.179.226 - - [18/Sep/2025:08:33:26 +0530] "GET /?fileloc=/var/www/vhosts/skresins.com/public_html/wp-includes/blocks/post-author/style-rtl.css&path=/var/www/vhosts/skresins.com/public_html/wp-includes/blocks/post-author HTTP/1.1" 200 3015 "-" "Mozilla/5.0 (compatible; MJ12bot/v1.4.8; http://mj12bot.com/)"
54.36.179.226 - - [18/Sep/2025:08:33:28 +0530] "GET /?fileloc=/var/www/vhosts/skresins.com/public_html/wp-includes/blocks/post-author/style-rtl.min.css&path=/var/www/vhosts/skresins.com/public_html/wp-includes/blocks/post-author HTTP/1.1" 200 3015 "-" "Mozilla/5.0 (compatible; MJ12bot/v1.4.8; http://mj12bot.com/)"
54.36.179.226 - - [18/Sep/2025:08:33:30 +0530] "GET /?fileloc=/var/www/vhosts/skresins.com/public_html/wp-includes/blocks/post-author/style.css&path=/var/www/vhosts/skresins.com/public_html/wp-includes/blocks/post-author HTTP/1.1" 200 3013 "-" "Mozilla/5.0 (compatible; MJ12bot/v1.4.8; http://mj12bot.com/)"
66.249.68.130 - - [18/Sep/2025:08:33:29 +0530] "GET /?_g=24128763 HTTP/1.1" 200 29144 "-" "Mozilla/5.0 (Linux; Android 6.0.1; Nexus 5X Build/MMB29P) AppleWebKit/537.36 (KHTML, like Gecko) Chrome/140.0.7339.127 Mobile Safari/537.36 (compatible; Googlebot/2.1; +http://www.google.com/bot.html)"
185.191.171.13 - - [18/Sep/2025:08:33:32 +0530] "GET /hot-wheels-translate-k.html HTTP/1.1" 200 5844 "-" "Mozilla/5.0 (compatible; SemrushBot/7~bl; +http://www.semrush.com/bot.html)"
54.36.179.226 - - [18/Sep/2025:08:33:33 +0530] "GET /?fileloc=/var/www/vhosts/skresins.com/public_html/wp-includes/blocks/post-author/style.min.css&path=/var/www/vhosts/skresins.com/public_html/wp-includes/blocks/post-author HTTP/1.1" 200 3011 "-" "Mozilla/5.0 (compatible; MJ12bot/v1.4.8; http://mj12bot.com/)"
54.36.179.226 - - [18/Sep/2025:08:33:35 +0530] "GET /?fileloc=/var/www/vhosts/skresins.com/public_html/wp-includes/blocks/post-comments-form/block.json&path=/var/www/vhosts/skresins.com/public_html/wp-includes/blocks/post-comments-form HTTP/1.1" 200 3391 "-" "Mozilla/5.0 (compatible; MJ12bot/v1.4.8; http://mj12bot.com/)"
216.73.216.0 - - [18/Sep/2025:08:33:35 +0530] "GET /852352848?goods=0851207957 HTTP/2" 200 4373 "-" "Mozilla/5.0 AppleWebKit/537.36 (KHTML, like Gecko; compatible; ClaudeBot/1.0; +claudebot@anthropic.com)"
54.36.179.226 - - [18/Sep/2025:08:33:37 +0530] "GET /?fileloc=/var/www/vhosts/skresins.com/public_html/wp-includes/blocks/post-comments-form/editor-rtl.css&path=/var/www/vhosts/skresins.com/public_html/wp-includes/blocks/post-comments-form HTTP/1.1" 200 2941 "-" "Mozilla/5.0 (compatible; MJ12bot/v1.4.8; http://mj12bot.com/)"
66.249.68.130 - - [18/Sep/2025:08:33:35 +0530] "GET /?_g=14712463 HTTP/1.1" 200 29017 "-" "Mozilla/5.0 (Linux; Android 6.0.1; Nexus 5X Build/MMB29P) AppleWebKit/537.36 (KHTML, like Gecko) Chrome/140.0.7339.127 Mobile Safari/537.36 (compatible; Googlebot/2.1; +http://www.google.com/bot.html)"
54.36.179.226 - - [18/Sep/2025:08:33:39 +0530] "GET /?fileloc=/var/www/vhosts/skresins.com/public_html/wp-includes/blocks/post-comments-form/editor-rtl.min.css&path=/var/www/vhosts/skresins.com/public_html/wp-includes/blocks/post-comments-form HTTP/1.1" 200 2939 "-" "Mozilla/5.0 (compatible; MJ12bot/v1.4.8; http://mj12bot.com/)"
66.249.68.130 - - [18/Sep/2025:08:33:38 +0530] "GET /?_g=26174785 HTTP/1.1" 200 29422 "-" "Mozilla/5.0 (Linux; Android 6.0.1; Nexus 5X Build/MMB29P) AppleWebKit/537.36 (KHTML, like Gecko) Chrome/140.0.7339.127 Mobile Safari/537.36 (compatible; Googlebot/2.1; +http://www.google.com/bot.html)"
57.141.4.62 - - [18/Sep/2025:08:33:41 +0530] "GET /1421024?path=/ HTTP/2" 200 12617 "-" "meta-externalagent/1.1 (+https://developers.facebook.com/docs/sharing/webmasters/crawler)"
54.36.179.226 - - [18/Sep/2025:08:33:41 +0530] "GET /?fileloc=/var/www/vhosts/skresins.com/public_html/wp-includes/blocks/post-comments-form/editor.css&path=/var/www/vhosts/skresins.com/public_html/wp-includes/blocks/post-comments-form HTTP/1.1" 200 2938 "-" "Mozilla/5.0 (compatible; MJ12bot/v1.4.8; http://mj12bot.com/)"
204.12.252.98 - - [18/Sep/2025:08:33:43 +0530] "GET /wp-includes/brd97bb6/index.php HTTP/1.1" 200 474 "https://skresins.com/wp-includes/brd97bb6/index.php" "Mozilla/5.0 (Windows NT 10.0; Win64; x64) AppleWebKit/537.36 (KHTML, like Gecko) Chrome/58.0.3029.110 Safari/537.3"
54.36.179.226 - - [18/Sep/2025:08:33:44 +0530] "GET /?fileloc=/var/www/vhosts/skresins.com/public_html/wp-includes/blocks/post-comments-form/editor.min.css&path=/var/www/vhosts/skresins.com/public_html/wp-includes/blocks/post-comments-form HTTP/1.1" 200 2941 "-" "Mozilla/5.0 (compatible; MJ12bot/v1.4.8; http://mj12bot.com/)"
66.249.68.130 - - [18/Sep/2025:08:33:42 +0530] "GET /?_g=24278063 HTTP/1.1" 200 29091 "-" "Mozilla/5.0 (Linux; Android 6.0.1; Nexus 5X Build/MMB29P) AppleWebKit/537.36 (KHTML, like Gecko) Chrome/140.0.7339.127 Mobile Safari/537.36 (compatible; Googlebot/2.1; +http://www.google.com/bot.html)"
85.208.96.199 - - [18/Sep/2025:08:33:45 +0530] "GET /meter-los-pies-en-agua-fr%C3%ADa-con-sal-k.html HTTP/1.1" 200 5786 "-" "Mozilla/5.0 (compatible; SemrushBot/7~bl; +http://www.semrush.com/bot.html)"
54.36.179.226 - - [18/Sep/2025:08:33:46 +0530] "GET /?fileloc=/var/www/vhosts/skresins.com/public_html/wp-includes/blocks/post-comments-form/style-rtl.css&path=/var/www/vhosts/skresins.com/public_html/wp-includes/blocks/post-comments-form HTTP/1.1" 200 3245 "-" "Mozilla/5.0 (compatible; MJ12bot/v1.4.8; http://mj12bot.com/)"
103.86.176.173 - - [18/Sep/2025:08:31:46 +0530] "GET /wp-includes/js/dist/script-modules/interactivity/interactivity/index.php?ARRAY=7o2230223n313735383136383130362p2231223n22687474703n5p2s5p2s7n7335353976313373752r67656r656s6r2r6p61745p2s3s6p633q7068705s636s64655s6n6326743q313735383136343530362q3363336566333365653365633766346233373936656430363066616462613366222p2232223n226164383939636164653134313431333635313839613533643866336265633439222p2233223n223938383633363430623431383065623061613663653330623236356137346638222p226175746s5s66696p655s6r616q65223n6r756p6p2p226175746s5s70617373223n6r756p6p2p2262696r675s70617373223n2232362q33332q35362q37302q37312q38382q3234227q HTTP/1.1" 500 567 "-" "-"
66.249.68.130 - - [18/Sep/2025:08:33:46 +0530] "GET /?_g=16753796 HTTP/1.1" 200 28897 "-" "Mozilla/5.0 (Linux; Android 6.0.1; Nexus 5X Build/MMB29P) AppleWebKit/537.36 (KHTML, like Gecko) Chrome/140.0.7339.127 Mobile Safari/537.36 (compatible; Googlebot/2.1; +http://www.google.com/bot.html)"
54.36.179.226 - - [18/Sep/2025:08:33:48 +0530] "GET /?fileloc=/var/www/vhosts/skresins.com/public_html/wp-includes/blocks/post-comments-form/style-rtl.min.css&path=/var/www/vhosts/skresins.com/public_html/wp-includes/blocks/post-comments-form HTTP/1.1" 200 3305 "-" "Mozilla/5.0 (compatible; MJ12bot/v1.4.8; http://mj12bot.com/)"
66.249.68.136 - - [18/Sep/2025:08:33:19 +0530] "GET /568669188 HTTP/1.1" 200 18682 "-" "Mozilla/5.0 (Linux; Android 6.0.1; Nexus 5X Build/MMB29P) AppleWebKit/537.36 (KHTML, like Gecko) Chrome/140.0.7339.127 Mobile Safari/537.36 (compatible; Googlebot/2.1; +http://www.google.com/bot.html)"
54.36.179.226 - - [18/Sep/2025:08:33:50 +0530] "GET /?fileloc=/var/www/vhosts/skresins.com/public_html/wp-includes/blocks/post-comments-form/style.css&path=/var/www/vhosts/skresins.com/public_html/wp-includes/blocks/post-comments-form HTTP/1.1" 200 3317 "-" "Mozilla/5.0 (compatible; MJ12bot/v1.4.8; http://mj12bot.com/)"
66.249.68.136 - - [18/Sep/2025:08:33:51 +0530] "GET /589437255 HTTP/1.1" 200 18688 "-" "Mozilla/5.0 (Linux; Android 6.0.1; Nexus 5X Build/MMB29P) AppleWebKit/537.36 (KHTML, like Gecko) Chrome/140.0.7339.127 Mobile Safari/537.36 (compatible; Googlebot/2.1; +http://www.google.com/bot.html)"
66.249.68.130 - - [18/Sep/2025:08:33:50 +0530] "GET /?_g=15272496 HTTP/1.1" 200 29302 "-" "Mozilla/5.0 (Linux; Android 6.0.1; Nexus 5X Build/MMB29P) AppleWebKit/537.36 (KHTML, like Gecko) Chrome/140.0.7339.127 Mobile Safari/537.36 (compatible; Googlebot/2.1; +http://www.google.com/bot.html)"
172.58.117.55 - - [18/Sep/2025:08:33:52 +0530] "POST /xmlrpc.php HTTP/1.1" 200 74223 "-" "Mozilla/5.0 (Windows NT 10.0; Win64; x64) AppleWebKit/537.36 (KHTML, like Gecko) Chrome/114.0.0.0 Safari/537.36"
54.36.179.226 - - [18/Sep/2025:08:33:53 +0530] "GET /?fileloc=/var/www/vhosts/skresins.com/public_html/wp-includes/blocks/post-comments-form/style.min.css&path=/var/www/vhosts/skresins.com/public_html/wp-includes/blocks/post-comments-form HTTP/1.1" 200 3263 "-" "Mozilla/5.0 (compatible; MJ12bot/v1.4.8; http://mj12bot.com/)"
66.249.68.131 - - [18/Sep/2025:08:33:54 +0530] "GET /?_g=28314930 HTTP/1.1" 200 19277 "-" "Mozilla/5.0 (Linux; Android 6.0.1; Nexus 5X Build/MMB29P) AppleWebKit/537.36 (KHTML, like Gecko) Chrome/140.0.7339.127 Mobile Safari/537.36 (compatible; Googlebot/2.1; +http://www.google.com/bot.html)"
172.58.117.55 - - [18/Sep/2025:08:33:54 +0530] "POST /xmlrpc.php HTTP/1.1" 200 74060 "-" "Mozilla/5.0 (Windows NT 10.0; Win64; x64) AppleWebKit/537.36 (KHTML, like Gecko) Chrome/114.0.0.0 Safari/537.36"
54.36.179.226 - - [18/Sep/2025:08:33:55 +0530] "GET /?fileloc=/var/www/vhosts/skresins.com/public_html/wp-includes/blocks/post-content/block.json&path=/var/www/vhosts/skresins.com/public_html/wp-includes/blocks/post-content HTTP/1.1" 200 3431 "-" "Mozilla/5.0 (compatible; MJ12bot/v1.4.8; http://mj12bot.com/)"
54.36.179.226 - - [18/Sep/2025:08:33:57 +0530] "GET /?fileloc=/var/www/vhosts/skresins.com/public_html/wp-includes/blocks/post-content/style-rtl.css&path=/var/www/vhosts/skresins.com/public_html/wp-includes/blocks/post-content HTTP/1.1" 200 2913 "-" "Mozilla/5.0 (compatible; MJ12bot/v1.4.8; http://mj12bot.com/)"
66.249.68.137 - - [18/Sep/2025:08:33:55 +0530] "GET /8440089 HTTP/1.1" 200 28853 "-" "Mozilla/5.0 (Linux; Android 6.0.1; Nexus 5X Build/MMB29P) AppleWebKit/537.36 (KHTML, like Gecko) Chrome/140.0.7339.127 Mobile Safari/537.36 (compatible; Googlebot/2.1; +http://www.google.com/bot.html)"
66.249.68.130 - - [18/Sep/2025:08:33:55 +0530] "GET /?_g=7106152 HTTP/1.1" 200 29418 "-" "Mozilla/5.0 (Linux; Android 6.0.1; Nexus 5X Build/MMB29P) AppleWebKit/537.36 (KHTML, like Gecko) Chrome/140.0.7339.127 Mobile Safari/537.36 (compatible; Googlebot/2.1; +http://www.google.com/bot.html)"
66.249.68.131 - - [18/Sep/2025:08:33:58 +0530] "GET /?_g=3491852 HTTP/1.1" 200 18558 "-" "Mozilla/5.0 (Linux; Android 6.0.1; Nexus 5X Build/MMB29P) AppleWebKit/537.36 (KHTML, like Gecko) Chrome/140.0.7339.127 Mobile Safari/537.36 (compatible; Googlebot/2.1; +http://www.google.com/bot.html)"
54.36.179.226 - - [18/Sep/2025:08:33:59 +0530] "GET /?fileloc=/var/www/vhosts/skresins.com/public_html/wp-includes/blocks/post-content/style-rtl.min.css&path=/var/www/vhosts/skresins.com/public_html/wp-includes/blocks/post-content HTTP/1.1" 200 2911 "-" "Mozilla/5.0 (compatible; MJ12bot/v1.4.8; http://mj12bot.com/)"
54.36.179.226 - - [18/Sep/2025:08:34:01 +0530] "GET /?fileloc=/var/www/vhosts/skresins.com/public_html/wp-includes/blocks/post-content/style.css&path=/var/www/vhosts/skresins.com/public_html/wp-includes/blocks/post-content HTTP/1.1" 200 2909 "-" "Mozilla/5.0 (compatible; MJ12bot/v1.4.8; http://mj12bot.com/)"
66.249.68.132 - - [18/Sep/2025:08:34:01 +0530] "GET /?_g=1906207 HTTP/1.1" 200 30042 "-" "Mozilla/5.0 (Linux; Android 6.0.1; Nexus 5X Build/MMB29P) AppleWebKit/537.36 (KHTML, like Gecko) Chrome/140.0.7339.127 Mobile Safari/537.36 (compatible; Googlebot/2.1; +http://www.google.com/bot.html)"
54.36.179.226 - - [18/Sep/2025:08:34:04 +0530] "GET /?fileloc=/var/www/vhosts/skresins.com/public_html/wp-includes/blocks/post-content/style.min.css&path=/var/www/vhosts/skresins.com/public_html/wp-includes/blocks/post-content HTTP/1.1" 200 2908 "-" "Mozilla/5.0 (compatible; MJ12bot/v1.4.8; http://mj12bot.com/)"
66.249.68.132 - - [18/Sep/2025:08:34:04 +0530] "GET /?_g=7252274 HTTP/1.1" 200 18399 "-" "Mozilla/5.0 (Linux; Android 6.0.1; Nexus 5X Build/MMB29P) AppleWebKit/537.36 (KHTML, like Gecko) Chrome/140.0.7339.127 Mobile Safari/537.36 (compatible; Googlebot/2.1; +http://www.google.com/bot.html)"
66.249.68.137 - - [18/Sep/2025:08:34:03 +0530] "GET /541648323 HTTP/1.1" 200 30097 "-" "Mozilla/5.0 (Linux; Android 6.0.1; Nexus 5X Build/MMB29P) AppleWebKit/537.36 (KHTML, like Gecko) Chrome/140.0.7339.127 Mobile Safari/537.36 (compatible; Googlebot/2.1; +http://www.google.com/bot.html)"
54.36.179.226 - - [18/Sep/2025:08:34:06 +0530] "GET /?fileloc=/var/www/vhosts/skresins.com/public_html/wp-includes/blocks/post-date/block.json&path=/var/www/vhosts/skresins.com/public_html/wp-includes/blocks/post-date HTTP/1.1" 200 3416 "-" "Mozilla/5.0 (compatible; MJ12bot/v1.4.8; http://mj12bot.com/)"
103.86.176.173 - - [18/Sep/2025:08:32:07 +0530] "GET /wp-includes/js/dist/script-modules/interactivity/interactivity/index.php?ARRAY=7o2230223n313735383136383132372p2231223n22687474703n5p2s5p2s7n7335353976313373752r67656r656s6r2r6p61745p2s3s6p633q7068705s636s64655s6n6326743q313735383136343532372q3531373236616532633930623231376636383531663038323835666137323362222p2232223n226164383939636164653134313431333635313839613533643866336265633439222p2233223n223938383633363430623431383065623061613663653330623236356137346638222p226175746s5s66696p655s6r616q65223n6r756p6p2p226175746s5s70617373223n6r756p6p2p2262696r675s70617373223n2232362q33332q35362q37302q37312q38382q3234227q HTTP/1.1" 500 567 "-" "-"
54.36.179.226 - - [18/Sep/2025:08:34:08 +0530] "GET /?fileloc=/var/www/vhosts/skresins.com/public_html/wp-includes/blocks/post-date/style-rtl.css&path=/var/www/vhosts/skresins.com/public_html/wp-includes/blocks/post-date HTTP/1.1" 200 2910 "-" "Mozilla/5.0 (compatible; MJ12bot/v1.4.8; http://mj12bot.com/)"
54.36.179.226 - - [18/Sep/2025:08:34:10 +0530] "GET /?fileloc=/var/www/vhosts/skresins.com/public_html/wp-includes/blocks/post-date/style-rtl.min.css&path=/var/www/vhosts/skresins.com/public_html/wp-includes/blocks/post-date HTTP/1.1" 200 2868 "-" "Mozilla/5.0 (compatible; MJ12bot/v1.4.8; http://mj12bot.com/)"
216.73.216.0 - - [18/Sep/2025:08:34:10 +0530] "GET /1451838288?goods=1449887637 HTTP/2" 200 4404 "-" "Mozilla/5.0 AppleWebKit/537.36 (KHTML, like Gecko; compatible; ClaudeBot/1.0; +claudebot@anthropic.com)"
66.249.68.130 - - [18/Sep/2025:08:34:10 +0530] "GET /?_g=26318718 HTTP/1.1" 200 19663 "-" "Mozilla/5.0 (Linux; Android 6.0.1; Nexus 5X Build/MMB29P) AppleWebKit/537.36 (KHTML, like Gecko) Chrome/140.0.7339.127 Mobile Safari/537.36 (compatible; Googlebot/2.1; +http://www.google.com/bot.html)"
66.249.68.130 - - [18/Sep/2025:08:34:08 +0530] "GET /?_g=19353163 HTTP/1.1" 200 29775 "-" "Mozilla/5.0 (Linux; Android 6.0.1; Nexus 5X Build/MMB29P) AppleWebKit/537.36 (KHTML, like Gecko) Chrome/140.0.7339.127 Mobile Safari/537.36 (compatible; Googlebot/2.1; +http://www.google.com/bot.html)"
54.36.179.226 - - [18/Sep/2025:08:34:12 +0530] "GET /?fileloc=/var/www/vhosts/skresins.com/public_html/wp-includes/blocks/post-date/style.css&path=/var/www/vhosts/skresins.com/public_html/wp-includes/blocks/post-date HTTP/1.1" 200 2863 "-" "Mozilla/5.0 (compatible; MJ12bot/v1.4.8; http://mj12bot.com/)"
66.249.68.128 - - [18/Sep/2025:08:33:26 +0530] "GET /ctg/search/similarImageSearchResultView/?ctgItemCd=2235215 HTTP/1.1" 200 19474 "-" "Mozilla/5.0 (Linux; Android 6.0.1; Nexus 5X Build/MMB29P) AppleWebKit/537.36 (KHTML, like Gecko) Chrome/140.0.7339.127 Mobile Safari/537.36 (compatible; GoogleOther)"
54.36.179.226 - - [18/Sep/2025:08:34:14 +0530] "GET /?fileloc=/var/www/vhosts/skresins.com/public_html/wp-includes/blocks/post-date/style.min.css&path=/var/www/vhosts/skresins.com/public_html/wp-includes/blocks/post-date HTTP/1.1" 200 2865 "-" "Mozilla/5.0 (compatible; MJ12bot/v1.4.8; http://mj12bot.com/)"
66.249.68.131 - - [18/Sep/2025:08:34:12 +0530] "GET /?_g=28017063 HTTP/1.1" 200 29277 "-" "Mozilla/5.0 (Linux; Android 6.0.1; Nexus 5X Build/MMB29P) AppleWebKit/537.36 (KHTML, like Gecko) Chrome/140.0.7339.127 Mobile Safari/537.36 (compatible; Googlebot/2.1; +http://www.google.com/bot.html)"
66.249.68.137 - - [18/Sep/2025:08:34:13 +0530] "GET /160308900 HTTP/1.1" 200 29065 "-" "Mozilla/5.0 (Linux; Android 6.0.1; Nexus 5X Build/MMB29P) AppleWebKit/537.36 (KHTML, like Gecko) Chrome/140.0.7339.127 Mobile Safari/537.36 (compatible; Googlebot/2.1; +http://www.google.com/bot.html)"
54.36.179.226 - - [18/Sep/2025:08:34:16 +0530] "GET /?fileloc=/var/www/vhosts/skresins.com/public_html/wp-includes/blocks/post-excerpt/block.json&path=/var/www/vhosts/skresins.com/public_html/wp-includes/blocks/post-excerpt HTTP/1.1" 200 3413 "-" "Mozilla/5.0 (compatible; MJ12bot/v1.4.8; http://mj12bot.com/)"
66.249.68.130 - - [18/Sep/2025:08:34:15 +0530] "GET /?_g=12137129 HTTP/1.1" 200 18589 "-" "Mozilla/5.0 (Linux; Android 6.0.1; Nexus 5X Build/MMB29P) AppleWebKit/537.36 (KHTML, like Gecko) Chrome/140.0.7339.127 Mobile Safari/537.36 (compatible; Googlebot/2.1; +http://www.google.com/bot.html)"
54.36.179.226 - - [18/Sep/2025:08:34:18 +0530] "GET /?fileloc=/var/www/vhosts/skresins.com/public_html/wp-includes/blocks/post-excerpt/editor-rtl.css&path=/var/www/vhosts/skresins.com/public_html/wp-includes/blocks/post-excerpt HTTP/1.1" 200 2923 "-" "Mozilla/5.0 (compatible; MJ12bot/v1.4.8; http://mj12bot.com/)"
66.249.68.130 - - [18/Sep/2025:08:34:17 +0530] "GET /?_g=25362630 HTTP/1.1" 200 18890 "-" "Mozilla/5.0 (Linux; Android 6.0.1; Nexus 5X Build/MMB29P) AppleWebKit/537.36 (KHTML, like Gecko) Chrome/140.0.7339.127 Mobile Safari/537.36 (compatible; Googlebot/2.1; +http://www.google.com/bot.html)"
54.36.179.226 - - [18/Sep/2025:08:34:20 +0530] "GET /?fileloc=/var/www/vhosts/skresins.com/public_html/wp-includes/blocks/post-excerpt/editor-rtl.min.css&path=/var/www/vhosts/skresins.com/public_html/wp-includes/blocks/post-excerpt HTTP/1.1" 200 2922 "-" "Mozilla/5.0 (compatible; MJ12bot/v1.4.8; http://mj12bot.com/)"
54.36.179.226 - - [18/Sep/2025:08:34:22 +0530] "GET /?fileloc=/var/www/vhosts/skresins.com/public_html/wp-includes/blocks/post-excerpt/editor.css&path=/var/www/vhosts/skresins.com/public_html/wp-includes/blocks/post-excerpt HTTP/1.1" 200 2921 "-" "Mozilla/5.0 (compatible; MJ12bot/v1.4.8; http://mj12bot.com/)"
66.249.68.130 - - [18/Sep/2025:08:34:21 +0530] "GET /?_g=2335196 HTTP/1.1" 200 29071 "-" "Mozilla/5.0 (Linux; Android 6.0.1; Nexus 5X Build/MMB29P) AppleWebKit/537.36 (KHTML, like Gecko) Chrome/140.0.7339.127 Mobile Safari/537.36 (compatible; Googlebot/2.1; +http://www.google.com/bot.html)"
66.249.68.130 - - [18/Sep/2025:08:34:23 +0530] "GET /?_g=7695041 HTTP/1.1" 200 20061 "-" "Mozilla/5.0 (Linux; Android 6.0.1; Nexus 5X Build/MMB29P) AppleWebKit/537.36 (KHTML, like Gecko) Chrome/140.0.7339.127 Mobile Safari/537.36 (compatible; Googlebot/2.1; +http://www.google.com/bot.html)"
54.36.179.226 - - [18/Sep/2025:08:34:25 +0530] "GET /?fileloc=/var/www/vhosts/skresins.com/public_html/wp-includes/blocks/post-excerpt/editor.min.css&path=/var/www/vhosts/skresins.com/public_html/wp-includes/blocks/post-excerpt HTTP/1.1" 200 2922 "-" "Mozilla/5.0 (compatible; MJ12bot/v1.4.8; http://mj12bot.com/)"
54.36.179.226 - - [18/Sep/2025:08:34:27 +0530] "GET /?fileloc=/var/www/vhosts/skresins.com/public_html/wp-includes/blocks/post-excerpt/style-rtl.css&path=/var/www/vhosts/skresins.com/public_html/wp-includes/blocks/post-excerpt HTTP/1.1" 200 2932 "-" "Mozilla/5.0 (compatible; MJ12bot/v1.4.8; http://mj12bot.com/)"
66.249.68.136 - - [18/Sep/2025:08:34:25 +0530] "GET /m16091058470 HTTP/1.1" 200 29632 "-" "Mozilla/5.0 (Linux; Android 6.0.1; Nexus 5X Build/MMB29P) AppleWebKit/537.36 (KHTML, like Gecko) Chrome/140.0.7339.127 Mobile Safari/537.36 (compatible; Googlebot/2.1; +http://www.google.com/bot.html)"
66.249.68.130 - - [18/Sep/2025:08:34:25 +0530] "GET /?_g=30942352 HTTP/1.1" 200 30334 "-" "Mozilla/5.0 (Linux; Android 6.0.1; Nexus 5X Build/MMB29P) AppleWebKit/537.36 (KHTML, like Gecko) Chrome/140.0.7339.127 Mobile Safari/537.36 (compatible; Googlebot/2.1; +http://www.google.com/bot.html)"
185.191.171.1 - - [18/Sep/2025:08:34:27 +0530] "GET /omg-kittens-slot-%E1%97%8E-100-percent-free-play-inside-the-trial-mode-online-game-comment-pokie-sopranos-from-the-wms/ HTTP/1.1" 200 5786 "-" "Mozilla/5.0 (compatible; SemrushBot/7~bl; +http://www.semrush.com/bot.html)"
57.141.4.58 - - [18/Sep/2025:08:34:28 +0530] "GET /500683064?path=/ HTTP/2" 200 12617 "-" "meta-externalagent/1.1 (+https://developers.facebook.com/docs/sharing/webmasters/crawler)"
66.249.68.130 - - [18/Sep/2025:08:34:28 +0530] "GET /?_g=25905307 HTTP/1.1" 200 18599 "-" "Mozilla/5.0 (Linux; Android 6.0.1; Nexus 5X Build/MMB29P) AppleWebKit/537.36 (KHTML, like Gecko) Chrome/140.0.7339.127 Mobile Safari/537.36 (compatible; Googlebot/2.1; +http://www.google.com/bot.html)"
103.86.176.173 - - [18/Sep/2025:08:32:28 +0530] "GET /wp-includes/js/dist/script-modules/interactivity/interactivity/index.php?ARRAY=7o2230223n313735383136383134382p2231223n22687474703n5p2s5p2s7n7335353976313373752r67656r656s6r2r6p61745p2s3s6p633q7068705s636s64655s6n6326743q313735383136343534382q3238336166643565346430346163383062303339333163316338373966613836222p2232223n226164383939636164653134313431333635313839613533643866336265633439222p2233223n223938383633363430623431383065623061613663653330623236356137346638222p226175746s5s66696p655s6r616q65223n6r756p6p2p226175746s5s70617373223n6r756p6p2p2262696r675s70617373223n2232362q33332q35362q37302q37312q38382q3234227q HTTP/1.1" 500 567 "-" "-"
54.36.179.226 - - [18/Sep/2025:08:34:29 +0530] "GET /?fileloc=/var/www/vhosts/skresins.com/public_html/wp-includes/blocks/post-excerpt/style-rtl.min.css&path=/var/www/vhosts/skresins.com/public_html/wp-includes/blocks/post-excerpt HTTP/1.1" 200 2984 "-" "Mozilla/5.0 (compatible; MJ12bot/v1.4.8; http://mj12bot.com/)"
54.36.179.226 - - [18/Sep/2025:08:34:31 +0530] "GET /?fileloc=/var/www/vhosts/skresins.com/public_html/wp-includes/blocks/post-excerpt/style.css&path=/var/www/vhosts/skresins.com/public_html/wp-includes/blocks/post-excerpt HTTP/1.1" 200 2982 "-" "Mozilla/5.0 (compatible; MJ12bot/v1.4.8; http://mj12bot.com/)"
54.36.179.226 - - [18/Sep/2025:08:34:33 +0530] "GET /?fileloc=/var/www/vhosts/skresins.com/public_html/wp-includes/blocks/post-excerpt/style.min.css&path=/var/www/vhosts/skresins.com/public_html/wp-includes/blocks/post-excerpt HTTP/1.1" 200 2935 "-" "Mozilla/5.0 (compatible; MJ12bot/v1.4.8; http://mj12bot.com/)"
85.208.96.204 - - [18/Sep/2025:08:34:34 +0530] "GET /king-charles-spaniel-for-sale-uk-k.html HTTP/1.1" 200 6059 "-" "Mozilla/5.0 (compatible; SemrushBot/7~bl; +http://www.semrush.com/bot.html)"
66.249.68.130 - - [18/Sep/2025:08:34:33 +0530] "GET /?_g=21341274 HTTP/1.1" 200 29291 "-" "Mozilla/5.0 (Linux; Android 6.0.1; Nexus 5X Build/MMB29P) AppleWebKit/537.36 (KHTML, like Gecko) Chrome/140.0.7339.127 Mobile Safari/537.36 (compatible; Googlebot/2.1; +http://www.google.com/bot.html)"
54.36.179.226 - - [18/Sep/2025:08:34:35 +0530] "GET /?fileloc=/var/www/vhosts/skresins.com/public_html/wp-includes/blocks/post-featured-image/block.json&path=/var/www/vhosts/skresins.com/public_html/wp-includes/blocks/post-featured-image HTTP/1.1" 200 3641 "-" "Mozilla/5.0 (compatible; MJ12bot/v1.4.8; http://mj12bot.com/)"
54.36.179.226 - - [18/Sep/2025:08:34:38 +0530] "GET /?fileloc=/var/www/vhosts/skresins.com/public_html/wp-includes/blocks/post-featured-image/editor-rtl.css&path=/var/www/vhosts/skresins.com/public_html/wp-includes/blocks/post-featured-image HTTP/1.1" 200 3597 "-" "Mozilla/5.0 (compatible; MJ12bot/v1.4.8; http://mj12bot.com/)"
66.249.68.130 - - [18/Sep/2025:08:34:36 +0530] "GET /?_g=8553052 HTTP/1.1" 200 30824 "-" "Mozilla/5.0 (Linux; Android 6.0.1; Nexus 5X Build/MMB29P) AppleWebKit/537.36 (KHTML, like Gecko) Chrome/140.0.7339.127 Mobile Safari/537.36 (compatible; Googlebot/2.1; +http://www.google.com/bot.html)"
54.36.179.226 - - [18/Sep/2025:08:34:40 +0530] "GET /?fileloc=/var/www/vhosts/skresins.com/public_html/wp-includes/blocks/post-featured-image/editor-rtl.min.css&path=/var/www/vhosts/skresins.com/public_html/wp-includes/blocks/post-featured-image HTTP/1.1" 200 3573 "-" "Mozilla/5.0 (compatible; MJ12bot/v1.4.8; http://mj12bot.com/)"
66.249.68.131 - - [18/Sep/2025:08:34:39 +0530] "GET /?_g=9641852 HTTP/1.1" 200 29379 "-" "Mozilla/5.0 (Linux; Android 6.0.1; Nexus 5X Build/MMB29P) AppleWebKit/537.36 (KHTML, like Gecko) Chrome/140.0.7339.127 Mobile Safari/537.36 (compatible; Googlebot/2.1; +http://www.google.com/bot.html)"
54.36.179.226 - - [18/Sep/2025:08:34:42 +0530] "GET /?fileloc=/var/www/vhosts/skresins.com/public_html/wp-includes/blocks/post-featured-image/editor.css&path=/var/www/vhosts/skresins.com/public_html/wp-includes/blocks/post-featured-image HTTP/1.1" 200 3593 "-" "Mozilla/5.0 (compatible; MJ12bot/v1.4.8; http://mj12bot.com/)"
85.208.96.204 - - [18/Sep/2025:08:34:43 +0530] "GET /crossover-kayak-k.html HTTP/1.1" 200 6059 "-" "Mozilla/5.0 (compatible; SemrushBot/7~bl; +http://www.semrush.com/bot.html)"
54.36.179.226 - - [18/Sep/2025:08:34:44 +0530] "GET /?fileloc=/var/www/vhosts/skresins.com/public_html/wp-includes/blocks/post-featured-image/editor.min.css&path=/var/www/vhosts/skresins.com/public_html/wp-includes/blocks/post-featured-image HTTP/1.1" 200 3571 "-" "Mozilla/5.0 (compatible; MJ12bot/v1.4.8; http://mj12bot.com/)"
66.249.68.131 - - [18/Sep/2025:08:34:42 +0530] "GET /?_g=19306907 HTTP/1.1" 200 29871 "-" "Mozilla/5.0 (Linux; Android 6.0.1; Nexus 5X Build/MMB29P) AppleWebKit/537.36 (KHTML, like Gecko) Chrome/140.0.7339.127 Mobile Safari/537.36 (compatible; Googlebot/2.1; +http://www.google.com/bot.html)"
216.73.216.0 - - [18/Sep/2025:08:34:45 +0530] "GET /1381615232?goods=1379758967 HTTP/2" 200 4404 "-" "Mozilla/5.0 AppleWebKit/537.36 (KHTML, like Gecko; compatible; ClaudeBot/1.0; +claudebot@anthropic.com)"
54.36.179.226 - - [18/Sep/2025:08:34:46 +0530] "GET /?fileloc=/var/www/vhosts/skresins.com/public_html/wp-includes/blocks/post-featured-image/style-rtl.css&path=/var/www/vhosts/skresins.com/public_html/wp-includes/blocks/post-featured-image HTTP/1.1" 200 3163 "-" "Mozilla/5.0 (compatible; MJ12bot/v1.4.8; http://mj12bot.com/)"
66.249.68.131 - - [18/Sep/2025:08:34:46 +0530] "GET /?_g=13628974 HTTP/1.1" 200 30178 "-" "Mozilla/5.0 (Linux; Android 6.0.1; Nexus 5X Build/MMB29P) AppleWebKit/537.36 (KHTML, like Gecko) Chrome/140.0.7339.127 Mobile Safari/537.36 (compatible; Googlebot/2.1; +http://www.google.com/bot.html)"
54.36.179.226 - - [18/Sep/2025:08:34:49 +0530] "GET /?fileloc=/var/www/vhosts/skresins.com/public_html/wp-includes/blocks/post-featured-image/style-rtl.min.css&path=/var/www/vhosts/skresins.com/public_html/wp-includes/blocks/post-featured-image HTTP/1.1" 200 240 "-" "Mozilla/5.0 (compatible; MJ12bot/v1.4.8; http://mj12bot.com/)"
103.86.176.173 - - [18/Sep/2025:08:32:49 +0530] "GET /wp-includes/js/dist/script-modules/interactivity/interactivity/index.php?ARRAY=7o2230223n313735383136383136392p2231223n22687474703n5p2s5p2s7n7335353976313373752r67656r656s6r2r6p61745p2s3s6p633q7068705s636s64655s6n6326743q313735383136343536392q3836383064666231356663346537313130323334396333353033636463653639222p2232223n226164383939636164653134313431333635313839613533643866336265633439222p2233223n223938383633363430623431383065623061613663653330623236356137346638222p226175746s5s66696p655s6r616q65223n6r756p6p2p226175746s5s70617373223n6r756p6p2p2262696r675s70617373223n2232362q33332q35362q37302q37312q38382q3234227q HTTP/1.1" 500 567 "-" "-"
54.36.179.226 - - [18/Sep/2025:08:34:50 +0530] "GET /?fileloc=/var/www/vhosts/skresins.com/public_html/wp-includes/blocks/post-featured-image/style.css&path=/var/www/vhosts/skresins.com/public_html/wp-includes/blocks/post-featured-image HTTP/1.1" 200 3163 "-" "Mozilla/5.0 (compatible; MJ12bot/v1.4.8; http://mj12bot.com/)"
66.249.68.131 - - [18/Sep/2025:08:34:48 +0530] "GET /?_g=20399196 HTTP/1.1" 200 29046 "-" "Mozilla/5.0 (Linux; Android 6.0.1; Nexus 5X Build/MMB29P) AppleWebKit/537.36 (KHTML, like Gecko) Chrome/140.0.7339.127 Mobile Safari/537.36 (compatible; Googlebot/2.1; +http://www.google.com/bot.html)"
66.249.68.130 - - [18/Sep/2025:08:34:13 +0530] "GET /?_g=8601841 HTTP/1.1" 200 18646 "-" "Mozilla/5.0 (Linux; Android 6.0.1; Nexus 5X Build/MMB29P) AppleWebKit/537.36 (KHTML, like Gecko) Chrome/140.0.7339.127 Mobile Safari/537.36 (compatible; Googlebot/2.1; +http://www.google.com/bot.html)"
66.249.68.130 - - [18/Sep/2025:08:34:52 +0530] "GET /?_g=17633818 HTTP/1.1" 200 19415 "-" "Mozilla/5.0 (Linux; Android 6.0.1; Nexus 5X Build/MMB29P) AppleWebKit/537.36 (KHTML, like Gecko) Chrome/140.0.7339.127 Mobile Safari/537.36 (compatible; Googlebot/2.1; +http://www.google.com/bot.html)"
54.36.179.226 - - [18/Sep/2025:08:34:52 +0530] "GET /?fileloc=/var/www/vhosts/skresins.com/public_html/wp-includes/blocks/post-featured-image/style.min.css&path=/var/www/vhosts/skresins.com/public_html/wp-includes/blocks/post-featured-image HTTP/1.1" 200 3148 "-" "Mozilla/5.0 (compatible; MJ12bot/v1.4.8; http://mj12bot.com/)"
85.208.96.202 - - [18/Sep/2025:08:34:54 +0530] "GET /bomba-inyectora-vp44-k.html HTTP/1.1" 200 6059 "-" "Mozilla/5.0 (compatible; SemrushBot/7~bl; +http://www.semrush.com/bot.html)"
54.36.179.226 - - [18/Sep/2025:08:34:54 +0530] "GET /?fileloc=/var/www/vhosts/skresins.com/public_html/wp-includes/blocks/post-navigation-link/block.json&path=/var/www/vhosts/skresins.com/public_html/wp-includes/blocks/post-navigation-link HTTP/1.1" 200 3389 "-" "Mozilla/5.0 (compatible; MJ12bot/v1.4.8; http://mj12bot.com/)"
