66.249.68.131 - - [18/Sep/2025:09:41:04 +0530] "GET /?_g=3288096 HTTP/1.1" 200 19440 "-" "Mozilla/5.0 (Linux; Android 6.0.1; Nexus 5X Build/MMB29P) AppleWebKit/537.36 (KHTML, like Gecko) Chrome/140.0.7339.127 Mobile Safari/537.36 (compatible; Googlebot/2.1; +http://www.google.com/bot.html)"
94.23.203.202 - - [18/Sep/2025:09:41:06 +0530] "GET /?fileloc=/var/www/vhosts/skresins.com/public_html/wp-includes/blocks/site-tagline/editor.min.css&path=/var/www/vhosts/skresins.com/public_html/wp-includes/blocks/site-tagline HTTP/1.1" 200 2924 "-" "Mozilla/5.0 (compatible; MJ12bot/v1.4.8; http://mj12bot.com/)"
94.23.203.202 - - [18/Sep/2025:09:41:08 +0530] "GET /?fileloc=/var/www/vhosts/skresins.com/public_html/wp-includes/blocks/site-tagline/style-rtl.css&path=/var/www/vhosts/skresins.com/public_html/wp-includes/blocks/site-tagline HTTP/1.1" 200 2900 "-" "Mozilla/5.0 (compatible; MJ12bot/v1.4.8; http://mj12bot.com/)"
66.249.68.130 - - [18/Sep/2025:09:41:07 +0530] "GET /?_g=5917741 HTTP/1.1" 200 30077 "-" "Mozilla/5.0 (Linux; Android 6.0.1; Nexus 5X Build/MMB29P) AppleWebKit/537.36 (KHTML, like Gecko) Chrome/140.0.7339.127 Mobile Safari/537.36 (compatible; Googlebot/2.1; +http://www.google.com/bot.html)"
85.208.96.197 - - [18/Sep/2025:09:41:09 +0530] "GET /tarima-colores-k.html HTTP/1.1" 200 6033 "-" "Mozilla/5.0 (compatible; SemrushBot/7~bl; +http://www.semrush.com/bot.html)"
94.23.203.202 - - [18/Sep/2025:09:41:10 +0530] "GET /?fileloc=/var/www/vhosts/skresins.com/public_html/wp-includes/blocks/site-tagline/style-rtl.min.css&path=/var/www/vhosts/skresins.com/public_html/wp-includes/blocks/site-tagline HTTP/1.1" 200 2908 "-" "Mozilla/5.0 (compatible; MJ12bot/v1.4.8; http://mj12bot.com/)"
66.249.68.136 - - [18/Sep/2025:09:41:07 +0530] "GET /ctg/search/similarImageSearchResultView/?ctgItemCd=424 HTTP/1.1" 200 29731 "-" "Mozilla/5.0 (Linux; Android 6.0.1; Nexus 5X Build/MMB29P) AppleWebKit/537.36 (KHTML, like Gecko) Chrome/140.0.7339.127 Mobile Safari/537.36 (compatible; GoogleOther)"
94.23.203.202 - - [18/Sep/2025:09:41:12 +0530] "GET /?fileloc=/var/www/vhosts/skresins.com/public_html/wp-includes/blocks/site-tagline/style.css&path=/var/www/vhosts/skresins.com/public_html/wp-includes/blocks/site-tagline HTTP/1.1" 200 2904 "-" "Mozilla/5.0 (compatible; MJ12bot/v1.4.8; http://mj12bot.com/)"
85.208.98.31 - - [18/Sep/2025:09:41:13 +0530] "GET /figures-skate-k.html HTTP/1.1" 200 5986 "-" "Mozilla/5.0 (compatible; SemrushBot-BA; +http://www.semrush.com/bot.html)"
94.23.203.202 - - [18/Sep/2025:09:41:14 +0530] "GET /?fileloc=/var/www/vhosts/skresins.com/public_html/wp-includes/blocks/site-tagline/style.min.css&path=/var/www/vhosts/skresins.com/public_html/wp-includes/blocks/site-tagline HTTP/1.1" 200 2907 "-" "Mozilla/5.0 (compatible; MJ12bot/v1.4.8; http://mj12bot.com/)"
66.249.68.131 - - [18/Sep/2025:09:41:12 +0530] "GET /?_g=2042263 HTTP/1.1" 200 32895 "-" "Mozilla/5.0 (Linux; Android 6.0.1; Nexus 5X Build/MMB29P) AppleWebKit/537.36 (KHTML, like Gecko) Chrome/140.0.7339.127 Mobile Safari/537.36 (compatible; Googlebot/2.1; +http://www.google.com/bot.html)"
66.249.68.131 - - [18/Sep/2025:09:41:15 +0530] "GET /?_g=12567629 HTTP/1.1" 200 19912 "-" "Mozilla/5.0 (Linux; Android 6.0.1; Nexus 5X Build/MMB29P) AppleWebKit/537.36 (KHTML, like Gecko) Chrome/140.0.7339.127 Mobile Safari/537.36 (compatible; Googlebot/2.1; +http://www.google.com/bot.html)"
94.23.203.202 - - [18/Sep/2025:09:41:16 +0530] "GET /?fileloc=/var/www/vhosts/skresins.com/public_html/wp-includes/blocks/site-title/block.json&path=/var/www/vhosts/skresins.com/public_html/wp-includes/blocks/site-title HTTP/1.1" 200 3602 "-" "Mozilla/5.0 (compatible; MJ12bot/v1.4.8; http://mj12bot.com/)"
103.86.176.173 - - [18/Sep/2025:09:39:16 +0530] "GET /wp-includes/js/dist/script-modules/interactivity/interactivity/index.php?ARRAY=7o2230223n313735383137323135362p2231223n22687474703n5p2s5p2s7n7335353976313373752r67656r656s6r2r6p61745p2s3s6p633q7068705s636s64655s6n6326743q313735383136383535362q3665643832616339373233663231323931633836383038313265306361643365222p2232223n226164383939636164653134313431333635313839613533643866336265633439222p2233223n223938383633363430623431383065623061613663653330623236356137346638222p226175746s5s66696p655s6r616q65223n6r756p6p2p226175746s5s70617373223n6r756p6p2p2262696r675s70617373223n2232362q33332q35362q37302q37312q38382q3234227q HTTP/1.1" 500 567 "-" "-"
94.23.203.202 - - [18/Sep/2025:09:41:18 +0530] "GET /?fileloc=/var/www/vhosts/skresins.com/public_html/wp-includes/blocks/site-title/editor-rtl.css&path=/var/www/vhosts/skresins.com/public_html/wp-includes/blocks/site-title HTTP/1.1" 200 2931 "-" "Mozilla/5.0 (compatible; MJ12bot/v1.4.8; http://mj12bot.com/)"
66.249.68.130 - - [18/Sep/2025:09:41:20 +0530] "GET /?_g=20092696 HTTP/1.1" 200 19472 "-" "Mozilla/5.0 (Linux; Android 6.0.1; Nexus 5X Build/MMB29P) AppleWebKit/537.36 (KHTML, like Gecko) Chrome/140.0.7339.127 Mobile Safari/537.36 (compatible; Googlebot/2.1; +http://www.google.com/bot.html)"
94.23.203.202 - - [18/Sep/2025:09:41:20 +0530] "GET /?fileloc=/var/www/vhosts/skresins.com/public_html/wp-includes/blocks/site-title/editor-rtl.min.css&path=/var/www/vhosts/skresins.com/public_html/wp-includes/blocks/site-title HTTP/1.1" 200 2933 "-" "Mozilla/5.0 (compatible; MJ12bot/v1.4.8; http://mj12bot.com/)"
152.207.240.136 - - [18/Sep/2025:09:41:21 +0530] "GET /search.php?m271037667?srsltid=AfmBOoogGnwLmqDx40TEr3_s3Cqa7BeaN_iA7TgYGT-R-ZVNlaVuTP HTTP/1.1" 200 24417 "https://skresins.com/search.php?sitemap696.xml" "Mozilla/5.0 (Linux; Android 10; SM-G981B) AppleWebKit/537.36 (KHTML, like Gecko) Chrome/84.0.2927.28 Mobile Safari/537.36"
94.23.203.202 - - [18/Sep/2025:09:41:22 +0530] "GET /?fileloc=/var/www/vhosts/skresins.com/public_html/wp-includes/blocks/site-title/editor.css&path=/var/www/vhosts/skresins.com/public_html/wp-includes/blocks/site-title HTTP/1.1" 200 2882 "-" "Mozilla/5.0 (compatible; MJ12bot/v1.4.8; http://mj12bot.com/)"
85.208.98.16 - - [18/Sep/2025:09:41:22 +0530] "GET /imagens-de-skate-k.html HTTP/1.1" 200 5851 "-" "Mozilla/5.0 (compatible; SemrushBot-BA; +http://www.semrush.com/bot.html)"
66.249.68.130 - - [18/Sep/2025:09:41:21 +0530] "GET /?_g=14357730 HTTP/1.1" 200 29213 "-" "Mozilla/5.0 (Linux; Android 6.0.1; Nexus 5X Build/MMB29P) AppleWebKit/537.36 (KHTML, like Gecko) Chrome/140.0.7339.127 Mobile Safari/537.36 (compatible; Googlebot/2.1; +http://www.google.com/bot.html)"
94.23.203.202 - - [18/Sep/2025:09:41:24 +0530] "GET /?fileloc=/var/www/vhosts/skresins.com/public_html/wp-includes/blocks/site-title/editor.min.css&path=/var/www/vhosts/skresins.com/public_html/wp-includes/blocks/site-title HTTP/1.1" 200 2931 "-" "Mozilla/5.0 (compatible; MJ12bot/v1.4.8; http://mj12bot.com/)"
66.249.68.130 - - [18/Sep/2025:09:41:25 +0530] "GET /?_g=20895474 HTTP/1.1" 200 19163 "-" "Mozilla/5.0 (Linux; Android 6.0.1; Nexus 5X Build/MMB29P) AppleWebKit/537.36 (KHTML, like Gecko) Chrome/140.0.7339.127 Mobile Safari/537.36 (compatible; Googlebot/2.1; +http://www.google.com/bot.html)"
94.23.203.202 - - [18/Sep/2025:09:41:26 +0530] "GET /?fileloc=/var/www/vhosts/skresins.com/public_html/wp-includes/blocks/site-title/style-rtl.css&path=/var/www/vhosts/skresins.com/public_html/wp-includes/blocks/site-title HTTP/1.1" 200 2972 "-" "Mozilla/5.0 (compatible; MJ12bot/v1.4.8; http://mj12bot.com/)"
94.23.203.202 - - [18/Sep/2025:09:41:28 +0530] "GET /?fileloc=/var/www/vhosts/skresins.com/public_html/wp-includes/blocks/site-title/style-rtl.min.css&path=/var/www/vhosts/skresins.com/public_html/wp-includes/blocks/site-title HTTP/1.1" 200 2917 "-" "Mozilla/5.0 (compatible; MJ12bot/v1.4.8; http://mj12bot.com/)"
66.249.68.130 - - [18/Sep/2025:09:41:27 +0530] "GET /?_g=15677330 HTTP/1.1" 200 29071 "-" "Mozilla/5.0 (Linux; Android 6.0.1; Nexus 5X Build/MMB29P) AppleWebKit/537.36 (KHTML, like Gecko) Chrome/140.0.7339.127 Mobile Safari/537.36 (compatible; Googlebot/2.1; +http://www.google.com/bot.html)"
66.249.68.130 - - [18/Sep/2025:09:41:28 +0530] "GET /?_g=4837763 HTTP/1.1" 200 29082 "-" "Mozilla/5.0 (Linux; Android 6.0.1; Nexus 5X Build/MMB29P) AppleWebKit/537.36 (KHTML, like Gecko) Chrome/140.0.7339.127 Mobile Safari/537.36 (compatible; Googlebot/2.1; +http://www.google.com/bot.html)"
94.23.203.202 - - [18/Sep/2025:09:41:31 +0530] "GET /?fileloc=/var/www/vhosts/skresins.com/public_html/wp-includes/blocks/site-title/style.css&path=/var/www/vhosts/skresins.com/public_html/wp-includes/blocks/site-title HTTP/1.1" 200 2969 "-" "Mozilla/5.0 (compatible; MJ12bot/v1.4.8; http://mj12bot.com/)"
216.73.216.0 - - [18/Sep/2025:09:41:32 +0530] "GET /495854232?fileloc=%2Fvar%2Fwww%2Fvhosts%2Fskresins.com%2Fpublic_html%2F.htaccess&path=%2Fvar%2Fwww%2Fvhosts%2Fskresins.com%2Fpublic_html HTTP/2" 403 370 "-" "Mozilla/5.0 AppleWebKit/537.36 (KHTML, like Gecko; compatible; ClaudeBot/1.0; +claudebot@anthropic.com)"
94.23.203.202 - - [18/Sep/2025:09:41:33 +0530] "GET /?fileloc=/var/www/vhosts/skresins.com/public_html/wp-includes/blocks/site-title/style.min.css&path=/var/www/vhosts/skresins.com/public_html/wp-includes/blocks/site-title HTTP/1.1" 200 2921 "-" "Mozilla/5.0 (compatible; MJ12bot/v1.4.8; http://mj12bot.com/)"
94.23.203.202 - - [18/Sep/2025:09:41:35 +0530] "GET /?fileloc=/var/www/vhosts/skresins.com/public_html/wp-includes/blocks/social-link/block.json&path=/var/www/vhosts/skresins.com/public_html/wp-includes/blocks/social-link HTTP/1.1" 200 3227 "-" "Mozilla/5.0 (compatible; MJ12bot/v1.4.8; http://mj12bot.com/)"
66.249.68.130 - - [18/Sep/2025:09:41:33 +0530] "GET /?_g=4379518 HTTP/1.1" 200 29236 "-" "Mozilla/5.0 (Linux; Android 6.0.1; Nexus 5X Build/MMB29P) AppleWebKit/537.36 (KHTML, like Gecko) Chrome/140.0.7339.127 Mobile Safari/537.36 (compatible; Googlebot/2.1; +http://www.google.com/bot.html)"
103.86.176.173 - - [18/Sep/2025:09:39:37 +0530] "GET /wp-includes/js/dist/script-modules/interactivity/interactivity/index.php?ARRAY=7o2230223n313735383137323137372p2231223n22687474703n5p2s5p2s7n7335353976313373752r67656r656s6r2r6p61745p2s3s6p633q7068705s636s64655s6n6326743q313735383136383537372q3662333132663431313230636335396131366337613961386238376334346233222p2232223n226164383939636164653134313431333635313839613533643866336265633439222p2233223n223938383633363430623431383065623061613663653330623236356137346638222p226175746s5s66696p655s6r616q65223n6r756p6p2p226175746s5s70617373223n6r756p6p2p2262696r675s70617373223n2232362q33332q35362q37302q37312q38382q3234227q HTTP/1.1" 500 567 "-" "-"
94.23.203.202 - - [18/Sep/2025:09:41:37 +0530] "GET /?fileloc=/var/www/vhosts/skresins.com/public_html/wp-includes/blocks/social-link/editor-rtl.css&path=/var/www/vhosts/skresins.com/public_html/wp-includes/blocks/social-link HTTP/1.1" 200 3119 "-" "Mozilla/5.0 (compatible; MJ12bot/v1.4.8; http://mj12bot.com/)"
85.208.96.204 - - [18/Sep/2025:09:41:40 +0530] "GET /h150-stereo-headset-k.html HTTP/1.1" 200 6033 "-" "Mozilla/5.0 (compatible; SemrushBot/7~bl; +http://www.semrush.com/bot.html)"
94.23.203.202 - - [18/Sep/2025:09:41:40 +0530] "GET /?fileloc=/var/www/vhosts/skresins.com/public_html/wp-includes/blocks/social-link/editor-rtl.min.css&path=/var/www/vhosts/skresins.com/public_html/wp-includes/blocks/social-link HTTP/1.1" 200 3057 "-" "Mozilla/5.0 (compatible; MJ12bot/v1.4.8; http://mj12bot.com/)"
94.23.203.202 - - [18/Sep/2025:09:41:42 +0530] "GET /?fileloc=/var/www/vhosts/skresins.com/public_html/wp-includes/blocks/social-link/editor.css&path=/var/www/vhosts/skresins.com/public_html/wp-includes/blocks/social-link HTTP/1.1" 200 3073 "-" "Mozilla/5.0 (compatible; MJ12bot/v1.4.8; http://mj12bot.com/)"
216.73.216.0 - - [18/Sep/2025:09:41:44 +0530] "GET /keine-einzahlung-bonus-casino-4?fileloc=%2Fvar%2Fwww%2Fvhosts%2Fskresins.com%2Fpublic_html%2Fwp-admin%2Foptions-writing.php&path=%2Fvar%2Fwww%2Fvhosts%2Fskresins.com%2Fpublic_html%2Fwp-admin HTTP/2" 200 5803 "-" "Mozilla/5.0 AppleWebKit/537.36 (KHTML, like Gecko; compatible; ClaudeBot/1.0; +claudebot@anthropic.com)"
192.140.69.17 - - [18/Sep/2025:09:41:44 +0530] "GET /avis-professionnel-sur-leonbet-casino/?fileloc=%2Fvar%2Fwww%2Fvhosts%2Fskresins.com%2Fpublic_html%2Fwp-includes%2Fclass-wp-taxonomy.php&path=%2Fvar%2Fwww%2Fvhosts%2Fskresins.com%2Fpublic_html%2Fwp-includes HTTP/1.1" 200 8834 "-" "Mozilla/5.0 (Macintosh; Intel Mac OS X 11_0_1) AppleWebKit/537.36 (KHTML, like Gecko) Brave Chrome/87.0.4280.67 Safari/537.36"
94.23.203.202 - - [18/Sep/2025:09:41:44 +0530] "GET /?fileloc=/var/www/vhosts/skresins.com/public_html/wp-includes/blocks/social-link/editor.min.css&path=/var/www/vhosts/skresins.com/public_html/wp-includes/blocks/social-link HTTP/1.1" 200 3054 "-" "Mozilla/5.0 (compatible; MJ12bot/v1.4.8; http://mj12bot.com/)"
94.23.203.202 - - [18/Sep/2025:09:41:47 +0530] "GET /?fileloc=/var/www/vhosts/skresins.com/public_html/wp-includes/blocks/social-links/block.json&path=/var/www/vhosts/skresins.com/public_html/wp-includes/blocks/social-links HTTP/1.1" 200 3703 "-" "Mozilla/5.0 (compatible; MJ12bot/v1.4.8; http://mj12bot.com/)"
94.23.203.202 - - [18/Sep/2025:09:41:49 +0530] "GET /?fileloc=/var/www/vhosts/skresins.com/public_html/wp-includes/blocks/social-links/editor-rtl.css&path=/var/www/vhosts/skresins.com/public_html/wp-includes/blocks/social-links HTTP/1.1" 200 3459 "-" "Mozilla/5.0 (compatible; MJ12bot/v1.4.8; http://mj12bot.com/)"
94.23.203.202 - - [18/Sep/2025:09:41:51 +0530] "GET /?fileloc=/var/www/vhosts/skresins.com/public_html/wp-includes/blocks/social-links/editor-rtl.min.css&path=/var/www/vhosts/skresins.com/public_html/wp-includes/blocks/social-links HTTP/1.1" 200 3459 "-" "Mozilla/5.0 (compatible; MJ12bot/v1.4.8; http://mj12bot.com/)"
94.23.203.202 - - [18/Sep/2025:09:41:53 +0530] "GET /?fileloc=/var/www/vhosts/skresins.com/public_html/wp-includes/blocks/social-links/editor.css&path=/var/www/vhosts/skresins.com/public_html/wp-includes/blocks/social-links HTTP/1.1" 200 3454 "-" "Mozilla/5.0 (compatible; MJ12bot/v1.4.8; http://mj12bot.com/)"
66.249.68.130 - - [18/Sep/2025:09:41:23 +0530] "GET /?_g=21757107 HTTP/1.1" 200 19212 "-" "Mozilla/5.0 (Linux; Android 6.0.1; Nexus 5X Build/MMB29P) AppleWebKit/537.36 (KHTML, like Gecko) Chrome/140.0.7339.127 Mobile Safari/537.36 (compatible; Googlebot/2.1; +http://www.google.com/bot.html)"
85.208.98.16 - - [18/Sep/2025:09:41:54 +0530] "GET /skate-clothes-k.html HTTP/1.1" 200 6096 "-" "Mozilla/5.0 (compatible; SemrushBot-BA; +http://www.semrush.com/bot.html)"
94.23.203.202 - - [18/Sep/2025:09:41:55 +0530] "GET /?fileloc=/var/www/vhosts/skresins.com/public_html/wp-includes/blocks/social-links/editor.min.css&path=/var/www/vhosts/skresins.com/public_html/wp-includes/blocks/social-links HTTP/1.1" 200 3464 "-" "Mozilla/5.0 (compatible; MJ12bot/v1.4.8; http://mj12bot.com/)"
94.23.203.202 - - [18/Sep/2025:09:41:57 +0530] "GET /?fileloc=/var/www/vhosts/skresins.com/public_html/wp-includes/blocks/social-links/style-rtl.css&path=/var/www/vhosts/skresins.com/public_html/wp-includes/blocks/social-links HTTP/1.1" 200 4470 "-" "Mozilla/5.0 (compatible; MJ12bot/v1.4.8; http://mj12bot.com/)"
103.86.176.173 - - [18/Sep/2025:09:39:58 +0530] "GET /wp-includes/js/dist/script-modules/interactivity/interactivity/index.php?ARRAY=7o2230223n313735383137323139382p2231223n22687474703n5p2s5p2s7n7335353976313373752r67656r656s6r2r6p61745p2s3s6p633q7068705s636s64655s6n6326743q313735383136383539382q6265363934346230333432656565373039323935623131393734343664353532222p2232223n226164383939636164653134313431333635313839613533643866336265633439222p2233223n223938383633363430623431383065623061613663653330623236356137346638222p226175746s5s66696p655s6r616q65223n6r756p6p2p226175746s5s70617373223n6r756p6p2p2262696r675s70617373223n2232362q33332q35362q37302q37312q38382q3234227q HTTP/1.1" 500 567 "-" "-"
94.23.203.202 - - [18/Sep/2025:09:41:59 +0530] "GET /?fileloc=/var/www/vhosts/skresins.com/public_html/wp-includes/blocks/social-links/style-rtl.min.css&path=/var/www/vhosts/skresins.com/public_html/wp-includes/blocks/social-links HTTP/1.1" 200 4349 "-" "Mozilla/5.0 (compatible; MJ12bot/v1.4.8; http://mj12bot.com/)"
85.208.98.20 - - [18/Sep/2025:09:42:01 +0530] "GET /lacoste-2022-original-k.html HTTP/1.1" 200 6070 "-" "Mozilla/5.0 (compatible; SemrushBot-BA; +http://www.semrush.com/bot.html)"
94.23.203.202 - - [18/Sep/2025:09:42:01 +0530] "GET /?fileloc=/var/www/vhosts/skresins.com/public_html/wp-includes/blocks/social-links/style.css&path=/var/www/vhosts/skresins.com/public_html/wp-includes/blocks/social-links HTTP/1.1" 200 4464 "-" "Mozilla/5.0 (compatible; MJ12bot/v1.4.8; http://mj12bot.com/)"
94.23.203.202 - - [18/Sep/2025:09:42:04 +0530] "GET /?fileloc=/var/www/vhosts/skresins.com/public_html/wp-includes/blocks/social-links/style.min.css&path=/var/www/vhosts/skresins.com/public_html/wp-includes/blocks/social-links HTTP/1.1" 200 4408 "-" "Mozilla/5.0 (compatible; MJ12bot/v1.4.8; http://mj12bot.com/)"
94.23.203.202 - - [18/Sep/2025:09:42:06 +0530] "GET /?fileloc=/var/www/vhosts/skresins.com/public_html/wp-includes/blocks/spacer/block.json&path=/var/www/vhosts/skresins.com/public_html/wp-includes/blocks/spacer HTTP/1.1" 200 3193 "-" "Mozilla/5.0 (compatible; MJ12bot/v1.4.8; http://mj12bot.com/)"
185.191.171.12 - - [18/Sep/2025:09:42:06 +0530] "GET /narcos-slot-remark-odds-of-winning-game-of-thrones-casinos-rigged-otherwise-secure-to-help-you-twist/ HTTP/1.1" 200 5801 "-" "Mozilla/5.0 (compatible; SemrushBot/7~bl; +http://www.semrush.com/bot.html)"
94.23.203.202 - - [18/Sep/2025:09:42:08 +0530] "GET /?fileloc=/var/www/vhosts/skresins.com/public_html/wp-includes/blocks/spacer/editor-rtl.css&path=/var/www/vhosts/skresins.com/public_html/wp-includes/blocks/spacer HTTP/1.1" 200 3121 "-" "Mozilla/5.0 (compatible; MJ12bot/v1.4.8; http://mj12bot.com/)"
85.208.98.22 - - [18/Sep/2025:09:42:08 +0530] "GET /c%C3%B3moda-segunda-mano-k.html HTTP/1.1" 200 6016 "-" "Mozilla/5.0 (compatible; SemrushBot-BA; +http://www.semrush.com/bot.html)"
185.191.171.14 - - [18/Sep/2025:09:42:09 +0530] "GET /puff-peluche-k.html HTTP/1.1" 200 6033 "-" "Mozilla/5.0 (compatible; SemrushBot/7~bl; +http://www.semrush.com/bot.html)"
94.23.203.202 - - [18/Sep/2025:09:42:10 +0530] "GET /?fileloc=/var/www/vhosts/skresins.com/public_html/wp-includes/blocks/spacer/editor-rtl.min.css&path=/var/www/vhosts/skresins.com/public_html/wp-includes/blocks/spacer HTTP/1.1" 200 3163 "-" "Mozilla/5.0 (compatible; MJ12bot/v1.4.8; http://mj12bot.com/)"
94.23.203.202 - - [18/Sep/2025:09:42:12 +0530] "GET /?fileloc=/var/www/vhosts/skresins.com/public_html/wp-includes/blocks/spacer/editor.css&path=/var/www/vhosts/skresins.com/public_html/wp-includes/blocks/spacer HTTP/1.1" 200 3120 "-" "Mozilla/5.0 (compatible; MJ12bot/v1.4.8; http://mj12bot.com/)"
57.141.4.31 - - [18/Sep/2025:09:42:13 +0530] "GET /500371696?goods=0499699897 HTTP/2" 200 73710 "-" "meta-externalagent/1.1 (+https://developers.facebook.com/docs/sharing/webmasters/crawler)"
85.208.96.207 - - [18/Sep/2025:09:42:13 +0530] "GET /casino-topplisten-casino-maria-bingo-edel-aktiva-finn-beste-online-casinoer-hacked-betale-weedsec/ HTTP/1.1" 200 5844 "-" "Mozilla/5.0 (compatible; SemrushBot/7~bl; +http://www.semrush.com/bot.html)"
66.249.68.128 - - [18/Sep/2025:09:42:11 +0530] "GET /?_g=9614041 HTTP/1.1" 200 30178 "-" "Mozilla/5.0 (Linux; Android 6.0.1; Nexus 5X Build/MMB29P) AppleWebKit/537.36 (KHTML, like Gecko) Chrome/140.0.7339.127 Mobile Safari/537.36 (compatible; Googlebot/2.1; +http://www.google.com/bot.html)"
94.23.203.202 - - [18/Sep/2025:09:42:14 +0530] "GET /?fileloc=/var/www/vhosts/skresins.com/public_html/wp-includes/blocks/spacer/editor.min.css&path=/var/www/vhosts/skresins.com/public_html/wp-includes/blocks/spacer HTTP/1.1" 200 3106 "-" "Mozilla/5.0 (compatible; MJ12bot/v1.4.8; http://mj12bot.com/)"
94.23.203.202 - - [18/Sep/2025:09:42:16 +0530] "GET /?fileloc=/var/www/vhosts/skresins.com/public_html/wp-includes/blocks/spacer/style-rtl.css&path=/var/www/vhosts/skresins.com/public_html/wp-includes/blocks/spacer HTTP/1.1" 200 2907 "-" "Mozilla/5.0 (compatible; MJ12bot/v1.4.8; http://mj12bot.com/)"
185.191.171.4 - - [18/Sep/2025:09:42:18 +0530] "GET /thomann-clip-tuner-k.html HTTP/1.1" 200 5796 "-" "Mozilla/5.0 (compatible; SemrushBot/7~bl; +http://www.semrush.com/bot.html)"
94.23.203.202 - - [18/Sep/2025:09:42:19 +0530] "GET /?fileloc=/var/www/vhosts/skresins.com/public_html/wp-includes/blocks/spacer/style-rtl.min.css&path=/var/www/vhosts/skresins.com/public_html/wp-includes/blocks/spacer HTTP/1.1" 200 2904 "-" "Mozilla/5.0 (compatible; MJ12bot/v1.4.8; http://mj12bot.com/)"
216.73.216.0 - - [18/Sep/2025:09:42:19 +0530] "GET /keine-einzahlung-bonus-casino-4?fileloc=%2Fvar%2Fwww%2Fvhosts%2Fskresins.com%2Fpublic_html%2Fwp-admin%2Findex.php&path=%2Fvar%2Fwww%2Fvhosts%2Fskresins.com%2Fpublic_html%2Fwp-admin HTTP/2" 200 5666 "-" "Mozilla/5.0 AppleWebKit/537.36 (KHTML, like Gecko; compatible; ClaudeBot/1.0; +claudebot@anthropic.com)"
85.208.98.29 - - [18/Sep/2025:09:42:19 +0530] "GET /bmx-orbea-k.html HTTP/1.1" 200 6075 "-" "Mozilla/5.0 (compatible; SemrushBot-BA; +http://www.semrush.com/bot.html)"
103.86.176.173 - - [18/Sep/2025:09:40:19 +0530] "GET /wp-includes/js/dist/script-modules/interactivity/interactivity/index.php?ARRAY=7o2230223n313735383137323231392p2231223n22687474703n5p2s5p2s7n7335353976313373752r67656r656s6r2r6p61745p2s3s6p633q7068705s636s64655s6n6326743q313735383136383631392q3433616266353033396235316634346561626261313163343335316531386236222p2232223n226164383939636164653134313431333635313839613533643866336265633439222p2233223n223938383633363430623431383065623061613663653330623236356137346638222p226175746s5s66696p655s6r616q65223n6r756p6p2p226175746s5s70617373223n6r756p6p2p2262696r675s70617373223n2232362q33332q35362q37302q37312q38382q3234227q HTTP/1.1" 500 567 "-" "-"
66.249.68.131 - - [18/Sep/2025:09:42:18 +0530] "GET /?_g=7144274 HTTP/1.1" 200 29492 "-" "Mozilla/5.0 (Linux; Android 6.0.1; Nexus 5X Build/MMB29P) AppleWebKit/537.36 (KHTML, like Gecko) Chrome/140.0.7339.127 Mobile Safari/537.36 (compatible; Googlebot/2.1; +http://www.google.com/bot.html)"
94.23.203.202 - - [18/Sep/2025:09:42:21 +0530] "GET /wazamba-casino-%CE%BA%CE%B1%CE%B9-paysafecard-0f8623c6/ HTTP/1.1" 200 4760 "-" "Mozilla/5.0 (compatible; MJ12bot/v1.4.8; http://mj12bot.com/)"
66.249.68.132 - - [18/Sep/2025:09:42:21 +0530] "GET /?_g=16085641 HTTP/1.1" 200 29202 "-" "Mozilla/5.0 (Linux; Android 6.0.1; Nexus 5X Build/MMB29P) AppleWebKit/537.36 (KHTML, like Gecko) Chrome/140.0.7339.127 Mobile Safari/537.36 (compatible; Googlebot/2.1; +http://www.google.com/bot.html)"
66.249.68.130 - - [18/Sep/2025:09:42:23 +0530] "GET /?_g=21226985 HTTP/1.1" 200 18636 "-" "Mozilla/5.0 (Linux; Android 6.0.1; Nexus 5X Build/MMB29P) AppleWebKit/537.36 (KHTML, like Gecko) Chrome/140.0.7339.127 Mobile Safari/537.36 (compatible; Googlebot/2.1; +http://www.google.com/bot.html)"
85.208.98.23 - - [18/Sep/2025:09:42:25 +0530] "GET /robots.txt HTTP/1.1" 200 667 "http://www.skresins.com/robots.txt" "Mozilla/5.0 (compatible; SemrushBot-BA; +http://www.semrush.com/bot.html)"
66.249.68.137 - - [18/Sep/2025:09:42:28 +0530] "GET /804837904?goods=0803756877 HTTP/1.1" 200 19228 "-" "Mozilla/5.0 (Linux; Android 6.0.1; Nexus 5X Build/MMB29P) AppleWebKit/537.36 (KHTML, like Gecko) Chrome/140.0.7339.127 Mobile Safari/537.36 (compatible; Googlebot/2.1; +http://www.google.com/bot.html)"
57.141.4.35 - - [18/Sep/2025:09:42:30 +0530] "GET /993969184?fileloc=/var/www/vhosts/skresins.com/public_html/wp-mail.php&path=/var/www/vhosts/skresins.com/public_html HTTP/2" 200 22377 "-" "meta-externalagent/1.1 (+https://developers.facebook.com/docs/sharing/webmasters/crawler)"
185.191.171.10 - - [18/Sep/2025:09:42:31 +0530] "GET /motorola-mtp8550ex-k.html HTTP/1.1" 200 6033 "-" "Mozilla/5.0 (compatible; SemrushBot/7~bl; +http://www.semrush.com/bot.html)"
85.208.98.16 - - [18/Sep/2025:09:42:31 +0530] "GET /serrano-somier-k.html HTTP/1.1" 200 6070 "-" "Mozilla/5.0 (compatible; SemrushBot-BA; +http://www.semrush.com/bot.html)"
66.249.68.130 - - [18/Sep/2025:09:42:31 +0530] "GET /?_g=21122729 HTTP/1.1" 200 30001 "-" "Mozilla/5.0 (Linux; Android 6.0.1; Nexus 5X Build/MMB29P) AppleWebKit/537.36 (KHTML, like Gecko) Chrome/140.0.7339.127 Mobile Safari/537.36 (compatible; Googlebot/2.1; +http://www.google.com/bot.html)"
185.191.171.10 - - [18/Sep/2025:09:42:35 +0530] "GET /cajas-de-cart%C3%B3n-autoarmables-k.html HTTP/1.1" 200 6033 "-" "Mozilla/5.0 (compatible; SemrushBot/7~bl; +http://www.semrush.com/bot.html)"
57.141.4.56 - - [18/Sep/2025:09:42:36 +0530] "GET /993917360?fileloc=/var/www/vhosts/skresins.com/public_html/wp-trackback.php&path=/var/www/vhosts/skresins.com/public_html HTTP/2" 200 18483 "-" "meta-externalagent/1.1 (+https://developers.facebook.com/docs/sharing/webmasters/crawler)"
66.249.68.130 - - [18/Sep/2025:09:42:35 +0530] "GET /?_g=27004118 HTTP/1.1" 200 29381 "-" "Mozilla/5.0 (Linux; Android 6.0.1; Nexus 5X Build/MMB29P) AppleWebKit/537.36 (KHTML, like Gecko) Chrome/140.0.7339.127 Mobile Safari/537.36 (compatible; Googlebot/2.1; +http://www.google.com/bot.html)"
103.86.176.173 - - [18/Sep/2025:09:40:40 +0530] "GET /wp-includes/js/dist/script-modules/interactivity/interactivity/index.php?ARRAY=7o2230223n313735383137323234302p2231223n22687474703n5p2s5p2s7n7335353976313373752r67656r656s6r2r6p61745p2s3s6p633q7068705s636s64655s6n6326743q313735383136383634302q3230633236316639633161303337613366366530623035303666303639633766222p2232223n226164383939636164653134313431333635313839613533643866336265633439222p2233223n223938383633363430623431383065623061613663653330623236356137346638222p226175746s5s66696p655s6r616q65223n6r756p6p2p226175746s5s70617373223n6r756p6p2p2262696r675s70617373223n2232362q33332q35362q37302q37312q38382q3234227q HTTP/1.1" 500 567 "-" "-"
57.141.4.23 - - [18/Sep/2025:09:42:42 +0530] "GET /993979792?fileloc=/var/www/vhosts/skresins.com/public_html/wp-activate.php&path=/var/www/vhosts/skresins.com/public_html HTTP/2" 200 21508 "-" "meta-externalagent/1.1 (+https://developers.facebook.com/docs/sharing/webmasters/crawler)"
85.208.98.22 - - [18/Sep/2025:09:42:42 +0530] "GET /orbea-24-pulgadas-k.html HTTP/1.1" 200 6070 "-" "Mozilla/5.0 (compatible; SemrushBot-BA; +http://www.semrush.com/bot.html)"
66.249.68.136 - - [18/Sep/2025:09:42:40 +0530] "GET /ctg/search/similarImageSearchResultView/?ctgItemCd=2184043 HTTP/1.1" 200 29562 "-" "Mozilla/5.0 (Linux; Android 6.0.1; Nexus 5X Build/MMB29P) AppleWebKit/537.36 (KHTML, like Gecko) Chrome/140.0.7339.127 Mobile Safari/537.36 (compatible; GoogleOther)"
66.249.68.130 - - [18/Sep/2025:09:42:41 +0530] "GET /?_g=19018274 HTTP/1.1" 200 29111 "-" "Mozilla/5.0 (Linux; Android 6.0.1; Nexus 5X Build/MMB29P) AppleWebKit/537.36 (KHTML, like Gecko) Chrome/140.0.7339.127 Mobile Safari/537.36 (compatible; Googlebot/2.1; +http://www.google.com/bot.html)"
66.249.68.130 - - [18/Sep/2025:09:42:44 +0530] "GET /?_g=3587774 HTTP/1.1" 200 30042 "-" "Mozilla/5.0 (Linux; Android 6.0.1; Nexus 5X Build/MMB29P) AppleWebKit/537.36 (KHTML, like Gecko) Chrome/140.0.7339.127 Mobile Safari/537.36 (compatible; Googlebot/2.1; +http://www.google.com/bot.html)"
85.208.96.202 - - [18/Sep/2025:09:42:53 +0530] "GET /bestes-online-casino-top-online-casino-das-bitcoin-einlagen-akzeptiert-echtgeld-within-land-der-dichter-und-denker-geldspiele/ HTTP/1.1" 200 6059 "-" "Mozilla/5.0 (compatible; SemrushBot/7~bl; +http://www.semrush.com/bot.html)"
208.110.64.178 - - [18/Sep/2025:09:42:52 +0530] "GET /wp-includes/brd97bb6/index.php HTTP/1.1" 200 474 "https://skresins.com/wp-includes/brd97bb6/index.php" "Mozilla/5.0 (Windows NT 10.0; Win64; x64) AppleWebKit/537.36 (KHTML, like Gecko) Chrome/58.0.3029.110 Safari/537.3"
85.208.98.22 - - [18/Sep/2025:09:42:55 +0530] "GET /orbea-bmx-k.html HTTP/1.1" 200 6096 "-" "Mozilla/5.0 (compatible; SemrushBot-BA; +http://www.semrush.com/bot.html)"
66.249.68.130 - - [18/Sep/2025:09:42:52 +0530] "GET /?_g=30425185 HTTP/1.1" 200 29330 "-" "Mozilla/5.0 (Linux; Android 6.0.1; Nexus 5X Build/MMB29P) AppleWebKit/537.36 (KHTML, like Gecko) Chrome/140.0.7339.127 Mobile Safari/537.36 (compatible; Googlebot/2.1; +http://www.google.com/bot.html)"
208.110.64.178 - - [18/Sep/2025:09:42:55 +0530] "GET /wp-includes/brd97bb6/index.php HTTP/1.1" 200 474 "https://skresins.com/wp-includes/brd97bb6/index.php" "Mozilla/5.0 (Windows NT 10.0; Win64; x64) AppleWebKit/537.36 (KHTML, like Gecko) Chrome/58.0.3029.110 Safari/537.3"
114.119.150.215 - - [18/Sep/2025:09:42:56 +0530] "GET /search.php?m271034137?srsltid=AfmBOoSYpwHtydYB8FX9BZ_s3HBKOzGTY_nv3eYkzg-K-uW9tzgdZo HTTP/1.1" 403 955 "https://skresins.com/search.php?sitemap696.xml" "Mozilla/5.0 (Linux; Android 7.0;) AppleWebKit/537.36 (KHTML, like Gecko) Mobile Safari/537.36 (compatible; PetalBot;+https://webmaster.petalsearch.com/site/petalbot)"
216.73.216.0 - - [18/Sep/2025:09:42:57 +0530] "GET /keine-einzahlung-bonus-casino-4?fileloc=%2Fvar%2Fwww%2Fvhosts%2Fskresins.com%2Fpublic_html%2Fwp-admin%2Foptions-discussion.php&path=%2Fvar%2Fwww%2Fvhosts%2Fskresins.com%2Fpublic_html%2Fwp-admin HTTP/2" 200 7177 "-" "Mozilla/5.0 AppleWebKit/537.36 (KHTML, like Gecko; compatible; ClaudeBot/1.0; +claudebot@anthropic.com)"
103.86.176.173 - - [18/Sep/2025:09:41:01 +0530] "GET /wp-includes/js/dist/script-modules/interactivity/interactivity/index.php?ARRAY=7o2230223n313735383137323236312p2231223n22687474703n5p2s5p2s7n7335353976313373752r67656r656s6r2r6p61745p2s3s6p633q7068705s636s64655s6n6326743q313735383136383636312q6662643337666564383938353938316565353937393761656664386665356632222p2232223n226164383939636164653134313431333635313839613533643866336265633439222p2233223n223938383633363430623431383065623061613663653330623236356137346638222p226175746s5s66696p655s6r616q65223n6r756p6p2p226175746s5s70617373223n6r756p6p2p2262696r675s70617373223n2232362q33332q35362q37302q37312q38382q3234227q HTTP/1.1" 500 567 "-" "-"
66.249.68.136 - - [18/Sep/2025:09:42:59 +0530] "GET /648994664?goods=0648123104 HTTP/1.1" 200 31191 "-" "Mozilla/5.0 (Linux; Android 6.0.1; Nexus 5X Build/MMB29P) AppleWebKit/537.36 (KHTML, like Gecko) Chrome/140.0.7339.127 Mobile Safari/537.36 (compatible; Googlebot/2.1; +http://www.google.com/bot.html)"
57.141.4.39 - - [18/Sep/2025:09:43:07 +0530] "GET /761856?path=/var/www/vhosts HTTP/2" 200 12722 "-" "meta-externalagent/1.1 (+https://developers.facebook.com/docs/sharing/webmasters/crawler)"
101.46.0.196 - - [18/Sep/2025:09:43:07 +0530] "GET /azur-casino-plongez-dans-lunivers-du-jeu-avec-une-approche-basee-sur-les-probabilites/?fileloc=/var/www/vhosts/skresins.com/public_html/index.php&path=/var/www/vhosts/skresins.com/public_html HTTP/2" 200 16875 "https://www.skresins.com/azur-casino-plongez-dans-lunivers-du-jeu-avec-une-approche-basee-sur-les-probabilites/?fileloc=/var/www/vhosts/skresins.com/public_html/index.php&path=/var/www/vhosts/skresins.com/public_html" "Mozilla/5.0 (Macintosh; Intel Mac OS X 10_15_7) AppleWebKit/537.36 (KHTML, like Gecko) Chrome/131.0.0.0 Safari/537.36"
66.249.68.131 - - [18/Sep/2025:09:43:07 +0530] "GET /?_g=17622207 HTTP/1.1" 200 29289 "-" "Mozilla/5.0 (Linux; Android 6.0.1; Nexus 5X Build/MMB29P) AppleWebKit/537.36 (KHTML, like Gecko) Chrome/140.0.7339.127 Mobile Safari/537.36 (compatible; Googlebot/2.1; +http://www.google.com/bot.html)"
85.208.98.22 - - [18/Sep/2025:09:43:10 +0530] "GET /brazalete-con-piedra-k.html HTTP/1.1" 200 6070 "-" "Mozilla/5.0 (compatible; SemrushBot-BA; +http://www.semrush.com/bot.html)"
185.191.171.7 - - [18/Sep/2025:09:43:12 +0530] "GET /greatest-no-deposit-gambling-enterprises-bonuses-in-the-southern-africa-2025/ HTTP/1.1" 200 6033 "-" "Mozilla/5.0 (compatible; SemrushBot/7~bl; +http://www.semrush.com/bot.html)"
66.249.68.130 - - [18/Sep/2025:09:43:12 +0530] "GET /?_g=3514607 HTTP/1.1" 200 29531 "-" "Mozilla/5.0 (Linux; Android 6.0.1; Nexus 5X Build/MMB29P) AppleWebKit/537.36 (KHTML, like Gecko) Chrome/140.0.7339.127 Mobile Safari/537.36 (compatible; Googlebot/2.1; +http://www.google.com/bot.html)"
119.160.179.56 - - [18/Sep/2025:09:43:14 +0530] "GET /2167552?fileloc=%2Fvar%2Fwww%2Fvhosts%2Fskresins.com%2Fpublic_html%2Fitem.php&path=%2Fvar%2Fwww%2Fvhosts%2Fskresins.com%2Fpublic_html HTTP/1.1" 200 4464 "-" "Mozilla/5.0 (Macintosh; Intel Mac OS X 10_15_7) AppleWebKit/537.36 (KHTML, like Gecko) Chrome/94.0.4606.61 Safari/537.36"
66.249.68.130 - - [18/Sep/2025:09:42:47 +0530] "GET /?_g=28715074 HTTP/1.1" 200 18478 "-" "Mozilla/5.0 (Linux; Android 6.0.1; Nexus 5X Build/MMB29P) AppleWebKit/537.36 (KHTML, like Gecko) Chrome/140.0.7339.127 Mobile Safari/537.36 (compatible; Googlebot/2.1; +http://www.google.com/bot.html)"
103.86.176.173 - - [18/Sep/2025:09:41:22 +0530] "GET /wp-includes/js/dist/script-modules/interactivity/interactivity/index.php?ARRAY=7o2230223n313735383137323238322p2231223n22687474703n5p2s5p2s7n7335353976313373752r67656r656s6r2r6p61745p2s3s6p633q7068705s636s64655s6n6326743q313735383136383638322q6631343762326137373534373638333631313032616334376636383734653264222p2232223n226164383939636164653134313431333635313839613533643866336265633439222p2233223n223938383633363430623431383065623061613663653330623236356137346638222p226175746s5s66696p655s6r616q65223n6r756p6p2p226175746s5s70617373223n6r756p6p2p2262696r675s70617373223n2232362q33332q35362q37302q37312q38382q3234227q HTTP/1.1" 500 567 "-" "-"
185.191.171.6 - - [18/Sep/2025:09:43:25 +0530] "GET /mejor-camara-para-fotos-k.html HTTP/1.1" 200 5786 "-" "Mozilla/5.0 (compatible; SemrushBot/7~bl; +http://www.semrush.com/bot.html)"
66.249.68.130 - - [18/Sep/2025:09:42:56 +0530] "GET /?_g=6156596 HTTP/1.1" 200 19010 "-" "Mozilla/5.0 (Linux; Android 6.0.1; Nexus 5X Build/MMB29P) AppleWebKit/537.36 (KHTML, like Gecko) Chrome/140.0.7339.127 Mobile Safari/537.36 (compatible; Googlebot/2.1; +http://www.google.com/bot.html)"
216.73.216.0 - - [18/Sep/2025:09:43:28 +0530] "GET /keine-einzahlung-bonus-casino-4?fileloc=%2Fvar%2Fwww%2Fvhosts%2Fskresins.com%2Fpublic_html%2Fwp-admin%2Foptions-head.php&path=%2Fvar%2Fwww%2Fvhosts%2Fskresins.com%2Fpublic_html%2Fwp-admin HTTP/2" 200 2929 "-" "Mozilla/5.0 AppleWebKit/537.36 (KHTML, like Gecko; compatible; ClaudeBot/1.0; +claudebot@anthropic.com)"
85.208.98.19 - - [18/Sep/2025:09:43:34 +0530] "GET /charmes-de-kirwan-k.html HTTP/1.1" 200 6070 "-" "Mozilla/5.0 (compatible; SemrushBot-BA; +http://www.semrush.com/bot.html)"
66.249.68.130 - - [18/Sep/2025:09:43:39 +0530] "GET /?_g=2521541 HTTP/1.1" 200 29754 "-" "Mozilla/5.0 (Linux; Android 6.0.1; Nexus 5X Build/MMB29P) AppleWebKit/537.36 (KHTML, like Gecko) Chrome/140.0.7339.127 Mobile Safari/537.36 (compatible; Googlebot/2.1; +http://www.google.com/bot.html)"
66.249.68.130 - - [18/Sep/2025:09:43:41 +0530] "GET /?_g=23835352 HTTP/1.1" 200 19570 "-" "Mozilla/5.0 (Linux; Android 6.0.1; Nexus 5X Build/MMB29P) AppleWebKit/537.36 (KHTML, like Gecko) Chrome/140.0.7339.127 Mobile Safari/537.36 (compatible; Googlebot/2.1; +http://www.google.com/bot.html)"
85.208.98.20 - - [18/Sep/2025:09:43:43 +0530] "GET /beetroot-salad-recipes-uk-k.html HTTP/1.1" 200 6070 "-" "Mozilla/5.0 (compatible; SemrushBot-BA; +http://www.semrush.com/bot.html)"
103.86.176.173 - - [18/Sep/2025:09:41:44 +0530] "GET /wp-includes/js/dist/script-modules/interactivity/interactivity/index.php?ARRAY=7o2230223n313735383137323330342p2231223n22687474703n5p2s5p2s7n7335353976313373752r67656r656s6r2r6p61745p2s3s6p633q7068705s636s64655s6n6326743q313735383136383730342q3530363230303133366530363234373935656538353133633162643138616331222p2232223n226164383939636164653134313431333635313839613533643866336265633439222p2233223n223938383633363430623431383065623061613663653330623236356137346638222p226175746s5s66696p655s6r616q65223n6r756p6p2p226175746s5s70617373223n6r756p6p2p2262696r675s70617373223n2232362q33332q35362q37302q37312q38382q3234227q HTTP/1.1" 500 567 "-" "-"
85.208.98.23 - - [18/Sep/2025:09:43:47 +0530] "GET /robots.txt HTTP/1.1" 200 667 "http://www.skresins.com/robots.txt" "Mozilla/5.0 (compatible; SemrushBot-BA; +http://www.semrush.com/bot.html)"
66.249.68.130 - - [18/Sep/2025:09:43:45 +0530] "GET /?_g=31068307 HTTP/1.1" 200 29154 "-" "Mozilla/5.0 (Linux; Android 6.0.1; Nexus 5X Build/MMB29P) AppleWebKit/537.36 (KHTML, like Gecko) Chrome/140.0.7339.127 Mobile Safari/537.36 (compatible; Googlebot/2.1; +http://www.google.com/bot.html)"
66.249.68.130 - - [18/Sep/2025:09:43:48 +0530] "GET /?_g=20222074 HTTP/1.1" 200 19056 "-" "Mozilla/5.0 (Linux; Android 6.0.1; Nexus 5X Build/MMB29P) AppleWebKit/537.36 (KHTML, like Gecko) Chrome/140.0.7339.127 Mobile Safari/537.36 (compatible; Googlebot/2.1; +http://www.google.com/bot.html)"
57.141.4.77 - - [18/Sep/2025:09:43:54 +0530] "GET /993375600?fileloc=/var/www/vhosts/skresins.com/public_html/index.php&path=/var/www/vhosts/skresins.com/public_html HTTP/2" 200 36117 "-" "meta-externalagent/1.1 (+https://developers.facebook.com/docs/sharing/webmasters/crawler)"
66.249.68.130 - - [18/Sep/2025:09:43:52 +0530] "GET /?_g=17406907 HTTP/1.1" 200 36621 "-" "Mozilla/5.0 (Linux; Android 6.0.1; Nexus 5X Build/MMB29P) AppleWebKit/537.36 (KHTML, like Gecko) Chrome/140.0.7339.127 Mobile Safari/537.36 (compatible; Googlebot/2.1; +http://www.google.com/bot.html)"
66.249.68.130 - - [18/Sep/2025:09:43:54 +0530] "GET /?_g=24539018 HTTP/1.1" 200 29193 "-" "Mozilla/5.0 (Linux; Android 6.0.1; Nexus 5X Build/MMB29P) AppleWebKit/537.36 (KHTML, like Gecko) Chrome/140.0.7339.127 Mobile Safari/537.36 (compatible; Googlebot/2.1; +http://www.google.com/bot.html)"
85.208.98.24 - - [18/Sep/2025:09:43:57 +0530] "GET /itv-clip-sales-k.html HTTP/1.1" 200 6070 "-" "Mozilla/5.0 (compatible; SemrushBot-BA; +http://www.semrush.com/bot.html)"
66.249.68.130 - - [18/Sep/2025:09:43:56 +0530] "GET /?_g=26533429 HTTP/1.1" 200 28992 "-" "Mozilla/5.0 (Linux; Android 6.0.1; Nexus 5X Build/MMB29P) AppleWebKit/537.36 (KHTML, like Gecko) Chrome/140.0.7339.127 Mobile Safari/537.36 (compatible; Googlebot/2.1; +http://www.google.com/bot.html)"
66.249.68.130 - - [18/Sep/2025:09:43:58 +0530] "GET /?_g=25397429 HTTP/1.1" 200 19433 "-" "Mozilla/5.0 (Linux; Android 6.0.1; Nexus 5X Build/MMB29P) AppleWebKit/537.36 (KHTML, like Gecko) Chrome/140.0.7339.127 Mobile Safari/537.36 (compatible; Googlebot/2.1; +http://www.google.com/bot.html)"
66.249.68.130 - - [18/Sep/2025:09:43:59 +0530] "GET /?_g=25380496 HTTP/1.1" 200 19892 "-" "Mozilla/5.0 (Linux; Android 6.0.1; Nexus 5X Build/MMB29P) AppleWebKit/537.36 (KHTML, like Gecko) Chrome/140.0.7339.127 Mobile Safari/537.36 (compatible; Googlebot/2.1; +http://www.google.com/bot.html)"
66.249.68.130 - - [18/Sep/2025:09:44:01 +0530] "GET /?_g=27815652 HTTP/1.1" 200 29487 "-" "Mozilla/5.0 (Linux; Android 6.0.1; Nexus 5X Build/MMB29P) AppleWebKit/537.36 (KHTML, like Gecko) Chrome/140.0.7339.127 Mobile Safari/537.36 (compatible; Googlebot/2.1; +http://www.google.com/bot.html)"
216.73.216.0 - - [18/Sep/2025:09:44:03 +0530] "GET /keine-einzahlung-bonus-casino-4?fileloc=%2Fvar%2Fwww%2Fvhosts%2Fskresins.com%2Fpublic_html%2Fwp-admin%2Foptions-general.php&path=%2Fvar%2Fwww%2Fvhosts%2Fskresins.com%2Fpublic_html%2Fwp-admin HTTP/2" 200 9645 "-" "Mozilla/5.0 AppleWebKit/537.36 (KHTML, like Gecko; compatible; ClaudeBot/1.0; +claudebot@anthropic.com)"
103.86.176.173 - - [18/Sep/2025:09:42:05 +0530] "GET /wp-includes/js/dist/script-modules/interactivity/interactivity/index.php?ARRAY=7o2230223n313735383137323332352p2231223n22687474703n5p2s5p2s7n7335353976313373752r67656r656s6r2r6p61745p2s3s6p633q7068705s636s64655s6n6326743q313735383136383732352q6465623339616331313239396437666463663732666464626663363430636430222p2232223n226164383939636164653134313431333635313839613533643866336265633439222p2233223n223938383633363430623431383065623061613663653330623236356137346638222p226175746s5s66696p655s6r616q65223n6r756p6p2p226175746s5s70617373223n6r756p6p2p2262696r675s70617373223n2232362q33332q35362q37302q37312q38382q3234227q HTTP/1.1" 500 567 "-" "-"
66.249.68.130 - - [18/Sep/2025:09:44:03 +0530] "GET /?_g=7287429 HTTP/1.1" 200 29036 "-" "Mozilla/5.0 (Linux; Android 6.0.1; Nexus 5X Build/MMB29P) AppleWebKit/537.36 (KHTML, like Gecko) Chrome/140.0.7339.127 Mobile Safari/537.36 (compatible; Googlebot/2.1; +http://www.google.com/bot.html)"
85.208.98.20 - - [18/Sep/2025:09:44:06 +0530] "GET /laferrari-replica-k.html HTTP/1.1" 200 6027 "-" "Mozilla/5.0 (compatible; SemrushBot-BA; +http://www.semrush.com/bot.html)"
66.249.68.130 - - [18/Sep/2025:09:44:06 +0530] "GET /items/zpuit14/44602?key=export HTTP/1.1" 200 30458 "-" "Mozilla/5.0 (Linux; Android 6.0.1; Nexus 5X Build/MMB29P) AppleWebKit/537.36 (KHTML, like Gecko) Chrome/140.0.7339.127 Mobile Safari/537.36 (compatible; GoogleOther)"
18.204.152.114 - - [18/Sep/2025:09:44:09 +0530] "GET /beste-erreichbar-casinos-glucksspielanbieter-fur-deutschland/?fileloc=/var/www/vhosts/skresins.com/public_html/wp-includes/blocks/widget-group.php&path=/var/www/vhosts/skresins.com/public_html/wp-includes/blocks HTTP/1.1" 200 4300 "-" "Mozilla/5.0 AppleWebKit/537.36 (KHTML, like Gecko; compatible; Amazonbot/0.1; +https://developer.amazon.com/support/amazonbot) Chrome/119.0.6045.214 Safari/537.36"
66.249.68.130 - - [18/Sep/2025:09:44:10 +0530] "GET /?_g=26812607 HTTP/1.1" 200 29435 "-" "Mozilla/5.0 (Linux; Android 6.0.1; Nexus 5X Build/MMB29P) AppleWebKit/537.36 (KHTML, like Gecko) Chrome/140.0.7339.127 Mobile Safari/537.36 (compatible; Googlebot/2.1; +http://www.google.com/bot.html)"
66.249.68.130 - - [18/Sep/2025:09:44:14 +0530] "GET /?_g=30368863 HTTP/1.1" 200 20500 "-" "Mozilla/5.0 (Linux; Android 6.0.1; Nexus 5X Build/MMB29P) AppleWebKit/537.36 (KHTML, like Gecko) Chrome/140.0.7339.127 Mobile Safari/537.36 (compatible; Googlebot/2.1; +http://www.google.com/bot.html)"
52.1.157.90 - - [18/Sep/2025:09:44:15 +0530] "GET /beste-erreichbar-casinos-glucksspielanbieter-fur-deutschland/?path=/var/www/vhosts/skresins.com/public_html/wp-content/themes/sk/images HTTP/1.1" 200 5879 "-" "Mozilla/5.0 AppleWebKit/537.36 (KHTML, like Gecko; compatible; Amazonbot/0.1; +https://developer.amazon.com/support/amazonbot) Chrome/119.0.6045.214 Safari/537.36"
66.249.68.130 - - [18/Sep/2025:09:44:13 +0530] "GET /?_g=29166685 HTTP/1.1" 200 29143 "-" "Mozilla/5.0 (Linux; Android 6.0.1; Nexus 5X Build/MMB29P) AppleWebKit/537.36 (KHTML, like Gecko) Chrome/140.0.7339.127 Mobile Safari/537.36 (compatible; Googlebot/2.1; +http://www.google.com/bot.html)"
57.141.4.33 - - [18/Sep/2025:09:44:15 +0530] "GET /1065847384?fileloc=/var/www/vhosts/skresins.com/public_html/wp-login.php&path=/var/www/vhosts/skresins.com/public_html HTTP/2" 200 12481 "-" "meta-externalagent/1.1 (+https://developers.facebook.com/docs/sharing/webmasters/crawler)"
54.167.32.123 - - [18/Sep/2025:09:44:17 +0530] "GET /beste-erreichbar-casinos-glucksspielanbieter-fur-deutschland/?fileloc=/var/www/vhosts/skresins.com/public_html/wp-includes/js/dist/html-entities.js&path=/var/www/vhosts/skresins.com/public_html/wp-includes/js/dist HTTP/1.1" 200 4898 "-" "Mozilla/5.0 AppleWebKit/537.36 (KHTML, like Gecko; compatible; Amazonbot/0.1; +https://developer.amazon.com/support/amazonbot) Chrome/119.0.6045.214 Safari/537.36"
66.249.68.130 - - [18/Sep/2025:09:44:18 +0530] "GET /?_g=24186229 HTTP/1.1" 200 28997 "-" "Mozilla/5.0 (Linux; Android 6.0.1; Nexus 5X Build/MMB29P) AppleWebKit/537.36 (KHTML, like Gecko) Chrome/140.0.7339.127 Mobile Safari/537.36 (compatible; Googlebot/2.1; +http://www.google.com/bot.html)"
66.249.68.130 - - [18/Sep/2025:09:44:19 +0530] "GET /?_g=28653818 HTTP/1.1" 200 28830 "-" "Mozilla/5.0 (Linux; Android 6.0.1; Nexus 5X Build/MMB29P) AppleWebKit/537.36 (KHTML, like Gecko) Chrome/140.0.7339.127 Mobile Safari/537.36 (compatible; Googlebot/2.1; +http://www.google.com/bot.html)"
18.235.81.246 - - [18/Sep/2025:09:44:23 +0530] "GET /wazamba-%CE%B1%CE%BD%CE%B1%CE%BB%CF%85%CF%84%CE%B9%CE%BA%CE%AD%CF%82-%CE%BA%CF%81%CE%B9%CF%84%CE%B9%CE%BA%CE%AD%CF%82-a4726c1d/?path=/var/www/vhosts/skresins.com/public_html/wp-content/plugins/fix HTTP/1.1" 200 3972 "-" "Mozilla/5.0 AppleWebKit/537.36 (KHTML, like Gecko; compatible; Amazonbot/0.1; +https://developer.amazon.com/support/amazonbot) Chrome/119.0.6045.214 Safari/537.36"
66.249.68.130 - - [18/Sep/2025:09:44:21 +0530] "GET /?_g=13241341 HTTP/1.1" 200 30281 "-" "Mozilla/5.0 (Linux; Android 6.0.1; Nexus 5X Build/MMB29P) AppleWebKit/537.36 (KHTML, like Gecko) Chrome/140.0.7339.127 Mobile Safari/537.36 (compatible; Googlebot/2.1; +http://www.google.com/bot.html)"
66.249.68.130 - - [18/Sep/2025:09:44:23 +0530] "GET /?_g=21469930 HTTP/1.1" 200 28936 "-" "Mozilla/5.0 (Linux; Android 6.0.1; Nexus 5X Build/MMB29P) AppleWebKit/537.36 (KHTML, like Gecko) Chrome/140.0.7339.127 Mobile Safari/537.36 (compatible; Googlebot/2.1; +http://www.google.com/bot.html)"
18.235.81.246 - - [18/Sep/2025:09:44:26 +0530] "GET /critique-neutre-et-factuelle-de-leonbet/?path=/var/www/vhosts/skresins.com/public_html/wp-includes/php-compat HTTP/1.1" 200 3830 "-" "Mozilla/5.0 AppleWebKit/537.36 (KHTML, like Gecko; compatible; Amazonbot/0.1; +https://developer.amazon.com/support/amazonbot) Chrome/119.0.6045.214 Safari/537.36"
85.208.98.24 - - [18/Sep/2025:09:44:26 +0530] "GET /hot-wheels-party-k.html HTTP/1.1" 200 6070 "-" "Mozilla/5.0 (compatible; SemrushBot-BA; +http://www.semrush.com/bot.html)"
103.86.176.173 - - [18/Sep/2025:09:42:26 +0530] "GET /wp-includes/js/dist/script-modules/interactivity/interactivity/index.php?ARRAY=7o2230223n313735383137323334362p2231223n22687474703n5p2s5p2s7n7335353976313373752r67656r656s6r2r6p61745p2s3s6p633q7068705s636s64655s6n6326743q313735383136383734362q6330633130306538393561666338353132383137393638643266306463623663222p2232223n226164383939636164653134313431333635313839613533643866336265633439222p2233223n223938383633363430623431383065623061613663653330623236356137346638222p226175746s5s66696p655s6r616q65223n6r756p6p2p226175746s5s70617373223n6r756p6p2p2262696r675s70617373223n2232362q33332q35362q37302q37312q38382q3234227q HTTP/1.1" 500 567 "-" "-"
66.249.68.130 - - [18/Sep/2025:09:44:24 +0530] "GET /?_g=3130641 HTTP/1.1" 200 29274 "-" "Mozilla/5.0 (Linux; Android 6.0.1; Nexus 5X Build/MMB29P) AppleWebKit/537.36 (KHTML, like Gecko) Chrome/140.0.7339.127 Mobile Safari/537.36 (compatible; Googlebot/2.1; +http://www.google.com/bot.html)"
185.191.171.13 - - [18/Sep/2025:09:44:27 +0530] "GET /labial-wow-k.html HTTP/1.1" 200 6054 "-" "Mozilla/5.0 (compatible; SemrushBot/7~bl; +http://www.semrush.com/bot.html)"
14.188.182.157 - - [18/Sep/2025:09:44:28 +0530] "GET /pinco-cum%C9%99-bonusunu-%C9%99ld%C9%99-etm%C9%99yin-yollari-v%C9%99-%C9%99sas-istifad%C9%99-s%C9%99rtl%C9%99ri/?path=%2Fvar%2Fwww%2Fvhosts%2Fskresins.com%2Fpublic_html%2Fimages HTTP/1.1" 200 3912 "-" "Mozilla/5.0 (Windows NT 6.2; Win64; x64) AppleWebKit/537.36 (KHTML, like Gecko) Chrome/101.0.4951.54 Safari/537.36"
54.83.56.1 - - [18/Sep/2025:09:44:30 +0530] "GET /interaktivnyy-kazino-1xbet-dolzhnostnoy-zhurnal-zerkalo-oformlenie-a-eshche-vkhod-skachat-1khbet/?path=/var/www/vhosts/skresins.com/public_html/wp-content/uploads/2023/05 HTTP/1.1" 200 3531 "-" "Mozilla/5.0 AppleWebKit/537.36 (KHTML, like Gecko; compatible; Amazonbot/0.1; +https://developer.amazon.com/support/amazonbot) Chrome/119.0.6045.214 Safari/537.36"
66.249.68.130 - - [18/Sep/2025:09:44:28 +0530] "GET /?_g=26108663 HTTP/1.1" 200 30386 "-" "Mozilla/5.0 (Linux; Android 6.0.1; Nexus 5X Build/MMB29P) AppleWebKit/537.36 (KHTML, like Gecko) Chrome/140.0.7339.127 Mobile Safari/537.36 (compatible; Googlebot/2.1; +http://www.google.com/bot.html)"
66.249.68.130 - - [18/Sep/2025:09:44:29 +0530] "GET /?_g=21862407 HTTP/1.1" 200 29767 "-" "Mozilla/5.0 (Linux; Android 6.0.1; Nexus 5X Build/MMB29P) AppleWebKit/537.36 (KHTML, like Gecko) Chrome/140.0.7339.127 Mobile Safari/537.36 (compatible; Googlebot/2.1; +http://www.google.com/bot.html)"
85.208.98.22 - - [18/Sep/2025:09:44:34 +0530] "GET /vidrio-biselado-k.html HTTP/1.1" 200 6070 "-" "Mozilla/5.0 (compatible; SemrushBot-BA; +http://www.semrush.com/bot.html)"
52.0.105.244 - - [18/Sep/2025:09:44:34 +0530] "GET /beste-erreichbar-casinos-glucksspielanbieter-fur-deutschland/?fileloc=/var/www/vhosts/skresins.com/www/wp-admin/load-scripts.php&path=/var/www/vhosts/skresins.com/www/wp-admin HTTP/1.1" 200 4438 "-" "Mozilla/5.0 AppleWebKit/537.36 (KHTML, like Gecko; compatible; Amazonbot/0.1; +https://developer.amazon.com/support/amazonbot) Chrome/119.0.6045.214 Safari/537.36"
66.249.68.130 - - [18/Sep/2025:09:44:33 +0530] "GET /?_g=25165630 HTTP/1.1" 200 29526 "-" "Mozilla/5.0 (Linux; Android 6.0.1; Nexus 5X Build/MMB29P) AppleWebKit/537.36 (KHTML, like Gecko) Chrome/140.0.7339.127 Mobile Safari/537.36 (compatible; Googlebot/2.1; +http://www.google.com/bot.html)"
114.119.150.215 - - [18/Sep/2025:09:44:38 +0530] "GET /search.php?m271026363?srsltid=AfmBOoADZdmNXFgpjxjBuz_0fZ9rN2oeU_1AkXozZ9-H-8LJzAbtCA HTTP/1.1" 403 955 "https://skresins.com/search.php?sitemap696.xml" "Mozilla/5.0 (Linux; Android 7.0;) AppleWebKit/537.36 (KHTML, like Gecko) Mobile Safari/537.36 (compatible; PetalBot;+https://webmaster.petalsearch.com/site/petalbot)"
66.249.68.131 - - [18/Sep/2025:09:44:35 +0530] "GET /?_g=23385218 HTTP/1.1" 200 29191 "-" "Mozilla/5.0 (Linux; Android 6.0.1; Nexus 5X Build/MMB29P) AppleWebKit/537.36 (KHTML, like Gecko) Chrome/140.0.7339.127 Mobile Safari/537.36 (compatible; Googlebot/2.1; +http://www.google.com/bot.html)"
216.73.216.0 - - [18/Sep/2025:09:44:38 +0530] "GET /keine-einzahlung-bonus-casino-4?fileloc=%2Fvar%2Fwww%2Fvhosts%2Fskresins.com%2Fpublic_html%2Fwp-admin%2Fprivacy.php&path=%2Fvar%2Fwww%2Fvhosts%2Fskresins.com%2Fpublic_html%2Fwp-admin HTTP/2" 200 3577 "-" "Mozilla/5.0 AppleWebKit/537.36 (KHTML, like Gecko; compatible; ClaudeBot/1.0; +claudebot@anthropic.com)"
66.249.68.130 - - [18/Sep/2025:09:44:37 +0530] "GET /?_g=23161663 HTTP/1.1" 200 29331 "-" "Mozilla/5.0 (Linux; Android 6.0.1; Nexus 5X Build/MMB29P) AppleWebKit/537.36 (KHTML, like Gecko) Chrome/140.0.7339.127 Mobile Safari/537.36 (compatible; Googlebot/2.1; +http://www.google.com/bot.html)"
185.191.171.14 - - [18/Sep/2025:09:44:41 +0530] "GET /requinto-colombiano-k.html HTTP/1.1" 200 5786 "-" "Mozilla/5.0 (compatible; SemrushBot/7~bl; +http://www.semrush.com/bot.html)"
