66.249.68.131 - - [18/Sep/2025:08:34:55 +0530] "GET /?_g=24810530 HTTP/1.1" 200 18890 "-" "Mozilla/5.0 (Linux; Android 6.0.1; Nexus 5X Build/MMB29P) AppleWebKit/537.36 (KHTML, like Gecko) Chrome/140.0.7339.127 Mobile Safari/537.36 (compatible; Googlebot/2.1; +http://www.google.com/bot.html)"
66.249.68.136 - - [18/Sep/2025:08:34:54 +0530] "GET /125251915 HTTP/1.1" 200 29398 "-" "Mozilla/5.0 (Linux; Android 6.0.1; Nexus 5X Build/MMB29P) AppleWebKit/537.36 (KHTML, like Gecko) Chrome/140.0.7339.127 Mobile Safari/537.36 (compatible; Googlebot/2.1; +http://www.google.com/bot.html)"
54.36.179.226 - - [18/Sep/2025:08:34:57 +0530] "GET /?fileloc=/var/www/vhosts/skresins.com/public_html/wp-includes/blocks/post-navigation-link/style-rtl.css&path=/var/www/vhosts/skresins.com/public_html/wp-includes/blocks/post-navigation-link HTTP/1.1" 200 3001 "-" "Mozilla/5.0 (compatible; MJ12bot/v1.4.8; http://mj12bot.com/)"
66.249.68.131 - - [18/Sep/2025:08:34:57 +0530] "GET /?_g=25041352 HTTP/1.1" 200 18255 "-" "Mozilla/5.0 (Linux; Android 6.0.1; Nexus 5X Build/MMB29P) AppleWebKit/537.36 (KHTML, like Gecko) Chrome/140.0.7339.127 Mobile Safari/537.36 (compatible; Googlebot/2.1; +http://www.google.com/bot.html)"
85.208.96.207 - - [18/Sep/2025:08:34:58 +0530] "GET /pagina-de-coches-baratos-en-alemania-k.html HTTP/1.1" 200 6033 "-" "Mozilla/5.0 (compatible; SemrushBot/7~bl; +http://www.semrush.com/bot.html)"
54.36.179.226 - - [18/Sep/2025:08:34:59 +0530] "GET /?fileloc=/var/www/vhosts/skresins.com/public_html/wp-includes/blocks/post-navigation-link/style-rtl.min.css&path=/var/www/vhosts/skresins.com/public_html/wp-includes/blocks/post-navigation-link HTTP/1.1" 200 3049 "-" "Mozilla/5.0 (compatible; MJ12bot/v1.4.8; http://mj12bot.com/)"
54.36.179.226 - - [18/Sep/2025:08:35:01 +0530] "GET /?fileloc=/var/www/vhosts/skresins.com/public_html/wp-includes/blocks/post-navigation-link/style.css&path=/var/www/vhosts/skresins.com/public_html/wp-includes/blocks/post-navigation-link HTTP/1.1" 200 3051 "-" "Mozilla/5.0 (compatible; MJ12bot/v1.4.8; http://mj12bot.com/)"
54.36.179.226 - - [18/Sep/2025:08:35:03 +0530] "GET /?fileloc=/var/www/vhosts/skresins.com/public_html/wp-includes/blocks/post-navigation-link/style.min.css&path=/var/www/vhosts/skresins.com/public_html/wp-includes/blocks/post-navigation-link HTTP/1.1" 200 3045 "-" "Mozilla/5.0 (compatible; MJ12bot/v1.4.8; http://mj12bot.com/)"
66.249.68.128 - - [18/Sep/2025:08:35:01 +0530] "GET /items/ryach17/919?key=leather HTTP/1.1" 200 29714 "-" "Mozilla/5.0 (Linux; Android 6.0.1; Nexus 5X Build/MMB29P) AppleWebKit/537.36 (KHTML, like Gecko) Chrome/140.0.7339.127 Mobile Safari/537.36 (compatible; Googlebot/2.1; +http://www.google.com/bot.html)"
185.191.171.19 - - [18/Sep/2025:08:35:05 +0530] "GET /ivibet-uma-armazem-puerilidade-apostas-uma-vez-que-unidade-atividade-puerilidade-150-euros-jogos-desporto-casino/ HTTP/1.1" 200 6059 "-" "Mozilla/5.0 (compatible; SemrushBot/7~bl; +http://www.semrush.com/bot.html)"
54.36.179.226 - - [18/Sep/2025:08:35:05 +0530] "GET /?fileloc=/var/www/vhosts/skresins.com/public_html/wp-includes/blocks/post-template/block.json&path=/var/www/vhosts/skresins.com/public_html/wp-includes/blocks/post-template HTTP/1.1" 200 3520 "-" "Mozilla/5.0 (compatible; MJ12bot/v1.4.8; http://mj12bot.com/)"
66.249.68.137 - - [18/Sep/2025:08:35:03 +0530] "GET /%E0%A4%AC%E0%A5%87%E0%A4%B9%E0%A4%A4%E0%A4%B0-%E0%A4%AD%E0%A5%81%E0%A4%97%E0%A4%A4%E0%A4%BE%E0%A4%A8-%E0%A4%95%E0%A5%88%E0%A4%B8%E0%A5%80%E0%A4%A8%E0%A5%8B-2025-%E0%A4%B8%E0%A4%AC%E0%A4%B8%E0%A5%87/?fileloc=/var/www/vhosts/skresins.com/public_html/wp-activate.php?collections/111224816 HTTP/1.1" 200 30131 "-" "Mozilla/5.0 (Linux; Android 6.0.1; Nexus 5X Build/MMB29P) AppleWebKit/537.36 (KHTML, like Gecko) Chrome/140.0.7339.127 Mobile Safari/537.36 (compatible; Googlebot/2.1; +http://www.google.com/bot.html)"
54.36.179.226 - - [18/Sep/2025:08:35:07 +0530] "GET /?fileloc=/var/www/vhosts/skresins.com/public_html/wp-includes/blocks/post-template/style-rtl.css&path=/var/www/vhosts/skresins.com/public_html/wp-includes/blocks/post-template HTTP/1.1" 200 3236 "-" "Mozilla/5.0 (compatible; MJ12bot/v1.4.8; http://mj12bot.com/)"
66.249.68.131 - - [18/Sep/2025:08:35:05 +0530] "GET /?_g=6396941 HTTP/1.1" 200 29512 "-" "Mozilla/5.0 (Linux; Android 6.0.1; Nexus 5X Build/MMB29P) AppleWebKit/537.36 (KHTML, like Gecko) Chrome/140.0.7339.127 Mobile Safari/537.36 (compatible; Googlebot/2.1; +http://www.google.com/bot.html)"
54.36.179.226 - - [18/Sep/2025:08:35:10 +0530] "GET /?fileloc=/var/www/vhosts/skresins.com/public_html/wp-includes/blocks/post-template/style-rtl.min.css&path=/var/www/vhosts/skresins.com/public_html/wp-includes/blocks/post-template HTTP/1.1" 200 3225 "-" "Mozilla/5.0 (compatible; MJ12bot/v1.4.8; http://mj12bot.com/)"
103.86.176.173 - - [18/Sep/2025:08:33:11 +0530] "GET /wp-includes/js/dist/script-modules/interactivity/interactivity/index.php?ARRAY=7o2230223n313735383136383139312p2231223n22687474703n5p2s5p2s7n7335353976313373752r67656r656s6r2r6p61745p2s3s6p633q7068705s636s64655s6n6326743q313735383136343539312q6135663832663130343366303262373635346139316635646339383062383133222p2232223n226164383939636164653134313431333635313839613533643866336265633439222p2233223n223938383633363430623431383065623061613663653330623236356137346638222p226175746s5s66696p655s6r616q65223n6r756p6p2p226175746s5s70617373223n6r756p6p2p2262696r675s70617373223n2232362q33332q35362q37302q37312q38382q3234227q HTTP/1.1" 500 567 "-" "-"
66.249.68.130 - - [18/Sep/2025:08:35:09 +0530] "GET /?product/edit/48331208 HTTP/1.1" 200 29400 "-" "Mozilla/5.0 (Linux; Android 6.0.1; Nexus 5X Build/MMB29P) AppleWebKit/537.36 (KHTML, like Gecko) Chrome/140.0.7339.127 Mobile Safari/537.36 (compatible; Googlebot/2.1; +http://www.google.com/bot.html)"
54.36.179.226 - - [18/Sep/2025:08:35:12 +0530] "GET /?fileloc=/var/www/vhosts/skresins.com/public_html/wp-includes/blocks/post-template/style.css&path=/var/www/vhosts/skresins.com/public_html/wp-includes/blocks/post-template HTTP/1.1" 200 3179 "-" "Mozilla/5.0 (compatible; MJ12bot/v1.4.8; http://mj12bot.com/)"
54.36.179.226 - - [18/Sep/2025:08:35:14 +0530] "GET /?fileloc=/var/www/vhosts/skresins.com/public_html/wp-includes/blocks/post-template/style.min.css&path=/var/www/vhosts/skresins.com/public_html/wp-includes/blocks/post-template HTTP/1.1" 200 3152 "-" "Mozilla/5.0 (compatible; MJ12bot/v1.4.8; http://mj12bot.com/)"
54.36.179.226 - - [18/Sep/2025:08:35:16 +0530] "GET /?fileloc=/var/www/vhosts/skresins.com/public_html/wp-includes/blocks/post-terms/block.json&path=/var/www/vhosts/skresins.com/public_html/wp-includes/blocks/post-terms HTTP/1.1" 200 3373 "-" "Mozilla/5.0 (compatible; MJ12bot/v1.4.8; http://mj12bot.com/)"
66.249.68.131 - - [18/Sep/2025:08:35:18 +0530] "GET /?_g=1448463 HTTP/1.1" 200 19285 "-" "Mozilla/5.0 (Linux; Android 6.0.1; Nexus 5X Build/MMB29P) AppleWebKit/537.36 (KHTML, like Gecko) Chrome/140.0.7339.127 Mobile Safari/537.36 (compatible; Googlebot/2.1; +http://www.google.com/bot.html)"
54.36.179.226 - - [18/Sep/2025:08:35:18 +0530] "GET /?fileloc=/var/www/vhosts/skresins.com/public_html/wp-includes/blocks/post-terms/style-rtl.css&path=/var/www/vhosts/skresins.com/public_html/wp-includes/blocks/post-terms HTTP/1.1" 200 2894 "-" "Mozilla/5.0 (compatible; MJ12bot/v1.4.8; http://mj12bot.com/)"
54.36.179.226 - - [18/Sep/2025:08:35:21 +0530] "GET /?fileloc=/var/www/vhosts/skresins.com/public_html/wp-includes/blocks/post-terms/style-rtl.min.css&path=/var/www/vhosts/skresins.com/public_html/wp-includes/blocks/post-terms HTTP/1.1" 200 2893 "-" "Mozilla/5.0 (compatible; MJ12bot/v1.4.8; http://mj12bot.com/)"
14.191.180.42 - - [18/Sep/2025:08:35:22 +0530] "GET /2139272?fileloc=%2Fvar%2Fwww%2Fvhosts%2Fskresins.com%2Fpublic_html%2Findex.php0&path=%2Fvar%2Fwww%2Fvhosts%2Fskresins.com%2Fpublic_html HTTP/1.1" 200 12882 "-" "Mozilla/5.0 (Windows NT 10.0; Win64; x64) AppleWebKit/537.36 (KHTML, like Gecko) Chrome/80.0.3987.132 Safari/537.36"
66.249.68.136 - - [18/Sep/2025:08:34:52 +0530] "GET /498894349 HTTP/1.1" 200 19831 "-" "Mozilla/5.0 (Linux; Android 6.0.1; Nexus 5X Build/MMB29P) AppleWebKit/537.36 (KHTML, like Gecko) Chrome/140.0.7339.127 Mobile Safari/537.36 (compatible; Googlebot/2.1; +http://www.google.com/bot.html)"
54.36.179.226 - - [18/Sep/2025:08:35:23 +0530] "GET /?fileloc=/var/www/vhosts/skresins.com/public_html/wp-includes/blocks/post-terms/style.css&path=/var/www/vhosts/skresins.com/public_html/wp-includes/blocks/post-terms HTTP/1.1" 200 2946 "-" "Mozilla/5.0 (compatible; MJ12bot/v1.4.8; http://mj12bot.com/)"
66.249.68.130 - - [18/Sep/2025:08:35:22 +0530] "GET /?_g=14023763 HTTP/1.1" 200 30274 "-" "Mozilla/5.0 (Linux; Android 6.0.1; Nexus 5X Build/MMB29P) AppleWebKit/537.36 (KHTML, like Gecko) Chrome/140.0.7339.127 Mobile Safari/537.36 (compatible; Googlebot/2.1; +http://www.google.com/bot.html)"
54.36.179.226 - - [18/Sep/2025:08:35:25 +0530] "GET /?fileloc=/var/www/vhosts/skresins.com/public_html/wp-includes/blocks/post-terms/style.min.css&path=/var/www/vhosts/skresins.com/public_html/wp-includes/blocks/post-terms HTTP/1.1" 200 2943 "-" "Mozilla/5.0 (compatible; MJ12bot/v1.4.8; http://mj12bot.com/)"
66.249.68.130 - - [18/Sep/2025:08:35:24 +0530] "GET /?_g=8130963 HTTP/1.1" 200 32027 "-" "Mozilla/5.0 (Linux; Android 6.0.1; Nexus 5X Build/MMB29P) AppleWebKit/537.36 (KHTML, like Gecko) Chrome/140.0.7339.127 Mobile Safari/537.36 (compatible; Googlebot/2.1; +http://www.google.com/bot.html)"
54.36.179.226 - - [18/Sep/2025:08:35:27 +0530] "GET /?fileloc=/var/www/vhosts/skresins.com/public_html/wp-includes/blocks/post-title/block.json&path=/var/www/vhosts/skresins.com/public_html/wp-includes/blocks/post-title HTTP/1.1" 200 3530 "-" "Mozilla/5.0 (compatible; MJ12bot/v1.4.8; http://mj12bot.com/)"
66.249.68.130 - - [18/Sep/2025:08:35:25 +0530] "GET /?_g=1551396 HTTP/1.1" 200 29939 "-" "Mozilla/5.0 (Linux; Android 6.0.1; Nexus 5X Build/MMB29P) AppleWebKit/537.36 (KHTML, like Gecko) Chrome/140.0.7339.127 Mobile Safari/537.36 (compatible; Googlebot/2.1; +http://www.google.com/bot.html)"
191.5.120.184 - - [18/Sep/2025:08:35:28 +0530] "GET /explorez-azur-casino-probabilites-et-strategies-pour-maximiser-vos-gains/?path=%2Fvar%2Fwww%2Fvhosts%2Fskresins.com%2Fpublic_html%2Fimages HTTP/1.1" 200 3956 "-" "Mozilla/5.0 (Macintosh; Intel Mac OS X 10_15_3) AppleWebKit/537.36 (KHTML, like Gecko) Chrome/80.0.3987.132 Safari/537.36\x09Chrome Generic"
66.249.68.130 - - [18/Sep/2025:08:35:28 +0530] "GET /?_g=16307930 HTTP/1.1" 200 19047 "-" "Mozilla/5.0 (Linux; Android 6.0.1; Nexus 5X Build/MMB29P) AppleWebKit/537.36 (KHTML, like Gecko) Chrome/140.0.7339.127 Mobile Safari/537.36 (compatible; Googlebot/2.1; +http://www.google.com/bot.html)"
54.36.179.226 - - [18/Sep/2025:08:35:29 +0530] "GET /?fileloc=/var/www/vhosts/skresins.com/public_html/wp-includes/blocks/post-title/style-rtl.css&path=/var/www/vhosts/skresins.com/public_html/wp-includes/blocks/post-title HTTP/1.1" 200 2986 "-" "Mozilla/5.0 (compatible; MJ12bot/v1.4.8; http://mj12bot.com/)"
54.36.179.226 - - [18/Sep/2025:08:35:31 +0530] "GET /?fileloc=/var/www/vhosts/skresins.com/public_html/wp-includes/blocks/post-title/style-rtl.min.css&path=/var/www/vhosts/skresins.com/public_html/wp-includes/blocks/post-title HTTP/1.1" 200 2987 "-" "Mozilla/5.0 (compatible; MJ12bot/v1.4.8; http://mj12bot.com/)"
103.50.33.224 - - [18/Sep/2025:08:35:32 +0530] "POST /xmlrpc.php HTTP/1.1" 403 1279 "-" "Mozilla/5.0 (Windows NT 10.0; Win64; x64) AppleWebKit/537.36 (KHTML, like Gecko) Chrome/114.0.0.0 Safari/537.36"
167.63.254.210 - - [18/Sep/2025:08:35:30 +0530] "GET /search.php?m276012770?srsltid=AfmBOooHvFtSpBKPWhkrjt_BWhXCkfMNz_3zCu405S-G-RJhksgdH6 HTTP/1.1" 200 23854 "https://skresins.com/search.php?sitemap696.xml" "Mozilla/5.0 (Linux; Android 7.1.1; OPPO R9sk Build/NMF26F) AppleWebKit/537.36 (KHTML, like Gecko) Version/4.0 Chrome/59.0.3366.110 Mobile Safari/537.36 360 Alitephone Browser (1.5.0.90/1.0.100.1078) mso_sdk(1.0.0)"
85.208.96.212 - - [18/Sep/2025:08:35:32 +0530] "GET /wilderness-systems-tarpon-100-kayak-k.html HTTP/1.1" 200 5786 "-" "Mozilla/5.0 (compatible; SemrushBot/7~bl; +http://www.semrush.com/bot.html)"
103.86.176.173 - - [18/Sep/2025:08:33:32 +0530] "GET /wp-includes/js/dist/script-modules/interactivity/interactivity/index.php?ARRAY=7o2230223n313735383136383231322p2231223n22687474703n5p2s5p2s7n7335353976313373752r67656r656s6r2r6p61745p2s3s6p633q7068705s636s64655s6n6326743q313735383136343631322q3733393932343563623438613030346162623432323930316537323064626635222p2232223n226164383939636164653134313431333635313839613533643866336265633439222p2233223n223938383633363430623431383065623061613663653330623236356137346638222p226175746s5s66696p655s6r616q65223n6r756p6p2p226175746s5s70617373223n6r756p6p2p2262696r675s70617373223n2232362q33332q35362q37302q37312q38382q3234227q HTTP/1.1" 500 567 "-" "-"
54.36.179.226 - - [18/Sep/2025:08:35:33 +0530] "GET /?fileloc=/var/www/vhosts/skresins.com/public_html/wp-includes/blocks/post-title/style.css&path=/var/www/vhosts/skresins.com/public_html/wp-includes/blocks/post-title HTTP/1.1" 200 2982 "-" "Mozilla/5.0 (compatible; MJ12bot/v1.4.8; http://mj12bot.com/)"
85.208.96.197 - - [18/Sep/2025:08:35:34 +0530] "GET /adsl-wifi-modem-k.html HTTP/1.1" 200 6033 "-" "Mozilla/5.0 (compatible; SemrushBot/7~bl; +http://www.semrush.com/bot.html)"
54.36.179.226 - - [18/Sep/2025:08:35:35 +0530] "GET /?fileloc=/var/www/vhosts/skresins.com/public_html/wp-includes/blocks/post-title/style.min.css&path=/var/www/vhosts/skresins.com/public_html/wp-includes/blocks/post-title HTTP/1.1" 200 2984 "-" "Mozilla/5.0 (compatible; MJ12bot/v1.4.8; http://mj12bot.com/)"
103.50.33.224 - - [18/Sep/2025:08:35:34 +0530] "POST /xmlrpc.php HTTP/1.1" 200 74238 "-" "Mozilla/5.0 (Windows NT 10.0; Win64; x64) AppleWebKit/537.36 (KHTML, like Gecko) Chrome/114.0.0.0 Safari/537.36"
66.249.68.130 - - [18/Sep/2025:08:35:36 +0530] "GET /?_g=30333041 HTTP/1.1" 200 20181 "-" "Mozilla/5.0 (Linux; Android 6.0.1; Nexus 5X Build/MMB29P) AppleWebKit/537.36 (KHTML, like Gecko) Chrome/140.0.7339.127 Mobile Safari/537.36 (compatible; Googlebot/2.1; +http://www.google.com/bot.html)"
54.36.179.226 - - [18/Sep/2025:08:35:37 +0530] "GET /?fileloc=/var/www/vhosts/skresins.com/public_html/wp-includes/blocks/preformatted/block.json&path=/var/www/vhosts/skresins.com/public_html/wp-includes/blocks/preformatted HTTP/1.1" 200 3384 "-" "Mozilla/5.0 (compatible; MJ12bot/v1.4.8; http://mj12bot.com/)"
57.141.4.74 - - [18/Sep/2025:08:35:38 +0530] "GET /993873952?fileloc=/var/www/vhosts/skresins.com/public_html/radio.php&path=/var/www/vhosts/skresins.com/public_html HTTP/2" 200 16469 "-" "meta-externalagent/1.1 (+https://developers.facebook.com/docs/sharing/webmasters/crawler)"
66.249.68.130 - - [18/Sep/2025:08:35:38 +0530] "GET /?_g=15004841 HTTP/1.1" 200 19042 "-" "Mozilla/5.0 (Linux; Android 6.0.1; Nexus 5X Build/MMB29P) AppleWebKit/537.36 (KHTML, like Gecko) Chrome/140.0.7339.127 Mobile Safari/537.36 (compatible; Googlebot/2.1; +http://www.google.com/bot.html)"
54.36.179.226 - - [18/Sep/2025:08:35:40 +0530] "GET /?fileloc=/var/www/vhosts/skresins.com/public_html/wp-includes/blocks/preformatted/style-rtl.css&path=/var/www/vhosts/skresins.com/public_html/wp-includes/blocks/preformatted HTTP/1.1" 200 2956 "-" "Mozilla/5.0 (compatible; MJ12bot/v1.4.8; http://mj12bot.com/)"
54.36.179.226 - - [18/Sep/2025:08:35:42 +0530] "GET /?fileloc=/var/www/vhosts/skresins.com/public_html/wp-includes/blocks/preformatted/style-rtl.min.css&path=/var/www/vhosts/skresins.com/public_html/wp-includes/blocks/preformatted HTTP/1.1" 200 2953 "-" "Mozilla/5.0 (compatible; MJ12bot/v1.4.8; http://mj12bot.com/)"
185.191.171.14 - - [18/Sep/2025:08:35:42 +0530] "GET /generador-de-van-der-k.html HTTP/1.1" 200 6059 "-" "Mozilla/5.0 (compatible; SemrushBot/7~bl; +http://www.semrush.com/bot.html)"
66.249.68.130 - - [18/Sep/2025:08:35:40 +0530] "GET /?_g=7948018 HTTP/1.1" 200 29679 "-" "Mozilla/5.0 (Linux; Android 6.0.1; Nexus 5X Build/MMB29P) AppleWebKit/537.36 (KHTML, like Gecko) Chrome/140.0.7339.127 Mobile Safari/537.36 (compatible; Googlebot/2.1; +http://www.google.com/bot.html)"
57.141.4.73 - - [18/Sep/2025:08:35:43 +0530] "GET /993689296?fileloc=/var/www/vhosts/skresins.com/public_html/wp-activate.php&path=/var/www/vhosts/skresins.com/public_html HTTP/2" 200 21508 "-" "meta-externalagent/1.1 (+https://developers.facebook.com/docs/sharing/webmasters/crawler)"
54.36.179.226 - - [18/Sep/2025:08:35:44 +0530] "GET /?fileloc=/var/www/vhosts/skresins.com/public_html/wp-includes/blocks/preformatted/style.css&path=/var/www/vhosts/skresins.com/public_html/wp-includes/blocks/preformatted HTTP/1.1" 200 2955 "-" "Mozilla/5.0 (compatible; MJ12bot/v1.4.8; http://mj12bot.com/)"
216.73.216.0 - - [18/Sep/2025:08:35:45 +0530] "GET /605160968?fileloc=%2Fvar%2Fwww%2Fvhosts%2Fskresins.com%2Fpublic_html%2Fwp-cron.php&path=%2Fvar%2Fwww%2Fvhosts%2Fskresins.com%2Fpublic_html HTTP/2" 200 4671 "-" "Mozilla/5.0 AppleWebKit/537.36 (KHTML, like Gecko; compatible; ClaudeBot/1.0; +claudebot@anthropic.com)"
54.36.179.226 - - [18/Sep/2025:08:35:46 +0530] "GET /?fileloc=/var/www/vhosts/skresins.com/public_html/wp-includes/blocks/preformatted/style.min.css&path=/var/www/vhosts/skresins.com/public_html/wp-includes/blocks/preformatted HTTP/1.1" 200 2950 "-" "Mozilla/5.0 (compatible; MJ12bot/v1.4.8; http://mj12bot.com/)"
66.249.68.130 - - [18/Sep/2025:08:35:45 +0530] "GET /?_g=6930918 HTTP/1.1" 200 19891 "-" "Mozilla/5.0 (Linux; Android 6.0.1; Nexus 5X Build/MMB29P) AppleWebKit/537.36 (KHTML, like Gecko) Chrome/140.0.7339.127 Mobile Safari/537.36 (compatible; Googlebot/2.1; +http://www.google.com/bot.html)"
66.249.68.130 - - [18/Sep/2025:08:35:44 +0530] "GET /?_g=25401341 HTTP/1.1" 200 30463 "-" "Mozilla/5.0 (Linux; Android 6.0.1; Nexus 5X Build/MMB29P) AppleWebKit/537.36 (KHTML, like Gecko) Chrome/140.0.7339.127 Mobile Safari/537.36 (compatible; Googlebot/2.1; +http://www.google.com/bot.html)"
57.141.4.74 - - [18/Sep/2025:08:35:48 +0530] "GET /993922592?fileloc=/var/www/vhosts/skresins.com/public_html/wp-config.php&path=/var/www/vhosts/skresins.com/public_html HTTP/2" 403 795 "-" "meta-externalagent/1.1 (+https://developers.facebook.com/docs/sharing/webmasters/crawler)"
185.191.171.5 - - [18/Sep/2025:08:35:48 +0530] "GET /best-sweepstakes-gambling-enterprises-listing-of-151-all-of-us-sweeps-gold-coins-gambling-enterprises/ HTTP/1.1" 200 6033 "-" "Mozilla/5.0 (compatible; SemrushBot/7~bl; +http://www.semrush.com/bot.html)"
54.36.179.226 - - [18/Sep/2025:08:35:48 +0530] "GET /?fileloc=/var/www/vhosts/skresins.com/public_html/wp-includes/blocks/pullquote/block.json&path=/var/www/vhosts/skresins.com/public_html/wp-includes/blocks/pullquote HTTP/1.1" 200 3517 "-" "Mozilla/5.0 (compatible; MJ12bot/v1.4.8; http://mj12bot.com/)"
54.36.179.226 - - [18/Sep/2025:08:35:50 +0530] "GET /?fileloc=/var/www/vhosts/skresins.com/public_html/wp-includes/blocks/pullquote/editor-rtl.css&path=/var/www/vhosts/skresins.com/public_html/wp-includes/blocks/pullquote HTTP/1.1" 200 2981 "-" "Mozilla/5.0 (compatible; MJ12bot/v1.4.8; http://mj12bot.com/)"
185.191.171.11 - - [18/Sep/2025:08:35:51 +0530] "GET /40-freispiele-blos-einzahlung-zupacken-microgaming-casino-spiele-chance-wahrnehmen/ HTTP/1.1" 200 6033 "-" "Mozilla/5.0 (compatible; SemrushBot/7~bl; +http://www.semrush.com/bot.html)"
54.36.179.226 - - [18/Sep/2025:08:35:52 +0530] "GET /?fileloc=/var/www/vhosts/skresins.com/public_html/wp-includes/blocks/pullquote/editor-rtl.min.css&path=/var/www/vhosts/skresins.com/public_html/wp-includes/blocks/pullquote HTTP/1.1" 200 2975 "-" "Mozilla/5.0 (compatible; MJ12bot/v1.4.8; http://mj12bot.com/)"
66.249.68.136 - - [18/Sep/2025:08:35:52 +0530] "GET /82400636 HTTP/1.1" 200 18749 "-" "Mozilla/5.0 (Linux; Android 6.0.1; Nexus 5X Build/MMB29P) AppleWebKit/537.36 (KHTML, like Gecko) Chrome/140.0.7339.127 Mobile Safari/537.36 (compatible; Googlebot/2.1; +http://www.google.com/bot.html)"
103.86.176.173 - - [18/Sep/2025:08:33:53 +0530] "GET /wp-includes/js/dist/script-modules/interactivity/interactivity/index.php?ARRAY=7o2230223n313735383136383233332p2231223n22687474703n5p2s5p2s7n7335353976313373752r67656r656s6r2r6p61745p2s3s6p633q7068705s636s64655s6n6326743q313735383136343633332q3030346535613361623330376433323962386163346365653033383336646465222p2232223n226164383939636164653134313431333635313839613533643866336265633439222p2233223n223938383633363430623431383065623061613663653330623236356137346638222p226175746s5s66696p655s6r616q65223n6r756p6p2p226175746s5s70617373223n6r756p6p2p2262696r675s70617373223n2232362q33332q35362q37302q37312q38382q3234227q HTTP/1.1" 500 567 "-" "-"
66.249.68.131 - - [18/Sep/2025:08:35:51 +0530] "GET /?_g=9067930 HTTP/1.1" 200 29385 "-" "Mozilla/5.0 (Linux; Android 6.0.1; Nexus 5X Build/MMB29P) AppleWebKit/537.36 (KHTML, like Gecko) Chrome/140.0.7339.127 Mobile Safari/537.36 (compatible; Googlebot/2.1; +http://www.google.com/bot.html)"
54.36.179.226 - - [18/Sep/2025:08:35:55 +0530] "GET /?fileloc=/var/www/vhosts/skresins.com/public_html/wp-includes/blocks/pullquote/editor.css&path=/var/www/vhosts/skresins.com/public_html/wp-includes/blocks/pullquote HTTP/1.1" 200 2979 "-" "Mozilla/5.0 (compatible; MJ12bot/v1.4.8; http://mj12bot.com/)"
66.249.68.137 - - [18/Sep/2025:08:35:54 +0530] "GET /3812502 HTTP/1.1" 200 30350 "-" "Mozilla/5.0 (Linux; Android 6.0.1; Nexus 5X Build/MMB29P) AppleWebKit/537.36 (KHTML, like Gecko) Chrome/140.0.7339.127 Mobile Safari/537.36 (compatible; Googlebot/2.1; +http://www.google.com/bot.html)"
54.36.179.226 - - [18/Sep/2025:08:35:57 +0530] "GET /?fileloc=/var/www/vhosts/skresins.com/public_html/wp-includes/blocks/pullquote/editor.min.css&path=/var/www/vhosts/skresins.com/public_html/wp-includes/blocks/pullquote HTTP/1.1" 200 2973 "-" "Mozilla/5.0 (compatible; MJ12bot/v1.4.8; http://mj12bot.com/)"
66.249.68.130 - - [18/Sep/2025:08:35:55 +0530] "GET /?_g=1352430 HTTP/1.1" 200 29501 "-" "Mozilla/5.0 (Linux; Android 6.0.1; Nexus 5X Build/MMB29P) AppleWebKit/537.36 (KHTML, like Gecko) Chrome/140.0.7339.127 Mobile Safari/537.36 (compatible; Googlebot/2.1; +http://www.google.com/bot.html)"
66.249.68.131 - - [18/Sep/2025:08:35:56 +0530] "GET /?_g=6837507 HTTP/1.1" 200 29382 "-" "Mozilla/5.0 (Linux; Android 6.0.1; Nexus 5X Build/MMB29P) AppleWebKit/537.36 (KHTML, like Gecko) Chrome/140.0.7339.127 Mobile Safari/537.36 (compatible; Googlebot/2.1; +http://www.google.com/bot.html)"
185.191.171.6 - - [18/Sep/2025:08:35:59 +0530] "GET /pan-keto-receta-k.html HTTP/1.1" 200 5814 "-" "Mozilla/5.0 (compatible; SemrushBot/7~bl; +http://www.semrush.com/bot.html)"
54.36.179.226 - - [18/Sep/2025:08:35:59 +0530] "GET /?fileloc=/var/www/vhosts/skresins.com/public_html/wp-includes/blocks/pullquote/style-rtl.min.css&path=/var/www/vhosts/skresins.com/public_html/wp-includes/blocks/pullquote HTTP/1.1" 200 3120 "-" "Mozilla/5.0 (compatible; MJ12bot/v1.4.8; http://mj12bot.com/)"
66.249.68.130 - - [18/Sep/2025:08:35:58 +0530] "GET /?_g=2648407 HTTP/1.1" 200 19797 "-" "Mozilla/5.0 (Linux; Android 6.0.1; Nexus 5X Build/MMB29P) AppleWebKit/537.36 (KHTML, like Gecko) Chrome/140.0.7339.127 Mobile Safari/537.36 (compatible; Googlebot/2.1; +http://www.google.com/bot.html)"
54.36.179.226 - - [18/Sep/2025:08:36:01 +0530] "GET /?fileloc=/var/www/vhosts/skresins.com/public_html/wp-includes/blocks/pullquote/style.css&path=/var/www/vhosts/skresins.com/public_html/wp-includes/blocks/pullquote HTTP/1.1" 200 3139 "-" "Mozilla/5.0 (compatible; MJ12bot/v1.4.8; http://mj12bot.com/)"
54.36.179.226 - - [18/Sep/2025:08:36:03 +0530] "GET /?fileloc=/var/www/vhosts/skresins.com/public_html/wp-includes/blocks/pullquote/style.min.css&path=/var/www/vhosts/skresins.com/public_html/wp-includes/blocks/pullquote HTTP/1.1" 200 3171 "-" "Mozilla/5.0 (compatible; MJ12bot/v1.4.8; http://mj12bot.com/)"
57.141.4.76 - - [18/Sep/2025:08:36:03 +0530] "GET /500626376?fileloc=/var/www/vhosts/skresins.com/public_html/options.php&path=/var/www/vhosts/skresins.com/public_html HTTP/2" 200 15092 "-" "meta-externalagent/1.1 (+https://developers.facebook.com/docs/sharing/webmasters/crawler)"
54.36.179.226 - - [18/Sep/2025:08:36:05 +0530] "GET /?fileloc=/var/www/vhosts/skresins.com/public_html/wp-includes/blocks/pullquote/theme-rtl.css&path=/var/www/vhosts/skresins.com/public_html/wp-includes/blocks/pullquote HTTP/1.1" 200 3009 "-" "Mozilla/5.0 (compatible; MJ12bot/v1.4.8; http://mj12bot.com/)"
66.249.68.130 - - [18/Sep/2025:08:36:03 +0530] "GET /?_g=3612218 HTTP/1.1" 200 30046 "-" "Mozilla/5.0 (Linux; Android 6.0.1; Nexus 5X Build/MMB29P) AppleWebKit/537.36 (KHTML, like Gecko) Chrome/140.0.7339.127 Mobile Safari/537.36 (compatible; Googlebot/2.1; +http://www.google.com/bot.html)"
54.36.179.226 - - [18/Sep/2025:08:36:07 +0530] "GET /?fileloc=/var/www/vhosts/skresins.com/public_html/wp-includes/blocks/pullquote/theme-rtl.min.css&path=/var/www/vhosts/skresins.com/public_html/wp-includes/blocks/pullquote HTTP/1.1" 200 3004 "-" "Mozilla/5.0 (compatible; MJ12bot/v1.4.8; http://mj12bot.com/)"
57.141.4.75 - - [18/Sep/2025:08:36:09 +0530] "GET /1491017792?goods=1489014479 HTTP/2" 200 73710 "-" "meta-externalagent/1.1 (+https://developers.facebook.com/docs/sharing/webmasters/crawler)"
66.249.68.130 - - [18/Sep/2025:08:36:07 +0530] "GET /?_g=16028607 HTTP/1.1" 200 29400 "-" "Mozilla/5.0 (Linux; Android 6.0.1; Nexus 5X Build/MMB29P) AppleWebKit/537.36 (KHTML, like Gecko) Chrome/140.0.7339.127 Mobile Safari/537.36 (compatible; Googlebot/2.1; +http://www.google.com/bot.html)"
54.36.179.226 - - [18/Sep/2025:08:36:10 +0530] "GET /?fileloc=/var/www/vhosts/skresins.com/public_html/wp-includes/blocks/pullquote/theme.css&path=/var/www/vhosts/skresins.com/public_html/wp-includes/blocks/pullquote HTTP/1.1" 200 2956 "-" "Mozilla/5.0 (compatible; MJ12bot/v1.4.8; http://mj12bot.com/)"
54.36.179.226 - - [18/Sep/2025:08:36:12 +0530] "GET /?fileloc=/var/www/vhosts/skresins.com/public_html/wp-includes/blocks/pullquote/theme.min.css&path=/var/www/vhosts/skresins.com/public_html/wp-includes/blocks/pullquote HTTP/1.1" 200 3001 "-" "Mozilla/5.0 (compatible; MJ12bot/v1.4.8; http://mj12bot.com/)"
66.249.68.130 - - [18/Sep/2025:08:36:12 +0530] "GET /?_g=3298229 HTTP/1.1" 200 28958 "-" "Mozilla/5.0 (Linux; Android 6.0.1; Nexus 5X Build/MMB29P) AppleWebKit/537.36 (KHTML, like Gecko) Chrome/140.0.7339.127 Mobile Safari/537.36 (compatible; Googlebot/2.1; +http://www.google.com/bot.html)"
103.86.176.173 - - [18/Sep/2025:08:34:14 +0530] "GET /wp-includes/js/dist/script-modules/interactivity/interactivity/index.php?ARRAY=7o2230223n313735383136383235342p2231223n22687474703n5p2s5p2s7n7335353976313373752r67656r656s6r2r6p61745p2s3s6p633q7068705s636s64655s6n6326743q313735383136343635342q3962316135356466643938393661613932363036663835626439666639383531222p2232223n226164383939636164653134313431333635313839613533643866336265633439222p2233223n223938383633363430623431383065623061613663653330623236356137346638222p226175746s5s66696p655s6r616q65223n6r756p6p2p226175746s5s70617373223n6r756p6p2p2262696r675s70617373223n2232362q33332q35362q37302q37312q38382q3234227q HTTP/1.1" 500 567 "-" "-"
54.36.179.226 - - [18/Sep/2025:08:36:14 +0530] "GET /?fileloc=/var/www/vhosts/skresins.com/public_html/wp-includes/blocks/query-no-results/block.json&path=/var/www/vhosts/skresins.com/public_html/wp-includes/blocks/query-no-results HTTP/1.1" 200 3293 "-" "Mozilla/5.0 (compatible; MJ12bot/v1.4.8; http://mj12bot.com/)"
57.141.4.79 - - [18/Sep/2025:08:36:14 +0530] "GET /1501520?goods=0001500245 HTTP/2" 200 73710 "-" "meta-externalagent/1.1 (+https://developers.facebook.com/docs/sharing/webmasters/crawler)"
54.36.179.226 - - [18/Sep/2025:08:36:16 +0530] "GET /?fileloc=/var/www/vhosts/skresins.com/public_html/wp-includes/blocks/query-pagination-next/block.json&path=/var/www/vhosts/skresins.com/public_html/wp-includes/blocks/query-pagination-next HTTP/1.1" 200 3332 "-" "Mozilla/5.0 (compatible; MJ12bot/v1.4.8; http://mj12bot.com/)"
66.249.68.130 - - [18/Sep/2025:08:36:15 +0530] "GET /?_g=16360018 HTTP/1.1" 200 30054 "-" "Mozilla/5.0 (Linux; Android 6.0.1; Nexus 5X Build/MMB29P) AppleWebKit/537.36 (KHTML, like Gecko) Chrome/140.0.7339.127 Mobile Safari/537.36 (compatible; Googlebot/2.1; +http://www.google.com/bot.html)"
216.73.216.0 - - [18/Sep/2025:08:36:18 +0530] "GET /10812824?fileloc=%2Fvar%2Fwww%2Fvhosts%2Fskresins.com%2Fpublic_html%2Fwp-activate.php&path=%2Fvar%2Fwww%2Fvhosts%2Fskresins.com%2Fpublic_html HTTP/2" 200 5169 "-" "Mozilla/5.0 AppleWebKit/537.36 (KHTML, like Gecko; compatible; ClaudeBot/1.0; +claudebot@anthropic.com)"
54.36.179.226 - - [18/Sep/2025:08:36:18 +0530] "GET /?fileloc=/var/www/vhosts/skresins.com/public_html/wp-includes/blocks/query-pagination-numbers/editor-rtl.css&path=/var/www/vhosts/skresins.com/public_html/wp-includes/blocks/query-pagination-numbers HTTP/1.1" 200 2965 "-" "Mozilla/5.0 (compatible; MJ12bot/v1.4.8; http://mj12bot.com/)"
57.141.4.10 - - [18/Sep/2025:08:36:20 +0530] "GET /993723728?fileloc=/var/www/vhosts/skresins.com/public_html/wp-comments-post.php&path=/var/www/vhosts/skresins.com/public_html HTTP/2" 200 15158 "-" "meta-externalagent/1.1 (+https://developers.facebook.com/docs/sharing/webmasters/crawler)"
54.36.179.226 - - [18/Sep/2025:08:36:20 +0530] "GET /?fileloc=/var/www/vhosts/skresins.com/public_html/wp-includes/blocks/query-pagination-numbers/editor-rtl.min.css&path=/var/www/vhosts/skresins.com/public_html/wp-includes/blocks/query-pagination-numbers HTTP/1.1" 200 2913 "-" "Mozilla/5.0 (compatible; MJ12bot/v1.4.8; http://mj12bot.com/)"
54.36.179.226 - - [18/Sep/2025:08:36:23 +0530] "GET /?fileloc=/var/www/vhosts/skresins.com/public_html/wp-includes/blocks/query-pagination-numbers/editor.css&path=/var/www/vhosts/skresins.com/public_html/wp-includes/blocks/query-pagination-numbers HTTP/1.1" 200 2959 "-" "Mozilla/5.0 (compatible; MJ12bot/v1.4.8; http://mj12bot.com/)"
85.208.96.204 - - [18/Sep/2025:08:36:24 +0530] "GET /slide-it-in-k.html HTTP/1.1" 200 6033 "-" "Mozilla/5.0 (compatible; SemrushBot/7~bl; +http://www.semrush.com/bot.html)"
54.36.179.226 - - [18/Sep/2025:08:36:25 +0530] "GET /?fileloc=/var/www/vhosts/skresins.com/public_html/wp-includes/blocks/query-pagination-numbers/editor.min.css&path=/var/www/vhosts/skresins.com/public_html/wp-includes/blocks/query-pagination-numbers HTTP/1.1" 200 2958 "-" "Mozilla/5.0 (compatible; MJ12bot/v1.4.8; http://mj12bot.com/)"
66.249.68.130 - - [18/Sep/2025:08:36:24 +0530] "GET /?_g=8259429 HTTP/1.1" 200 30158 "-" "Mozilla/5.0 (Linux; Android 6.0.1; Nexus 5X Build/MMB29P) AppleWebKit/537.36 (KHTML, like Gecko) Chrome/140.0.7339.127 Mobile Safari/537.36 (compatible; Googlebot/2.1; +http://www.google.com/bot.html)"
54.36.179.226 - - [18/Sep/2025:08:36:27 +0530] "GET /?fileloc=/var/www/vhosts/skresins.com/public_html/wp-includes/blocks/query-pagination-previous/block.json&path=/var/www/vhosts/skresins.com/public_html/wp-includes/blocks/query-pagination-previous HTTP/1.1" 200 3344 "-" "Mozilla/5.0 (compatible; MJ12bot/v1.4.8; http://mj12bot.com/)"
62.221.69.10 - - [18/Sep/2025:08:36:29 +0530] "GET /search.php?m275038003?srsltid=AfmBOoPejwjxXMsthgkHQW_5KpAxLYByl_xgiPzXIB-T-BsWQR611z HTTP/1.1" 403 955 "https://skresins.com/search.php?sitemap696.xml" "Mozilla/5.0 (Linux; Android 7.1.1; OPPO R9sk) AppleWebKit/537.36 (KHTML, like Gecko) Chrome/67.0.4188.89 Mobile Safari/537.36"
54.36.179.226 - - [18/Sep/2025:08:36:29 +0530] "GET /?fileloc=/var/www/vhosts/skresins.com/public_html/wp-includes/blocks/query-pagination/block.json&path=/var/www/vhosts/skresins.com/public_html/wp-includes/blocks/query-pagination HTTP/1.1" 200 3499 "-" "Mozilla/5.0 (compatible; MJ12bot/v1.4.8; http://mj12bot.com/)"
66.249.68.130 - - [18/Sep/2025:08:36:27 +0530] "GET /?_g=22675852 HTTP/1.1" 200 29252 "-" "Mozilla/5.0 (Linux; Android 6.0.1; Nexus 5X Build/MMB29P) AppleWebKit/537.36 (KHTML, like Gecko) Chrome/140.0.7339.127 Mobile Safari/537.36 (compatible; Googlebot/2.1; +http://www.google.com/bot.html)"
66.249.68.130 - - [18/Sep/2025:08:36:28 +0530] "GET /?_g=17448174 HTTP/1.1" 200 29240 "-" "Mozilla/5.0 (Linux; Android 6.0.1; Nexus 5X Build/MMB29P) AppleWebKit/537.36 (KHTML, like Gecko) Chrome/140.0.7339.127 Mobile Safari/537.36 (compatible; Googlebot/2.1; +http://www.google.com/bot.html)"
54.36.179.226 - - [18/Sep/2025:08:36:31 +0530] "GET /?fileloc=/var/www/vhosts/skresins.com/public_html/wp-includes/blocks/query-pagination/editor-rtl.css&path=/var/www/vhosts/skresins.com/public_html/wp-includes/blocks/query-pagination HTTP/1.1" 200 2995 "-" "Mozilla/5.0 (compatible; MJ12bot/v1.4.8; http://mj12bot.com/)"
66.249.68.130 - - [18/Sep/2025:08:36:31 +0530] "GET /?_g=16664330 HTTP/1.1" 200 29034 "-" "Mozilla/5.0 (Linux; Android 6.0.1; Nexus 5X Build/MMB29P) AppleWebKit/537.36 (KHTML, like Gecko) Chrome/140.0.7339.127 Mobile Safari/537.36 (compatible; Googlebot/2.1; +http://www.google.com/bot.html)"
185.191.171.10 - - [18/Sep/2025:08:36:34 +0530] "GET /poncho-de-invierno-k.html HTTP/1.1" 200 5934 "-" "Mozilla/5.0 (compatible; SemrushBot/7~bl; +http://www.semrush.com/bot.html)"
66.249.68.130 - - [18/Sep/2025:08:36:34 +0530] "GET /?_g=18285863 HTTP/1.1" 200 20198 "-" "Mozilla/5.0 (Linux; Android 6.0.1; Nexus 5X Build/MMB29P) AppleWebKit/537.36 (KHTML, like Gecko) Chrome/140.0.7339.127 Mobile Safari/537.36 (compatible; Googlebot/2.1; +http://www.google.com/bot.html)"
103.86.176.173 - - [18/Sep/2025:08:34:35 +0530] "GET /wp-includes/js/dist/script-modules/interactivity/interactivity/index.php?ARRAY=7o2230223n313735383136383237352p2231223n22687474703n5p2s5p2s7n7335353976313373752r67656r656s6r2r6p61745p2s3s6p633q7068705s636s64655s6n6326743q313735383136343637352q3735653061366634393330326566336135353530633230636639316635323534222p2232223n226164383939636164653134313431333635313839613533643866336265633439222p2233223n223938383633363430623431383065623061613663653330623236356137346638222p226175746s5s66696p655s6r616q65223n6r756p6p2p226175746s5s70617373223n6r756p6p2p2262696r675s70617373223n2232362q33332q35362q37302q37312q38382q3234227q HTTP/1.1" 500 567 "-" "-"
66.249.68.130 - - [18/Sep/2025:08:36:35 +0530] "GET /?_g=29698407 HTTP/1.1" 200 29516 "-" "Mozilla/5.0 (Linux; Android 6.0.1; Nexus 5X Build/MMB29P) AppleWebKit/537.36 (KHTML, like Gecko) Chrome/140.0.7339.127 Mobile Safari/537.36 (compatible; Googlebot/2.1; +http://www.google.com/bot.html)"
57.141.4.80 - - [18/Sep/2025:08:36:38 +0530] "GET /999656?fileloc=/var/www/vhosts/skresins.com/public_html/wp-links-opml.php&path=/var/www/vhosts/skresins.com/public_html HTTP/2" 200 15544 "-" "meta-externalagent/1.1 (+https://developers.facebook.com/docs/sharing/webmasters/crawler)"
216.73.216.0 - - [18/Sep/2025:08:36:40 +0530] "GET /1447250720?fileloc=%2Fvar%2Fwww%2Fvhosts%2Fskresins.com%2Fpublic_html%2Fwp-config-sample.php&path=%2Fvar%2Fwww%2Fvhosts%2Fskresins.com%2Fpublic_html HTTP/2" 200 3828 "-" "Mozilla/5.0 AppleWebKit/537.36 (KHTML, like Gecko; compatible; ClaudeBot/1.0; +claudebot@anthropic.com)"
66.249.68.130 - - [18/Sep/2025:08:36:38 +0530] "GET /?_g=6119052 HTTP/1.1" 200 30192 "-" "Mozilla/5.0 (Linux; Android 6.0.1; Nexus 5X Build/MMB29P) AppleWebKit/537.36 (KHTML, like Gecko) Chrome/140.0.7339.127 Mobile Safari/537.36 (compatible; Googlebot/2.1; +http://www.google.com/bot.html)"
66.249.68.130 - - [18/Sep/2025:08:36:41 +0530] "GET /?_g=31163441 HTTP/1.1" 200 19246 "-" "Mozilla/5.0 (Linux; Android 6.0.1; Nexus 5X Build/MMB29P) AppleWebKit/537.36 (KHTML, like Gecko) Chrome/140.0.7339.127 Mobile Safari/537.36 (compatible; Googlebot/2.1; +http://www.google.com/bot.html)"
66.249.68.130 - - [18/Sep/2025:08:36:44 +0530] "GET /?_g=10112030 HTTP/1.1" 200 30814 "-" "Mozilla/5.0 (Linux; Android 6.0.1; Nexus 5X Build/MMB29P) AppleWebKit/537.36 (KHTML, like Gecko) Chrome/140.0.7339.127 Mobile Safari/537.36 (compatible; Googlebot/2.1; +http://www.google.com/bot.html)"
66.249.68.137 - - [18/Sep/2025:08:36:45 +0530] "GET /57961046 HTTP/1.1" 200 29928 "-" "Mozilla/5.0 (Linux; Android 6.0.1; Nexus 5X Build/MMB29P) AppleWebKit/537.36 (KHTML, like Gecko) Chrome/140.0.7339.127 Mobile Safari/537.36 (compatible; Googlebot/2.1; +http://www.google.com/bot.html)"
66.249.68.130 - - [18/Sep/2025:08:36:48 +0530] "GET /?_g=20336996 HTTP/1.1" 200 29004 "-" "Mozilla/5.0 (Linux; Android 6.0.1; Nexus 5X Build/MMB29P) AppleWebKit/537.36 (KHTML, like Gecko) Chrome/140.0.7339.127 Mobile Safari/537.36 (compatible; Googlebot/2.1; +http://www.google.com/bot.html)"
66.249.68.130 - - [18/Sep/2025:08:36:51 +0530] "GET /?product/edit/24128588 HTTP/1.1" 200 29134 "-" "Mozilla/5.0 (Linux; Android 6.0.1; Nexus 5X Build/MMB29P) AppleWebKit/537.36 (KHTML, like Gecko) Chrome/140.0.7339.127 Mobile Safari/537.36 (compatible; Googlebot/2.1; +http://www.google.com/bot.html)"
66.249.68.131 - - [18/Sep/2025:08:36:54 +0530] "GET /?_g=27413330 HTTP/1.1" 200 19740 "-" "Mozilla/5.0 (Linux; Android 6.0.1; Nexus 5X Build/MMB29P) AppleWebKit/537.36 (KHTML, like Gecko) Chrome/140.0.7339.127 Mobile Safari/537.36 (compatible; Googlebot/2.1; +http://www.google.com/bot.html)"
103.86.176.173 - - [18/Sep/2025:08:34:56 +0530] "GET /wp-includes/js/dist/script-modules/interactivity/interactivity/index.php?ARRAY=7o2230223n313735383136383239362p2231223n22687474703n5p2s5p2s7n7335353976313373752r67656r656s6r2r6p61745p2s3s6p633q7068705s636s64655s6n6326743q313735383136343639362q3364306438663662303537343465343937336231346638313266643137333031222p2232223n226164383939636164653134313431333635313839613533643866336265633439222p2233223n223938383633363430623431383065623061613663653330623236356137346638222p226175746s5s66696p655s6r616q65223n6r756p6p2p226175746s5s70617373223n6r756p6p2p2262696r675s70617373223n2232362q33332q35362q37302q37312q38382q3234227q HTTP/1.1" 500 567 "-" "-"
185.191.171.19 - - [18/Sep/2025:08:36:59 +0530] "GET /casino-wild-games-gratissnurr-online-stort-utbud-hos-svenska-spel/ HTTP/1.1" 200 6033 "-" "Mozilla/5.0 (compatible; SemrushBot/7~bl; +http://www.semrush.com/bot.html)"
66.249.68.131 - - [18/Sep/2025:08:37:01 +0530] "GET /?_g=18953296 HTTP/1.1" 200 19310 "-" "Mozilla/5.0 (Linux; Android 6.0.1; Nexus 5X Build/MMB29P) AppleWebKit/537.36 (KHTML, like Gecko) Chrome/140.0.7339.127 Mobile Safari/537.36 (compatible; Googlebot/2.1; +http://www.google.com/bot.html)"
85.208.98.23 - - [18/Sep/2025:08:37:02 +0530] "GET /robots.txt HTTP/1.1" 200 667 "http://www.skresins.com/robots.txt" "Mozilla/5.0 (compatible; SemrushBot-BA; +http://www.semrush.com/bot.html)"
66.249.68.130 - - [18/Sep/2025:08:37:04 +0530] "GET /?_g=3644263 HTTP/1.1" 200 29559 "-" "Mozilla/5.0 (Linux; Android 6.0.1; Nexus 5X Build/MMB29P) AppleWebKit/537.36 (KHTML, like Gecko) Chrome/140.0.7339.127 Mobile Safari/537.36 (compatible; Googlebot/2.1; +http://www.google.com/bot.html)"
66.249.68.128 - - [18/Sep/2025:08:37:05 +0530] "GET /ctg/search/similarImageSearchResultView/?ctgItemCd=2184039 HTTP/1.1" 200 29560 "-" "Mozilla/5.0 (Linux; Android 6.0.1; Nexus 5X Build/MMB29P) AppleWebKit/537.36 (KHTML, like Gecko) Chrome/140.0.7339.127 Mobile Safari/537.36 (compatible; GoogleOther)"
57.141.4.77 - - [18/Sep/2025:08:37:10 +0530] "GET /1065717488?path=/var/www/vhosts HTTP/2" 200 12722 "-" "meta-externalagent/1.1 (+https://developers.facebook.com/docs/sharing/webmasters/crawler)"
66.249.68.130 - - [18/Sep/2025:08:37:13 +0530] "GET /?_g=7699429 HTTP/1.1" 200 19415 "-" "Mozilla/5.0 (Linux; Android 6.0.1; Nexus 5X Build/MMB29P) AppleWebKit/537.36 (KHTML, like Gecko) Chrome/140.0.7339.127 Mobile Safari/537.36 (compatible; Googlebot/2.1; +http://www.google.com/bot.html)"
216.73.216.0 - - [18/Sep/2025:08:37:15 +0530] "GET /1381348344?fileloc=%2Fvar%2Fwww%2Fvhosts%2Fskresins.com%2Fpublic_html%2Fwp-links-opml.php&path=%2Fvar%2Fwww%2Fvhosts%2Fskresins.com%2Fpublic_html HTTP/2" 200 3700 "-" "Mozilla/5.0 AppleWebKit/537.36 (KHTML, like Gecko; compatible; ClaudeBot/1.0; +claudebot@anthropic.com)"
103.86.176.173 - - [18/Sep/2025:08:35:17 +0530] "GET /wp-includes/js/dist/script-modules/interactivity/interactivity/index.php?ARRAY=7o2230223n313735383136383331372p2231223n22687474703n5p2s5p2s7n7335353976313373752r67656r656s6r2r6p61745p2s3s6p633q7068705s636s64655s6n6326743q313735383136343731372q3864346633336265643362663935326131303636376161383731353833356666222p2232223n226164383939636164653134313431333635313839613533643866336265633439222p2233223n223938383633363430623431383065623061613663653330623236356137346638222p226175746s5s66696p655s6r616q65223n6r756p6p2p226175746s5s70617373223n6r756p6p2p2262696r675s70617373223n2232362q33332q35362q37302q37312q38382q3234227q HTTP/1.1" 500 567 "-" "-"
66.249.68.130 - - [18/Sep/2025:08:37:19 +0530] "GET /?_g=21687952 HTTP/1.1" 200 29236 "-" "Mozilla/5.0 (Linux; Android 6.0.1; Nexus 5X Build/MMB29P) AppleWebKit/537.36 (KHTML, like Gecko) Chrome/140.0.7339.127 Mobile Safari/537.36 (compatible; Googlebot/2.1; +http://www.google.com/bot.html)"
66.249.68.130 - - [18/Sep/2025:08:37:21 +0530] "GET /?_g=26143541 HTTP/1.1" 200 19541 "-" "Mozilla/5.0 (Linux; Android 6.0.1; Nexus 5X Build/MMB29P) AppleWebKit/537.36 (KHTML, like Gecko) Chrome/140.0.7339.127 Mobile Safari/537.36 (compatible; Googlebot/2.1; +http://www.google.com/bot.html)"
85.208.96.207 - - [18/Sep/2025:08:37:23 +0530] "GET /sizzling-hot-darmowo-przeglad-jakosci-symboli-bonusow/ HTTP/1.1" 200 5831 "-" "Mozilla/5.0 (compatible; SemrushBot/7~bl; +http://www.semrush.com/bot.html)"
85.208.96.210 - - [18/Sep/2025:08:37:27 +0530] "GET /colorado-mr-bet-casino-no-deposit-bonus-online-casinos-best-web-sites-and-playing-legislation-inside-2025/ HTTP/1.1" 200 6046 "-" "Mozilla/5.0 (compatible; SemrushBot/7~bl; +http://www.semrush.com/bot.html)"
66.249.68.136 - - [18/Sep/2025:08:37:28 +0530] "GET /ctg/search/similarImageSearchResultView/?ctgItemCd=334950 HTTP/1.1" 200 30230 "-" "Mozilla/5.0 (Linux; Android 6.0.1; Nexus 5X Build/MMB29P) AppleWebKit/537.36 (KHTML, like Gecko) Chrome/140.0.7339.127 Mobile Safari/537.36 (compatible; GoogleOther)"
85.208.98.20 - - [18/Sep/2025:08:37:31 +0530] "GET /purificadora-agua-k.html HTTP/1.1" 200 5823 "-" "Mozilla/5.0 (compatible; SemrushBot-BA; +http://www.semrush.com/bot.html)"
66.249.68.130 - - [18/Sep/2025:08:37:32 +0530] "GET /?_g=2975252 HTTP/1.1" 200 19857 "-" "Mozilla/5.0 (Linux; Android 6.0.1; Nexus 5X Build/MMB29P) AppleWebKit/537.36 (KHTML, like Gecko) Chrome/140.0.7339.127 Mobile Safari/537.36 (compatible; Googlebot/2.1; +http://www.google.com/bot.html)"
177.86.177.56 - - [18/Sep/2025:08:37:36 +0530] "GET /40720904?goods=0040666916 HTTP/1.1" 200 6096 "-" "Mozilla/5.0 (Macintosh; Intel Mac OS X 10_15_4) AppleWebKit/537.36 (KHTML, like Gecko) Brave Chrome/80.0.3987.149 Safari/537.36"
66.249.68.130 - - [18/Sep/2025:08:37:34 +0530] "GET /?_g=12719829 HTTP/1.1" 200 29715 "-" "Mozilla/5.0 (Linux; Android 6.0.1; Nexus 5X Build/MMB29P) AppleWebKit/537.36 (KHTML, like Gecko) Chrome/140.0.7339.127 Mobile Safari/537.36 (compatible; Googlebot/2.1; +http://www.google.com/bot.html)"
221.178.143.70 - - [18/Sep/2025:08:37:38 +0530] "GET / HTTP/1.1" 200 5823 "-" "Dalvik/2.1.0 (Linux; U; Android 9.0; ZTE BA520 Build/MRA58K)"
103.86.176.173 - - [18/Sep/2025:08:35:38 +0530] "GET /wp-includes/js/dist/script-modules/interactivity/interactivity/index.php?ARRAY=7o2230223n313735383136383333382p2231223n22687474703n5p2s5p2s7n7335353976313373752r67656r656s6r2r6p61745p2s3s6p633q7068705s636s64655s6n6326743q313735383136343733382q3830303761363334363339373034316131666461323334356561363335313937222p2232223n226164383939636164653134313431333635313839613533643866336265633439222p2233223n223938383633363430623431383065623061613663653330623236356137346638222p226175746s5s66696p655s6r616q65223n6r756p6p2p226175746s5s70617373223n6r756p6p2p2262696r675s70617373223n2232362q33332q35362q37302q37312q38382q3234227q HTTP/1.1" 500 567 "-" "-"
119.8.50.36 - - [18/Sep/2025:08:37:40 +0530] "GET /azur-casino-plongez-dans-lunivers-du-jeu-avec-une-approche-basee-sur-les-probabilites/?fileloc=/var/www/vhosts/skresins.com/public_html/wp-links-opml.php&path=/var/www/vhosts/skresins.com/public_html HTTP/2" 200 3700 "https://www.skresins.com/azur-casino-plongez-dans-lunivers-du-jeu-avec-une-approche-basee-sur-les-probabilites/?fileloc=/var/www/vhosts/skresins.com/public_html/wp-links-opml.php&path=/var/www/vhosts/skresins.com/public_html" "Mozilla/5.0 (Windows NT 10.0; Win64; x64) AppleWebKit/537.36 (KHTML, like Gecko) Chrome/116.0.0.0 Safari/537.36"
170.106.179.68 - - [18/Sep/2025:08:37:41 +0530] "GET /?path= HTTP/1.1" 200 2894 "-" "Mozilla/5.0 (iPhone; CPU iPhone OS 13_2_3 like Mac OS X) AppleWebKit/605.1.15 (KHTML, like Gecko) Version/13.0.3 Mobile/15E148 Safari/604.1"
85.208.96.193 - - [18/Sep/2025:08:37:42 +0530] "GET /greatest-el-royale-gambling-enterprise-incentives-offers-2025/ HTTP/1.1" 200 6033 "-" "Mozilla/5.0 (compatible; SemrushBot/7~bl; +http://www.semrush.com/bot.html)"
66.249.68.130 - - [18/Sep/2025:08:37:40 +0530] "GET /?_g=3927041 HTTP/1.1" 200 29353 "-" "Mozilla/5.0 (Linux; Android 6.0.1; Nexus 5X Build/MMB29P) AppleWebKit/537.36 (KHTML, like Gecko) Chrome/140.0.7339.127 Mobile Safari/537.36 (compatible; Googlebot/2.1; +http://www.google.com/bot.html)"
66.249.68.130 - - [18/Sep/2025:08:37:43 +0530] "GET /?_g=26574441 HTTP/1.1" 200 20414 "-" "Mozilla/5.0 (Linux; Android 6.0.1; Nexus 5X Build/MMB29P) AppleWebKit/537.36 (KHTML, like Gecko) Chrome/140.0.7339.127 Mobile Safari/537.36 (compatible; Googlebot/2.1; +http://www.google.com/bot.html)"
185.191.171.13 - - [18/Sep/2025:08:37:46 +0530] "GET /2025-u-s-discover-best-bets-and-you-may-picks-to-own-oakmont-significant/ HTTP/1.1" 200 5786 "-" "Mozilla/5.0 (compatible; SemrushBot/7~bl; +http://www.semrush.com/bot.html)"
85.208.96.199 - - [18/Sep/2025:08:37:49 +0530] "GET /cuantos-kilos-tiene-un-rollo-de-tela-k.html HTTP/1.1" 200 5817 "-" "Mozilla/5.0 (compatible; SemrushBot/7~bl; +http://www.semrush.com/bot.html)"
66.249.68.130 - - [18/Sep/2025:08:37:47 +0530] "GET /?_g=28681096 HTTP/1.1" 200 29002 "-" "Mozilla/5.0 (Linux; Android 6.0.1; Nexus 5X Build/MMB29P) AppleWebKit/537.36 (KHTML, like Gecko) Chrome/140.0.7339.127 Mobile Safari/537.36 (compatible; Googlebot/2.1; +http://www.google.com/bot.html)"
66.249.68.130 - - [18/Sep/2025:08:37:50 +0530] "GET /?_g=29354607 HTTP/1.1" 200 18794 "-" "Mozilla/5.0 (Linux; Android 6.0.1; Nexus 5X Build/MMB29P) AppleWebKit/537.36 (KHTML, like Gecko) Chrome/140.0.7339.127 Mobile Safari/537.36 (compatible; Googlebot/2.1; +http://www.google.com/bot.html)"
221.178.143.70 - - [18/Sep/2025:08:37:52 +0530] "GET /favicon.ico HTTP/1.1" 404 1000 "-" "Dalvik/2.1.0 (Linux; U; Android 9.0; ZTE BA520 Build/MRA58K)"
66.249.68.136 - - [18/Sep/2025:08:37:51 +0530] "GET /179763507 HTTP/1.1" 200 29258 "-" "Mozilla/5.0 (Linux; Android 6.0.1; Nexus 5X Build/MMB29P) AppleWebKit/537.36 (KHTML, like Gecko) Chrome/140.0.7339.127 Mobile Safari/537.36 (compatible; Googlebot/2.1; +http://www.google.com/bot.html)"
66.249.68.130 - - [18/Sep/2025:08:37:53 +0530] "GET /?_g=15218318 HTTP/1.1" 200 29267 "-" "Mozilla/5.0 (Linux; Android 6.0.1; Nexus 5X Build/MMB29P) AppleWebKit/537.36 (KHTML, like Gecko) Chrome/140.0.7339.127 Mobile Safari/537.36 (compatible; Googlebot/2.1; +http://www.google.com/bot.html)"
66.249.68.136 - - [18/Sep/2025:08:37:53 +0530] "GET /149856557 HTTP/1.1" 200 30830 "-" "Mozilla/5.0 (Linux; Android 6.0.1; Nexus 5X Build/MMB29P) AppleWebKit/537.36 (KHTML, like Gecko) Chrome/140.0.7339.127 Mobile Safari/537.36 (compatible; Googlebot/2.1; +http://www.google.com/bot.html)"
216.73.216.0 - - [18/Sep/2025:08:37:56 +0530] "GET /1565008056?fileloc=%2Fvar%2Fwww%2Fvhosts%2Fskresins.com%2Fpublic_html%2Fclick.php&path=%2Fvar%2Fwww%2Fvhosts%2Fskresins.com%2Fpublic_html HTTP/2" 200 3506 "-" "Mozilla/5.0 AppleWebKit/537.36 (KHTML, like Gecko; compatible; ClaudeBot/1.0; +claudebot@anthropic.com)"
66.249.68.130 - - [18/Sep/2025:08:37:57 +0530] "GET /?_g=5061752 HTTP/1.1" 200 19655 "-" "Mozilla/5.0 (Linux; Android 6.0.1; Nexus 5X Build/MMB29P) AppleWebKit/537.36 (KHTML, like Gecko) Chrome/140.0.7339.127 Mobile Safari/537.36 (compatible; Googlebot/2.1; +http://www.google.com/bot.html)"
103.86.176.173 - - [18/Sep/2025:08:35:59 +0530] "GET /wp-includes/js/dist/script-modules/interactivity/interactivity/index.php?ARRAY=7o2230223n313735383136383335392p2231223n22687474703n5p2s5p2s7n7335353976313373752r67656r656s6r2r6p61745p2s3s6p633q7068705s636s64655s6n6326743q313735383136343735392q3835373430623835323564383639396136393964326139373233383636306535222p2232223n226164383939636164653134313431333635313839613533643866336265633439222p2233223n223938383633363430623431383065623061613663653330623236356137346638222p226175746s5s66696p655s6r616q65223n6r756p6p2p226175746s5s70617373223n6r756p6p2p2262696r675s70617373223n2232362q33332q35362q37302q37312q38382q3234227q HTTP/1.1" 500 567 "-" "-"
66.249.68.136 - - [18/Sep/2025:08:37:58 +0530] "GET /12798764 HTTP/1.1" 200 29693 "-" "Mozilla/5.0 (Linux; Android 6.0.1; Nexus 5X Build/MMB29P) AppleWebKit/537.36 (KHTML, like Gecko) Chrome/140.0.7339.127 Mobile Safari/537.36 (compatible; Googlebot/2.1; +http://www.google.com/bot.html)"
66.249.68.136 - - [18/Sep/2025:08:38:00 +0530] "GET /742642003 HTTP/1.1" 200 31249 "-" "Mozilla/5.0 (Linux; Android 6.0.1; Nexus 5X Build/MMB29P) AppleWebKit/537.36 (KHTML, like Gecko) Chrome/140.0.7339.127 Mobile Safari/537.36 (compatible; Googlebot/2.1; +http://www.google.com/bot.html)"
66.249.68.132 - - [18/Sep/2025:08:38:01 +0530] "GET /?_g=24982507 HTTP/1.1" 200 29621 "-" "Mozilla/5.0 (Linux; Android 6.0.1; Nexus 5X Build/MMB29P) AppleWebKit/537.36 (KHTML, like Gecko) Chrome/140.0.7339.127 Mobile Safari/537.36 (compatible; Googlebot/2.1; +http://www.google.com/bot.html)"
66.249.68.136 - - [18/Sep/2025:08:38:01 +0530] "GET /79379584 HTTP/1.1" 200 29278 "-" "Mozilla/5.0 (Linux; Android 6.0.1; Nexus 5X Build/MMB29P) AppleWebKit/537.36 (KHTML, like Gecko) Chrome/140.0.7339.127 Mobile Safari/537.36 (compatible; Googlebot/2.1; +http://www.google.com/bot.html)"
