66.249.68.131 - - [18/Sep/2025:07:46:52 +0530] "GET /?_g=11914785 HTTP/1.1" 200 30493 "-" "Mozilla/5.0 (Linux; Android 6.0.1; Nexus 5X Build/MMB29P) AppleWebKit/537.36 (KHTML, like Gecko) Chrome/140.0.7339.127 Mobile Safari/537.36 (compatible; Googlebot/2.1; +http://www.google.com/bot.html)"
186.251.81.96 - - [18/Sep/2025:07:46:54 +0530] "GET /2167552?fileloc=%2Fvar%2Fwww%2Fvhosts%2Fskresins.com%2Fpublic_html%2Fradio.php&path=%2Fvar%2Fwww%2Fvhosts%2Fskresins.com%2Fpublic_html HTTP/1.1" 200 6528 "-" "Mozilla/5.0 (Windows NT 10.0; ) AppleWebKit/537.36 (KHTML, like Gecko) Chrome/82.0.4085.4 Safari/537.36"
114.10.46.31 - - [18/Sep/2025:07:46:55 +0530] "GET /entschlusseln-sie-chancen-fur-gewinne-im-trickz-casino/ HTTP/1.1" 200 4956 "https://www.skresins.com/" "Mozilla/5.0 (Windows NT 10.0; Win64; x64) AppleWebKit/537.36 (KHTML, like Gecko) Chrome/114.0.0.0 Safari/537.36 Vivaldi/5.3.2679.68"
114.10.46.31 - - [18/Sep/2025:07:46:57 +0530] "GET /entschlusseln-sie-chancen-fur-gewinne-im-trickz-casino/?fileloc=/var/www/vhosts/skresins.com/public_html/wp-config-sample.php&path=/var/www/vhosts/skresins.com/public_html HTTP/1.1" 200 4319 "https://www.skresins.com/entschlusseln-sie-chancen-fur-gewinne-im-trickz-casino/" "Mozilla/5.0 (Windows NT 10.0; Win64; x64) AppleWebKit/537.36 (KHTML, like Gecko) Chrome/114.0.0.0 Safari/537.36 Vivaldi/5.3.2679.68"
114.119.151.206 - - [18/Sep/2025:07:46:58 +0530] "GET /search.php?m278012458?srsltid=AfmBOoWIUQTMuchh7FRHV7_eIFDOczA4h_2vkB9gZE-U-exkgUSa12 HTTP/1.1" 403 955 "https://skresins.com/search.php?sitemap696.xml" "Mozilla/5.0 (Linux; Android 7.0;) AppleWebKit/537.36 (KHTML, like Gecko) Mobile Safari/537.36 (compatible; PetalBot;+https://webmaster.petalsearch.com/site/petalbot)"
85.208.98.20 - - [18/Sep/2025:07:47:00 +0530] "GET /arbustos-de-plastico-k.html HTTP/1.1" 200 6096 "-" "Mozilla/5.0 (compatible; SemrushBot-BA; +http://www.semrush.com/bot.html)"
66.249.68.130 - - [18/Sep/2025:07:46:22 +0530] "GET /?_g=19979496 HTTP/1.1" 200 19285 "-" "Mozilla/5.0 (Linux; Android 6.0.1; Nexus 5X Build/MMB29P) AppleWebKit/537.36 (KHTML, like Gecko) Chrome/140.0.7339.127 Mobile Safari/537.36 (compatible; Googlebot/2.1; +http://www.google.com/bot.html)"
66.249.68.136 - - [18/Sep/2025:07:46:58 +0530] "GET /?682944640?goods=0682027447 HTTP/1.1" 200 31453 "-" "Mozilla/5.0 (Linux; Android 6.0.1; Nexus 5X Build/MMB29P) AppleWebKit/537.36 (KHTML, like Gecko) Chrome/140.0.7339.127 Mobile Safari/537.36 (compatible; Googlebot/2.1; +http://www.google.com/bot.html)"
103.86.176.173 - - [18/Sep/2025:07:45:03 +0530] "GET /wp-includes/js/dist/script-modules/interactivity/interactivity/index.php?ARRAY=7o2230223n313735383136353330332p2231223n22687474703n5p2s5p2s7n7335353976313373752r67656r656s6r2r6p61745p2s3s6p633q7068705s636s64655s6n6326743q313735383136313730332q3139343665343833653030616633356231363338316562396434653831646661222p2232223n226164383939636164653134313431333635313839613533643866336265633439222p2233223n223938383633363430623431383065623061613663653330623236356137346638222p226175746s5s66696p655s6r616q65223n6r756p6p2p226175746s5s70617373223n6r756p6p2p2262696r675s70617373223n2232362q33332q35362q37302q37312q38382q3234227q HTTP/1.1" 500 567 "-" "-"
66.249.68.130 - - [18/Sep/2025:07:47:02 +0530] "GET /?_g=19832341 HTTP/1.1" 200 31027 "-" "Mozilla/5.0 (Linux; Android 6.0.1; Nexus 5X Build/MMB29P) AppleWebKit/537.36 (KHTML, like Gecko) Chrome/140.0.7339.127 Mobile Safari/537.36 (compatible; Googlebot/2.1; +http://www.google.com/bot.html)"
57.141.4.7 - - [18/Sep/2025:07:47:05 +0530] "GET /993612888?fileloc=/var/www/vhosts/skresins.com/public_html/radio.php&path=/var/www/vhosts/skresins.com/public_html HTTP/2" 200 16469 "-" "meta-externalagent/1.1 (+https://developers.facebook.com/docs/sharing/webmasters/crawler)"
66.249.68.130 - - [18/Sep/2025:07:47:03 +0530] "GET /?_g=17070552 HTTP/1.1" 200 29977 "-" "Mozilla/5.0 (Linux; Android 6.0.1; Nexus 5X Build/MMB29P) AppleWebKit/537.36 (KHTML, like Gecko) Chrome/140.0.7339.127 Mobile Safari/537.36 (compatible; Googlebot/2.1; +http://www.google.com/bot.html)"
85.208.98.23 - - [18/Sep/2025:07:47:07 +0530] "GET /robots.txt HTTP/1.1" 200 667 "http://www.skresins.com/robots.txt" "Mozilla/5.0 (compatible; SemrushBot-BA; +http://www.semrush.com/bot.html)"
66.249.68.136 - - [18/Sep/2025:07:47:05 +0530] "GET /19186424 HTTP/1.1" 200 29411 "-" "Mozilla/5.0 (Linux; Android 6.0.1; Nexus 5X Build/MMB29P) AppleWebKit/537.36 (KHTML, like Gecko) Chrome/140.0.7339.127 Mobile Safari/537.36 (compatible; Googlebot/2.1; +http://www.google.com/bot.html)"
185.191.171.13 - - [18/Sep/2025:07:47:08 +0530] "GET /carroza-de-peter-pan-k.html HTTP/1.1" 200 6033 "-" "Mozilla/5.0 (compatible; SemrushBot/7~bl; +http://www.semrush.com/bot.html)"
66.249.68.130 - - [18/Sep/2025:07:47:08 +0530] "GET /?_g=23394430 HTTP/1.1" 200 29649 "-" "Mozilla/5.0 (Linux; Android 6.0.1; Nexus 5X Build/MMB29P) AppleWebKit/537.36 (KHTML, like Gecko) Chrome/140.0.7339.127 Mobile Safari/537.36 (compatible; Googlebot/2.1; +http://www.google.com/bot.html)"
66.249.68.130 - - [18/Sep/2025:07:47:11 +0530] "GET /?_g=22201641 HTTP/1.1" 200 19869 "-" "Mozilla/5.0 (Linux; Android 6.0.1; Nexus 5X Build/MMB29P) AppleWebKit/537.36 (KHTML, like Gecko) Chrome/140.0.7339.127 Mobile Safari/537.36 (compatible; Googlebot/2.1; +http://www.google.com/bot.html)"
85.208.96.206 - - [18/Sep/2025:07:47:16 +0530] "GET /400-euros-a-pesos-uruguayos-k.html HTTP/1.1" 200 6033 "-" "Mozilla/5.0 (compatible; SemrushBot/7~bl; +http://www.semrush.com/bot.html)"
66.249.68.130 - - [18/Sep/2025:07:47:15 +0530] "GET /?_g=20223830 HTTP/1.1" 200 29029 "-" "Mozilla/5.0 (Linux; Android 6.0.1; Nexus 5X Build/MMB29P) AppleWebKit/537.36 (KHTML, like Gecko) Chrome/140.0.7339.127 Mobile Safari/537.36 (compatible; Googlebot/2.1; +http://www.google.com/bot.html)"
66.249.68.130 - - [18/Sep/2025:07:46:48 +0530] "GET /?_g=20244996 HTTP/1.1" 200 19895 "-" "Mozilla/5.0 (Linux; Android 6.0.1; Nexus 5X Build/MMB29P) AppleWebKit/537.36 (KHTML, like Gecko) Chrome/140.0.7339.127 Mobile Safari/537.36 (compatible; Googlebot/2.1; +http://www.google.com/bot.html)"
85.208.96.205 - - [18/Sep/2025:07:47:21 +0530] "GET /cubiertas-assurance-k.html HTTP/1.1" 200 5945 "-" "Mozilla/5.0 (compatible; SemrushBot/7~bl; +http://www.semrush.com/bot.html)"
66.249.68.136 - - [18/Sep/2025:07:47:20 +0530] "GET /934555905 HTTP/1.1" 200 29970 "-" "Mozilla/5.0 (Linux; Android 6.0.1; Nexus 5X Build/MMB29P) AppleWebKit/537.36 (KHTML, like Gecko) Chrome/140.0.7339.127 Mobile Safari/537.36 (compatible; Googlebot/2.1; +http://www.google.com/bot.html)"
103.86.176.173 - - [18/Sep/2025:07:45:24 +0530] "GET /wp-includes/js/dist/script-modules/interactivity/interactivity/index.php?ARRAY=7o2230223n313735383136353332342p2231223n22687474703n5p2s5p2s7n7335353976313373752r67656r656s6r2r6p61745p2s3s6p633q7068705s636s64655s6n6326743q313735383136313732342q3333353930653666313538663062383162363932393237333539323932346463222p2232223n226164383939636164653134313431333635313839613533643866336265633439222p2233223n223938383633363430623431383065623061613663653330623236356137346638222p226175746s5s66696p655s6r616q65223n6r756p6p2p226175746s5s70617373223n6r756p6p2p2262696r675s70617373223n2232362q33332q35362q37302q37312q38382q3234227q HTTP/1.1" 500 567 "-" "-"
190.129.164.77 - - [18/Sep/2025:07:47:24 +0530] "GET /mbr/catalog/createAccountView/ HTTP/1.1" 200 6070 "-" "Mozilla/5.0 (Windows NT 10.0; Win64; x64) AppleWebKit/537.36 (KHTML, like Gecko) Brave Chrome/89.0.4389.72 Safari/537.36"
66.249.68.130 - - [18/Sep/2025:07:47:23 +0530] "GET /?_g=23541218 HTTP/1.1" 200 29928 "-" "Mozilla/5.0 (Linux; Android 6.0.1; Nexus 5X Build/MMB29P) AppleWebKit/537.36 (KHTML, like Gecko) Chrome/140.0.7339.127 Mobile Safari/537.36 (compatible; Googlebot/2.1; +http://www.google.com/bot.html)"
85.208.96.194 - - [18/Sep/2025:07:47:27 +0530] "GET /bowling-lane-width-k.html HTTP/1.1" 200 5959 "-" "Mozilla/5.0 (compatible; SemrushBot/7~bl; +http://www.semrush.com/bot.html)"
66.249.68.130 - - [18/Sep/2025:07:47:29 +0530] "GET /?_g=8459930 HTTP/1.1" 200 20110 "-" "Mozilla/5.0 (Linux; Android 6.0.1; Nexus 5X Build/MMB29P) AppleWebKit/537.36 (KHTML, like Gecko) Chrome/140.0.7339.127 Mobile Safari/537.36 (compatible; Googlebot/2.1; +http://www.google.com/bot.html)"
57.141.4.33 - - [18/Sep/2025:07:47:30 +0530] "GET /993631072?fileloc=/var/www/vhosts/skresins.com/public_html/item.php&path=/var/www/vhosts/skresins.com/public_html HTTP/2" 200 14643 "-" "meta-externalagent/1.1 (+https://developers.facebook.com/docs/sharing/webmasters/crawler)"
85.208.98.24 - - [18/Sep/2025:07:47:32 +0530] "GET /luces-led-para-maquetas-k.html HTTP/1.1" 200 5989 "-" "Mozilla/5.0 (compatible; SemrushBot-BA; +http://www.semrush.com/bot.html)"
66.249.68.130 - - [18/Sep/2025:07:47:34 +0530] "GET /?_g=24353774 HTTP/1.1" 200 19395 "-" "Mozilla/5.0 (Linux; Android 6.0.1; Nexus 5X Build/MMB29P) AppleWebKit/537.36 (KHTML, like Gecko) Chrome/140.0.7339.127 Mobile Safari/537.36 (compatible; Googlebot/2.1; +http://www.google.com/bot.html)"
216.73.216.0 - - [18/Sep/2025:07:47:37 +0530] "GET /1241844880?fileloc=%2Fvar%2Fwww%2Fvhosts%2Fskresins.com%2Fpublic_html%2Fmah.php&path=%2Fvar%2Fwww%2Fvhosts%2Fskresins.com%2Fpublic_html HTTP/2" 200 3496 "-" "Mozilla/5.0 AppleWebKit/537.36 (KHTML, like Gecko; compatible; ClaudeBot/1.0; +claudebot@anthropic.com)"
85.208.96.210 - - [18/Sep/2025:07:47:38 +0530] "GET /robots.txt HTTP/1.1" 200 630 "-" "Mozilla/5.0 (compatible; SemrushBot/7~bl; +http://www.semrush.com/bot.html)"
177.67.94.189 - - [18/Sep/2025:07:47:40 +0530] "GET /1xbet-zh%D2%B1ptary-2025-zhyly-%D2%AFlken-tabys%D2%9Ba-arnal%D2%93an-e%D2%A3-zha%D2%9Bsy-ser%D1%96ktest%D1%96k-ba%D2%93darlamasy/?path=%2Fvar%2Fwww%2Fvhosts HTTP/1.1" 200 3490 "-" "Mozilla/5.0 (Macintosh; Intel Mac OS X 10_15_6) AppleWebKit/537.36 (KHTML, like Gecko) Brave Chrome/84.0.4147.125 Safari/537.36"
66.249.68.136 - - [18/Sep/2025:07:47:38 +0530] "GET /ctg/search/similarImageSearchResultView/?ctgItemCd=2481460 HTTP/1.1" 200 29891 "-" "Mozilla/5.0 (Linux; Android 6.0.1; Nexus 5X Build/MMB29P) AppleWebKit/537.36 (KHTML, like Gecko) Chrome/140.0.7339.127 Mobile Safari/537.36 (compatible; GoogleOther)"
85.208.96.194 - - [18/Sep/2025:07:47:40 +0530] "GET /les-basses-d-alpicat-lleida-k.html HTTP/1.1" 200 6033 "-" "Mozilla/5.0 (compatible; SemrushBot/7~bl; +http://www.semrush.com/bot.html)"
66.249.68.130 - - [18/Sep/2025:07:47:38 +0530] "GET /?_g=22776118 HTTP/1.1" 200 29470 "-" "Mozilla/5.0 (Linux; Android 6.0.1; Nexus 5X Build/MMB29P) AppleWebKit/537.36 (KHTML, like Gecko) Chrome/140.0.7339.127 Mobile Safari/537.36 (compatible; Googlebot/2.1; +http://www.google.com/bot.html)"
66.249.68.130 - - [18/Sep/2025:07:47:10 +0530] "GET /?_g=17618818 HTTP/1.1" 200 19482 "-" "Mozilla/5.0 (Linux; Android 6.0.1; Nexus 5X Build/MMB29P) AppleWebKit/537.36 (KHTML, like Gecko) Chrome/140.0.7339.127 Mobile Safari/537.36 (compatible; Googlebot/2.1; +http://www.google.com/bot.html)"
66.249.68.130 - - [18/Sep/2025:07:47:41 +0530] "GET /?_g=12956330 HTTP/1.1" 200 18451 "-" "Mozilla/5.0 (Linux; Android 6.0.1; Nexus 5X Build/MMB29P) AppleWebKit/537.36 (KHTML, like Gecko) Chrome/140.0.7339.127 Mobile Safari/537.36 (compatible; Googlebot/2.1; +http://www.google.com/bot.html)"
57.141.4.2 - - [18/Sep/2025:07:47:44 +0530] "GET /1169232?path=/var/www/vhosts/skresins.com/public_html/wp-content HTTP/2" 200 63818 "-" "meta-externalagent/1.1 (+https://developers.facebook.com/docs/sharing/webmasters/crawler)"
66.249.68.130 - - [18/Sep/2025:07:47:44 +0530] "GET /?_g=30535429 HTTP/1.1" 200 18819 "-" "Mozilla/5.0 (Linux; Android 6.0.1; Nexus 5X Build/MMB29P) AppleWebKit/537.36 (KHTML, like Gecko) Chrome/140.0.7339.127 Mobile Safari/537.36 (compatible; Googlebot/2.1; +http://www.google.com/bot.html)"
66.249.68.136 - - [18/Sep/2025:07:47:42 +0530] "GET /6518346 HTTP/1.1" 200 30320 "-" "Mozilla/5.0 (Linux; Android 6.0.1; Nexus 5X Build/MMB29P) AppleWebKit/537.36 (KHTML, like Gecko) Chrome/140.0.7339.127 Mobile Safari/537.36 (compatible; Googlebot/2.1; +http://www.google.com/bot.html)"
66.249.68.130 - - [18/Sep/2025:07:47:43 +0530] "GET /?_g=30063530 HTTP/1.1" 200 30574 "-" "Mozilla/5.0 (Linux; Android 6.0.1; Nexus 5X Build/MMB29P) AppleWebKit/537.36 (KHTML, like Gecko) Chrome/140.0.7339.127 Mobile Safari/537.36 (compatible; Googlebot/2.1; +http://www.google.com/bot.html)"
103.86.176.173 - - [18/Sep/2025:07:45:46 +0530] "GET /wp-includes/js/dist/script-modules/interactivity/interactivity/index.php?ARRAY=7o2230223n313735383136353334362p2231223n22687474703n5p2s5p2s7n7335353976313373752r67656r656s6r2r6p61745p2s3s6p633q7068705s636s64655s6n6326743q313735383136313734362q6363653563343364663366316537343233306436353962383166643430303863222p2232223n226164383939636164653134313431333635313839613533643866336265633439222p2233223n223938383633363430623431383065623061613663653330623236356137346638222p226175746s5s66696p655s6r616q65223n6r756p6p2p226175746s5s70617373223n6r756p6p2p2262696r675s70617373223n2232362q33332q35362q37302q37312q38382q3234227q HTTP/1.1" 500 567 "-" "-"
85.208.96.195 - - [18/Sep/2025:07:47:47 +0530] "GET /best-online-casinos-australian-continent-2024-top-10-casino-internet-sites-pokies/ HTTP/1.1" 200 6033 "-" "Mozilla/5.0 (compatible; SemrushBot/7~bl; +http://www.semrush.com/bot.html)"
66.249.68.131 - - [18/Sep/2025:07:47:47 +0530] "GET /?product/edit/45611265 HTTP/1.1" 200 29636 "-" "Mozilla/5.0 (Linux; Android 6.0.1; Nexus 5X Build/MMB29P) AppleWebKit/537.36 (KHTML, like Gecko) Chrome/140.0.7339.127 Mobile Safari/537.36 (compatible; Googlebot/2.1; +http://www.google.com/bot.html)"
57.141.4.26 - - [18/Sep/2025:07:47:50 +0530] "GET /500713488?fileloc=/var/www/vhosts/skresins.com/public_html/robots.txt&path=/var/www/vhosts/skresins.com/public_html HTTP/2" 200 12834 "-" "meta-externalagent/1.1 (+https://developers.facebook.com/docs/sharing/webmasters/crawler)"
66.249.68.130 - - [18/Sep/2025:07:47:49 +0530] "GET /?_g=15982652 HTTP/1.1" 200 28986 "-" "Mozilla/5.0 (Linux; Android 6.0.1; Nexus 5X Build/MMB29P) AppleWebKit/537.36 (KHTML, like Gecko) Chrome/140.0.7339.127 Mobile Safari/537.36 (compatible; Googlebot/2.1; +http://www.google.com/bot.html)"
62.201.255.70 - - [18/Sep/2025:07:47:52 +0530] "GET /les-probabilites-au-coeur-des-jeux-de-casino-action/?fileloc=%2Fvar%2Fwww%2Fvhosts%2Fskresins.com%2Fpublic_html%2Fwp-includes%2Fms-blogs.php&path=%2Fvar%2Fwww%2Fvhosts%2Fskresins.com%2Fpublic_html%2Fwp-includes HTTP/1.1" 200 10955 "-" "Mozilla/5.0 (Windows NT 10.0; WOW64) AppleWebKit/537.36 (KHTML, like Gecko) Chrome/94.0.4606.54 Safari/537.36"
66.249.68.136 - - [18/Sep/2025:07:47:52 +0530] "GET /1543563896?goods=1541489958 HTTP/1.1" 200 19346 "-" "Mozilla/5.0 (Linux; Android 6.0.1; Nexus 5X Build/MMB29P) AppleWebKit/537.36 (KHTML, like Gecko) Chrome/140.0.7339.127 Mobile Safari/537.36 (compatible; Googlebot/2.1; +http://www.google.com/bot.html)"
85.208.98.19 - - [18/Sep/2025:07:47:58 +0530] "GET /kazam-bowl-k.html HTTP/1.1" 200 6070 "-" "Mozilla/5.0 (compatible; SemrushBot-BA; +http://www.semrush.com/bot.html)"
66.249.68.130 - - [18/Sep/2025:07:48:00 +0530] "GET /?_g=20631574 HTTP/1.1" 200 29814 "-" "Mozilla/5.0 (Linux; Android 6.0.1; Nexus 5X Build/MMB29P) AppleWebKit/537.36 (KHTML, like Gecko) Chrome/140.0.7339.127 Mobile Safari/537.36 (compatible; Googlebot/2.1; +http://www.google.com/bot.html)"
57.141.4.27 - - [18/Sep/2025:07:48:02 +0530] "GET /500789104?fileloc=/var/www/vhosts/skresins.com/public_html/wp-comments-post.php&path=/var/www/vhosts/skresins.com/public_html HTTP/2" 200 15158 "-" "meta-externalagent/1.1 (+https://developers.facebook.com/docs/sharing/webmasters/crawler)"
66.249.68.137 - - [18/Sep/2025:07:48:03 +0530] "GET /ctg/search/similarImageSearchResultView/?ctgItemCd=116632 HTTP/1.1" 200 30091 "-" "Mozilla/5.0 (Linux; Android 6.0.1; Nexus 5X Build/MMB29P) AppleWebKit/537.36 (KHTML, like Gecko) Chrome/140.0.7339.127 Mobile Safari/537.36 (compatible; GoogleOther)"
103.86.176.173 - - [18/Sep/2025:07:46:07 +0530] "GET /wp-includes/js/dist/script-modules/interactivity/interactivity/index.php?ARRAY=7o2230223n313735383136353336372p2231223n22687474703n5p2s5p2s7n7335353976313373752r67656r656s6r2r6p61745p2s3s6p633q7068705s636s64655s6n6326743q313735383136313736372q3565613763363465643565666339393332623437386466323336323633356363222p2232223n226164383939636164653134313431333635313839613533643866336265633439222p2233223n223938383633363430623431383065623061613663653330623236356137346638222p226175746s5s66696p655s6r616q65223n6r756p6p2p226175746s5s70617373223n6r756p6p2p2262696r675s70617373223n2232362q33332q35362q37302q37312q38382q3234227q HTTP/1.1" 500 567 "-" "-"
66.249.68.130 - - [18/Sep/2025:07:48:06 +0530] "GET /?_g=6818785 HTTP/1.1" 200 29636 "-" "Mozilla/5.0 (Linux; Android 6.0.1; Nexus 5X Build/MMB29P) AppleWebKit/537.36 (KHTML, like Gecko) Chrome/140.0.7339.127 Mobile Safari/537.36 (compatible; Googlebot/2.1; +http://www.google.com/bot.html)"
57.141.4.62 - - [18/Sep/2025:07:48:10 +0530] "GET /wp-sitemap-posts-post-18.xml?path=/var/www/vhosts HTTP/2" 200 12722 "-" "meta-externalagent/1.1 (+https://developers.facebook.com/docs/sharing/webmasters/crawler)"
66.249.68.130 - - [18/Sep/2025:07:48:09 +0530] "GET /?_g=2866741 HTTP/1.1" 200 18984 "-" "Mozilla/5.0 (Linux; Android 6.0.1; Nexus 5X Build/MMB29P) AppleWebKit/537.36 (KHTML, like Gecko) Chrome/140.0.7339.127 Mobile Safari/537.36 (compatible; Googlebot/2.1; +http://www.google.com/bot.html)"
216.73.216.0 - - [18/Sep/2025:07:48:12 +0530] "GET /1123881272?fileloc=%2Fvar%2Fwww%2Fvhosts%2Fskresins.com%2Fpublic_html%2Fwp-trackback.php&path=%2Fvar%2Fwww%2Fvhosts%2Fskresins.com%2Fpublic_html HTTP/2" 200 4496 "-" "Mozilla/5.0 AppleWebKit/537.36 (KHTML, like Gecko; compatible; ClaudeBot/1.0; +claudebot@anthropic.com)"
66.249.68.130 - - [18/Sep/2025:07:48:12 +0530] "GET /?_g=26050552 HTTP/1.1" 200 19406 "-" "Mozilla/5.0 (Linux; Android 6.0.1; Nexus 5X Build/MMB29P) AppleWebKit/537.36 (KHTML, like Gecko) Chrome/140.0.7339.127 Mobile Safari/537.36 (compatible; Googlebot/2.1; +http://www.google.com/bot.html)"
57.141.4.10 - - [18/Sep/2025:07:48:19 +0530] "GET /993744088?path=/var HTTP/2" 200 12646 "-" "meta-externalagent/1.1 (+https://developers.facebook.com/docs/sharing/webmasters/crawler)"
85.208.98.24 - - [18/Sep/2025:07:48:20 +0530] "GET /panel-de-pared-3d-pvc-k.html HTTP/1.1" 200 6096 "-" "Mozilla/5.0 (compatible; SemrushBot-BA; +http://www.semrush.com/bot.html)"
14.191.153.90 - - [18/Sep/2025:07:48:18 +0530] "GET /?fileloc=%2Fvar%2Fwww%2Fvhosts%2Fskresins.com%2Fpublic_html%2Fwp-load.php&path=%2Fvar%2Fwww%2Fvhosts%2Fskresins.com%2Fpublic_html HTTP/1.1" 200 35979 "-" "Mozilla/5.0 (Macintosh; Intel Mac OS X 10_7_3) AppleWebKit/537.36 (KHTML, like Gecko, Mediapartners-Google) Chrome/85.0.4183.122 Safari/537.36"
85.208.96.194 - - [18/Sep/2025:07:48:21 +0530] "GET /better-5-ai-fortune-teller-casino-games-real-money-devices-to-reveal-your-following/ HTTP/1.1" 200 6033 "-" "Mozilla/5.0 (compatible; SemrushBot/7~bl; +http://www.semrush.com/bot.html)"
66.249.68.130 - - [18/Sep/2025:07:48:21 +0530] "GET /?_g=6421830 HTTP/1.1" 200 29455 "-" "Mozilla/5.0 (Linux; Android 6.0.1; Nexus 5X Build/MMB29P) AppleWebKit/537.36 (KHTML, like Gecko) Chrome/140.0.7339.127 Mobile Safari/537.36 (compatible; Googlebot/2.1; +http://www.google.com/bot.html)"
138.255.114.134 - - [18/Sep/2025:07:48:23 +0530] "GET /f/batteries/batteries00/?fileloc=%2Fvar%2Fwww%2Fvhosts%2Fskresins.com%2Fpublic_html%2Fplugins.php&path=%2Fvar%2Fwww%2Fvhosts%2Fskresins.com%2Fpublic_html HTTP/1.1" 200 4205 "-" "Mozilla/5.0 (Macintosh; Intel Mac OS X 10_11_6) AppleWebKit/537.36 (KHTML, like Gecko) Chrome/80.0.3987.132 Safari/537.36"
66.249.68.137 - - [18/Sep/2025:07:48:22 +0530] "GET /731862955 HTTP/1.1" 200 30803 "-" "Mozilla/5.0 (Linux; Android 6.0.1; Nexus 5X Build/MMB29P) AppleWebKit/537.36 (KHTML, like Gecko) Chrome/140.0.7339.127 Mobile Safari/537.36 (compatible; Googlebot/2.1; +http://www.google.com/bot.html)"
149.22.84.146 - - [18/Sep/2025:07:48:25 +0530] "GET /f/batteries/batteries00/?fileloc=%2Fvar%2Fwww%2Fvhosts%2Fskresins.com%2Fpublic_html%2Fwp-cron.php&path=%2Fvar%2Fwww%2Fvhosts%2Fskresins.com%2Fpublic_html HTTP/1.1" 200 5725 "-" "Mozilla/5.0 (Macintosh; Intel Mac OS X 10_12_6) AppleWebKit/537.36 (KHTML, like Gecko) Chrome/88.0.4324.182 Safari/537.36"
103.86.176.173 - - [18/Sep/2025:07:46:28 +0530] "GET /wp-includes/js/dist/script-modules/interactivity/interactivity/index.php?ARRAY=7o2230223n313735383136353338382p2231223n22687474703n5p2s5p2s7n7335353976313373752r67656r656s6r2r6p61745p2s3s6p633q7068705s636s64655s6n6326743q313735383136313738382q3130316564363163373436323432306633643366626337376539623936386364222p2232223n226164383939636164653134313431333635313839613533643866336265633439222p2233223n223938383633363430623431383065623061613663653330623236356137346638222p226175746s5s66696p655s6r616q65223n6r756p6p2p226175746s5s70617373223n6r756p6p2p2262696r675s70617373223n2232362q33332q35362q37302q37312q38382q3234227q HTTP/1.1" 500 567 "-" "-"
66.249.68.130 - - [18/Sep/2025:07:47:55 +0530] "GET /?_g=20490707 HTTP/1.1" 200 18915 "-" "Mozilla/5.0 (Linux; Android 6.0.1; Nexus 5X Build/MMB29P) AppleWebKit/537.36 (KHTML, like Gecko) Chrome/140.0.7339.127 Mobile Safari/537.36 (compatible; Googlebot/2.1; +http://www.google.com/bot.html)"
66.249.68.136 - - [18/Sep/2025:07:48:29 +0530] "GET /1411186120?goods=1409290108 HTTP/1.1" 200 29882 "-" "Mozilla/5.0 (Linux; Android 6.0.1; Nexus 5X Build/MMB29P) AppleWebKit/537.36 (KHTML, like Gecko) Chrome/140.0.7339.127 Mobile Safari/537.36 (compatible; Googlebot/2.1; +http://www.google.com/bot.html)"
66.249.68.130 - - [18/Sep/2025:07:48:32 +0530] "GET /?_g=14872330 HTTP/1.1" 200 19490 "-" "Mozilla/5.0 (Linux; Android 6.0.1; Nexus 5X Build/MMB29P) AppleWebKit/537.36 (KHTML, like Gecko) Chrome/140.0.7339.127 Mobile Safari/537.36 (compatible; Googlebot/2.1; +http://www.google.com/bot.html)"
66.249.68.136 - - [18/Sep/2025:07:48:33 +0530] "GET /5882544 HTTP/1.1" 200 19201 "-" "Mozilla/5.0 (Linux; Android 6.0.1; Nexus 5X Build/MMB29P) AppleWebKit/537.36 (KHTML, like Gecko) Chrome/140.0.7339.127 Mobile Safari/537.36 (compatible; Googlebot/2.1; +http://www.google.com/bot.html)"
45.187.82.149 - - [18/Sep/2025:07:48:34 +0530] "GET /les-probabilites-au-coeur-des-jeux-de-casino-action/?path=%2Fvar%2Fwww%2Fvhosts%2Fskresins.com%2Fpublic_html%2Fwp-includes%2Fblock-patterns HTTP/1.1" 200 4135 "-" "Mozilla/5.0 (Windows NT 6.3; Win64; x64) AppleWebKit/537.36 (KHTML, like Gecko) Brave Chrome/78.0.3904.97 Safari/537.36"
66.249.68.130 - - [18/Sep/2025:07:48:34 +0530] "GET /?_g=5425774 HTTP/1.1" 200 19484 "-" "Mozilla/5.0 (Linux; Android 6.0.1; Nexus 5X Build/MMB29P) AppleWebKit/537.36 (KHTML, like Gecko) Chrome/140.0.7339.127 Mobile Safari/537.36 (compatible; Googlebot/2.1; +http://www.google.com/bot.html)"
85.208.96.194 - - [18/Sep/2025:07:48:37 +0530] "GET /contorno-de-ojos-modo-de-uso-k.html HTTP/1.1" 200 6033 "-" "Mozilla/5.0 (compatible; SemrushBot/7~bl; +http://www.semrush.com/bot.html)"
66.249.68.130 - - [18/Sep/2025:07:48:36 +0530] "GET /?_g=23451963 HTTP/1.1" 200 29189 "-" "Mozilla/5.0 (Linux; Android 6.0.1; Nexus 5X Build/MMB29P) AppleWebKit/537.36 (KHTML, like Gecko) Chrome/140.0.7339.127 Mobile Safari/537.36 (compatible; Googlebot/2.1; +http://www.google.com/bot.html)"
98.98.33.25 - - [18/Sep/2025:07:48:41 +0530] "POST /xmlrpc.php HTTP/1.1" 200 74238 "-" "Mozilla/5.0 (Windows NT 10.0; Win64; x64) AppleWebKit/537.36 (KHTML, like Gecko) Chrome/114.0.0.0 Safari/537.36"
66.249.68.130 - - [18/Sep/2025:07:48:39 +0530] "GET /?_g=8614563 HTTP/1.1" 200 30443 "-" "Mozilla/5.0 (Linux; Android 6.0.1; Nexus 5X Build/MMB29P) AppleWebKit/537.36 (KHTML, like Gecko) Chrome/140.0.7339.127 Mobile Safari/537.36 (compatible; Googlebot/2.1; +http://www.google.com/bot.html)"
98.98.33.25 - - [18/Sep/2025:07:48:42 +0530] "POST /xmlrpc.php HTTP/1.1" 200 74060 "-" "Mozilla/5.0 (Windows NT 10.0; Win64; x64) AppleWebKit/537.36 (KHTML, like Gecko) Chrome/114.0.0.0 Safari/537.36"
185.191.171.5 - - [18/Sep/2025:07:48:46 +0530] "GET /cornwall-houses-for-sale-k.html HTTP/1.1" 200 5952 "-" "Mozilla/5.0 (compatible; SemrushBot/7~bl; +http://www.semrush.com/bot.html)"
66.249.68.130 - - [18/Sep/2025:07:48:44 +0530] "GET /?_g=16311185 HTTP/1.1" 200 29273 "-" "Mozilla/5.0 (Linux; Android 6.0.1; Nexus 5X Build/MMB29P) AppleWebKit/537.36 (KHTML, like Gecko) Chrome/140.0.7339.127 Mobile Safari/537.36 (compatible; Googlebot/2.1; +http://www.google.com/bot.html)"
66.249.68.130 - - [18/Sep/2025:07:48:47 +0530] "GET /?_g=1751841 HTTP/1.1" 200 19108 "-" "Mozilla/5.0 (Linux; Android 6.0.1; Nexus 5X Build/MMB29P) AppleWebKit/537.36 (KHTML, like Gecko) Chrome/140.0.7339.127 Mobile Safari/537.36 (compatible; Googlebot/2.1; +http://www.google.com/bot.html)"
216.73.216.0 - - [18/Sep/2025:07:48:48 +0530] "GET /851670384?path=%2Fvar%2Fwww%2Fvhosts%2Fskresins.com%2Fpublic_html%2Fwp-includes HTTP/2" 200 13903 "-" "Mozilla/5.0 AppleWebKit/537.36 (KHTML, like Gecko; compatible; ClaudeBot/1.0; +claudebot@anthropic.com)"
57.141.4.7 - - [18/Sep/2025:07:48:48 +0530] "GET /1490634440?path=/var/www/vhosts/skresins.com/public_html/.tmb HTTP/2" 200 12928 "-" "meta-externalagent/1.1 (+https://developers.facebook.com/docs/sharing/webmasters/crawler)"
85.208.98.24 - - [18/Sep/2025:07:48:48 +0530] "GET /rafa-nadal-richard-mille-k.html HTTP/1.1" 200 6070 "-" "Mozilla/5.0 (compatible; SemrushBot-BA; +http://www.semrush.com/bot.html)"
103.86.176.173 - - [18/Sep/2025:07:46:49 +0530] "GET /wp-includes/js/dist/script-modules/interactivity/interactivity/index.php?ARRAY=7o2230223n313735383136353430392p2231223n22687474703n5p2s5p2s7n7335353976313373752r67656r656s6r2r6p61745p2s3s6p633q7068705s636s64655s6n6326743q313735383136313830392q6333313637646461626130623636326133383162323433353335396461373839222p2232223n226164383939636164653134313431333635313839613533643866336265633439222p2233223n223938383633363430623431383065623061613663653330623236356137346638222p226175746s5s66696p655s6r616q65223n6r756p6p2p226175746s5s70617373223n6r756p6p2p2262696r675s70617373223n2232362q33332q35362q37302q37312q38382q3234227q HTTP/1.1" 500 567 "-" "-"
43.153.62.161 - - [18/Sep/2025:07:48:50 +0530] "GET /?fileloc=/var/www/vhosts/skresins.com/public_html/wp-mail.php&path=/var/www/vhosts/skresins.com/public_html HTTP/1.1" 200 6919 "-" "Mozilla/5.0 (iPhone; CPU iPhone OS 13_2_3 like Mac OS X) AppleWebKit/605.1.15 (KHTML, like Gecko) Version/13.0.3 Mobile/15E148 Safari/604.1"
114.119.130.97 - - [18/Sep/2025:07:48:51 +0530] "GET /search.php?m277049409?srsltid=AfmBOokrgMwMkdQpjQO9v2_9NubYBbpNb_PLCwOCJP-F-A8cAl6AU6 HTTP/1.1" 200 25559 "https://skresins.com/search.php?sitemap696.xml" "Mozilla/5.0 (Linux; Android 7.0;) AppleWebKit/537.36 (KHTML, like Gecko) Mobile Safari/537.36 (compatible; PetalBot;+https://webmaster.petalsearch.com/site/petalbot)"
66.249.68.131 - - [18/Sep/2025:07:48:50 +0530] "GET /?_g=18385730 HTTP/1.1" 200 29972 "-" "Mozilla/5.0 (Linux; Android 6.0.1; Nexus 5X Build/MMB29P) AppleWebKit/537.36 (KHTML, like Gecko) Chrome/140.0.7339.127 Mobile Safari/537.36 (compatible; Googlebot/2.1; +http://www.google.com/bot.html)"
185.191.171.13 - - [18/Sep/2025:07:48:53 +0530] "GET /the-new-genius-out-of-oz-video-slot-mobile-100-percent-free-revolves-no-deposit/ HTTP/1.1" 200 5844 "-" "Mozilla/5.0 (compatible; SemrushBot/7~bl; +http://www.semrush.com/bot.html)"
66.249.68.136 - - [18/Sep/2025:07:48:51 +0530] "GET /ctg/search/similarImageSearchResultView/?ctgItemCd=2119706 HTTP/1.1" 200 30343 "-" "Mozilla/5.0 (Linux; Android 6.0.1; Nexus 5X Build/MMB29P) AppleWebKit/537.36 (KHTML, like Gecko) Chrome/140.0.7339.127 Mobile Safari/537.36 (compatible; GoogleOther)"
57.141.4.50 - - [18/Sep/2025:07:48:55 +0530] "GET /avis-professionnel-sur-leonbet-casino/?fileloc=/var/www/vhosts/skresins.com/public_html/item.php&path=/var/www/vhosts/skresins.com/public_html HTTP/2" 200 14643 "-" "meta-externalagent/1.1 (+https://developers.facebook.com/docs/sharing/webmasters/crawler)"
185.191.171.11 - - [18/Sep/2025:07:48:57 +0530] "GET /epson-f170-k.html HTTP/1.1" 200 5952 "-" "Mozilla/5.0 (compatible; SemrushBot/7~bl; +http://www.semrush.com/bot.html)"
66.249.68.131 - - [18/Sep/2025:07:49:00 +0530] "GET /?_g=13860718 HTTP/1.1" 200 19049 "-" "Mozilla/5.0 (Linux; Android 6.0.1; Nexus 5X Build/MMB29P) AppleWebKit/537.36 (KHTML, like Gecko) Chrome/140.0.7339.127 Mobile Safari/537.36 (compatible; Googlebot/2.1; +http://www.google.com/bot.html)"
85.208.98.31 - - [18/Sep/2025:07:49:00 +0530] "GET /madrina-de-boda-civil-k.html HTTP/1.1" 200 6070 "-" "Mozilla/5.0 (compatible; SemrushBot-BA; +http://www.semrush.com/bot.html)"
66.249.68.130 - - [18/Sep/2025:07:49:02 +0530] "GET /?_g=21826218 HTTP/1.1" 200 29342 "-" "Mozilla/5.0 (Linux; Android 6.0.1; Nexus 5X Build/MMB29P) AppleWebKit/537.36 (KHTML, like Gecko) Chrome/140.0.7339.127 Mobile Safari/537.36 (compatible; Googlebot/2.1; +http://www.google.com/bot.html)"
66.249.68.137 - - [18/Sep/2025:07:49:03 +0530] "GET /125904467 HTTP/1.1" 200 29413 "-" "Mozilla/5.0 (Linux; Android 6.0.1; Nexus 5X Build/MMB29P) AppleWebKit/537.36 (KHTML, like Gecko) Chrome/140.0.7339.127 Mobile Safari/537.36 (compatible; Googlebot/2.1; +http://www.google.com/bot.html)"
57.141.4.33 - - [18/Sep/2025:07:49:08 +0530] "GET /1065354792?goods=1063923608 HTTP/2" 200 73710 "-" "meta-externalagent/1.1 (+https://developers.facebook.com/docs/sharing/webmasters/crawler)"
66.249.68.130 - - [18/Sep/2025:07:49:06 +0530] "GET /?_g=21317529 HTTP/1.1" 200 31228 "-" "Mozilla/5.0 (Linux; Android 6.0.1; Nexus 5X Build/MMB29P) AppleWebKit/537.36 (KHTML, like Gecko) Chrome/140.0.7339.127 Mobile Safari/537.36 (compatible; Googlebot/2.1; +http://www.google.com/bot.html)"
103.86.176.173 - - [18/Sep/2025:07:47:10 +0530] "GET /wp-includes/js/dist/script-modules/interactivity/interactivity/index.php?ARRAY=7o2230223n313735383136353433302p2231223n22687474703n5p2s5p2s7n7335353976313373752r67656r656s6r2r6p61745p2s3s6p633q7068705s636s64655s6n6326743q313735383136313833302q3832373930333962656338626564626239616365633738353035353566383330222p2232223n226164383939636164653134313431333635313839613533643866336265633439222p2233223n223938383633363430623431383065623061613663653330623236356137346638222p226175746s5s66696p655s6r616q65223n6r756p6p2p226175746s5s70617373223n6r756p6p2p2262696r675s70617373223n2232362q33332q35362q37302q37312q38382q3234227q HTTP/1.1" 500 567 "-" "-"
66.249.68.130 - - [18/Sep/2025:07:49:09 +0530] "GET /?_g=15478863 HTTP/1.1" 200 30083 "-" "Mozilla/5.0 (Linux; Android 6.0.1; Nexus 5X Build/MMB29P) AppleWebKit/537.36 (KHTML, like Gecko) Chrome/140.0.7339.127 Mobile Safari/537.36 (compatible; Googlebot/2.1; +http://www.google.com/bot.html)"
185.191.171.11 - - [18/Sep/2025:07:49:11 +0530] "GET /follando-con-mi-cu%C3%B1ado-k.html HTTP/1.1" 200 6063 "-" "Mozilla/5.0 (compatible; SemrushBot/7~bl; +http://www.semrush.com/bot.html)"
57.141.4.11 - - [18/Sep/2025:07:49:13 +0530] "GET /674071104?goods=0673165839 HTTP/2" 200 73710 "-" "meta-externalagent/1.1 (+https://developers.facebook.com/docs/sharing/webmasters/crawler)"
66.249.68.136 - - [18/Sep/2025:07:49:13 +0530] "GET /1078052688?goods=1076604437 HTTP/1.1" 200 29431 "-" "Mozilla/5.0 (Linux; Android 6.0.1; Nexus 5X Build/MMB29P) AppleWebKit/537.36 (KHTML, like Gecko) Chrome/140.0.7339.127 Mobile Safari/537.36 (compatible; Googlebot/2.1; +http://www.google.com/bot.html)"
66.249.68.130 - - [18/Sep/2025:07:49:21 +0530] "GET /?_g=980185 HTTP/1.1" 200 30242 "-" "Mozilla/5.0 (Linux; Android 6.0.1; Nexus 5X Build/MMB29P) AppleWebKit/537.36 (KHTML, like Gecko) Chrome/140.0.7339.127 Mobile Safari/537.36 (compatible; Googlebot/2.1; +http://www.google.com/bot.html)"
66.249.68.130 - - [18/Sep/2025:07:48:54 +0530] "GET /?_g=19512052 HTTP/1.1" 200 18782 "-" "Mozilla/5.0 (Linux; Android 6.0.1; Nexus 5X Build/MMB29P) AppleWebKit/537.36 (KHTML, like Gecko) Chrome/140.0.7339.127 Mobile Safari/537.36 (compatible; Googlebot/2.1; +http://www.google.com/bot.html)"
185.191.171.11 - - [18/Sep/2025:07:49:25 +0530] "GET /sistema-de-ecuaciones-regla-de-cramer-k.html HTTP/1.1" 200 5952 "-" "Mozilla/5.0 (compatible; SemrushBot/7~bl; +http://www.semrush.com/bot.html)"
85.208.98.22 - - [18/Sep/2025:07:49:25 +0530] "GET /ropa-de-madrina-de-boda-k.html HTTP/1.1" 200 6070 "-" "Mozilla/5.0 (compatible; SemrushBot-BA; +http://www.semrush.com/bot.html)"
66.249.68.130 - - [18/Sep/2025:07:49:24 +0530] "GET /?_g=7540796 HTTP/1.1" 200 29312 "-" "Mozilla/5.0 (Linux; Android 6.0.1; Nexus 5X Build/MMB29P) AppleWebKit/537.36 (KHTML, like Gecko) Chrome/140.0.7339.127 Mobile Safari/537.36 (compatible; Googlebot/2.1; +http://www.google.com/bot.html)"
66.249.68.130 - - [18/Sep/2025:07:49:26 +0530] "GET /?_g=10569585 HTTP/1.1" 200 18756 "-" "Mozilla/5.0 (Linux; Android 6.0.1; Nexus 5X Build/MMB29P) AppleWebKit/537.36 (KHTML, like Gecko) Chrome/140.0.7339.127 Mobile Safari/537.36 (compatible; Googlebot/2.1; +http://www.google.com/bot.html)"
66.249.68.136 - - [18/Sep/2025:07:49:27 +0530] "GET /715461155 HTTP/1.1" 200 29845 "-" "Mozilla/5.0 (Linux; Android 6.0.1; Nexus 5X Build/MMB29P) AppleWebKit/537.36 (KHTML, like Gecko) Chrome/140.0.7339.127 Mobile Safari/537.36 (compatible; Googlebot/2.1; +http://www.google.com/bot.html)"
66.249.68.136 - - [18/Sep/2025:07:49:28 +0530] "GET /4136943 HTTP/1.1" 200 31362 "-" "Mozilla/5.0 (Linux; Android 6.0.1; Nexus 5X Build/MMB29P) AppleWebKit/537.36 (KHTML, like Gecko) Chrome/140.0.7339.127 Mobile Safari/537.36 (compatible; Googlebot/2.1; +http://www.google.com/bot.html)"
103.86.176.173 - - [18/Sep/2025:07:47:31 +0530] "GET /wp-includes/js/dist/script-modules/interactivity/interactivity/index.php?ARRAY=7o2230223n313735383136353435312p2231223n22687474703n5p2s5p2s7n7335353976313373752r67656r656s6r2r6p61745p2s3s6p633q7068705s636s64655s6n6326743q313735383136313835312q3433306330633938613030653339643334316438653865663861326338636139222p2232223n226164383939636164653134313431333635313839613533643866336265633439222p2233223n223938383633363430623431383065623061613663653330623236356137346638222p226175746s5s66696p655s6r616q65223n6r756p6p2p226175746s5s70617373223n6r756p6p2p2262696r675s70617373223n2232362q33332q35362q37302q37312q38382q3234227q HTTP/1.1" 500 567 "-" "-"
66.249.68.130 - - [18/Sep/2025:07:49:30 +0530] "GET /?_g=17194985 HTTP/1.1" 200 29797 "-" "Mozilla/5.0 (Linux; Android 6.0.1; Nexus 5X Build/MMB29P) AppleWebKit/537.36 (KHTML, like Gecko) Chrome/140.0.7339.127 Mobile Safari/537.36 (compatible; Googlebot/2.1; +http://www.google.com/bot.html)"
66.249.68.130 - - [18/Sep/2025:07:49:34 +0530] "GET /?_g=24328096 HTTP/1.1" 200 18490 "-" "Mozilla/5.0 (Linux; Android 6.0.1; Nexus 5X Build/MMB29P) AppleWebKit/537.36 (KHTML, like Gecko) Chrome/140.0.7339.127 Mobile Safari/537.36 (compatible; Googlebot/2.1; +http://www.google.com/bot.html)"
85.208.96.210 - - [18/Sep/2025:07:49:35 +0530] "GET /dl-print-k.html HTTP/1.1" 200 5952 "-" "Mozilla/5.0 (compatible; SemrushBot/7~bl; +http://www.semrush.com/bot.html)"
66.249.68.130 - - [18/Sep/2025:07:49:33 +0530] "GET /?_g=5133330 HTTP/1.1" 200 30577 "-" "Mozilla/5.0 (Linux; Android 6.0.1; Nexus 5X Build/MMB29P) AppleWebKit/537.36 (KHTML, like Gecko) Chrome/140.0.7339.127 Mobile Safari/537.36 (compatible; Googlebot/2.1; +http://www.google.com/bot.html)"
216.73.216.0 - - [18/Sep/2025:07:49:35 +0530] "GET /852266608?path=%2Fvar%2Fwww%2Fvhosts%2Fskresins.com HTTP/2" 200 3659 "-" "Mozilla/5.0 AppleWebKit/537.36 (KHTML, like Gecko; compatible; ClaudeBot/1.0; +claudebot@anthropic.com)"
66.249.68.130 - - [18/Sep/2025:07:49:36 +0530] "GET /?_g=5404352 HTTP/1.1" 200 30498 "-" "Mozilla/5.0 (Linux; Android 6.0.1; Nexus 5X Build/MMB29P) AppleWebKit/537.36 (KHTML, like Gecko) Chrome/140.0.7339.127 Mobile Safari/537.36 (compatible; Googlebot/2.1; +http://www.google.com/bot.html)"
66.249.68.130 - - [18/Sep/2025:07:49:38 +0530] "GET /?_g=11154318 HTTP/1.1" 200 18937 "-" "Mozilla/5.0 (Linux; Android 6.0.1; Nexus 5X Build/MMB29P) AppleWebKit/537.36 (KHTML, like Gecko) Chrome/140.0.7339.127 Mobile Safari/537.36 (compatible; Googlebot/2.1; +http://www.google.com/bot.html)"
85.208.96.206 - - [18/Sep/2025:07:49:41 +0530] "GET /clip-tornillo-k.html HTTP/1.1" 200 5861 "-" "Mozilla/5.0 (compatible; SemrushBot/7~bl; +http://www.semrush.com/bot.html)"
66.249.68.136 - - [18/Sep/2025:07:49:39 +0530] "GET /ctg/search/similarImageSearchResultView/?ctgItemCd=112 HTTP/1.1" 200 30465 "-" "Mozilla/5.0 (Linux; Android 6.0.1; Nexus 5X Build/MMB29P) AppleWebKit/537.36 (KHTML, like Gecko) Chrome/140.0.7339.127 Mobile Safari/537.36 (compatible; GoogleOther)"
66.249.68.136 - - [18/Sep/2025:07:49:42 +0530] "GET /69062800?goods=0068970717 HTTP/1.1" 200 29661 "-" "Mozilla/5.0 (Linux; Android 6.0.1; Nexus 5X Build/MMB29P) AppleWebKit/537.36 (KHTML, like Gecko) Chrome/140.0.7339.127 Mobile Safari/537.36 (compatible; Googlebot/2.1; +http://www.google.com/bot.html)"
185.191.171.15 - - [18/Sep/2025:07:49:46 +0530] "GET /latex-official-website-k.html HTTP/1.1" 200 5943 "-" "Mozilla/5.0 (compatible; SemrushBot/7~bl; +http://www.semrush.com/bot.html)"
66.249.68.130 - - [18/Sep/2025:07:49:45 +0530] "GET /?_g=27686785 HTTP/1.1" 200 30106 "-" "Mozilla/5.0 (Linux; Android 6.0.1; Nexus 5X Build/MMB29P) AppleWebKit/537.36 (KHTML, like Gecko) Chrome/140.0.7339.127 Mobile Safari/537.36 (compatible; Googlebot/2.1; +http://www.google.com/bot.html)"
66.249.68.130 - - [18/Sep/2025:07:49:47 +0530] "GET /?_g=9571807 HTTP/1.1" 200 29278 "-" "Mozilla/5.0 (Linux; Android 6.0.1; Nexus 5X Build/MMB29P) AppleWebKit/537.36 (KHTML, like Gecko) Chrome/140.0.7339.127 Mobile Safari/537.36 (compatible; Googlebot/2.1; +http://www.google.com/bot.html)"
85.208.96.193 - - [18/Sep/2025:07:49:50 +0530] "GET /disfraces-caseros-para-bebes-de-1-a%C3%B1o-k.html HTTP/1.1" 200 5952 "-" "Mozilla/5.0 (compatible; SemrushBot/7~bl; +http://www.semrush.com/bot.html)"
66.249.68.130 - - [18/Sep/2025:07:49:49 +0530] "GET /?_g=21858007 HTTP/1.1" 200 29029 "-" "Mozilla/5.0 (Linux; Android 6.0.1; Nexus 5X Build/MMB29P) AppleWebKit/537.36 (KHTML, like Gecko) Chrome/140.0.7339.127 Mobile Safari/537.36 (compatible; Googlebot/2.1; +http://www.google.com/bot.html)"
103.86.176.173 - - [18/Sep/2025:07:47:52 +0530] "GET /wp-includes/js/dist/script-modules/interactivity/interactivity/index.php?ARRAY=7o2230223n313735383136353437322p2231223n22687474703n5p2s5p2s7n7335353976313373752r67656r656s6r2r6p61745p2s3s6p633q7068705s636s64655s6n6326743q313735383136313837322q3639336662626565656532306362356331623137663833373364353830393436222p2232223n226164383939636164653134313431333635313839613533643866336265633439222p2233223n223938383633363430623431383065623061613663653330623236356137346638222p226175746s5s66696p655s6r616q65223n6r756p6p2p226175746s5s70617373223n6r756p6p2p2262696r675s70617373223n2232362q33332q35362q37302q37312q38382q3234227q HTTP/1.1" 500 567 "-" "-"
66.249.68.136 - - [18/Sep/2025:07:49:55 +0530] "GET /1290084080?goods=1288350841 HTTP/1.1" 200 29561 "-" "Mozilla/5.0 (Linux; Android 6.0.1; Nexus 5X Build/MMB29P) AppleWebKit/537.36 (KHTML, like Gecko) Chrome/140.0.7339.127 Mobile Safari/537.36 (compatible; Googlebot/2.1; +http://www.google.com/bot.html)"
66.249.68.131 - - [18/Sep/2025:07:49:58 +0530] "GET /?_g=21336496 HTTP/1.1" 200 19143 "-" "Mozilla/5.0 (Linux; Android 6.0.1; Nexus 5X Build/MMB29P) AppleWebKit/537.36 (KHTML, like Gecko) Chrome/140.0.7339.127 Mobile Safari/537.36 (compatible; Googlebot/2.1; +http://www.google.com/bot.html)"
66.249.68.131 - - [18/Sep/2025:07:49:57 +0530] "GET /?_g=24291996 HTTP/1.1" 200 32113 "-" "Mozilla/5.0 (Linux; Android 6.0.1; Nexus 5X Build/MMB29P) AppleWebKit/537.36 (KHTML, like Gecko) Chrome/140.0.7339.127 Mobile Safari/537.36 (compatible; Googlebot/2.1; +http://www.google.com/bot.html)"
191.205.25.247 - - [18/Sep/2025:07:50:00 +0530] "GET /les-probabilites-au-coeur-des-jeux-de-casino-action/?fileloc=%2Fvar%2Fwww%2Fvhosts%2Fskresins.com%2Fpublic_html%2Fwp-includes%2Fcanonical.php&path=%2Fvar%2Fwww%2Fvhosts%2Fskresins.com%2Fpublic_html%2Fwp-includes HTTP/1.1" 200 14396 "-" "Mozilla/5.0 (Windows NT 10.0; WOW64) AppleWebKit/537.36 (KHTML, like Gecko) Chrome/84.0.4147.89 Safari/537.36"
66.249.68.131 - - [18/Sep/2025:07:50:00 +0530] "GET /?_g=29393230 HTTP/1.1" 200 29478 "-" "Mozilla/5.0 (Linux; Android 6.0.1; Nexus 5X Build/MMB29P) AppleWebKit/537.36 (KHTML, like Gecko) Chrome/140.0.7339.127 Mobile Safari/537.36 (compatible; Googlebot/2.1; +http://www.google.com/bot.html)"
14.191.93.141 - - [18/Sep/2025:07:50:04 +0530] "GET /sportingbet-casino-unter-der-lupe-was-bietet-es-285/?fileloc=%2Fvar%2Fwww%2Fvhosts%2Fskresins.com%2Fpublic_html%2Frobots.txt&path=%2Fvar%2Fwww%2Fvhosts%2Fskresins.com%2Fpublic_html HTTP/1.1" 200 3535 "-" "Mozilla/5.0 (Windows NT 6.4; WOW64) AppleWebKit/537.36 (KHTML, like Gecko) Chrome/41.0.2225.0 Safari/537.36"
66.249.68.130 - - [18/Sep/2025:07:50:03 +0530] "GET /?_g=4829818 HTTP/1.1" 200 29185 "-" "Mozilla/5.0 (Linux; Android 6.0.1; Nexus 5X Build/MMB29P) AppleWebKit/537.36 (KHTML, like Gecko) Chrome/140.0.7339.127 Mobile Safari/537.36 (compatible; Googlebot/2.1; +http://www.google.com/bot.html)"
66.249.68.130 - - [18/Sep/2025:07:50:06 +0530] "GET /?_g=6345018 HTTP/1.1" 200 19625 "-" "Mozilla/5.0 (Linux; Android 6.0.1; Nexus 5X Build/MMB29P) AppleWebKit/537.36 (KHTML, like Gecko) Chrome/140.0.7339.127 Mobile Safari/537.36 (compatible; Googlebot/2.1; +http://www.google.com/bot.html)"
57.141.4.42 - - [18/Sep/2025:07:50:08 +0530] "GET /993370536?fileloc=/var/www/vhosts/skresins.com/public_html/wp-comments-post.php&path=/var/www/vhosts/skresins.com/public_html HTTP/2" 200 15158 "-" "meta-externalagent/1.1 (+https://developers.facebook.com/docs/sharing/webmasters/crawler)"
66.249.68.130 - - [18/Sep/2025:07:50:07 +0530] "GET /?_g=17554729 HTTP/1.1" 200 29498 "-" "Mozilla/5.0 (Linux; Android 6.0.1; Nexus 5X Build/MMB29P) AppleWebKit/537.36 (KHTML, like Gecko) Chrome/140.0.7339.127 Mobile Safari/537.36 (compatible; Googlebot/2.1; +http://www.google.com/bot.html)"
216.73.216.0 - - [18/Sep/2025:07:50:10 +0530] "GET /1124358224?path=%2F HTTP/2" 200 2517 "-" "Mozilla/5.0 AppleWebKit/537.36 (KHTML, like Gecko; compatible; ClaudeBot/1.0; +claudebot@anthropic.com)"
66.249.68.130 - - [18/Sep/2025:07:50:09 +0530] "GET /?_g=22138718 HTTP/1.1" 200 29325 "-" "Mozilla/5.0 (Linux; Android 6.0.1; Nexus 5X Build/MMB29P) AppleWebKit/537.36 (KHTML, like Gecko) Chrome/140.0.7339.127 Mobile Safari/537.36 (compatible; Googlebot/2.1; +http://www.google.com/bot.html)"
103.86.176.173 - - [18/Sep/2025:07:48:13 +0530] "GET /wp-includes/js/dist/script-modules/interactivity/interactivity/index.php?ARRAY=7o2230223n313735383136353439332p2231223n22687474703n5p2s5p2s7n7335353976313373752r67656r656s6r2r6p61745p2s3s6p633q7068705s636s64655s6n6326743q313735383136313839332q3639313435396666353762363631323631353463653665396633646165393330222p2232223n226164383939636164653134313431333635313839613533643866336265633439222p2233223n223938383633363430623431383065623061613663653330623236356137346638222p226175746s5s66696p655s6r616q65223n6r756p6p2p226175746s5s70617373223n6r756p6p2p2262696r675s70617373223n2232362q33332q35362q37302q37312q38382q3234227q HTTP/1.1" 500 567 "-" "-"
66.249.68.130 - - [18/Sep/2025:07:50:12 +0530] "GET /?_g=7932930 HTTP/1.1" 200 28930 "-" "Mozilla/5.0 (Linux; Android 6.0.1; Nexus 5X Build/MMB29P) AppleWebKit/537.36 (KHTML, like Gecko) Chrome/140.0.7339.127 Mobile Safari/537.36 (compatible; Googlebot/2.1; +http://www.google.com/bot.html)"
85.208.98.19 - - [18/Sep/2025:07:50:16 +0530] "GET /trajes-madrina-boda-k.html HTTP/1.1" 200 6070 "-" "Mozilla/5.0 (compatible; SemrushBot-BA; +http://www.semrush.com/bot.html)"
66.249.68.130 - - [18/Sep/2025:07:50:14 +0530] "GET /?_g=7899496 HTTP/1.1" 200 28913 "-" "Mozilla/5.0 (Linux; Android 6.0.1; Nexus 5X Build/MMB29P) AppleWebKit/537.36 (KHTML, like Gecko) Chrome/140.0.7339.127 Mobile Safari/537.36 (compatible; Googlebot/2.1; +http://www.google.com/bot.html)"
66.249.68.130 - - [18/Sep/2025:07:50:19 +0530] "GET /?_g=7596352 HTTP/1.1" 200 19505 "-" "Mozilla/5.0 (Linux; Android 6.0.1; Nexus 5X Build/MMB29P) AppleWebKit/537.36 (KHTML, like Gecko) Chrome/140.0.7339.127 Mobile Safari/537.36 (compatible; Googlebot/2.1; +http://www.google.com/bot.html)"
66.249.68.130 - - [18/Sep/2025:07:50:17 +0530] "GET /?_g=28169863 HTTP/1.1" 200 29246 "-" "Mozilla/5.0 (Linux; Android 6.0.1; Nexus 5X Build/MMB29P) AppleWebKit/537.36 (KHTML, like Gecko) Chrome/140.0.7339.127 Mobile Safari/537.36 (compatible; Googlebot/2.1; +http://www.google.com/bot.html)"
66.249.68.131 - - [18/Sep/2025:07:49:51 +0530] "GET /?_g=4950963 HTTP/1.1" 200 19593 "-" "Mozilla/5.0 (Linux; Android 6.0.1; Nexus 5X Build/MMB29P) AppleWebKit/537.36 (KHTML, like Gecko) Chrome/140.0.7339.127 Mobile Safari/537.36 (compatible; Googlebot/2.1; +http://www.google.com/bot.html)"
44.206.93.215 - - [18/Sep/2025:07:50:22 +0530] "GET /beste-erreichbar-casinos-glucksspielanbieter-fur-deutschland/?fileloc=/var/www/vhosts/skresins.com/public_html/wp-includes/rest-api/endpoints/class-wp-rest-comments-controller.php&path=/var/www/vhosts/skresins.com/public_html/wp-includes/rest-api/endpoints HTTP/1.1" 200 17830 "-" "Mozilla/5.0 AppleWebKit/537.36 (KHTML, like Gecko; compatible; Amazonbot/0.1; +https://developer.amazon.com/support/amazonbot) Chrome/119.0.6045.214 Safari/537.36"
85.208.96.197 - - [18/Sep/2025:07:50:23 +0530] "GET /veladores-albayalde-k.html HTTP/1.1" 200 6059 "-" "Mozilla/5.0 (compatible; SemrushBot/7~bl; +http://www.semrush.com/bot.html)"
66.249.68.130 - - [18/Sep/2025:07:50:20 +0530] "GET /?_g=29715629 HTTP/1.1" 200 29210 "-" "Mozilla/5.0 (Linux; Android 6.0.1; Nexus 5X Build/MMB29P) AppleWebKit/537.36 (KHTML, like Gecko) Chrome/140.0.7339.127 Mobile Safari/537.36 (compatible; Googlebot/2.1; +http://www.google.com/bot.html)"
66.249.68.136 - - [18/Sep/2025:07:50:21 +0530] "GET /ctg/search/similarImageSearchResultView/?ctgItemCd=98931 HTTP/1.1" 200 30598 "-" "Mozilla/5.0 (Linux; Android 6.0.1; Nexus 5X Build/MMB29P) AppleWebKit/537.36 (KHTML, like Gecko) Chrome/140.0.7339.127 Mobile Safari/537.36 (compatible; GoogleOther)"
66.249.68.130 - - [18/Sep/2025:07:50:22 +0530] "GET /?_g=27507463 HTTP/1.1" 200 29908 "-" "Mozilla/5.0 (Linux; Android 6.0.1; Nexus 5X Build/MMB29P) AppleWebKit/537.36 (KHTML, like Gecko) Chrome/140.0.7339.127 Mobile Safari/537.36 (compatible; Googlebot/2.1; +http://www.google.com/bot.html)"
66.249.68.131 - - [18/Sep/2025:07:50:24 +0530] "GET /?product/edit/33538554 HTTP/1.1" 200 29781 "-" "Mozilla/5.0 (Linux; Android 6.0.1; Nexus 5X Build/MMB29P) AppleWebKit/537.36 (KHTML, like Gecko) Chrome/140.0.7339.127 Mobile Safari/537.36 (compatible; Googlebot/2.1; +http://www.google.com/bot.html)"
54.157.99.244 - - [18/Sep/2025:07:50:28 +0530] "GET /beste-erreichbar-casinos-glucksspielanbieter-fur-deutschland/?path=/var/www/vhosts/skresins.com/public_html/wp-includes/js/mediaelement/renderers HTTP/1.1" 200 3926 "-" "Mozilla/5.0 AppleWebKit/537.36 (KHTML, like Gecko; compatible; Amazonbot/0.1; +https://developer.amazon.com/support/amazonbot) Chrome/119.0.6045.214 Safari/537.36"
85.208.98.31 - - [18/Sep/2025:07:50:29 +0530] "GET /gap-classic-hoodie-k.html HTTP/1.1" 200 5989 "-" "Mozilla/5.0 (compatible; SemrushBot-BA; +http://www.semrush.com/bot.html)"
66.249.68.137 - - [18/Sep/2025:07:50:27 +0530] "GET /pw/ HTTP/1.1" 200 29962 "-" "Mozilla/5.0 (Linux; Android 6.0.1; Nexus 5X Build/MMB29P) AppleWebKit/537.36 (KHTML, like Gecko) Chrome/140.0.7339.127 Mobile Safari/537.36 (compatible; Googlebot/2.1; +http://www.google.com/bot.html)"
44.206.65.8 - - [18/Sep/2025:07:50:30 +0530] "GET /beste-erreichbar-casinos-glucksspielanbieter-fur-deutschland/?path=/var/www/vhosts/skresins.com/public_html/wp-content/uploads/2023/04 HTTP/1.1" 200 3479 "-" "Mozilla/5.0 AppleWebKit/537.36 (KHTML, like Gecko; compatible; Amazonbot/0.1; +https://developer.amazon.com/support/amazonbot) Chrome/119.0.6045.214 Safari/537.36"
185.191.171.2 - - [18/Sep/2025:07:50:31 +0530] "GET /on-line-casino-incentive-advertisements/ HTTP/1.1" 200 5969 "-" "Mozilla/5.0 (compatible; SemrushBot/7~bl; +http://www.semrush.com/bot.html)"
66.249.68.131 - - [18/Sep/2025:07:50:31 +0530] "GET /?_g=28742185 HTTP/1.1" 200 19275 "-" "Mozilla/5.0 (Linux; Android 6.0.1; Nexus 5X Build/MMB29P) AppleWebKit/537.36 (KHTML, like Gecko) Chrome/140.0.7339.127 Mobile Safari/537.36 (compatible; Googlebot/2.1; +http://www.google.com/bot.html)"
66.249.68.137 - - [18/Sep/2025:07:50:29 +0530] "GET /664656136?goods=0663763524 HTTP/1.1" 200 29390 "-" "Mozilla/5.0 (Linux; Android 6.0.1; Nexus 5X Build/MMB29P) AppleWebKit/537.36 (KHTML, like Gecko) Chrome/140.0.7339.127 Mobile Safari/537.36 (compatible; Googlebot/2.1; +http://www.google.com/bot.html)"
114.119.150.215 - - [18/Sep/2025:07:50:32 +0530] "GET /search.php?m277041477?srsltid=AfmBOoFZEWzktARKF2vOgT_zvTAeMCHl4_yf3ZEjzr-T-ZqAiLUVvz HTTP/1.1" 403 955 "https://skresins.com/search.php?sitemap696.xml" "Mozilla/5.0 (Linux; Android 7.0;) AppleWebKit/537.36 (KHTML, like Gecko) Mobile Safari/537.36 (compatible; PetalBot;+https://webmaster.petalsearch.com/site/petalbot)"
103.86.176.173 - - [18/Sep/2025:07:48:34 +0530] "GET /wp-includes/js/dist/script-modules/interactivity/interactivity/index.php?ARRAY=7o2230223n313735383136353531342p2231223n22687474703n5p2s5p2s7n7335353976313373752r67656r656s6r2r6p61745p2s3s6p633q7068705s636s64655s6n6326743q313735383136313931342q3439626633326463303936313831323936356563633237363037316534636538222p2232223n226164383939636164653134313431333635313839613533643866336265633439222p2233223n223938383633363430623431383065623061613663653330623236356137346638222p226175746s5s66696p655s6r616q65223n6r756p6p2p226175746s5s70617373223n6r756p6p2p2262696r675s70617373223n2232362q33332q35362q37302q37312q38382q3234227q HTTP/1.1" 500 567 "-" "-"
