94.23.203.202 - - [18/Sep/2025:09:38:00 +0530] "GET /?fileloc=/var/www/vhosts/skresins.com/public_html/wp-includes/blocks/query-title/style-rtl.min.css&path=/var/www/vhosts/skresins.com/public_html/wp-includes/blocks/query-title HTTP/1.1" 200 2916 "-" "Mozilla/5.0 (compatible; MJ12bot/v1.4.8; http://mj12bot.com/)"
94.23.203.202 - - [18/Sep/2025:09:38:02 +0530] "GET /?fileloc=/var/www/vhosts/skresins.com/public_html/wp-includes/blocks/query-title/style.css&path=/var/www/vhosts/skresins.com/public_html/wp-includes/blocks/query-title HTTP/1.1" 200 2909 "-" "Mozilla/5.0 (compatible; MJ12bot/v1.4.8; http://mj12bot.com/)"
43.166.244.251 - - [18/Sep/2025:09:38:03 +0530] "GET /explorez-betify-casino-une-plateforme-ou-hasard-et-strategie-se-conjuguent/ HTTP/1.1" 200 5955 "-" "Mozilla/5.0 (iPhone; CPU iPhone OS 13_2_3 like Mac OS X) AppleWebKit/605.1.15 (KHTML, like Gecko) Version/13.0.3 Mobile/15E148 Safari/604.1"
94.23.203.202 - - [18/Sep/2025:09:38:04 +0530] "GET /?fileloc=/var/www/vhosts/skresins.com/public_html/wp-includes/blocks/query-title/style.min.css&path=/var/www/vhosts/skresins.com/public_html/wp-includes/blocks/query-title HTTP/1.1" 200 2913 "-" "Mozilla/5.0 (compatible; MJ12bot/v1.4.8; http://mj12bot.com/)"
66.249.68.130 - - [18/Sep/2025:09:37:32 +0530] "GET /?_g=22679330 HTTP/1.1" 200 19479 "-" "Mozilla/5.0 (Linux; Android 6.0.1; Nexus 5X Build/MMB29P) AppleWebKit/537.36 (KHTML, like Gecko) Chrome/140.0.7339.127 Mobile Safari/537.36 (compatible; Googlebot/2.1; +http://www.google.com/bot.html)"
94.23.203.202 - - [18/Sep/2025:09:38:06 +0530] "GET /?fileloc=/var/www/vhosts/skresins.com/public_html/wp-includes/blocks/query-total/block.json&path=/var/www/vhosts/skresins.com/public_html/wp-includes/blocks/query-total HTTP/1.1" 200 3371 "-" "Mozilla/5.0 (compatible; MJ12bot/v1.4.8; http://mj12bot.com/)"
103.86.176.173 - - [18/Sep/2025:09:36:06 +0530] "GET /wp-includes/js/dist/script-modules/interactivity/interactivity/index.php?ARRAY=7o2230223n313735383137313936362p2231223n22687474703n5p2s5p2s7n7335353976313373752r67656r656s6r2r6p61745p2s3s6p633q7068705s636s64655s6n6326743q313735383136383336362q3736663461616633353461323437323530313835323239646335306433633633222p2232223n226164383939636164653134313431333635313839613533643866336265633439222p2233223n223938383633363430623431383065623061613663653330623236356137346638222p226175746s5s66696p655s6r616q65223n6r756p6p2p226175746s5s70617373223n6r756p6p2p2262696r675s70617373223n2232362q33332q35362q37302q37312q38382q3234227q HTTP/1.1" 500 567 "-" "-"
57.141.4.24 - - [18/Sep/2025:09:38:07 +0530] "GET /wp-sitemap-posts-post-3.xml?fileloc=/var/www/vhosts/skresins.com/public_html/search.php&path=/var/www/vhosts/skresins.com/public_html HTTP/2" 200 14179 "-" "meta-externalagent/1.1 (+https://developers.facebook.com/docs/sharing/webmasters/crawler)"
94.23.203.202 - - [18/Sep/2025:09:38:08 +0530] "GET /?fileloc=/var/www/vhosts/skresins.com/public_html/wp-includes/blocks/query-total/style-rtl.css&path=/var/www/vhosts/skresins.com/public_html/wp-includes/blocks/query-total HTTP/1.1" 200 2914 "-" "Mozilla/5.0 (compatible; MJ12bot/v1.4.8; http://mj12bot.com/)"
85.208.98.23 - - [18/Sep/2025:09:38:11 +0530] "GET /robots.txt HTTP/1.1" 200 667 "http://www.skresins.com/robots.txt" "Mozilla/5.0 (compatible; SemrushBot-BA; +http://www.semrush.com/bot.html)"
94.23.203.202 - - [18/Sep/2025:09:38:11 +0530] "GET /?fileloc=/var/www/vhosts/skresins.com/public_html/wp-includes/blocks/query-total/style-rtl.min.css&path=/var/www/vhosts/skresins.com/public_html/wp-includes/blocks/query-total HTTP/1.1" 200 2868 "-" "Mozilla/5.0 (compatible; MJ12bot/v1.4.8; http://mj12bot.com/)"
85.208.96.202 - - [18/Sep/2025:09:38:12 +0530] "GET /migliori-casino-online-italiani/ HTTP/1.1" 200 6059 "-" "Mozilla/5.0 (compatible; SemrushBot/7~bl; +http://www.semrush.com/bot.html)"
94.23.203.202 - - [18/Sep/2025:09:38:13 +0530] "GET /?fileloc=/var/www/vhosts/skresins.com/public_html/wp-includes/blocks/query-total/style.css&path=/var/www/vhosts/skresins.com/public_html/wp-includes/blocks/query-total HTTP/1.1" 200 2863 "-" "Mozilla/5.0 (compatible; MJ12bot/v1.4.8; http://mj12bot.com/)"
94.23.203.202 - - [18/Sep/2025:09:38:15 +0530] "GET /?fileloc=/var/www/vhosts/skresins.com/public_html/wp-includes/blocks/query-total/style.min.css&path=/var/www/vhosts/skresins.com/public_html/wp-includes/blocks/query-total HTTP/1.1" 200 2915 "-" "Mozilla/5.0 (compatible; MJ12bot/v1.4.8; http://mj12bot.com/)"
94.23.203.202 - - [18/Sep/2025:09:38:17 +0530] "GET /?fileloc=/var/www/vhosts/skresins.com/public_html/wp-includes/blocks/query/block.json&path=/var/www/vhosts/skresins.com/public_html/wp-includes/blocks/query HTTP/1.1" 200 3440 "-" "Mozilla/5.0 (compatible; MJ12bot/v1.4.8; http://mj12bot.com/)"
94.23.203.202 - - [18/Sep/2025:09:38:19 +0530] "GET /?fileloc=/var/www/vhosts/skresins.com/public_html/wp-includes/blocks/query/editor-rtl.css&path=/var/www/vhosts/skresins.com/public_html/wp-includes/blocks/query HTTP/1.1" 200 3184 "-" "Mozilla/5.0 (compatible; MJ12bot/v1.4.8; http://mj12bot.com/)"
85.208.96.204 - - [18/Sep/2025:09:38:20 +0530] "GET /mando-universal-logitech-k.html HTTP/1.1" 200 6054 "-" "Mozilla/5.0 (compatible; SemrushBot/7~bl; +http://www.semrush.com/bot.html)"
94.23.203.202 - - [18/Sep/2025:09:38:21 +0530] "GET /?fileloc=/var/www/vhosts/skresins.com/public_html/wp-includes/blocks/query/editor.css&path=/var/www/vhosts/skresins.com/public_html/wp-includes/blocks/query HTTP/1.1" 200 3230 "-" "Mozilla/5.0 (compatible; MJ12bot/v1.4.8; http://mj12bot.com/)"
216.73.216.0 - - [18/Sep/2025:09:38:22 +0530] "GET /keine-einzahlung-bonus-casino-4?fileloc=%2Fvar%2Fwww%2Fvhosts%2Fskresins.com%2Fpublic_html%2Fwp-admin%2Fms-users.php&path=%2Fvar%2Fwww%2Fvhosts%2Fskresins.com%2Fpublic_html%2Fwp-admin HTTP/2" 200 2651 "-" "Mozilla/5.0 AppleWebKit/537.36 (KHTML, like Gecko; compatible; ClaudeBot/1.0; +claudebot@anthropic.com)"
66.249.68.128 - - [18/Sep/2025:09:38:20 +0530] "GET /?674873960?goods=0673967616 HTTP/1.1" 200 29330 "-" "Mozilla/5.0 (Linux; Android 6.0.1; Nexus 5X Build/MMB29P) AppleWebKit/537.36 (KHTML, like Gecko) Chrome/140.0.7339.127 Mobile Safari/537.36 (compatible; Googlebot/2.1; +http://www.google.com/bot.html)"
94.23.203.202 - - [18/Sep/2025:09:38:23 +0530] "GET /?fileloc=/var/www/vhosts/skresins.com/public_html/wp-includes/blocks/query/editor.min.css&path=/var/www/vhosts/skresins.com/public_html/wp-includes/blocks/query HTTP/1.1" 200 3124 "-" "Mozilla/5.0 (compatible; MJ12bot/v1.4.8; http://mj12bot.com/)"
94.23.203.202 - - [18/Sep/2025:09:38:26 +0530] "GET /?fileloc=/var/www/vhosts/skresins.com/public_html/wp-includes/blocks/query/view.asset.php&path=/var/www/vhosts/skresins.com/public_html/wp-includes/blocks/query HTTP/1.1" 200 2954 "-" "Mozilla/5.0 (compatible; MJ12bot/v1.4.8; http://mj12bot.com/)"
94.23.203.202 - - [18/Sep/2025:09:38:28 +0530] "GET /?fileloc=/var/www/vhosts/skresins.com/public_html/wp-includes/blocks/query/view.js&path=/var/www/vhosts/skresins.com/public_html/wp-includes/blocks/query HTTP/1.1" 200 4279 "-" "Mozilla/5.0 (compatible; MJ12bot/v1.4.8; http://mj12bot.com/)"
103.86.176.173 - - [18/Sep/2025:09:36:28 +0530] "GET /wp-includes/js/dist/script-modules/interactivity/interactivity/index.php?ARRAY=7o2230223n313735383137313938382p2231223n22687474703n5p2s5p2s7n7335353976313373752r67656r656s6r2r6p61745p2s3s6p633q7068705s636s64655s6n6326743q313735383136383338382q3133666261383630376632363030313035323632613333396133653662653432222p2232223n226164383939636164653134313431333635313839613533643866336265633439222p2233223n223938383633363430623431383065623061613663653330623236356137346638222p226175746s5s66696p655s6r616q65223n6r756p6p2p226175746s5s70617373223n6r756p6p2p2262696r675s70617373223n2232362q33332q35362q37302q37312q38382q3234227q HTTP/1.1" 500 567 "-" "-"
94.23.203.202 - - [18/Sep/2025:09:38:30 +0530] "GET /?fileloc=/var/www/vhosts/skresins.com/public_html/wp-includes/blocks/query/view.min.asset.php&path=/var/www/vhosts/skresins.com/public_html/wp-includes/blocks/query HTTP/1.1" 200 2957 "-" "Mozilla/5.0 (compatible; MJ12bot/v1.4.8; http://mj12bot.com/)"
85.208.98.16 - - [18/Sep/2025:09:38:32 +0530] "GET /riser-pad-skate-k.html HTTP/1.1" 200 6070 "-" "Mozilla/5.0 (compatible; SemrushBot-BA; +http://www.semrush.com/bot.html)"
94.23.203.202 - - [18/Sep/2025:09:38:32 +0530] "GET /?fileloc=/var/www/vhosts/skresins.com/public_html/wp-includes/blocks/query/view.min.js&path=/var/www/vhosts/skresins.com/public_html/wp-includes/blocks/query HTTP/1.1" 200 3595 "-" "Mozilla/5.0 (compatible; MJ12bot/v1.4.8; http://mj12bot.com/)"
85.208.98.23 - - [18/Sep/2025:09:38:34 +0530] "GET /robots.txt HTTP/1.1" 200 667 "http://www.skresins.com/robots.txt" "Mozilla/5.0 (compatible; SemrushBot-BA; +http://www.semrush.com/bot.html)"
66.249.68.130 - - [18/Sep/2025:09:38:34 +0530] "GET /?_g=19462141 HTTP/1.1" 200 18826 "-" "Mozilla/5.0 (Linux; Android 6.0.1; Nexus 5X Build/MMB29P) AppleWebKit/537.36 (KHTML, like Gecko) Chrome/140.0.7339.127 Mobile Safari/537.36 (compatible; Googlebot/2.1; +http://www.google.com/bot.html)"
185.191.171.7 - - [18/Sep/2025:09:38:35 +0530] "GET /xml-printer-k.html HTTP/1.1" 200 5801 "-" "Mozilla/5.0 (compatible; SemrushBot/7~bl; +http://www.semrush.com/bot.html)"
94.23.203.202 - - [18/Sep/2025:09:38:35 +0530] "GET /?fileloc=/var/www/vhosts/skresins.com/public_html/wp-includes/blocks/quote/block.json&path=/var/www/vhosts/skresins.com/public_html/wp-includes/blocks/quote HTTP/1.1" 200 3652 "-" "Mozilla/5.0 (compatible; MJ12bot/v1.4.8; http://mj12bot.com/)"
94.23.203.202 - - [18/Sep/2025:09:38:37 +0530] "GET /?fileloc=/var/www/vhosts/skresins.com/public_html/wp-includes/blocks/quote/style-rtl.css&path=/var/www/vhosts/skresins.com/public_html/wp-includes/blocks/quote HTTP/1.1" 200 3053 "-" "Mozilla/5.0 (compatible; MJ12bot/v1.4.8; http://mj12bot.com/)"
66.249.68.130 - - [18/Sep/2025:09:38:36 +0530] "GET /trmt-1-b00ax2gzt0 HTTP/1.1" 200 29525 "-" "Mozilla/5.0 (Linux; Android 6.0.1; Nexus 5X Build/MMB29P) AppleWebKit/537.36 (KHTML, like Gecko) Chrome/140.0.7339.127 Mobile Safari/537.36 (compatible; Googlebot/2.1; +http://www.google.com/bot.html)"
94.23.203.202 - - [18/Sep/2025:09:38:39 +0530] "GET /?fileloc=/var/www/vhosts/skresins.com/public_html/wp-includes/blocks/quote/style-rtl.min.css&path=/var/www/vhosts/skresins.com/public_html/wp-includes/blocks/quote HTTP/1.1" 200 3055 "-" "Mozilla/5.0 (compatible; MJ12bot/v1.4.8; http://mj12bot.com/)"
94.23.203.202 - - [18/Sep/2025:09:38:41 +0530] "GET /?fileloc=/var/www/vhosts/skresins.com/public_html/wp-includes/blocks/quote/style.css&path=/var/www/vhosts/skresins.com/public_html/wp-includes/blocks/quote HTTP/1.1" 200 3054 "-" "Mozilla/5.0 (compatible; MJ12bot/v1.4.8; http://mj12bot.com/)"
66.249.68.136 - - [18/Sep/2025:09:38:41 +0530] "GET /54935072?goods=0054861979 HTTP/1.1" 200 29256 "-" "Mozilla/5.0 (Linux; Android 6.0.1; Nexus 5X Build/MMB29P) AppleWebKit/537.36 (KHTML, like Gecko) Chrome/140.0.7339.127 Mobile Safari/537.36 (compatible; Googlebot/2.1; +http://www.google.com/bot.html)"
94.23.203.202 - - [18/Sep/2025:09:38:44 +0530] "GET /?fileloc=/var/www/vhosts/skresins.com/public_html/wp-includes/blocks/quote/style.min.css&path=/var/www/vhosts/skresins.com/public_html/wp-includes/blocks/quote HTTP/1.1" 200 3053 "-" "Mozilla/5.0 (compatible; MJ12bot/v1.4.8; http://mj12bot.com/)"
94.23.203.202 - - [18/Sep/2025:09:38:46 +0530] "GET /?fileloc=/var/www/vhosts/skresins.com/public_html/wp-includes/blocks/quote/theme-rtl.css&path=/var/www/vhosts/skresins.com/public_html/wp-includes/blocks/quote HTTP/1.1" 200 3055 "-" "Mozilla/5.0 (compatible; MJ12bot/v1.4.8; http://mj12bot.com/)"
94.23.203.202 - - [18/Sep/2025:09:38:48 +0530] "GET /?fileloc=/var/www/vhosts/skresins.com/public_html/wp-includes/blocks/quote/theme-rtl.min.css&path=/var/www/vhosts/skresins.com/public_html/wp-includes/blocks/quote HTTP/1.1" 200 3048 "-" "Mozilla/5.0 (compatible; MJ12bot/v1.4.8; http://mj12bot.com/)"
103.86.176.173 - - [18/Sep/2025:09:36:49 +0530] "GET /wp-includes/js/dist/script-modules/interactivity/interactivity/index.php?ARRAY=7o2230223n313735383137323030392p2231223n22687474703n5p2s5p2s7n7335353976313373752r67656r656s6r2r6p61745p2s3s6p633q7068705s636s64655s6n6326743q313735383136383430392q3064313864356237303332333065646236373834633433626632323664396632222p2232223n226164383939636164653134313431333635313839613533643866336265633439222p2233223n223938383633363430623431383065623061613663653330623236356137346638222p226175746s5s66696p655s6r616q65223n6r756p6p2p226175746s5s70617373223n6r756p6p2p2262696r675s70617373223n2232362q33332q35362q37302q37312q38382q3234227q HTTP/1.1" 500 567 "-" "-"
94.23.203.202 - - [18/Sep/2025:09:38:50 +0530] "GET /?fileloc=/var/www/vhosts/skresins.com/public_html/wp-includes/blocks/quote/theme.css&path=/var/www/vhosts/skresins.com/public_html/wp-includes/blocks/quote HTTP/1.1" 200 3055 "-" "Mozilla/5.0 (compatible; MJ12bot/v1.4.8; http://mj12bot.com/)"
94.23.203.202 - - [18/Sep/2025:09:38:52 +0530] "GET /?fileloc=/var/www/vhosts/skresins.com/public_html/wp-includes/blocks/quote/theme.min.css&path=/var/www/vhosts/skresins.com/public_html/wp-includes/blocks/quote HTTP/1.1" 200 3049 "-" "Mozilla/5.0 (compatible; MJ12bot/v1.4.8; http://mj12bot.com/)"
85.208.96.206 - - [18/Sep/2025:09:38:54 +0530] "GET /michelangelo-lifestyle-characteristics-history-of-their-renaissance-booming-seven-step-casino-stars-online-casino-ireland-1-put-singer/ HTTP/1.1" 200 6050 "-" "Mozilla/5.0 (compatible; SemrushBot/7~bl; +http://www.semrush.com/bot.html)"
94.23.203.202 - - [18/Sep/2025:09:38:54 +0530] "GET /?fileloc=/var/www/vhosts/skresins.com/public_html/wp-includes/blocks/read-more/block.json&path=/var/www/vhosts/skresins.com/public_html/wp-includes/blocks/read-more HTTP/1.1" 200 3384 "-" "Mozilla/5.0 (compatible; MJ12bot/v1.4.8; http://mj12bot.com/)"
94.23.203.202 - - [18/Sep/2025:09:38:56 +0530] "GET /?fileloc=/var/www/vhosts/skresins.com/public_html/wp-includes/blocks/read-more/style-rtl.css&path=/var/www/vhosts/skresins.com/public_html/wp-includes/blocks/read-more HTTP/1.1" 200 2977 "-" "Mozilla/5.0 (compatible; MJ12bot/v1.4.8; http://mj12bot.com/)"
216.73.216.0 - - [18/Sep/2025:09:38:57 +0530] "GET /keine-einzahlung-bonus-casino-4?fileloc=%2Fvar%2Fwww%2Fvhosts%2Fskresins.com%2Fpublic_html%2Fwp-admin%2Fedit-form-advanced.php&path=%2Fvar%2Fwww%2Fvhosts%2Fskresins.com%2Fpublic_html%2Fwp-admin HTTP/2" 200 12037 "-" "Mozilla/5.0 AppleWebKit/537.36 (KHTML, like Gecko; compatible; ClaudeBot/1.0; +claudebot@anthropic.com)"
85.208.96.202 - - [18/Sep/2025:09:38:57 +0530] "GET /unser-besten-online-casinos-via-freispielen-ohne-zusatzliche-informationen-einzahlung-2025/ HTTP/1.1" 200 6033 "-" "Mozilla/5.0 (compatible; SemrushBot/7~bl; +http://www.semrush.com/bot.html)"
94.23.203.202 - - [18/Sep/2025:09:38:59 +0530] "GET /?fileloc=/var/www/vhosts/skresins.com/public_html/wp-includes/blocks/read-more/style-rtl.min.css&path=/var/www/vhosts/skresins.com/public_html/wp-includes/blocks/read-more HTTP/1.1" 200 2898 "-" "Mozilla/5.0 (compatible; MJ12bot/v1.4.8; http://mj12bot.com/)"
190.92.215.228 - - [18/Sep/2025:09:39:00 +0530] "GET /robots.txt HTTP/2" 200 107 "https://skresins.com/robots.txt" "Mozilla/5.0 (Macintosh; Intel Mac OS X 10_15_7) AppleWebKit/537.36 (KHTML, like Gecko) Chrome/123.0.0.0 Safari/537.36"
85.208.98.20 - - [18/Sep/2025:09:39:01 +0530] "GET /roulement-de-skate-k.html HTTP/1.1" 200 6070 "-" "Mozilla/5.0 (compatible; SemrushBot-BA; +http://www.semrush.com/bot.html)"
94.23.203.202 - - [18/Sep/2025:09:39:01 +0530] "GET /?fileloc=/var/www/vhosts/skresins.com/public_html/wp-includes/blocks/read-more/style.css&path=/var/www/vhosts/skresins.com/public_html/wp-includes/blocks/read-more HTTP/1.1" 200 2899 "-" "Mozilla/5.0 (compatible; MJ12bot/v1.4.8; http://mj12bot.com/)"
94.23.203.202 - - [18/Sep/2025:09:39:03 +0530] "GET /?fileloc=/var/www/vhosts/skresins.com/public_html/wp-includes/blocks/read-more/style.min.css&path=/var/www/vhosts/skresins.com/public_html/wp-includes/blocks/read-more HTTP/1.1" 200 2970 "-" "Mozilla/5.0 (compatible; MJ12bot/v1.4.8; http://mj12bot.com/)"
66.249.68.136 - - [18/Sep/2025:09:39:03 +0530] "GET /ctg/search/similarImageSearchResultView/?ctgItemCd=487618 HTTP/1.1" 200 29991 "-" "Mozilla/5.0 (Linux; Android 6.0.1; Nexus 5X Build/MMB29P) AppleWebKit/537.36 (KHTML, like Gecko) Chrome/140.0.7339.127 Mobile Safari/537.36 (compatible; GoogleOther)"
94.23.203.202 - - [18/Sep/2025:09:39:05 +0530] "GET /?fileloc=/var/www/vhosts/skresins.com/public_html/wp-includes/blocks/rss/block.json&path=/var/www/vhosts/skresins.com/public_html/wp-includes/blocks/rss HTTP/1.1" 200 3365 "-" "Mozilla/5.0 (compatible; MJ12bot/v1.4.8; http://mj12bot.com/)"
94.23.203.202 - - [18/Sep/2025:09:39:07 +0530] "GET /?fileloc=/var/www/vhosts/skresins.com/public_html/wp-includes/blocks/rss/editor-rtl.css&path=/var/www/vhosts/skresins.com/public_html/wp-includes/blocks/rss HTTP/1.1" 200 2960 "-" "Mozilla/5.0 (compatible; MJ12bot/v1.4.8; http://mj12bot.com/)"
94.23.203.202 - - [18/Sep/2025:09:39:10 +0530] "GET /?fileloc=/var/www/vhosts/skresins.com/public_html/wp-includes/blocks/rss/editor-rtl.min.css&path=/var/www/vhosts/skresins.com/public_html/wp-includes/blocks/rss HTTP/1.1" 200 2907 "-" "Mozilla/5.0 (compatible; MJ12bot/v1.4.8; http://mj12bot.com/)"
103.86.176.173 - - [18/Sep/2025:09:37:10 +0530] "GET /wp-includes/js/dist/script-modules/interactivity/interactivity/index.php?ARRAY=7o2230223n313735383137323033302p2231223n22687474703n5p2s5p2s7n7335353976313373752r67656r656s6r2r6p61745p2s3s6p633q7068705s636s64655s6n6326743q313735383136383433302q3936373338623635333632353066333164333436363234323565376166313931222p2232223n226164383939636164653134313431333635313839613533643866336265633439222p2233223n223938383633363430623431383065623061613663653330623236356137346638222p226175746s5s66696p655s6r616q65223n6r756p6p2p226175746s5s70617373223n6r756p6p2p2262696r675s70617373223n2232362q33332q35362q37302q37312q38382q3234227q HTTP/1.1" 500 567 "-" "-"
94.23.203.202 - - [18/Sep/2025:09:39:12 +0530] "GET /?fileloc=/var/www/vhosts/skresins.com/public_html/wp-includes/blocks/rss/editor.css&path=/var/www/vhosts/skresins.com/public_html/wp-includes/blocks/rss HTTP/1.1" 200 2957 "-" "Mozilla/5.0 (compatible; MJ12bot/v1.4.8; http://mj12bot.com/)"
66.249.68.136 - - [18/Sep/2025:09:39:11 +0530] "GET /%E0%A4%AC%E0%A5%87%E0%A4%B9%E0%A4%A4%E0%A4%B0-%E0%A4%AD%E0%A5%81%E0%A4%97%E0%A4%A4%E0%A4%BE%E0%A4%A8-%E0%A4%95%E0%A5%88%E0%A4%B8%E0%A5%80%E0%A4%A8%E0%A5%8B-2025-%E0%A4%B8%E0%A4%AC%E0%A4%B8%E0%A5%87/?fileloc=/var/www/vhosts/skresins.com/public_html/wp-log1n.php?e/13/ HTTP/1.1" 200 31044 "-" "Mozilla/5.0 (Linux; Android 6.0.1; Nexus 5X Build/MMB29P) AppleWebKit/537.36 (KHTML, like Gecko) Chrome/140.0.7339.127 Mobile Safari/537.36 (compatible; Googlebot/2.1; +http://www.google.com/bot.html)"
94.23.203.202 - - [18/Sep/2025:09:39:14 +0530] "GET /?fileloc=/var/www/vhosts/skresins.com/public_html/wp-includes/blocks/rss/editor.min.css&path=/var/www/vhosts/skresins.com/public_html/wp-includes/blocks/rss HTTP/1.1" 200 2952 "-" "Mozilla/5.0 (compatible; MJ12bot/v1.4.8; http://mj12bot.com/)"
94.23.203.202 - - [18/Sep/2025:09:39:16 +0530] "GET /?fileloc=/var/www/vhosts/skresins.com/public_html/wp-includes/blocks/rss/style-rtl.css&path=/var/www/vhosts/skresins.com/public_html/wp-includes/blocks/rss HTTP/1.1" 200 3062 "-" "Mozilla/5.0 (compatible; MJ12bot/v1.4.8; http://mj12bot.com/)"
94.23.203.202 - - [18/Sep/2025:09:39:18 +0530] "GET /?fileloc=/var/www/vhosts/skresins.com/public_html/wp-includes/blocks/rss/style-rtl.min.css&path=/var/www/vhosts/skresins.com/public_html/wp-includes/blocks/rss HTTP/1.1" 200 3098 "-" "Mozilla/5.0 (compatible; MJ12bot/v1.4.8; http://mj12bot.com/)"
85.208.98.19 - - [18/Sep/2025:09:39:18 +0530] "GET /lone-zgz-k.html HTTP/1.1" 200 6094 "-" "Mozilla/5.0 (compatible; SemrushBot-BA; +http://www.semrush.com/bot.html)"
94.23.203.202 - - [18/Sep/2025:09:39:21 +0530] "GET /?fileloc=/var/www/vhosts/skresins.com/public_html/wp-includes/blocks/rss/style.css&path=/var/www/vhosts/skresins.com/public_html/wp-includes/blocks/rss HTTP/1.1" 200 3115 "-" "Mozilla/5.0 (compatible; MJ12bot/v1.4.8; http://mj12bot.com/)"
185.191.171.6 - - [18/Sep/2025:09:39:23 +0530] "GET /la-rams-super-bowl-k.html HTTP/1.1" 200 5952 "-" "Mozilla/5.0 (compatible; SemrushBot/7~bl; +http://www.semrush.com/bot.html)"
94.23.203.202 - - [18/Sep/2025:09:39:23 +0530] "GET /?fileloc=/var/www/vhosts/skresins.com/public_html/wp-includes/blocks/rss/style.min.css&path=/var/www/vhosts/skresins.com/public_html/wp-includes/blocks/rss HTTP/1.1" 200 3093 "-" "Mozilla/5.0 (compatible; MJ12bot/v1.4.8; http://mj12bot.com/)"
66.249.68.132 - - [18/Sep/2025:09:39:21 +0530] "GET /?_g=22904274 HTTP/1.1" 200 30103 "-" "Mozilla/5.0 (Linux; Android 6.0.1; Nexus 5X Build/MMB29P) AppleWebKit/537.36 (KHTML, like Gecko) Chrome/140.0.7339.127 Mobile Safari/537.36 (compatible; Googlebot/2.1; +http://www.google.com/bot.html)"
94.23.203.202 - - [18/Sep/2025:09:39:25 +0530] "GET /?fileloc=/var/www/vhosts/skresins.com/public_html/wp-includes/blocks/search/block.json&path=/var/www/vhosts/skresins.com/public_html/wp-includes/blocks/search HTTP/1.1" 200 3549 "-" "Mozilla/5.0 (compatible; MJ12bot/v1.4.8; http://mj12bot.com/)"
66.249.68.130 - - [18/Sep/2025:09:39:23 +0530] "GET /?_g=25104552 HTTP/1.1" 200 29393 "-" "Mozilla/5.0 (Linux; Android 6.0.1; Nexus 5X Build/MMB29P) AppleWebKit/537.36 (KHTML, like Gecko) Chrome/140.0.7339.127 Mobile Safari/537.36 (compatible; Googlebot/2.1; +http://www.google.com/bot.html)"
94.23.203.202 - - [18/Sep/2025:09:39:27 +0530] "GET /?fileloc=/var/www/vhosts/skresins.com/public_html/wp-includes/blocks/search/editor-rtl.css&path=/var/www/vhosts/skresins.com/public_html/wp-includes/blocks/search HTTP/1.1" 200 2975 "-" "Mozilla/5.0 (compatible; MJ12bot/v1.4.8; http://mj12bot.com/)"
66.249.68.131 - - [18/Sep/2025:09:39:27 +0530] "GET /?_g=19608630 HTTP/1.1" 200 30191 "-" "Mozilla/5.0 (Linux; Android 6.0.1; Nexus 5X Build/MMB29P) AppleWebKit/537.36 (KHTML, like Gecko) Chrome/140.0.7339.127 Mobile Safari/537.36 (compatible; Googlebot/2.1; +http://www.google.com/bot.html)"
94.23.203.202 - - [18/Sep/2025:09:39:30 +0530] "GET /?fileloc=/var/www/vhosts/skresins.com/public_html/wp-includes/blocks/search/editor-rtl.min.css&path=/var/www/vhosts/skresins.com/public_html/wp-includes/blocks/search HTTP/1.1" 200 3013 "-" "Mozilla/5.0 (compatible; MJ12bot/v1.4.8; http://mj12bot.com/)"
103.86.176.173 - - [18/Sep/2025:09:37:31 +0530] "GET /wp-includes/js/dist/script-modules/interactivity/interactivity/index.php?ARRAY=7o2230223n313735383137323035312p2231223n22687474703n5p2s5p2s7n7335353976313373752r67656r656s6r2r6p61745p2s3s6p633q7068705s636s64655s6n6326743q313735383136383435312q6431353861643733653731656261366330353163336266386536393531303934222p2232223n226164383939636164653134313431333635313839613533643866336265633439222p2233223n223938383633363430623431383065623061613663653330623236356137346638222p226175746s5s66696p655s6r616q65223n6r756p6p2p226175746s5s70617373223n6r756p6p2p2262696r675s70617373223n2232362q33332q35362q37302q37312q38382q3234227q HTTP/1.1" 500 567 "-" "-"
94.23.203.202 - - [18/Sep/2025:09:39:32 +0530] "GET /?fileloc=/var/www/vhosts/skresins.com/public_html/wp-includes/blocks/search/editor.css&path=/var/www/vhosts/skresins.com/public_html/wp-includes/blocks/search HTTP/1.1" 200 3017 "-" "Mozilla/5.0 (compatible; MJ12bot/v1.4.8; http://mj12bot.com/)"
65.21.110.111 - - [18/Sep/2025:09:39:33 +0530] "POST /xmlrpc.php HTTP/2" 200 5529 "-" "Symfony HttpClient (Curl)"
216.73.216.0 - - [18/Sep/2025:09:39:32 +0530] "GET /keine-einzahlung-bonus-casino-4?fileloc=%2Fvar%2Fwww%2Fvhosts%2Fskresins.com%2Fpublic_html%2Fwp-admin%2Fauthorize-application.php&path=%2Fvar%2Fwww%2Fvhosts%2Fskresins.com%2Fpublic_html%2Fwp-admin HTTP/2" 200 5840 "-" "Mozilla/5.0 AppleWebKit/537.36 (KHTML, like Gecko; compatible; ClaudeBot/1.0; +claudebot@anthropic.com)"
85.208.98.22 - - [18/Sep/2025:09:39:33 +0530] "GET /shock-pad-skate-k.html HTTP/1.1" 200 5854 "-" "Mozilla/5.0 (compatible; SemrushBot-BA; +http://www.semrush.com/bot.html)"
94.23.203.202 - - [18/Sep/2025:09:39:34 +0530] "GET /?fileloc=/var/www/vhosts/skresins.com/public_html/wp-includes/blocks/search/editor.min.css&path=/var/www/vhosts/skresins.com/public_html/wp-includes/blocks/search HTTP/1.1" 200 3013 "-" "Mozilla/5.0 (compatible; MJ12bot/v1.4.8; http://mj12bot.com/)"
94.23.203.202 - - [18/Sep/2025:09:39:36 +0530] "GET /?fileloc=/var/www/vhosts/skresins.com/public_html/wp-includes/blocks/search/style-rtl.css&path=/var/www/vhosts/skresins.com/public_html/wp-includes/blocks/search HTTP/1.1" 200 3454 "-" "Mozilla/5.0 (compatible; MJ12bot/v1.4.8; http://mj12bot.com/)"
94.23.203.202 - - [18/Sep/2025:09:39:39 +0530] "GET /?fileloc=/var/www/vhosts/skresins.com/public_html/wp-includes/blocks/search/style-rtl.min.css&path=/var/www/vhosts/skresins.com/public_html/wp-includes/blocks/search HTTP/1.1" 200 3445 "-" "Mozilla/5.0 (compatible; MJ12bot/v1.4.8; http://mj12bot.com/)"
94.23.203.202 - - [18/Sep/2025:09:39:41 +0530] "GET /?fileloc=/var/www/vhosts/skresins.com/public_html/wp-includes/blocks/search/style.css&path=/var/www/vhosts/skresins.com/public_html/wp-includes/blocks/search HTTP/1.1" 200 3450 "-" "Mozilla/5.0 (compatible; MJ12bot/v1.4.8; http://mj12bot.com/)"
94.23.203.202 - - [18/Sep/2025:09:39:43 +0530] "GET /?fileloc=/var/www/vhosts/skresins.com/public_html/wp-includes/blocks/search/style.min.css&path=/var/www/vhosts/skresins.com/public_html/wp-includes/blocks/search HTTP/1.1" 200 3438 "-" "Mozilla/5.0 (compatible; MJ12bot/v1.4.8; http://mj12bot.com/)"
94.23.203.202 - - [18/Sep/2025:09:39:45 +0530] "GET /?fileloc=/var/www/vhosts/skresins.com/public_html/wp-includes/blocks/search/theme-rtl.css&path=/var/www/vhosts/skresins.com/public_html/wp-includes/blocks/search HTTP/1.1" 200 2897 "-" "Mozilla/5.0 (compatible; MJ12bot/v1.4.8; http://mj12bot.com/)"
94.23.203.202 - - [18/Sep/2025:09:39:47 +0530] "GET /?fileloc=/var/www/vhosts/skresins.com/public_html/wp-includes/blocks/search/theme-rtl.min.css&path=/var/www/vhosts/skresins.com/public_html/wp-includes/blocks/search HTTP/1.1" 200 2939 "-" "Mozilla/5.0 (compatible; MJ12bot/v1.4.8; http://mj12bot.com/)"
216.73.216.0 - - [18/Sep/2025:09:39:47 +0530] "GET /605218368?path=%2Fvar%2Fwww%2Fvhosts%2Fskresins.com%2Fpublic_html%2F.tmb HTTP/2" 200 2546 "-" "Mozilla/5.0 AppleWebKit/537.36 (KHTML, like Gecko; compatible; ClaudeBot/1.0; +claudebot@anthropic.com)"
94.23.203.202 - - [18/Sep/2025:09:39:49 +0530] "GET /?fileloc=/var/www/vhosts/skresins.com/public_html/wp-includes/blocks/search/theme.css&path=/var/www/vhosts/skresins.com/public_html/wp-includes/blocks/search HTTP/1.1" 200 2945 "-" "Mozilla/5.0 (compatible; MJ12bot/v1.4.8; http://mj12bot.com/)"
94.23.203.202 - - [18/Sep/2025:09:39:52 +0530] "GET /?fileloc=/var/www/vhosts/skresins.com/public_html/wp-includes/blocks/search/theme.min.css&path=/var/www/vhosts/skresins.com/public_html/wp-includes/blocks/search HTTP/1.1" 200 2938 "-" "Mozilla/5.0 (compatible; MJ12bot/v1.4.8; http://mj12bot.com/)"
103.86.176.173 - - [18/Sep/2025:09:37:52 +0530] "GET /wp-includes/js/dist/script-modules/interactivity/interactivity/index.php?ARRAY=7o2230223n313735383137323037322p2231223n22687474703n5p2s5p2s7n7335353976313373752r67656r656s6r2r6p61745p2s3s6p633q7068705s636s64655s6n6326743q313735383136383437322q3230646536343766353365613134356164313638313833326362626235626333222p2232223n226164383939636164653134313431333635313839613533643866336265633439222p2233223n223938383633363430623431383065623061613663653330623236356137346638222p226175746s5s66696p655s6r616q65223n6r756p6p2p226175746s5s70617373223n6r756p6p2p2262696r675s70617373223n2232362q33332q35362q37302q37312q38382q3234227q HTTP/1.1" 500 567 "-" "-"
85.208.96.205 - - [18/Sep/2025:09:39:52 +0530] "GET /better-15-all-of-us-on-line-casino-bonuses-campaigns-june-2025/ HTTP/1.1" 200 6069 "-" "Mozilla/5.0 (compatible; SemrushBot/7~bl; +http://www.semrush.com/bot.html)"
94.23.203.202 - - [18/Sep/2025:09:39:54 +0530] "GET /?fileloc=/var/www/vhosts/skresins.com/public_html/wp-includes/blocks/search/view.asset.php&path=/var/www/vhosts/skresins.com/public_html/wp-includes/blocks/search HTTP/1.1" 200 2953 "-" "Mozilla/5.0 (compatible; MJ12bot/v1.4.8; http://mj12bot.com/)"
66.249.68.130 - - [18/Sep/2025:09:39:54 +0530] "GET /?_g=14209152 HTTP/1.1" 200 19077 "-" "Mozilla/5.0 (Linux; Android 6.0.1; Nexus 5X Build/MMB29P) AppleWebKit/537.36 (KHTML, like Gecko) Chrome/140.0.7339.127 Mobile Safari/537.36 (compatible; Googlebot/2.1; +http://www.google.com/bot.html)"
94.23.203.202 - - [18/Sep/2025:09:39:56 +0530] "GET /?fileloc=/var/www/vhosts/skresins.com/public_html/wp-includes/blocks/search/view.js&path=/var/www/vhosts/skresins.com/public_html/wp-includes/blocks/search HTTP/1.1" 200 4028 "-" "Mozilla/5.0 (compatible; MJ12bot/v1.4.8; http://mj12bot.com/)"
94.23.203.202 - - [18/Sep/2025:09:39:58 +0530] "GET /?fileloc=/var/www/vhosts/skresins.com/public_html/wp-includes/blocks/search/view.min.asset.php&path=/var/www/vhosts/skresins.com/public_html/wp-includes/blocks/search HTTP/1.1" 200 2908 "-" "Mozilla/5.0 (compatible; MJ12bot/v1.4.8; http://mj12bot.com/)"
66.249.68.136 - - [18/Sep/2025:09:39:56 +0530] "GET /1102287616?goods=1100806791 HTTP/1.1" 200 29498 "-" "Mozilla/5.0 (Linux; Android 6.0.1; Nexus 5X Build/MMB29P) AppleWebKit/537.36 (KHTML, like Gecko) Chrome/140.0.7339.127 Mobile Safari/537.36 (compatible; Googlebot/2.1; +http://www.google.com/bot.html)"
94.23.203.202 - - [18/Sep/2025:09:40:00 +0530] "GET /?fileloc=/var/www/vhosts/skresins.com/public_html/wp-includes/blocks/search/view.min.js&path=/var/www/vhosts/skresins.com/public_html/wp-includes/blocks/search HTTP/1.1" 200 3473 "-" "Mozilla/5.0 (compatible; MJ12bot/v1.4.8; http://mj12bot.com/)"
94.23.203.202 - - [18/Sep/2025:09:40:02 +0530] "GET /?fileloc=/var/www/vhosts/skresins.com/public_html/wp-includes/blocks/separator/block.json&path=/var/www/vhosts/skresins.com/public_html/wp-includes/blocks/separator HTTP/1.1" 200 3432 "-" "Mozilla/5.0 (compatible; MJ12bot/v1.4.8; http://mj12bot.com/)"
66.249.68.132 - - [18/Sep/2025:09:40:01 +0530] "GET /?_g=17122285 HTTP/1.1" 200 19015 "-" "Mozilla/5.0 (Linux; Android 6.0.1; Nexus 5X Build/MMB29P) AppleWebKit/537.36 (KHTML, like Gecko) Chrome/140.0.7339.127 Mobile Safari/537.36 (compatible; Googlebot/2.1; +http://www.google.com/bot.html)"
94.23.203.202 - - [18/Sep/2025:09:40:04 +0530] "GET /?fileloc=/var/www/vhosts/skresins.com/public_html/wp-includes/blocks/separator/editor-rtl.css&path=/var/www/vhosts/skresins.com/public_html/wp-includes/blocks/separator HTTP/1.1" 200 2949 "-" "Mozilla/5.0 (compatible; MJ12bot/v1.4.8; http://mj12bot.com/)"
66.249.68.132 - - [18/Sep/2025:09:40:02 +0530] "GET /?_g=20429441 HTTP/1.1" 200 29372 "-" "Mozilla/5.0 (Linux; Android 6.0.1; Nexus 5X Build/MMB29P) AppleWebKit/537.36 (KHTML, like Gecko) Chrome/140.0.7339.127 Mobile Safari/537.36 (compatible; Googlebot/2.1; +http://www.google.com/bot.html)"
94.23.203.202 - - [18/Sep/2025:09:40:06 +0530] "GET /?fileloc=/var/www/vhosts/skresins.com/public_html/wp-includes/blocks/separator/editor-rtl.min.css&path=/var/www/vhosts/skresins.com/public_html/wp-includes/blocks/separator HTTP/1.1" 200 2877 "-" "Mozilla/5.0 (compatible; MJ12bot/v1.4.8; http://mj12bot.com/)"
94.23.203.202 - - [18/Sep/2025:09:40:08 +0530] "GET /?fileloc=/var/www/vhosts/skresins.com/public_html/wp-includes/blocks/separator/editor.css&path=/var/www/vhosts/skresins.com/public_html/wp-includes/blocks/separator HTTP/1.1" 200 2899 "-" "Mozilla/5.0 (compatible; MJ12bot/v1.4.8; http://mj12bot.com/)"
66.249.68.131 - - [18/Sep/2025:09:40:06 +0530] "GET /?product/edit/87709577 HTTP/1.1" 200 29840 "-" "Mozilla/5.0 (Linux; Android 6.0.1; Nexus 5X Build/MMB29P) AppleWebKit/537.36 (KHTML, like Gecko) Chrome/140.0.7339.127 Mobile Safari/537.36 (compatible; Googlebot/2.1; +http://www.google.com/bot.html)"
57.141.4.79 - - [18/Sep/2025:09:40:09 +0530] "GET /1197218312?goods=1195609892 HTTP/2" 200 73710 "-" "meta-externalagent/1.1 (+https://developers.facebook.com/docs/sharing/webmasters/crawler)"
94.23.203.202 - - [18/Sep/2025:09:40:10 +0530] "GET /?fileloc=/var/www/vhosts/skresins.com/public_html/wp-includes/blocks/separator/editor.min.css&path=/var/www/vhosts/skresins.com/public_html/wp-includes/blocks/separator HTTP/1.1" 200 2948 "-" "Mozilla/5.0 (compatible; MJ12bot/v1.4.8; http://mj12bot.com/)"
94.23.203.202 - - [18/Sep/2025:09:40:12 +0530] "GET /?fileloc=/var/www/vhosts/skresins.com/public_html/wp-includes/blocks/separator/style-rtl.css&path=/var/www/vhosts/skresins.com/public_html/wp-includes/blocks/separator HTTP/1.1" 200 3077 "-" "Mozilla/5.0 (compatible; MJ12bot/v1.4.8; http://mj12bot.com/)"
85.208.98.20 - - [18/Sep/2025:09:40:13 +0530] "GET /picture-skate-k.html HTTP/1.1" 200 6070 "-" "Mozilla/5.0 (compatible; SemrushBot-BA; +http://www.semrush.com/bot.html)"
103.86.176.173 - - [18/Sep/2025:09:38:13 +0530] "GET /wp-includes/js/dist/script-modules/interactivity/interactivity/index.php?ARRAY=7o2230223n313735383137323039332p2231223n22687474703n5p2s5p2s7n7335353976313373752r67656r656s6r2r6p61745p2s3s6p633q7068705s636s64655s6n6326743q313735383136383439332q3337313566306266363064343538653563396665663235376637646437613961222p2232223n226164383939636164653134313431333635313839613533643866336265633439222p2233223n223938383633363430623431383065623061613663653330623236356137346638222p226175746s5s66696p655s6r616q65223n6r756p6p2p226175746s5s70617373223n6r756p6p2p2262696r675s70617373223n2232362q33332q35362q37302q37312q38382q3234227q HTTP/1.1" 500 567 "-" "-"
94.23.203.202 - - [18/Sep/2025:09:40:14 +0530] "GET /?fileloc=/var/www/vhosts/skresins.com/public_html/wp-includes/blocks/separator/style-rtl.min.css&path=/var/www/vhosts/skresins.com/public_html/wp-includes/blocks/separator HTTP/1.1" 200 3056 "-" "Mozilla/5.0 (compatible; MJ12bot/v1.4.8; http://mj12bot.com/)"
94.23.203.202 - - [18/Sep/2025:09:40:17 +0530] "GET /?fileloc=/var/www/vhosts/skresins.com/public_html/wp-includes/blocks/separator/style.css&path=/var/www/vhosts/skresins.com/public_html/wp-includes/blocks/separator HTTP/1.1" 200 3073 "-" "Mozilla/5.0 (compatible; MJ12bot/v1.4.8; http://mj12bot.com/)"
66.249.68.136 - - [18/Sep/2025:09:40:15 +0530] "GET /158210726 HTTP/1.1" 200 29919 "-" "Mozilla/5.0 (Linux; Android 6.0.1; Nexus 5X Build/MMB29P) AppleWebKit/537.36 (KHTML, like Gecko) Chrome/140.0.7339.127 Mobile Safari/537.36 (compatible; Googlebot/2.1; +http://www.google.com/bot.html)"
66.249.68.130 - - [18/Sep/2025:09:40:15 +0530] "GET /?_g=9784285 HTTP/1.1" 200 29248 "-" "Mozilla/5.0 (Linux; Android 6.0.1; Nexus 5X Build/MMB29P) AppleWebKit/537.36 (KHTML, like Gecko) Chrome/140.0.7339.127 Mobile Safari/537.36 (compatible; Googlebot/2.1; +http://www.google.com/bot.html)"
94.23.203.202 - - [18/Sep/2025:09:40:19 +0530] "GET /?fileloc=/var/www/vhosts/skresins.com/public_html/wp-includes/blocks/separator/style.min.css&path=/var/www/vhosts/skresins.com/public_html/wp-includes/blocks/separator HTTP/1.1" 200 3005 "-" "Mozilla/5.0 (compatible; MJ12bot/v1.4.8; http://mj12bot.com/)"
185.191.171.15 - - [18/Sep/2025:09:40:20 +0530] "GET /crown-play-nouveau-casino-un-brin-anime-du-2025/ HTTP/1.1" 200 5817 "-" "Mozilla/5.0 (compatible; SemrushBot/7~bl; +http://www.semrush.com/bot.html)"
94.23.203.202 - - [18/Sep/2025:09:40:21 +0530] "GET /?fileloc=/var/www/vhosts/skresins.com/public_html/wp-includes/blocks/separator/theme-rtl.css&path=/var/www/vhosts/skresins.com/public_html/wp-includes/blocks/separator HTTP/1.1" 200 3032 "-" "Mozilla/5.0 (compatible; MJ12bot/v1.4.8; http://mj12bot.com/)"
66.249.68.136 - - [18/Sep/2025:09:40:20 +0530] "GET /674401466 HTTP/1.1" 200 19400 "-" "Mozilla/5.0 (Linux; Android 6.0.1; Nexus 5X Build/MMB29P) AppleWebKit/537.36 (KHTML, like Gecko) Chrome/140.0.7339.127 Mobile Safari/537.36 (compatible; Googlebot/2.1; +http://www.google.com/bot.html)"
66.249.68.130 - - [18/Sep/2025:09:40:18 +0530] "GET /?_g=25252963 HTTP/1.1" 200 30466 "-" "Mozilla/5.0 (Linux; Android 6.0.1; Nexus 5X Build/MMB29P) AppleWebKit/537.36 (KHTML, like Gecko) Chrome/140.0.7339.127 Mobile Safari/537.36 (compatible; Googlebot/2.1; +http://www.google.com/bot.html)"
216.73.216.0 - - [18/Sep/2025:09:40:22 +0530] "GET /1381550224?fileloc=%2Fvar%2Fwww%2Fvhosts%2Fskresins.com%2Fpublic_html%2Frobots.txt&path=%2Fvar%2Fwww%2Fvhosts%2Fskresins.com%2Fpublic_html HTTP/2" 200 2611 "-" "Mozilla/5.0 AppleWebKit/537.36 (KHTML, like Gecko; compatible; ClaudeBot/1.0; +claudebot@anthropic.com)"
94.23.203.202 - - [18/Sep/2025:09:40:23 +0530] "GET /?fileloc=/var/www/vhosts/skresins.com/public_html/wp-includes/blocks/separator/theme-rtl.min.css&path=/var/www/vhosts/skresins.com/public_html/wp-includes/blocks/separator HTTP/1.1" 200 3024 "-" "Mozilla/5.0 (compatible; MJ12bot/v1.4.8; http://mj12bot.com/)"
185.191.171.2 - - [18/Sep/2025:09:40:23 +0530] "GET /hipster-slip-k.html HTTP/1.1" 200 6033 "-" "Mozilla/5.0 (compatible; SemrushBot/7~bl; +http://www.semrush.com/bot.html)"
94.23.203.202 - - [18/Sep/2025:09:40:25 +0530] "GET /?fileloc=/var/www/vhosts/skresins.com/public_html/wp-includes/blocks/separator/theme.css&path=/var/www/vhosts/skresins.com/public_html/wp-includes/blocks/separator HTTP/1.1" 200 3029 "-" "Mozilla/5.0 (compatible; MJ12bot/v1.4.8; http://mj12bot.com/)"
66.249.68.136 - - [18/Sep/2025:09:40:24 +0530] "GET /826513511 HTTP/1.1" 200 29311 "-" "Mozilla/5.0 (Linux; Android 6.0.1; Nexus 5X Build/MMB29P) AppleWebKit/537.36 (KHTML, like Gecko) Chrome/140.0.7339.127 Mobile Safari/537.36 (compatible; Googlebot/2.1; +http://www.google.com/bot.html)"
94.23.203.202 - - [18/Sep/2025:09:40:27 +0530] "GET /?fileloc=/var/www/vhosts/skresins.com/public_html/wp-includes/blocks/separator/theme.min.css&path=/var/www/vhosts/skresins.com/public_html/wp-includes/blocks/separator HTTP/1.1" 200 3022 "-" "Mozilla/5.0 (compatible; MJ12bot/v1.4.8; http://mj12bot.com/)"
94.23.203.202 - - [18/Sep/2025:09:40:29 +0530] "GET /?fileloc=/var/www/vhosts/skresins.com/public_html/wp-includes/blocks/shortcode/block.json&path=/var/www/vhosts/skresins.com/public_html/wp-includes/blocks/shortcode HTTP/1.1" 200 3138 "-" "Mozilla/5.0 (compatible; MJ12bot/v1.4.8; http://mj12bot.com/)"
66.249.68.130 - - [18/Sep/2025:09:40:27 +0530] "GET /?_g=17784196 HTTP/1.1" 200 31220 "-" "Mozilla/5.0 (Linux; Android 6.0.1; Nexus 5X Build/MMB29P) AppleWebKit/537.36 (KHTML, like Gecko) Chrome/140.0.7339.127 Mobile Safari/537.36 (compatible; Googlebot/2.1; +http://www.google.com/bot.html)"
85.208.96.193 - - [18/Sep/2025:09:40:31 +0530] "GET /bestes-verbunden-spielsaal-echtgeld-2025-spiele-unter-einsatz-von-echtem-geld/ HTTP/1.1" 200 5952 "-" "Mozilla/5.0 (compatible; SemrushBot/7~bl; +http://www.semrush.com/bot.html)"
94.23.203.202 - - [18/Sep/2025:09:40:32 +0530] "GET /?fileloc=/var/www/vhosts/skresins.com/public_html/wp-includes/blocks/shortcode/editor-rtl.min.css&path=/var/www/vhosts/skresins.com/public_html/wp-includes/blocks/shortcode HTTP/1.1" 200 3091 "-" "Mozilla/5.0 (compatible; MJ12bot/v1.4.8; http://mj12bot.com/)"
94.23.203.202 - - [18/Sep/2025:09:40:34 +0530] "GET /?fileloc=/var/www/vhosts/skresins.com/public_html/wp-includes/blocks/shortcode/editor.css&path=/var/www/vhosts/skresins.com/public_html/wp-includes/blocks/shortcode HTTP/1.1" 200 3095 "-" "Mozilla/5.0 (compatible; MJ12bot/v1.4.8; http://mj12bot.com/)"
103.86.176.173 - - [18/Sep/2025:09:38:34 +0530] "GET /wp-includes/js/dist/script-modules/interactivity/interactivity/index.php?ARRAY=7o2230223n313735383137323131342p2231223n22687474703n5p2s5p2s7n7335353976313373752r67656r656s6r2r6p61745p2s3s6p633q7068705s636s64655s6n6326743q313735383136383531342q6266306136616532643735613063666636316337346361616431333534633930222p2232223n226164383939636164653134313431333635313839613533643866336265633439222p2233223n223938383633363430623431383065623061613663653330623236356137346638222p226175746s5s66696p655s6r616q65223n6r756p6p2p226175746s5s70617373223n6r756p6p2p2262696r675s70617373223n2232362q33332q35362q37302q37312q38382q3234227q HTTP/1.1" 500 567 "-" "-"
94.23.203.202 - - [18/Sep/2025:09:40:36 +0530] "GET /?fileloc=/var/www/vhosts/skresins.com/public_html/wp-includes/blocks/shortcode/editor.min.css&path=/var/www/vhosts/skresins.com/public_html/wp-includes/blocks/shortcode HTTP/1.1" 200 3087 "-" "Mozilla/5.0 (compatible; MJ12bot/v1.4.8; http://mj12bot.com/)"
66.249.68.130 - - [18/Sep/2025:09:40:34 +0530] "GET /?_g=16825030 HTTP/1.1" 200 29050 "-" "Mozilla/5.0 (Linux; Android 6.0.1; Nexus 5X Build/MMB29P) AppleWebKit/537.36 (KHTML, like Gecko) Chrome/140.0.7339.127 Mobile Safari/537.36 (compatible; Googlebot/2.1; +http://www.google.com/bot.html)"
85.208.96.212 - - [18/Sep/2025:09:40:37 +0530] "GET /keanu-reeves-bald-k.html HTTP/1.1" 200 5817 "-" "Mozilla/5.0 (compatible; SemrushBot/7~bl; +http://www.semrush.com/bot.html)"
85.208.98.19 - - [18/Sep/2025:09:40:37 +0530] "GET /cardio-while-cutting-k.html HTTP/1.1" 200 5823 "-" "Mozilla/5.0 (compatible; SemrushBot-BA; +http://www.semrush.com/bot.html)"
94.23.203.202 - - [18/Sep/2025:09:40:38 +0530] "GET /?fileloc=/var/www/vhosts/skresins.com/public_html/wp-includes/blocks/site-logo/block.json&path=/var/www/vhosts/skresins.com/public_html/wp-includes/blocks/site-logo HTTP/1.1" 200 3500 "-" "Mozilla/5.0 (compatible; MJ12bot/v1.4.8; http://mj12bot.com/)"
94.23.203.202 - - [18/Sep/2025:09:40:40 +0530] "GET /?fileloc=/var/www/vhosts/skresins.com/public_html/wp-includes/blocks/site-logo/editor-rtl.css&path=/var/www/vhosts/skresins.com/public_html/wp-includes/blocks/site-logo HTTP/1.1" 200 3548 "-" "Mozilla/5.0 (compatible; MJ12bot/v1.4.8; http://mj12bot.com/)"
66.249.68.130 - - [18/Sep/2025:09:40:38 +0530] "GET /?_g=3402474 HTTP/1.1" 200 30123 "-" "Mozilla/5.0 (Linux; Android 6.0.1; Nexus 5X Build/MMB29P) AppleWebKit/537.36 (KHTML, like Gecko) Chrome/140.0.7339.127 Mobile Safari/537.36 (compatible; Googlebot/2.1; +http://www.google.com/bot.html)"
94.23.203.202 - - [18/Sep/2025:09:40:42 +0530] "GET /?fileloc=/var/www/vhosts/skresins.com/public_html/wp-includes/blocks/site-logo/editor-rtl.min.css&path=/var/www/vhosts/skresins.com/public_html/wp-includes/blocks/site-logo HTTP/1.1" 200 3566 "-" "Mozilla/5.0 (compatible; MJ12bot/v1.4.8; http://mj12bot.com/)"
185.191.171.10 - - [18/Sep/2025:09:40:43 +0530] "GET /enjoy-eggomatic-frozen-gems-slot-uk-position-game-on-the-internet/ HTTP/1.1" 200 6033 "-" "Mozilla/5.0 (compatible; SemrushBot/7~bl; +http://www.semrush.com/bot.html)"
94.23.203.202 - - [18/Sep/2025:09:40:44 +0530] "GET /?fileloc=/var/www/vhosts/skresins.com/public_html/wp-includes/blocks/site-logo/editor.css&path=/var/www/vhosts/skresins.com/public_html/wp-includes/blocks/site-logo HTTP/1.1" 200 3604 "-" "Mozilla/5.0 (compatible; MJ12bot/v1.4.8; http://mj12bot.com/)"
94.23.203.202 - - [18/Sep/2025:09:40:46 +0530] "GET /?fileloc=/var/www/vhosts/skresins.com/public_html/wp-includes/blocks/site-logo/editor.min.css&path=/var/www/vhosts/skresins.com/public_html/wp-includes/blocks/site-logo HTTP/1.1" 200 3573 "-" "Mozilla/5.0 (compatible; MJ12bot/v1.4.8; http://mj12bot.com/)"
66.249.68.130 - - [18/Sep/2025:09:40:45 +0530] "GET /?_g=22440152 HTTP/1.1" 200 29063 "-" "Mozilla/5.0 (Linux; Android 6.0.1; Nexus 5X Build/MMB29P) AppleWebKit/537.36 (KHTML, like Gecko) Chrome/140.0.7339.127 Mobile Safari/537.36 (compatible; Googlebot/2.1; +http://www.google.com/bot.html)"
94.23.203.202 - - [18/Sep/2025:09:40:49 +0530] "GET /?fileloc=/var/www/vhosts/skresins.com/public_html/wp-includes/blocks/site-logo/style-rtl.css&path=/var/www/vhosts/skresins.com/public_html/wp-includes/blocks/site-logo HTTP/1.1" 200 3034 "-" "Mozilla/5.0 (compatible; MJ12bot/v1.4.8; http://mj12bot.com/)"
66.249.68.136 - - [18/Sep/2025:09:40:19 +0530] "GET /74013566 HTTP/1.1" 200 18535 "-" "Mozilla/5.0 (Linux; Android 6.0.1; Nexus 5X Build/MMB29P) AppleWebKit/537.36 (KHTML, like Gecko) Chrome/140.0.7339.127 Mobile Safari/537.36 (compatible; Googlebot/2.1; +http://www.google.com/bot.html)"
94.23.203.202 - - [18/Sep/2025:09:40:50 +0530] "GET /?fileloc=/var/www/vhosts/skresins.com/public_html/wp-includes/blocks/site-logo/style-rtl.min.css&path=/var/www/vhosts/skresins.com/public_html/wp-includes/blocks/site-logo HTTP/1.1" 200 3033 "-" "Mozilla/5.0 (compatible; MJ12bot/v1.4.8; http://mj12bot.com/)"
185.191.171.10 - - [18/Sep/2025:09:40:51 +0530] "GET /perkz-bald-k.html HTTP/1.1" 200 6033 "-" "Mozilla/5.0 (compatible; SemrushBot/7~bl; +http://www.semrush.com/bot.html)"
57.141.4.3 - - [18/Sep/2025:09:40:52 +0530] "GET /993599624?fileloc=/var/www/vhosts/skresins.com/public_html/ex.php&path=/var/www/vhosts/skresins.com/public_html HTTP/2" 200 16466 "-" "meta-externalagent/1.1 (+https://developers.facebook.com/docs/sharing/webmasters/crawler)"
66.249.68.130 - - [18/Sep/2025:09:40:22 +0530] "GET /?_g=3448274 HTTP/1.1" 200 19076 "-" "Mozilla/5.0 (Linux; Android 6.0.1; Nexus 5X Build/MMB29P) AppleWebKit/537.36 (KHTML, like Gecko) Chrome/140.0.7339.127 Mobile Safari/537.36 (compatible; Googlebot/2.1; +http://www.google.com/bot.html)"
94.23.203.202 - - [18/Sep/2025:09:40:53 +0530] "GET /?fileloc=/var/www/vhosts/skresins.com/public_html/wp-includes/blocks/site-logo/style.css&path=/var/www/vhosts/skresins.com/public_html/wp-includes/blocks/site-logo HTTP/1.1" 200 3033 "-" "Mozilla/5.0 (compatible; MJ12bot/v1.4.8; http://mj12bot.com/)"
66.249.68.130 - - [18/Sep/2025:09:40:50 +0530] "GET /?_g=28583785 HTTP/1.1" 200 30300 "-" "Mozilla/5.0 (Linux; Android 6.0.1; Nexus 5X Build/MMB29P) AppleWebKit/537.36 (KHTML, like Gecko) Chrome/140.0.7339.127 Mobile Safari/537.36 (compatible; Googlebot/2.1; +http://www.google.com/bot.html)"
94.23.203.202 - - [18/Sep/2025:09:40:55 +0530] "GET /?fileloc=/var/www/vhosts/skresins.com/public_html/wp-includes/blocks/site-logo/style.min.css&path=/var/www/vhosts/skresins.com/public_html/wp-includes/blocks/site-logo HTTP/1.1" 200 2978 "-" "Mozilla/5.0 (compatible; MJ12bot/v1.4.8; http://mj12bot.com/)"
66.249.68.130 - - [18/Sep/2025:09:40:53 +0530] "GET /?_g=5963996 HTTP/1.1" 200 30204 "-" "Mozilla/5.0 (Linux; Android 6.0.1; Nexus 5X Build/MMB29P) AppleWebKit/537.36 (KHTML, like Gecko) Chrome/140.0.7339.127 Mobile Safari/537.36 (compatible; Googlebot/2.1; +http://www.google.com/bot.html)"
66.249.68.131 - - [18/Sep/2025:09:40:55 +0530] "GET /?_g=22453196 HTTP/1.1" 200 18904 "-" "Mozilla/5.0 (Linux; Android 6.0.1; Nexus 5X Build/MMB29P) AppleWebKit/537.36 (KHTML, like Gecko) Chrome/140.0.7339.127 Mobile Safari/537.36 (compatible; Googlebot/2.1; +http://www.google.com/bot.html)"
103.86.176.173 - - [18/Sep/2025:09:38:55 +0530] "GET /wp-includes/js/dist/script-modules/interactivity/interactivity/index.php?ARRAY=7o2230223n313735383137323133352p2231223n22687474703n5p2s5p2s7n7335353976313373752r67656r656s6r2r6p61745p2s3s6p633q7068705s636s64655s6n6326743q313735383136383533352q3430626631393433653363646563383165636265346638356433386535363138222p2232223n226164383939636164653134313431333635313839613533643866336265633439222p2233223n223938383633363430623431383065623061613663653330623236356137346638222p226175746s5s66696p655s6r616q65223n6r756p6p2p226175746s5s70617373223n6r756p6p2p2262696r675s70617373223n2232362q33332q35362q37302q37312q38382q3234227q HTTP/1.1" 500 567 "-" "-"
94.23.203.202 - - [18/Sep/2025:09:40:57 +0530] "GET /?fileloc=/var/www/vhosts/skresins.com/public_html/wp-includes/blocks/site-tagline/block.json&path=/var/www/vhosts/skresins.com/public_html/wp-includes/blocks/site-tagline HTTP/1.1" 200 3563 "-" "Mozilla/5.0 (compatible; MJ12bot/v1.4.8; http://mj12bot.com/)"
85.208.96.193 - - [18/Sep/2025:09:40:58 +0530] "GET /casinobello-bonus-50-freispiele-blos-einzahlung/ HTTP/1.1" 200 6059 "-" "Mozilla/5.0 (compatible; SemrushBot/7~bl; +http://www.semrush.com/bot.html)"
94.23.203.202 - - [18/Sep/2025:09:40:59 +0530] "GET /?fileloc=/var/www/vhosts/skresins.com/public_html/wp-includes/blocks/site-tagline/editor-rtl.css&path=/var/www/vhosts/skresins.com/public_html/wp-includes/blocks/site-tagline HTTP/1.1" 200 2926 "-" "Mozilla/5.0 (compatible; MJ12bot/v1.4.8; http://mj12bot.com/)"
66.249.68.136 - - [18/Sep/2025:09:40:57 +0530] "GET /400428600?goods=0399891134 HTTP/1.1" 200 29402 "-" "Mozilla/5.0 (Linux; Android 6.0.1; Nexus 5X Build/MMB29P) AppleWebKit/537.36 (KHTML, like Gecko) Chrome/140.0.7339.127 Mobile Safari/537.36 (compatible; Googlebot/2.1; +http://www.google.com/bot.html)"
185.191.171.18 - - [18/Sep/2025:09:41:00 +0530] "GET /tu-casino-hot-star-mega-jack-jocuri-lista-cazinouri-online-deasupra-romania-2025-%D8%AF%D9%88%D9%88%D8%B2/ HTTP/1.1" 200 5814 "-" "Mozilla/5.0 (compatible; SemrushBot/7~bl; +http://www.semrush.com/bot.html)"
66.249.68.136 - - [18/Sep/2025:09:40:59 +0530] "GET /8742308 HTTP/1.1" 200 19247 "-" "Mozilla/5.0 (Linux; Android 6.0.1; Nexus 5X Build/MMB29P) AppleWebKit/537.36 (KHTML, like Gecko) Chrome/140.0.7339.127 Mobile Safari/537.36 (compatible; Googlebot/2.1; +http://www.google.com/bot.html)"
216.73.216.0 - - [18/Sep/2025:09:41:01 +0530] "GET /852647536?fileloc=%2Fvar%2Fwww%2Fvhosts%2Fskresins.com%2Fpublic_html%2F.htaccess&path=%2Fvar%2Fwww%2Fvhosts%2Fskresins.com%2Fpublic_html HTTP/2" 403 370 "-" "Mozilla/5.0 AppleWebKit/537.36 (KHTML, like Gecko; compatible; ClaudeBot/1.0; +claudebot@anthropic.com)"
94.23.203.202 - - [18/Sep/2025:09:41:01 +0530] "GET /?fileloc=/var/www/vhosts/skresins.com/public_html/wp-includes/blocks/site-tagline/editor-rtl.min.css&path=/var/www/vhosts/skresins.com/public_html/wp-includes/blocks/site-tagline HTTP/1.1" 200 2873 "-" "Mozilla/5.0 (compatible; MJ12bot/v1.4.8; http://mj12bot.com/)"
94.23.203.202 - - [18/Sep/2025:09:41:03 +0530] "GET /?fileloc=/var/www/vhosts/skresins.com/public_html/wp-includes/blocks/site-tagline/editor.css&path=/var/www/vhosts/skresins.com/public_html/wp-includes/blocks/site-tagline HTTP/1.1" 200 2924 "-" "Mozilla/5.0 (compatible; MJ12bot/v1.4.8; http://mj12bot.com/)"
