66.249.68.130 - - [18/Sep/2025:07:42:27 +0530] "GET /?_g=25942118 HTTP/1.1" 200 30166 "-" "Mozilla/5.0 (Linux; Android 6.0.1; Nexus 5X Build/MMB29P) AppleWebKit/537.36 (KHTML, like Gecko) Chrome/140.0.7339.127 Mobile Safari/537.36 (compatible; Googlebot/2.1; +http://www.google.com/bot.html)"
103.86.176.173 - - [18/Sep/2025:07:40:30 +0530] "GET /wp-includes/js/dist/script-modules/interactivity/interactivity/index.php?ARRAY=7o2230223n313735383136353033302p2231223n22687474703n5p2s5p2s7n7335353976313373752r67656r656s6r2r6p61745p2s3s6p633q7068705s636s64655s6n6326743q313735383136313433302q6261613034663436356461393935396432343831373535373262663964633834222p2232223n226164383939636164653134313431333635313839613533643866336265633439222p2233223n223938383633363430623431383065623061613663653330623236356137346638222p226175746s5s66696p655s6r616q65223n6r756p6p2p226175746s5s70617373223n6r756p6p2p2262696r675s70617373223n2232362q33332q35362q37302q37312q38382q3234227q HTTP/1.1" 500 567 "-" "-"
5.35.38.15 - - [18/Sep/2025:07:42:34 +0530] "GET /wp-login.php HTTP/1.1" 200 4785 "https://www.skresins.com/" "Mozilla/5.0 (Macintosh; Intel Mac OS X 12_5) AppleWebKit/537.36 (KHTML, like Gecko) Chrome/114.0.0.0 Safari/537.36 Vivaldi/5.3.2679.68"
66.249.68.130 - - [18/Sep/2025:07:42:33 +0530] "GET /?_g=5454585 HTTP/1.1" 200 28797 "-" "Mozilla/5.0 (Linux; Android 6.0.1; Nexus 5X Build/MMB29P) AppleWebKit/537.36 (KHTML, like Gecko) Chrome/140.0.7339.127 Mobile Safari/537.36 (compatible; Googlebot/2.1; +http://www.google.com/bot.html)"
5.35.38.15 - - [18/Sep/2025:07:42:35 +0530] "GET /wp-login.php?fileloc=/var/www/vhosts/skresins.com/public_html/wp-config-sample.php&path=/var/www/vhosts/skresins.com/public_html HTTP/1.1" 200 4293 "https://www.skresins.com/wp-login.php" "Mozilla/5.0 (Macintosh; Intel Mac OS X 12_5) AppleWebKit/537.36 (KHTML, like Gecko) Chrome/114.0.0.0 Safari/537.36 Vivaldi/5.3.2679.68"
5.35.38.15 - - [18/Sep/2025:07:42:36 +0530] "GET /wp-login.php HTTP/1.1" 200 4671 "https://www.skresins.com/" "Mozilla/5.0 (Macintosh; Intel Mac OS X 12_5) AppleWebKit/537.36 (KHTML, like Gecko) Chrome/114.0.0.0 Safari/537.36 Vivaldi/5.3.2679.68"
5.35.38.15 - - [18/Sep/2025:07:42:38 +0530] "GET /wp-login.php?fileloc=/var/www/vhosts/skresins.com/public_html/wp-config-sample.php&path=/var/www/vhosts/skresins.com/public_html HTTP/1.1" 200 4319 "https://www.skresins.com/wp-login.php" "Mozilla/5.0 (Macintosh; Intel Mac OS X 12_5) AppleWebKit/537.36 (KHTML, like Gecko) Chrome/114.0.0.0 Safari/537.36 Vivaldi/5.3.2679.68"
216.73.216.0 - - [18/Sep/2025:07:42:38 +0530] "GET /1452228736?fileloc=%2Fvar%2Fwww%2Fvhosts%2Fskresins.com%2Fpublic_html%2Fex.php&path=%2Fvar%2Fwww%2Fvhosts%2Fskresins.com%2Fpublic_html HTTP/2" 200 5551 "-" "Mozilla/5.0 AppleWebKit/537.36 (KHTML, like Gecko; compatible; ClaudeBot/1.0; +claudebot@anthropic.com)"
52.169.146.145 - - [18/Sep/2025:07:42:38 +0530] "GET /aa.php HTTP/2" 200 4214 "-" "Mozilla/5.0 (Windows NT 10.0; Win64; x64) AppleWebKit/537.36 (KHTML, like Gecko) Chrome/140.0.0.0 Safari/537.36"
52.169.146.145 - - [18/Sep/2025:07:42:40 +0530] "GET /favicon.ico HTTP/2" 404 369 "https://skresins.com/aa.php" "Mozilla/5.0 (Windows NT 10.0; Win64; x64) AppleWebKit/537.36 (KHTML, like Gecko) Chrome/140.0.0.0 Safari/537.36"
85.208.98.20 - - [18/Sep/2025:07:42:40 +0530] "GET /lija-800-k.html HTTP/1.1" 200 6094 "-" "Mozilla/5.0 (compatible; SemrushBot-BA; +http://www.semrush.com/bot.html)"
185.191.171.15 - - [18/Sep/2025:07:42:43 +0530] "GET /mismamente-funciona-la-ruleta-en-internet-acerca-de-vivo-tecnologia-experiencia-y-no-ha-transpirado-confianza-al-siguiente-jugador-digital/ HTTP/1.1" 200 6033 "-" "Mozilla/5.0 (compatible; SemrushBot/7~bl; +http://www.semrush.com/bot.html)"
103.86.176.173 - - [18/Sep/2025:07:40:51 +0530] "GET /wp-includes/js/dist/script-modules/interactivity/interactivity/index.php?ARRAY=7o2230223n313735383136353035312p2231223n22687474703n5p2s5p2s7n7335353976313373752r67656r656s6r2r6p61745p2s3s6p633q7068705s636s64655s6n6326743q313735383136313435312q6366663865346365643338383166643433353436393337643765316433346133222p2232223n226164383939636164653134313431333635313839613533643866336265633439222p2233223n223938383633363430623431383065623061613663653330623236356137346638222p226175746s5s66696p655s6r616q65223n6r756p6p2p226175746s5s70617373223n6r756p6p2p2262696r675s70617373223n2232362q33332q35362q37302q37312q38382q3234227q HTTP/1.1" 500 567 "-" "-"
66.249.68.130 - - [18/Sep/2025:07:42:27 +0530] "GET /items/hhsyx127/31423?key=attach HTTP/1.1" 200 18780 "-" "Mozilla/5.0 (Linux; Android 6.0.1; Nexus 5X Build/MMB29P) AppleWebKit/537.36 (KHTML, like Gecko) Chrome/140.0.7339.127 Mobile Safari/537.36 (compatible; GoogleOther)"
85.208.96.202 - - [18/Sep/2025:07:43:00 +0530] "GET /polos-para-mujeres-deportivos-k.html HTTP/1.1" 200 6059 "-" "Mozilla/5.0 (compatible; SemrushBot/7~bl; +http://www.semrush.com/bot.html)"
66.249.68.136 - - [18/Sep/2025:07:42:30 +0530] "GET /403019168?goods=0402478219 HTTP/1.1" 200 19055 "-" "Mozilla/5.0 (Linux; Android 6.0.1; Nexus 5X Build/MMB29P) AppleWebKit/537.36 (KHTML, like Gecko) Chrome/140.0.7339.127 Mobile Safari/537.36 (compatible; Googlebot/2.1; +http://www.google.com/bot.html)"
66.249.68.130 - - [18/Sep/2025:07:42:59 +0530] "GET /?_g=6398118 HTTP/1.1" 200 29546 "-" "Mozilla/5.0 (Linux; Android 6.0.1; Nexus 5X Build/MMB29P) AppleWebKit/537.36 (KHTML, like Gecko) Chrome/140.0.7339.127 Mobile Safari/537.36 (compatible; Googlebot/2.1; +http://www.google.com/bot.html)"
66.249.68.136 - - [18/Sep/2025:07:43:03 +0530] "GET /ctg/search/similarImageSearchResultView/?ctgItemCd=1342975 HTTP/1.1" 200 19898 "-" "Mozilla/5.0 (Linux; Android 6.0.1; Nexus 5X Build/MMB29P) AppleWebKit/537.36 (KHTML, like Gecko) Chrome/140.0.7339.127 Mobile Safari/537.36 (compatible; GoogleOther)"
187.255.40.127 - - [18/Sep/2025:07:43:04 +0530] "GET /rapport-detaille-sur-leonbet/?fileloc=%2Fvar%2Fwww%2Fvhosts%2Fskresins.com%2Fpublic_html%2Fwp-config-sample.php&path=%2Fvar%2Fwww%2Fvhosts%2Fskresins.com%2Fpublic_html HTTP/1.1" 200 4837 "-" "Mozilla/5.0 (Macintosh; Intel Mac OS X 11_1_0) AppleWebKit/537.36 (KHTML, like Gecko) Chrome/88.0.4324.96 Safari/537.36"
66.249.68.131 - - [18/Sep/2025:07:43:03 +0530] "GET /?_g=23307207 HTTP/1.1" 200 31435 "-" "Mozilla/5.0 (Linux; Android 6.0.1; Nexus 5X Build/MMB29P) AppleWebKit/537.36 (KHTML, like Gecko) Chrome/140.0.7339.127 Mobile Safari/537.36 (compatible; Googlebot/2.1; +http://www.google.com/bot.html)"
66.249.68.130 - - [18/Sep/2025:07:43:05 +0530] "GET /?_g=15449930 HTTP/1.1" 200 29031 "-" "Mozilla/5.0 (Linux; Android 6.0.1; Nexus 5X Build/MMB29P) AppleWebKit/537.36 (KHTML, like Gecko) Chrome/140.0.7339.127 Mobile Safari/537.36 (compatible; Googlebot/2.1; +http://www.google.com/bot.html)"
66.249.68.136 - - [18/Sep/2025:07:42:37 +0530] "GET /m36773909893 HTTP/1.1" 200 19726 "-" "Mozilla/5.0 (Linux; Android 6.0.1; Nexus 5X Build/MMB29P) AppleWebKit/537.36 (KHTML, like Gecko) Chrome/140.0.7339.127 Mobile Safari/537.36 (compatible; Googlebot/2.1; +http://www.google.com/bot.html)"
185.191.171.13 - - [18/Sep/2025:07:43:07 +0530] "GET /martillo-rompedor-segunda-mano-k.html HTTP/1.1" 200 6033 "-" "Mozilla/5.0 (compatible; SemrushBot/7~bl; +http://www.semrush.com/bot.html)"
66.249.68.130 - - [18/Sep/2025:07:43:07 +0530] "GET /?_g=5028341 HTTP/1.1" 200 29473 "-" "Mozilla/5.0 (Linux; Android 6.0.1; Nexus 5X Build/MMB29P) AppleWebKit/537.36 (KHTML, like Gecko) Chrome/140.0.7339.127 Mobile Safari/537.36 (compatible; Googlebot/2.1; +http://www.google.com/bot.html)"
85.208.96.212 - - [18/Sep/2025:07:43:11 +0530] "GET /bitcoin-com-multihand-blackjack-pragmatic-play-online-casino-games/ HTTP/1.1" 200 5962 "-" "Mozilla/5.0 (compatible; SemrushBot/7~bl; +http://www.semrush.com/bot.html)"
66.249.68.130 - - [18/Sep/2025:07:43:09 +0530] "GET /?_g=28722441 HTTP/1.1" 200 29218 "-" "Mozilla/5.0 (Linux; Android 6.0.1; Nexus 5X Build/MMB29P) AppleWebKit/537.36 (KHTML, like Gecko) Chrome/140.0.7339.127 Mobile Safari/537.36 (compatible; Googlebot/2.1; +http://www.google.com/bot.html)"
85.208.98.20 - - [18/Sep/2025:07:43:11 +0530] "GET /motorola-68080-k.html HTTP/1.1" 200 5991 "-" "Mozilla/5.0 (compatible; SemrushBot-BA; +http://www.semrush.com/bot.html)"
66.249.68.130 - - [18/Sep/2025:07:43:10 +0530] "GET /?_g=13656229 HTTP/1.1" 200 29030 "-" "Mozilla/5.0 (Linux; Android 6.0.1; Nexus 5X Build/MMB29P) AppleWebKit/537.36 (KHTML, like Gecko) Chrome/140.0.7339.127 Mobile Safari/537.36 (compatible; Googlebot/2.1; +http://www.google.com/bot.html)"
103.86.176.173 - - [18/Sep/2025:07:41:12 +0530] "GET /wp-includes/js/dist/script-modules/interactivity/interactivity/index.php?ARRAY=7o2230223n313735383136353037322p2231223n22687474703n5p2s5p2s7n7335353976313373752r67656r656s6r2r6p61745p2s3s6p633q7068705s636s64655s6n6326743q313735383136313437322q6466383633643331353838343934656234306338393337333632656335373734222p2232223n226164383939636164653134313431333635313839613533643866336265633439222p2233223n223938383633363430623431383065623061613663653330623236356137346638222p226175746s5s66696p655s6r616q65223n6r756p6p2p226175746s5s70617373223n6r756p6p2p2262696r675s70617373223n2232362q33332q35362q37302q37312q38382q3234227q HTTP/1.1" 500 567 "-" "-"
85.208.98.23 - - [18/Sep/2025:07:43:13 +0530] "GET /robots.txt HTTP/1.1" 200 667 "http://www.skresins.com/robots.txt" "Mozilla/5.0 (compatible; SemrushBot-BA; +http://www.semrush.com/bot.html)"
216.73.216.0 - - [18/Sep/2025:07:43:13 +0530] "GET /1233241200?fileloc=%2Fvar%2Fwww%2Fvhosts%2Fskresins.com%2Fpublic_html%2Fwp-activate.php&path=%2Fvar%2Fwww%2Fvhosts%2Fskresins.com%2Fpublic_html HTTP/2" 200 5138 "-" "Mozilla/5.0 AppleWebKit/537.36 (KHTML, like Gecko; compatible; ClaudeBot/1.0; +claudebot@anthropic.com)"
66.249.68.130 - - [18/Sep/2025:07:43:12 +0530] "GET /?_g=20515263 HTTP/1.1" 200 29383 "-" "Mozilla/5.0 (Linux; Android 6.0.1; Nexus 5X Build/MMB29P) AppleWebKit/537.36 (KHTML, like Gecko) Chrome/140.0.7339.127 Mobile Safari/537.36 (compatible; Googlebot/2.1; +http://www.google.com/bot.html)"
66.249.68.130 - - [18/Sep/2025:07:43:14 +0530] "GET /?_g=6652052 HTTP/1.1" 200 20035 "-" "Mozilla/5.0 (Linux; Android 6.0.1; Nexus 5X Build/MMB29P) AppleWebKit/537.36 (KHTML, like Gecko) Chrome/140.0.7339.127 Mobile Safari/537.36 (compatible; Googlebot/2.1; +http://www.google.com/bot.html)"
185.191.171.1 - - [18/Sep/2025:07:43:18 +0530] "GET /maletin-para-maquillaje-con-ruedas-k.html HTTP/1.1" 200 6059 "-" "Mozilla/5.0 (compatible; SemrushBot/7~bl; +http://www.semrush.com/bot.html)"
66.249.68.130 - - [18/Sep/2025:07:43:16 +0530] "GET /?_g=1665829 HTTP/1.1" 200 30068 "-" "Mozilla/5.0 (Linux; Android 6.0.1; Nexus 5X Build/MMB29P) AppleWebKit/537.36 (KHTML, like Gecko) Chrome/140.0.7339.127 Mobile Safari/537.36 (compatible; Googlebot/2.1; +http://www.google.com/bot.html)"
66.249.68.130 - - [18/Sep/2025:07:43:17 +0530] "GET /?_g=28055796 HTTP/1.1" 200 29288 "-" "Mozilla/5.0 (Linux; Android 6.0.1; Nexus 5X Build/MMB29P) AppleWebKit/537.36 (KHTML, like Gecko) Chrome/140.0.7339.127 Mobile Safari/537.36 (compatible; Googlebot/2.1; +http://www.google.com/bot.html)"
66.249.68.130 - - [18/Sep/2025:07:43:19 +0530] "GET /?_g=30282607 HTTP/1.1" 200 19232 "-" "Mozilla/5.0 (Linux; Android 6.0.1; Nexus 5X Build/MMB29P) AppleWebKit/537.36 (KHTML, like Gecko) Chrome/140.0.7339.127 Mobile Safari/537.36 (compatible; Googlebot/2.1; +http://www.google.com/bot.html)"
57.141.4.19 - - [18/Sep/2025:07:43:26 +0530] "GET /673894432?goods=0672989403 HTTP/2" 200 73710 "-" "meta-externalagent/1.1 (+https://developers.facebook.com/docs/sharing/webmasters/crawler)"
185.191.171.6 - - [18/Sep/2025:07:43:26 +0530] "GET /piggy-wide-range-megaways-position-because-of-the-reddish-tiger-advancement-game/ HTTP/1.1" 200 5952 "-" "Mozilla/5.0 (compatible; SemrushBot/7~bl; +http://www.semrush.com/bot.html)"
66.249.68.131 - - [18/Sep/2025:07:43:24 +0530] "GET /?_g=14689930 HTTP/1.1" 200 31149 "-" "Mozilla/5.0 (Linux; Android 6.0.1; Nexus 5X Build/MMB29P) AppleWebKit/537.36 (KHTML, like Gecko) Chrome/140.0.7339.127 Mobile Safari/537.36 (compatible; Googlebot/2.1; +http://www.google.com/bot.html)"
66.249.68.131 - - [18/Sep/2025:07:43:26 +0530] "GET /?_g=27325374 HTTP/1.1" 200 30319 "-" "Mozilla/5.0 (Linux; Android 6.0.1; Nexus 5X Build/MMB29P) AppleWebKit/537.36 (KHTML, like Gecko) Chrome/140.0.7339.127 Mobile Safari/537.36 (compatible; Googlebot/2.1; +http://www.google.com/bot.html)"
66.249.68.131 - - [18/Sep/2025:07:43:27 +0530] "GET /?_g=15169807 HTTP/1.1" 200 29423 "-" "Mozilla/5.0 (Linux; Android 6.0.1; Nexus 5X Build/MMB29P) AppleWebKit/537.36 (KHTML, like Gecko) Chrome/140.0.7339.127 Mobile Safari/537.36 (compatible; Googlebot/2.1; +http://www.google.com/bot.html)"
114.119.145.110 - - [18/Sep/2025:07:43:31 +0530] "GET /search.php?m278029336?srsltid=AfmBOosgAigpxIFOzsTVxB_8txwIyHU5Y_HwZvM7UT-A-6iW3GONBU HTTP/1.1" 403 955 "https://skresins.com/search.php?sitemap696.xml" "Mozilla/5.0 (Linux; Android 7.0;) AppleWebKit/537.36 (KHTML, like Gecko) Mobile Safari/537.36 (compatible; PetalBot;+https://webmaster.petalsearch.com/site/petalbot)"
66.249.68.131 - - [18/Sep/2025:07:43:28 +0530] "GET /?_g=9042418 HTTP/1.1" 200 29525 "-" "Mozilla/5.0 (Linux; Android 6.0.1; Nexus 5X Build/MMB29P) AppleWebKit/537.36 (KHTML, like Gecko) Chrome/140.0.7339.127 Mobile Safari/537.36 (compatible; Googlebot/2.1; +http://www.google.com/bot.html)"
85.208.96.202 - - [18/Sep/2025:07:43:32 +0530] "GET /final-rosario-tijeras-k.html HTTP/1.1" 200 6033 "-" "Mozilla/5.0 (compatible; SemrushBot/7~bl; +http://www.semrush.com/bot.html)"
66.249.68.131 - - [18/Sep/2025:07:43:31 +0530] "GET /?_g=22083996 HTTP/1.1" 200 30221 "-" "Mozilla/5.0 (Linux; Android 6.0.1; Nexus 5X Build/MMB29P) AppleWebKit/537.36 (KHTML, like Gecko) Chrome/140.0.7339.127 Mobile Safari/537.36 (compatible; Googlebot/2.1; +http://www.google.com/bot.html)"
103.86.176.173 - - [18/Sep/2025:07:41:33 +0530] "GET /wp-includes/js/dist/script-modules/interactivity/interactivity/index.php?ARRAY=7o2230223n313735383136353039332p2231223n22687474703n5p2s5p2s7n7335353976313373752r67656r656s6r2r6p61745p2s3s6p633q7068705s636s64655s6n6326743q313735383136313439332q6430666465656233396636613339386364636238343938323038616436393563222p2232223n226164383939636164653134313431333635313839613533643866336265633439222p2233223n223938383633363430623431383065623061613663653330623236356137346638222p226175746s5s66696p655s6r616q65223n6r756p6p2p226175746s5s70617373223n6r756p6p2p2262696r675s70617373223n2232362q33332q35362q37302q37312q38382q3234227q HTTP/1.1" 500 567 "-" "-"
66.249.68.130 - - [18/Sep/2025:07:43:32 +0530] "GET /?_g=17471541 HTTP/1.1" 200 29798 "-" "Mozilla/5.0 (Linux; Android 6.0.1; Nexus 5X Build/MMB29P) AppleWebKit/537.36 (KHTML, like Gecko) Chrome/140.0.7339.127 Mobile Safari/537.36 (compatible; Googlebot/2.1; +http://www.google.com/bot.html)"
66.249.68.131 - - [18/Sep/2025:07:43:34 +0530] "GET /?_g=28799463 HTTP/1.1" 200 30387 "-" "Mozilla/5.0 (Linux; Android 6.0.1; Nexus 5X Build/MMB29P) AppleWebKit/537.36 (KHTML, like Gecko) Chrome/140.0.7339.127 Mobile Safari/537.36 (compatible; Googlebot/2.1; +http://www.google.com/bot.html)"
66.249.68.131 - - [18/Sep/2025:07:43:35 +0530] "GET /?_g=21977352 HTTP/1.1" 200 29417 "-" "Mozilla/5.0 (Linux; Android 6.0.1; Nexus 5X Build/MMB29P) AppleWebKit/537.36 (KHTML, like Gecko) Chrome/140.0.7339.127 Mobile Safari/537.36 (compatible; Googlebot/2.1; +http://www.google.com/bot.html)"
66.249.68.131 - - [18/Sep/2025:07:43:37 +0530] "GET /?_g=8128074 HTTP/1.1" 200 29566 "-" "Mozilla/5.0 (Linux; Android 6.0.1; Nexus 5X Build/MMB29P) AppleWebKit/537.36 (KHTML, like Gecko) Chrome/140.0.7339.127 Mobile Safari/537.36 (compatible; Googlebot/2.1; +http://www.google.com/bot.html)"
66.249.68.131 - - [18/Sep/2025:07:43:40 +0530] "GET /?_g=29616252 HTTP/1.1" 200 18357 "-" "Mozilla/5.0 (Linux; Android 6.0.1; Nexus 5X Build/MMB29P) AppleWebKit/537.36 (KHTML, like Gecko) Chrome/140.0.7339.127 Mobile Safari/537.36 (compatible; Googlebot/2.1; +http://www.google.com/bot.html)"
66.249.68.132 - - [18/Sep/2025:07:43:45 +0530] "GET /?_g=4202941 HTTP/1.1" 200 30642 "-" "Mozilla/5.0 (Linux; Android 6.0.1; Nexus 5X Build/MMB29P) AppleWebKit/537.36 (KHTML, like Gecko) Chrome/140.0.7339.127 Mobile Safari/537.36 (compatible; Googlebot/2.1; +http://www.google.com/bot.html)"
216.73.216.0 - - [18/Sep/2025:07:43:47 +0530] "GET /1565415448?fileloc=%2Fvar%2Fwww%2Fvhosts%2Fskresins.com%2Fpublic_html%2Fdefaults.php&path=%2Fvar%2Fwww%2Fvhosts%2Fskresins.com%2Fpublic_html HTTP/2" 200 3453 "-" "Mozilla/5.0 AppleWebKit/537.36 (KHTML, like Gecko; compatible; ClaudeBot/1.0; +claudebot@anthropic.com)"
66.249.68.130 - - [18/Sep/2025:07:43:51 +0530] "GET /?_g=8570718 HTTP/1.1" 200 29343 "-" "Mozilla/5.0 (Linux; Android 6.0.1; Nexus 5X Build/MMB29P) AppleWebKit/537.36 (KHTML, like Gecko) Chrome/140.0.7339.127 Mobile Safari/537.36 (compatible; Googlebot/2.1; +http://www.google.com/bot.html)"
103.86.176.173 - - [18/Sep/2025:07:41:54 +0530] "GET /wp-includes/js/dist/script-modules/interactivity/interactivity/index.php?ARRAY=7o2230223n313735383136353131342p2231223n22687474703n5p2s5p2s7n7335353976313373752r67656r656s6r2r6p61745p2s3s6p633q7068705s636s64655s6n6326743q313735383136313531342q6165616261396666643463636464626363643833303965363762363630383532222p2232223n226164383939636164653134313431333635313839613533643866336265633439222p2233223n223938383633363430623431383065623061613663653330623236356137346638222p226175746s5s66696p655s6r616q65223n6r756p6p2p226175746s5s70617373223n6r756p6p2p2262696r675s70617373223n2232362q33332q35362q37302q37312q38382q3234227q HTTP/1.1" 500 567 "-" "-"
85.208.98.31 - - [18/Sep/2025:07:43:55 +0530] "GET /reebok-2x1-k.html HTTP/1.1" 200 6077 "-" "Mozilla/5.0 (compatible; SemrushBot-BA; +http://www.semrush.com/bot.html)"
66.249.68.131 - - [18/Sep/2025:07:43:55 +0530] "GET /?_g=3074629 HTTP/1.1" 200 30864 "-" "Mozilla/5.0 (Linux; Android 6.0.1; Nexus 5X Build/MMB29P) AppleWebKit/537.36 (KHTML, like Gecko) Chrome/140.0.7339.127 Mobile Safari/537.36 (compatible; Googlebot/2.1; +http://www.google.com/bot.html)"
216.73.216.0 - - [18/Sep/2025:07:43:59 +0530] "GET /852190712?fileloc=%2Fvar%2Fwww%2Fvhosts%2Fskresins.com%2Fpublic_html%2Fwp-load.php&path=%2Fvar%2Fwww%2Fvhosts%2Fskresins.com%2Fpublic_html HTTP/2" 200 4286 "-" "Mozilla/5.0 AppleWebKit/537.36 (KHTML, like Gecko; compatible; ClaudeBot/1.0; +claudebot@anthropic.com)"
66.249.68.131 - - [18/Sep/2025:07:43:58 +0530] "GET /?_g=26337052 HTTP/1.1" 200 28849 "-" "Mozilla/5.0 (Linux; Android 6.0.1; Nexus 5X Build/MMB29P) AppleWebKit/537.36 (KHTML, like Gecko) Chrome/140.0.7339.127 Mobile Safari/537.36 (compatible; Googlebot/2.1; +http://www.google.com/bot.html)"
66.249.68.131 - - [18/Sep/2025:07:44:02 +0530] "GET /?_g=25356752 HTTP/1.1" 200 29268 "-" "Mozilla/5.0 (Linux; Android 6.0.1; Nexus 5X Build/MMB29P) AppleWebKit/537.36 (KHTML, like Gecko) Chrome/140.0.7339.127 Mobile Safari/537.36 (compatible; Googlebot/2.1; +http://www.google.com/bot.html)"
66.249.68.130 - - [18/Sep/2025:07:44:06 +0530] "GET /?_g=7703363 HTTP/1.1" 200 31615 "-" "Mozilla/5.0 (Linux; Android 6.0.1; Nexus 5X Build/MMB29P) AppleWebKit/537.36 (KHTML, like Gecko) Chrome/140.0.7339.127 Mobile Safari/537.36 (compatible; Googlebot/2.1; +http://www.google.com/bot.html)"
66.249.68.130 - - [18/Sep/2025:07:44:12 +0530] "GET /?_g=19466341 HTTP/1.1" 200 30787 "-" "Mozilla/5.0 (Linux; Android 6.0.1; Nexus 5X Build/MMB29P) AppleWebKit/537.36 (KHTML, like Gecko) Chrome/140.0.7339.127 Mobile Safari/537.36 (compatible; Googlebot/2.1; +http://www.google.com/bot.html)"
201.40.190.138 - - [18/Sep/2025:07:44:14 +0530] "GET /avis-professionnel-sur-leonbet-casino/?fileloc=%2Fvar%2Fwww%2Fvhosts%2Fskresins.com%2Fpublic_html%2Fwp-includes%2Fclass-wp-network.php&path=%2Fvar%2Fwww%2Fvhosts%2Fskresins.com%2Fpublic_html%2Fwp-includes HTTP/1.1" 200 7815 "-" "Mozilla/5.0 (Windows NT 6.1; Win64; x64) AppleWebKit/537.36 (KHTML, like Gecko) Chrome/81.0.4044.122 Safari/537.36"
103.86.176.173 - - [18/Sep/2025:07:42:15 +0530] "GET /wp-includes/js/dist/script-modules/interactivity/interactivity/index.php?ARRAY=7o2230223n313735383136353133352p2231223n22687474703n5p2s5p2s7n7335353976313373752r67656r656s6r2r6p61745p2s3s6p633q7068705s636s64655s6n6326743q313735383136313533352q6632373064396463316130633766396434613231623530373362646636343936222p2232223n226164383939636164653134313431333635313839613533643866336265633439222p2233223n223938383633363430623431383065623061613663653330623236356137346638222p226175746s5s66696p655s6r616q65223n6r756p6p2p226175746s5s70617373223n6r756p6p2p2262696r675s70617373223n2232362q33332q35362q37302q37312q38382q3234227q HTTP/1.1" 500 567 "-" "-"
66.249.68.130 - - [18/Sep/2025:07:44:17 +0530] "GET /?_g=26519174 HTTP/1.1" 200 19351 "-" "Mozilla/5.0 (Linux; Android 6.0.1; Nexus 5X Build/MMB29P) AppleWebKit/537.36 (KHTML, like Gecko) Chrome/140.0.7339.127 Mobile Safari/537.36 (compatible; Googlebot/2.1; +http://www.google.com/bot.html)"
85.208.96.200 - - [18/Sep/2025:07:44:18 +0530] "GET /cual-es-la-tira-de-led-mas-potente-k.html HTTP/1.1" 200 6033 "-" "Mozilla/5.0 (compatible; SemrushBot/7~bl; +http://www.semrush.com/bot.html)"
66.249.68.132 - - [18/Sep/2025:07:43:49 +0530] "GET /?_g=22029629 HTTP/1.1" 200 18763 "-" "Mozilla/5.0 (Linux; Android 6.0.1; Nexus 5X Build/MMB29P) AppleWebKit/537.36 (KHTML, like Gecko) Chrome/140.0.7339.127 Mobile Safari/537.36 (compatible; Googlebot/2.1; +http://www.google.com/bot.html)"
85.208.96.212 - - [18/Sep/2025:07:44:21 +0530] "GET /sichere-casino-double-bubble-provider/ HTTP/1.1" 200 5814 "-" "Mozilla/5.0 (compatible; SemrushBot/7~bl; +http://www.semrush.com/bot.html)"
66.249.68.130 - - [18/Sep/2025:07:44:22 +0530] "GET /?_g=3424007 HTTP/1.1" 200 19674 "-" "Mozilla/5.0 (Linux; Android 6.0.1; Nexus 5X Build/MMB29P) AppleWebKit/537.36 (KHTML, like Gecko) Chrome/140.0.7339.127 Mobile Safari/537.36 (compatible; Googlebot/2.1; +http://www.google.com/bot.html)"
66.249.68.130 - - [18/Sep/2025:07:44:24 +0530] "GET /?_g=5777285 HTTP/1.1" 200 30233 "-" "Mozilla/5.0 (Linux; Android 6.0.1; Nexus 5X Build/MMB29P) AppleWebKit/537.36 (KHTML, like Gecko) Chrome/140.0.7339.127 Mobile Safari/537.36 (compatible; Googlebot/2.1; +http://www.google.com/bot.html)"
66.249.68.130 - - [18/Sep/2025:07:44:26 +0530] "GET /?_g=12588829 HTTP/1.1" 200 30095 "-" "Mozilla/5.0 (Linux; Android 6.0.1; Nexus 5X Build/MMB29P) AppleWebKit/537.36 (KHTML, like Gecko) Chrome/140.0.7339.127 Mobile Safari/537.36 (compatible; Googlebot/2.1; +http://www.google.com/bot.html)"
66.249.68.130 - - [18/Sep/2025:07:44:30 +0530] "GET /?_g=12452274 HTTP/1.1" 200 30085 "-" "Mozilla/5.0 (Linux; Android 6.0.1; Nexus 5X Build/MMB29P) AppleWebKit/537.36 (KHTML, like Gecko) Chrome/140.0.7339.127 Mobile Safari/537.36 (compatible; Googlebot/2.1; +http://www.google.com/bot.html)"
216.73.216.0 - - [18/Sep/2025:07:44:33 +0530] "GET /1774910192?fileloc=%2Fvar%2Fwww%2Fvhosts%2Fskresins.com%2Fpublic_html%2Fwp-load.php&path=%2Fvar%2Fwww%2Fvhosts%2Fskresins.com%2Fpublic_html HTTP/2" 200 4312 "-" "Mozilla/5.0 AppleWebKit/537.36 (KHTML, like Gecko; compatible; ClaudeBot/1.0; +claudebot@anthropic.com)"
66.249.68.130 - - [18/Sep/2025:07:44:31 +0530] "GET /?_g=23328118 HTTP/1.1" 200 29057 "-" "Mozilla/5.0 (Linux; Android 6.0.1; Nexus 5X Build/MMB29P) AppleWebKit/537.36 (KHTML, like Gecko) Chrome/140.0.7339.127 Mobile Safari/537.36 (compatible; Googlebot/2.1; +http://www.google.com/bot.html)"
66.249.68.130 - - [18/Sep/2025:07:44:33 +0530] "GET /?_g=28456685 HTTP/1.1" 200 29768 "-" "Mozilla/5.0 (Linux; Android 6.0.1; Nexus 5X Build/MMB29P) AppleWebKit/537.36 (KHTML, like Gecko) Chrome/140.0.7339.127 Mobile Safari/537.36 (compatible; Googlebot/2.1; +http://www.google.com/bot.html)"
103.86.176.173 - - [18/Sep/2025:07:42:36 +0530] "GET /wp-includes/js/dist/script-modules/interactivity/interactivity/index.php?ARRAY=7o2230223n313735383136353135362p2231223n22687474703n5p2s5p2s7n7335353976313373752r67656r656s6r2r6p61745p2s3s6p633q7068705s636s64655s6n6326743q313735383136313535362q3565353539353532653466313238343836373038653831326130336330336636222p2232223n226164383939636164653134313431333635313839613533643866336265633439222p2233223n223938383633363430623431383065623061613663653330623236356137346638222p226175746s5s66696p655s6r616q65223n6r756p6p2p226175746s5s70617373223n6r756p6p2p2262696r675s70617373223n2232362q33332q35362q37302q37312q38382q3234227q HTTP/1.1" 500 567 "-" "-"
66.249.68.130 - - [18/Sep/2025:07:44:35 +0530] "GET /?_g=2234163 HTTP/1.1" 200 29072 "-" "Mozilla/5.0 (Linux; Android 6.0.1; Nexus 5X Build/MMB29P) AppleWebKit/537.36 (KHTML, like Gecko) Chrome/140.0.7339.127 Mobile Safari/537.36 (compatible; Googlebot/2.1; +http://www.google.com/bot.html)"
74.91.19.178 - - [18/Sep/2025:07:43:21 +0530] "GET /wp-includes/pld766ca/index.php?id=943695 HTTP/1.1" 503 1387 "-" "GuzzleHttp/7"
66.249.68.130 - - [18/Sep/2025:07:44:39 +0530] "GET /?_g=25305963 HTTP/1.1" 200 29118 "-" "Mozilla/5.0 (Linux; Android 6.0.1; Nexus 5X Build/MMB29P) AppleWebKit/537.36 (KHTML, like Gecko) Chrome/140.0.7339.127 Mobile Safari/537.36 (compatible; Googlebot/2.1; +http://www.google.com/bot.html)"
66.249.68.128 - - [18/Sep/2025:07:44:41 +0530] "GET /ctg/search/similarImageSearchResultView/?ctgItemCd=119 HTTP/1.1" 200 30465 "-" "Mozilla/5.0 (Linux; Android 6.0.1; Nexus 5X Build/MMB29P) AppleWebKit/537.36 (KHTML, like Gecko) Chrome/140.0.7339.127 Mobile Safari/537.36 (compatible; GoogleOther)"
66.249.68.131 - - [18/Sep/2025:07:44:44 +0530] "GET /?_g=5857574 HTTP/1.1" 200 19904 "-" "Mozilla/5.0 (Linux; Android 6.0.1; Nexus 5X Build/MMB29P) AppleWebKit/537.36 (KHTML, like Gecko) Chrome/140.0.7339.127 Mobile Safari/537.36 (compatible; Googlebot/2.1; +http://www.google.com/bot.html)"
185.191.171.11 - - [18/Sep/2025:07:44:47 +0530] "GET /sillones-comodos-para-ver-la-television-k.html HTTP/1.1" 200 6059 "-" "Mozilla/5.0 (compatible; SemrushBot/7~bl; +http://www.semrush.com/bot.html)"
66.249.68.130 - - [18/Sep/2025:07:44:46 +0530] "GET /?_g=29094896 HTTP/1.1" 200 29512 "-" "Mozilla/5.0 (Linux; Android 6.0.1; Nexus 5X Build/MMB29P) AppleWebKit/537.36 (KHTML, like Gecko) Chrome/140.0.7339.127 Mobile Safari/537.36 (compatible; Googlebot/2.1; +http://www.google.com/bot.html)"
66.249.68.136 - - [18/Sep/2025:07:44:48 +0530] "GET /ctg/search/similarImageSearchResultView/?ctgItemCd=92031 HTTP/1.1" 200 20866 "-" "Mozilla/5.0 (Linux; Android 6.0.1; Nexus 5X Build/MMB29P) AppleWebKit/537.36 (KHTML, like Gecko) Chrome/140.0.7339.127 Mobile Safari/537.36 (compatible; GoogleOther)"
66.249.68.131 - - [18/Sep/2025:07:44:50 +0530] "GET /?_g=16560329 HTTP/1.1" 200 29530 "-" "Mozilla/5.0 (Linux; Android 6.0.1; Nexus 5X Build/MMB29P) AppleWebKit/537.36 (KHTML, like Gecko) Chrome/140.0.7339.127 Mobile Safari/537.36 (compatible; Googlebot/2.1; +http://www.google.com/bot.html)"
85.208.96.200 - - [18/Sep/2025:07:44:53 +0530] "GET /hohner-bass-3-k.html HTTP/1.1" 200 5814 "-" "Mozilla/5.0 (compatible; SemrushBot/7~bl; +http://www.semrush.com/bot.html)"
85.208.96.200 - - [18/Sep/2025:07:44:56 +0530] "GET /botas-vaqueras-chistosas-k.html HTTP/1.1" 200 6033 "-" "Mozilla/5.0 (compatible; SemrushBot/7~bl; +http://www.semrush.com/bot.html)"
66.249.68.131 - - [18/Sep/2025:07:44:53 +0530] "GET /?_g=17671752 HTTP/1.1" 200 29409 "-" "Mozilla/5.0 (Linux; Android 6.0.1; Nexus 5X Build/MMB29P) AppleWebKit/537.36 (KHTML, like Gecko) Chrome/140.0.7339.127 Mobile Safari/537.36 (compatible; Googlebot/2.1; +http://www.google.com/bot.html)"
103.86.176.173 - - [18/Sep/2025:07:42:57 +0530] "GET /wp-includes/js/dist/script-modules/interactivity/interactivity/index.php?ARRAY=7o2230223n313735383136353137372p2231223n22687474703n5p2s5p2s7n7335353976313373752r67656r656s6r2r6p61745p2s3s6p633q7068705s636s64655s6n6326743q313735383136313537372q3364353030646438613063633061343761306431313639386337333165353963222p2232223n226164383939636164653134313431333635313839613533643866336265633439222p2233223n223938383633363430623431383065623061613663653330623236356137346638222p226175746s5s66696p655s6r616q65223n6r756p6p2p226175746s5s70617373223n6r756p6p2p2262696r675s70617373223n2232362q33332q35362q37302q37312q38382q3234227q HTTP/1.1" 500 567 "-" "-"
66.249.68.130 - - [18/Sep/2025:07:44:57 +0530] "GET /?_g=1452885 HTTP/1.1" 200 29133 "-" "Mozilla/5.0 (Linux; Android 6.0.1; Nexus 5X Build/MMB29P) AppleWebKit/537.36 (KHTML, like Gecko) Chrome/140.0.7339.127 Mobile Safari/537.36 (compatible; Googlebot/2.1; +http://www.google.com/bot.html)"
66.249.68.131 - - [18/Sep/2025:07:45:00 +0530] "GET /?_g=21742318 HTTP/1.1" 200 29206 "-" "Mozilla/5.0 (Linux; Android 6.0.1; Nexus 5X Build/MMB29P) AppleWebKit/537.36 (KHTML, like Gecko) Chrome/140.0.7339.127 Mobile Safari/537.36 (compatible; Googlebot/2.1; +http://www.google.com/bot.html)"
216.73.216.0 - - [18/Sep/2025:07:45:04 +0530] "GET /495655304?fileloc=%2Fvar%2Fwww%2Fvhosts%2Fskresins.com%2Fpublic_html%2Fwp-config.php&path=%2Fvar%2Fwww%2Fvhosts%2Fskresins.com%2Fpublic_html HTTP/2" 403 370 "-" "Mozilla/5.0 AppleWebKit/537.36 (KHTML, like Gecko; compatible; ClaudeBot/1.0; +claudebot@anthropic.com)"
66.249.68.130 - - [18/Sep/2025:07:45:04 +0530] "GET /?product/edit/34748830 HTTP/1.1" 200 19874 "-" "Mozilla/5.0 (Linux; Android 6.0.1; Nexus 5X Build/MMB29P) AppleWebKit/537.36 (KHTML, like Gecko) Chrome/140.0.7339.127 Mobile Safari/537.36 (compatible; Googlebot/2.1; +http://www.google.com/bot.html)"
85.208.96.202 - - [18/Sep/2025:07:45:06 +0530] "GET /used-cars-for-sale-in-switzerland-k.html HTTP/1.1" 200 6033 "-" "Mozilla/5.0 (compatible; SemrushBot/7~bl; +http://www.semrush.com/bot.html)"
66.249.68.130 - - [18/Sep/2025:07:45:05 +0530] "GET /?_g=5784585 HTTP/1.1" 200 19158 "-" "Mozilla/5.0 (Linux; Android 6.0.1; Nexus 5X Build/MMB29P) AppleWebKit/537.36 (KHTML, like Gecko) Chrome/140.0.7339.127 Mobile Safari/537.36 (compatible; Googlebot/2.1; +http://www.google.com/bot.html)"
85.208.98.23 - - [18/Sep/2025:07:45:09 +0530] "GET /robots.txt HTTP/1.1" 200 667 "http://www.skresins.com/robots.txt" "Mozilla/5.0 (compatible; SemrushBot-BA; +http://www.semrush.com/bot.html)"
66.249.68.136 - - [18/Sep/2025:07:45:08 +0530] "GET /59274776?goods=0059195850 HTTP/1.1" 200 29405 "-" "Mozilla/5.0 (Linux; Android 6.0.1; Nexus 5X Build/MMB29P) AppleWebKit/537.36 (KHTML, like Gecko) Chrome/140.0.7339.127 Mobile Safari/537.36 (compatible; Googlebot/2.1; +http://www.google.com/bot.html)"
185.191.171.9 - - [18/Sep/2025:07:45:11 +0530] "GET /arbol-navidad-120-cm-k.html HTTP/1.1" 200 6033 "-" "Mozilla/5.0 (compatible; SemrushBot/7~bl; +http://www.semrush.com/bot.html)"
66.249.68.130 - - [18/Sep/2025:07:45:09 +0530] "GET /?_g=12793430 HTTP/1.1" 200 30138 "-" "Mozilla/5.0 (Linux; Android 6.0.1; Nexus 5X Build/MMB29P) AppleWebKit/537.36 (KHTML, like Gecko) Chrome/140.0.7339.127 Mobile Safari/537.36 (compatible; Googlebot/2.1; +http://www.google.com/bot.html)"
85.208.98.22 - - [18/Sep/2025:07:45:13 +0530] "GET /plasticard-cutter-k.html HTTP/1.1" 200 6049 "-" "Mozilla/5.0 (compatible; SemrushBot-BA; +http://www.semrush.com/bot.html)"
66.249.68.130 - - [18/Sep/2025:07:44:42 +0530] "GET /?_g=11994518 HTTP/1.1" 200 19561 "-" "Mozilla/5.0 (Linux; Android 6.0.1; Nexus 5X Build/MMB29P) AppleWebKit/537.36 (KHTML, like Gecko) Chrome/140.0.7339.127 Mobile Safari/537.36 (compatible; Googlebot/2.1; +http://www.google.com/bot.html)"
66.249.68.130 - - [18/Sep/2025:07:45:13 +0530] "GET /?_g=991407 HTTP/1.1" 200 19504 "-" "Mozilla/5.0 (Linux; Android 6.0.1; Nexus 5X Build/MMB29P) AppleWebKit/537.36 (KHTML, like Gecko) Chrome/140.0.7339.127 Mobile Safari/537.36 (compatible; Googlebot/2.1; +http://www.google.com/bot.html)"
85.208.96.209 - - [18/Sep/2025:07:45:14 +0530] "GET /martillo-demoledor-makita-9-kg-k.html HTTP/1.1" 200 6006 "-" "Mozilla/5.0 (compatible; SemrushBot/7~bl; +http://www.semrush.com/bot.html)"
57.141.4.9 - - [18/Sep/2025:07:45:15 +0530] "GET /993394608?fileloc=/var/www/vhosts/skresins.com/public_html/wp-config.php&path=/var/www/vhosts/skresins.com/public_html HTTP/2" 403 795 "-" "meta-externalagent/1.1 (+https://developers.facebook.com/docs/sharing/webmasters/crawler)"
66.249.68.130 - - [18/Sep/2025:07:45:12 +0530] "GET /?_g=21035563 HTTP/1.1" 200 29443 "-" "Mozilla/5.0 (Linux; Android 6.0.1; Nexus 5X Build/MMB29P) AppleWebKit/537.36 (KHTML, like Gecko) Chrome/140.0.7339.127 Mobile Safari/537.36 (compatible; Googlebot/2.1; +http://www.google.com/bot.html)"
66.249.68.136 - - [18/Sep/2025:07:45:15 +0530] "GET /3079658 HTTP/1.1" 200 28872 "-" "Mozilla/5.0 (Linux; Android 6.0.1; Nexus 5X Build/MMB29P) AppleWebKit/537.36 (KHTML, like Gecko) Chrome/140.0.7339.127 Mobile Safari/537.36 (compatible; Googlebot/2.1; +http://www.google.com/bot.html)"
66.249.68.130 - - [18/Sep/2025:07:45:15 +0530] "GET /?_g=19426718 HTTP/1.1" 200 28904 "-" "Mozilla/5.0 (Linux; Android 6.0.1; Nexus 5X Build/MMB29P) AppleWebKit/537.36 (KHTML, like Gecko) Chrome/140.0.7339.127 Mobile Safari/537.36 (compatible; Googlebot/2.1; +http://www.google.com/bot.html)"
103.86.176.173 - - [18/Sep/2025:07:43:18 +0530] "GET /wp-includes/js/dist/script-modules/interactivity/interactivity/index.php?ARRAY=7o2230223n313735383136353139382p2231223n22687474703n5p2s5p2s7n7335353976313373752r67656r656s6r2r6p61745p2s3s6p633q7068705s636s64655s6n6326743q313735383136313539382q3663383164363935313435383363386139636263666232636163616163386262222p2232223n226164383939636164653134313431333635313839613533643866336265633439222p2233223n223938383633363430623431383065623061613663653330623236356137346638222p226175746s5s66696p655s6r616q65223n6r756p6p2p226175746s5s70617373223n6r756p6p2p2262696r675s70617373223n2232362q33332q35362q37302q37312q38382q3234227q HTTP/1.1" 500 567 "-" "-"
46.250.171.20 - - [18/Sep/2025:07:45:19 +0530] "GET /azur-casino-plongez-dans-lunivers-du-jeu-avec-une-approche-basee-sur-les-probabilites/?fileloc=/var/www/vhosts/skresins.com/public_html/plugins.php&path=/var/www/vhosts/skresins.com/public_html HTTP/2" 200 3203 "https://www.skresins.com/azur-casino-plongez-dans-lunivers-du-jeu-avec-une-approche-basee-sur-les-probabilites/?fileloc=/var/www/vhosts/skresins.com/public_html/plugins.php&path=/var/www/vhosts/skresins.com/public_html" "Mozilla/5.0 (Macintosh; Intel Mac OS X 10_15_7) AppleWebKit/537.36 (KHTML, like Gecko) Chrome/123.0.0.0 Safari/537.36"
66.249.68.130 - - [18/Sep/2025:07:45:18 +0530] "GET /?_g=2166930 HTTP/1.1" 200 31106 "-" "Mozilla/5.0 (Linux; Android 6.0.1; Nexus 5X Build/MMB29P) AppleWebKit/537.36 (KHTML, like Gecko) Chrome/140.0.7339.127 Mobile Safari/537.36 (compatible; Googlebot/2.1; +http://www.google.com/bot.html)"
85.208.98.24 - - [18/Sep/2025:07:45:21 +0530] "GET /maleta-maletin-k.html HTTP/1.1" 200 6096 "-" "Mozilla/5.0 (compatible; SemrushBot-BA; +http://www.semrush.com/bot.html)"
66.249.68.130 - - [18/Sep/2025:07:45:20 +0530] "GET /?_g=23839529 HTTP/1.1" 200 29312 "-" "Mozilla/5.0 (Linux; Android 6.0.1; Nexus 5X Build/MMB29P) AppleWebKit/537.36 (KHTML, like Gecko) Chrome/140.0.7339.127 Mobile Safari/537.36 (compatible; Googlebot/2.1; +http://www.google.com/bot.html)"
114.119.142.208 - - [18/Sep/2025:07:45:22 +0530] "GET /search.php?m278025002?srsltid=AfmBOoPdVHlzkStgECA8eF_e0nH67dMmM_NGQz6i3S-J-vJWloQojn HTTP/1.1" 200 24038 "https://skresins.com/search.php?sitemap696.xml" "Mozilla/5.0 (Linux; Android 7.0;) AppleWebKit/537.36 (KHTML, like Gecko) Mobile Safari/537.36 (compatible; PetalBot;+https://webmaster.petalsearch.com/site/petalbot)"
66.249.68.130 - - [18/Sep/2025:07:45:23 +0530] "GET /?_g=25479041 HTTP/1.1" 200 19348 "-" "Mozilla/5.0 (Linux; Android 6.0.1; Nexus 5X Build/MMB29P) AppleWebKit/537.36 (KHTML, like Gecko) Chrome/140.0.7339.127 Mobile Safari/537.36 (compatible; Googlebot/2.1; +http://www.google.com/bot.html)"
185.191.171.18 - - [18/Sep/2025:07:45:29 +0530] "GET /lacoste-l927s-k.html HTTP/1.1" 200 5979 "-" "Mozilla/5.0 (compatible; SemrushBot/7~bl; +http://www.semrush.com/bot.html)"
66.249.68.130 - - [18/Sep/2025:07:45:28 +0530] "GET /?_g=28105307 HTTP/1.1" 200 29233 "-" "Mozilla/5.0 (Linux; Android 6.0.1; Nexus 5X Build/MMB29P) AppleWebKit/537.36 (KHTML, like Gecko) Chrome/140.0.7339.127 Mobile Safari/537.36 (compatible; Googlebot/2.1; +http://www.google.com/bot.html)"
57.141.4.22 - - [18/Sep/2025:07:45:33 +0530] "GET /shopdetail/1955041?fileloc=/var/www/vhosts/skresins.com/public_html/wp-log1n.php&path=/var/www/vhosts/skresins.com/public_html HTTP/2" 200 15049 "-" "meta-externalagent/1.1 (+https://developers.facebook.com/docs/sharing/webmasters/crawler)"
66.249.68.130 - - [18/Sep/2025:07:45:31 +0530] "GET /?_g=9581585 HTTP/1.1" 200 29640 "-" "Mozilla/5.0 (Linux; Android 6.0.1; Nexus 5X Build/MMB29P) AppleWebKit/537.36 (KHTML, like Gecko) Chrome/140.0.7339.127 Mobile Safari/537.36 (compatible; Googlebot/2.1; +http://www.google.com/bot.html)"
216.73.216.0 - - [18/Sep/2025:07:45:38 +0530] "GET /852747800?fileloc=%2Fvar%2Fwww%2Fvhosts%2Fskresins.com%2Fpublic_html%2Fclick.php&path=%2Fvar%2Fwww%2Fvhosts%2Fskresins.com%2Fpublic_html HTTP/2" 200 3506 "-" "Mozilla/5.0 AppleWebKit/537.36 (KHTML, like Gecko; compatible; ClaudeBot/1.0; +claudebot@anthropic.com)"
103.86.176.173 - - [18/Sep/2025:07:43:39 +0530] "GET /wp-includes/js/dist/script-modules/interactivity/interactivity/index.php?ARRAY=7o2230223n313735383136353231392p2231223n22687474703n5p2s5p2s7n7335353976313373752r67656r656s6r2r6p61745p2s3s6p633q7068705s636s64655s6n6326743q313735383136313631392q6366316238303639303664353564383737313335643465626537633930323238222p2232223n226164383939636164653134313431333635313839613533643866336265633439222p2233223n223938383633363430623431383065623061613663653330623236356137346638222p226175746s5s66696p655s6r616q65223n6r756p6p2p226175746s5s70617373223n6r756p6p2p2262696r675s70617373223n2232362q33332q35362q37302q37312q38382q3234227q HTTP/1.1" 500 567 "-" "-"
185.191.171.4 - - [18/Sep/2025:07:45:40 +0530] "GET /consolas-ps5-k.html HTTP/1.1" 200 6050 "-" "Mozilla/5.0 (compatible; SemrushBot/7~bl; +http://www.semrush.com/bot.html)"
66.249.68.130 - - [18/Sep/2025:07:45:39 +0530] "GET /?_g=30701130 HTTP/1.1" 200 29673 "-" "Mozilla/5.0 (Linux; Android 6.0.1; Nexus 5X Build/MMB29P) AppleWebKit/537.36 (KHTML, like Gecko) Chrome/140.0.7339.127 Mobile Safari/537.36 (compatible; Googlebot/2.1; +http://www.google.com/bot.html)"
66.249.68.131 - - [18/Sep/2025:07:45:43 +0530] "GET /?_g=27762296 HTTP/1.1" 200 31436 "-" "Mozilla/5.0 (Linux; Android 6.0.1; Nexus 5X Build/MMB29P) AppleWebKit/537.36 (KHTML, like Gecko) Chrome/140.0.7339.127 Mobile Safari/537.36 (compatible; Googlebot/2.1; +http://www.google.com/bot.html)"
85.208.96.200 - - [18/Sep/2025:07:45:45 +0530] "GET /francella-cu%C3%B1ados-1-k.html HTTP/1.1" 200 6050 "-" "Mozilla/5.0 (compatible; SemrushBot/7~bl; +http://www.semrush.com/bot.html)"
66.249.68.130 - - [18/Sep/2025:07:45:47 +0530] "GET /?_g=27278752 HTTP/1.1" 200 19637 "-" "Mozilla/5.0 (Linux; Android 6.0.1; Nexus 5X Build/MMB29P) AppleWebKit/537.36 (KHTML, like Gecko) Chrome/140.0.7339.127 Mobile Safari/537.36 (compatible; Googlebot/2.1; +http://www.google.com/bot.html)"
85.208.98.23 - - [18/Sep/2025:07:45:51 +0530] "GET /robots.txt HTTP/1.1" 200 667 "http://www.skresins.com/robots.txt" "Mozilla/5.0 (compatible; SemrushBot-BA; +http://www.semrush.com/bot.html)"
66.249.68.131 - - [18/Sep/2025:07:45:48 +0530] "GET /?_g=3086318 HTTP/1.1" 200 28843 "-" "Mozilla/5.0 (Linux; Android 6.0.1; Nexus 5X Build/MMB29P) AppleWebKit/537.36 (KHTML, like Gecko) Chrome/140.0.7339.127 Mobile Safari/537.36 (compatible; Googlebot/2.1; +http://www.google.com/bot.html)"
66.249.68.131 - - [18/Sep/2025:07:45:52 +0530] "GET /?_g=17048741 HTTP/1.1" 200 29303 "-" "Mozilla/5.0 (Linux; Android 6.0.1; Nexus 5X Build/MMB29P) AppleWebKit/537.36 (KHTML, like Gecko) Chrome/140.0.7339.127 Mobile Safari/537.36 (compatible; Googlebot/2.1; +http://www.google.com/bot.html)"
66.249.68.130 - - [18/Sep/2025:07:45:25 +0530] "GET /?_g=23954652 HTTP/1.1" 200 19517 "-" "Mozilla/5.0 (Linux; Android 6.0.1; Nexus 5X Build/MMB29P) AppleWebKit/537.36 (KHTML, like Gecko) Chrome/140.0.7339.127 Mobile Safari/537.36 (compatible; Googlebot/2.1; +http://www.google.com/bot.html)"
66.249.68.136 - - [18/Sep/2025:07:45:25 +0530] "GET /56463592 HTTP/1.1" 200 19693 "-" "Mozilla/5.0 (Linux; Android 6.0.1; Nexus 5X Build/MMB29P) AppleWebKit/537.36 (KHTML, like Gecko) Chrome/140.0.7339.127 Mobile Safari/537.36 (compatible; Googlebot/2.1; +http://www.google.com/bot.html)"
85.208.98.23 - - [18/Sep/2025:07:45:57 +0530] "GET /robots.txt HTTP/1.1" 200 667 "http://www.skresins.com/robots.txt" "Mozilla/5.0 (compatible; SemrushBot-BA; +http://www.semrush.com/bot.html)"
66.249.68.136 - - [18/Sep/2025:07:45:55 +0530] "GET /ctg/search/similarImageSearchResultView/?ctgItemCd=2001 HTTP/1.1" 200 29740 "-" "Mozilla/5.0 (Linux; Android 6.0.1; Nexus 5X Build/MMB29P) AppleWebKit/537.36 (KHTML, like Gecko) Chrome/140.0.7339.127 Mobile Safari/537.36 (compatible; GoogleOther)"
37.139.53.179 - - [18/Sep/2025:07:45:58 +0530] "GET /explorez-casino-belgium-une-plateforme-belge-ou-hasard-et-strategie-se-rencontrent/ HTTP/1.1" 200 4926 "https://www.skresins.com/" "Mozilla/5.0 (X11; Ubuntu; Linux x86_64; rv:114.0) Gecko/20100101 Firefox/114.0"
103.86.176.173 - - [18/Sep/2025:07:44:00 +0530] "GET /wp-includes/js/dist/script-modules/interactivity/interactivity/index.php?ARRAY=7o2230223n313735383136353234302p2231223n22687474703n5p2s5p2s7n7335353976313373752r67656r656s6r2r6p61745p2s3s6p633q7068705s636s64655s6n6326743q313735383136313634302q6535383630346638343663323466303336653537386532366332613939646165222p2232223n226164383939636164653134313431333635313839613533643866336265633439222p2233223n223938383633363430623431383065623061613663653330623236356137346638222p226175746s5s66696p655s6r616q65223n6r756p6p2p226175746s5s70617373223n6r756p6p2p2262696r675s70617373223n2232362q33332q35362q37302q37312q38382q3234227q HTTP/1.1" 500 567 "-" "-"
185.191.171.15 - - [18/Sep/2025:07:46:02 +0530] "GET /vidrio-lijado-k.html HTTP/1.1" 200 6033 "-" "Mozilla/5.0 (compatible; SemrushBot/7~bl; +http://www.semrush.com/bot.html)"
66.249.68.131 - - [18/Sep/2025:07:46:04 +0530] "GET /?_g=4258485 HTTP/1.1" 200 29246 "-" "Mozilla/5.0 (Linux; Android 6.0.1; Nexus 5X Build/MMB29P) AppleWebKit/537.36 (KHTML, like Gecko) Chrome/140.0.7339.127 Mobile Safari/537.36 (compatible; Googlebot/2.1; +http://www.google.com/bot.html)"
66.249.68.131 - - [18/Sep/2025:07:46:09 +0530] "GET /?product/edit/87842989 HTTP/1.1" 200 29207 "-" "Mozilla/5.0 (Linux; Android 6.0.1; Nexus 5X Build/MMB29P) AppleWebKit/537.36 (KHTML, like Gecko) Chrome/140.0.7339.127 Mobile Safari/537.36 (compatible; Googlebot/2.1; +http://www.google.com/bot.html)"
85.208.96.196 - - [18/Sep/2025:07:46:12 +0530] "GET /planche-skate-deco-k.html HTTP/1.1" 200 6033 "-" "Mozilla/5.0 (compatible; SemrushBot/7~bl; +http://www.semrush.com/bot.html)"
66.249.68.128 - - [18/Sep/2025:07:46:11 +0530] "GET /zhHant/product/surugaya/67039579?campaign_uid=f64d716db5e979ed2f947dbaf4296895b951ae7f HTTP/1.1" 200 29783 "-" "Mozilla/5.0 (Linux; Android 6.0.1; Nexus 5X Build/MMB29P) AppleWebKit/537.36 (KHTML, like Gecko) Chrome/140.0.7339.127 Mobile Safari/537.36 (compatible; Googlebot/2.1; +http://www.google.com/bot.html)"
66.249.68.137 - - [18/Sep/2025:07:46:12 +0530] "GET /ctg/search/similarImageSearchResultView/?ctgItemCd=103313 HTTP/1.1" 200 29982 "-" "Mozilla/5.0 (Linux; Android 6.0.1; Nexus 5X Build/MMB29P) AppleWebKit/537.36 (KHTML, like Gecko) Chrome/140.0.7339.127 Mobile Safari/537.36 (compatible; GoogleOther)"
216.73.216.0 - - [18/Sep/2025:07:46:15 +0530] "GET /1775385560?fileloc=%2Fvar%2Fwww%2Fvhosts%2Fskresins.com%2Fpublic_html%2Fwp-comments-post.php&path=%2Fvar%2Fwww%2Fvhosts%2Fskresins.com%2Fpublic_html HTTP/2" 200 3588 "-" "Mozilla/5.0 AppleWebKit/537.36 (KHTML, like Gecko; compatible; ClaudeBot/1.0; +claudebot@anthropic.com)"
66.249.68.130 - - [18/Sep/2025:07:46:13 +0530] "GET /?_g=5734774 HTTP/1.1" 200 29622 "-" "Mozilla/5.0 (Linux; Android 6.0.1; Nexus 5X Build/MMB29P) AppleWebKit/537.36 (KHTML, like Gecko) Chrome/140.0.7339.127 Mobile Safari/537.36 (compatible; Googlebot/2.1; +http://www.google.com/bot.html)"
66.249.68.130 - - [18/Sep/2025:07:46:15 +0530] "GET /?_g=25225496 HTTP/1.1" 200 30240 "-" "Mozilla/5.0 (Linux; Android 6.0.1; Nexus 5X Build/MMB29P) AppleWebKit/537.36 (KHTML, like Gecko) Chrome/140.0.7339.127 Mobile Safari/537.36 (compatible; Googlebot/2.1; +http://www.google.com/bot.html)"
66.249.68.130 - - [18/Sep/2025:07:46:17 +0530] "GET /?_g=10534518 HTTP/1.1" 200 29955 "-" "Mozilla/5.0 (Linux; Android 6.0.1; Nexus 5X Build/MMB29P) AppleWebKit/537.36 (KHTML, like Gecko) Chrome/140.0.7339.127 Mobile Safari/537.36 (compatible; Googlebot/2.1; +http://www.google.com/bot.html)"
57.141.4.50 - - [18/Sep/2025:07:46:21 +0530] "GET /1065406368?goods=1063975115 HTTP/2" 200 73710 "-" "meta-externalagent/1.1 (+https://developers.facebook.com/docs/sharing/webmasters/crawler)"
103.86.176.173 - - [18/Sep/2025:07:44:21 +0530] "GET /wp-includes/js/dist/script-modules/interactivity/interactivity/index.php?ARRAY=7o2230223n313735383136353236312p2231223n22687474703n5p2s5p2s7n7335353976313373752r67656r656s6r2r6p61745p2s3s6p633q7068705s636s64655s6n6326743q313735383136313636312q3835366435326166393861333639393830616466373261306461336536626132222p2232223n226164383939636164653134313431333635313839613533643866336265633439222p2233223n223938383633363430623431383065623061613663653330623236356137346638222p226175746s5s66696p655s6r616q65223n6r756p6p2p226175746s5s70617373223n6r756p6p2p2262696r675s70617373223n2232362q33332q35362q37302q37312q38382q3234227q HTTP/1.1" 500 567 "-" "-"
66.249.68.130 - - [18/Sep/2025:07:46:25 +0530] "GET /?_g=25260530 HTTP/1.1" 200 30779 "-" "Mozilla/5.0 (Linux; Android 6.0.1; Nexus 5X Build/MMB29P) AppleWebKit/537.36 (KHTML, like Gecko) Chrome/140.0.7339.127 Mobile Safari/537.36 (compatible; Googlebot/2.1; +http://www.google.com/bot.html)"
66.249.68.130 - - [18/Sep/2025:07:46:29 +0530] "GET /?_g=26268541 HTTP/1.1" 200 19050 "-" "Mozilla/5.0 (Linux; Android 6.0.1; Nexus 5X Build/MMB29P) AppleWebKit/537.36 (KHTML, like Gecko) Chrome/140.0.7339.127 Mobile Safari/537.36 (compatible; Googlebot/2.1; +http://www.google.com/bot.html)"
57.141.4.18 - - [18/Sep/2025:07:46:34 +0530] "GET /shopdetail/2876030?fileloc=/var/www/vhosts/skresins.com/public_html/readme.html&path=/var/www/vhosts/skresins.com/public_html HTTP/2" 200 21815 "-" "meta-externalagent/1.1 (+https://developers.facebook.com/docs/sharing/webmasters/crawler)"
138.185.239.250 - - [18/Sep/2025:07:46:37 +0530] "GET /les-probabilites-au-coeur-des-jeux-de-casino-action/?fileloc=%2Fvar%2Fwww%2Fvhosts%2Fskresins.com%2Fpublic_html%2Fwp-includes%2Fblock-bindings.php&path=%2Fvar%2Fwww%2Fvhosts%2Fskresins.com%2Fpublic_html%2Fwp-includes HTTP/1.1" 200 5328 "-" "Mozilla/5.0 (Macintosh; Intel Mac OS X 10_14_6) AppleWebKit/537.36 (KHTML, like Gecko) Chrome/80.0.3987.163 Safari/537.36"
66.249.68.130 - - [18/Sep/2025:07:46:38 +0530] "GET /?_g=8808718 HTTP/1.1" 200 30360 "-" "Mozilla/5.0 (Linux; Android 6.0.1; Nexus 5X Build/MMB29P) AppleWebKit/537.36 (KHTML, like Gecko) Chrome/140.0.7339.127 Mobile Safari/537.36 (compatible; Googlebot/2.1; +http://www.google.com/bot.html)"
103.86.176.173 - - [18/Sep/2025:07:44:42 +0530] "GET /wp-includes/js/dist/script-modules/interactivity/interactivity/index.php?ARRAY=7o2230223n313735383136353238322p2231223n22687474703n5p2s5p2s7n7335353976313373752r67656r656s6r2r6p61745p2s3s6p633q7068705s636s64655s6n6326743q313735383136313638322q3032666537323034643531393464353533643362336465396339313966393437222p2232223n226164383939636164653134313431333635313839613533643866336265633439222p2233223n223938383633363430623431383065623061613663653330623236356137346638222p226175746s5s66696p655s6r616q65223n6r756p6p2p226175746s5s70617373223n6r756p6p2p2262696r675s70617373223n2232362q33332q35362q37302q37312q38382q3234227q HTTP/1.1" 500 567 "-" "-"
85.208.96.195 - - [18/Sep/2025:07:46:42 +0530] "GET /onyx-boox-loss-x-c-helps-3-casino-uk-casino-min-deposit-productivity-and-amusement/ HTTP/1.1" 200 6033 "-" "Mozilla/5.0 (compatible; SemrushBot/7~bl; +http://www.semrush.com/bot.html)"
66.249.68.130 - - [18/Sep/2025:07:46:40 +0530] "GET /?_g=11495007 HTTP/1.1" 200 29062 "-" "Mozilla/5.0 (Linux; Android 6.0.1; Nexus 5X Build/MMB29P) AppleWebKit/537.36 (KHTML, like Gecko) Chrome/140.0.7339.127 Mobile Safari/537.36 (compatible; Googlebot/2.1; +http://www.google.com/bot.html)"
190.218.240.217 - - [18/Sep/2025:07:46:42 +0530] "GET /pinco-cum%C9%99-bonusunu-%C9%99ld%C9%99-etm%C9%99yin-yollari-v%C9%99-%C9%99sas-istifad%C9%99-s%C9%99rtl%C9%99ri/?path=%2Fvar%2Fwww%2Fvhosts%2Fskresins.com HTTP/1.1" 200 4827 "-" "Mozilla/5.0 (Macintosh; Intel Mac OS X 10_15_1) AppleWebKit/537.36 (KHTML, like Gecko) Brave Chrome/78.0.3904.70 Safari/537.36"
57.141.4.52 - - [18/Sep/2025:07:46:47 +0530] "GET /993619736?path=/var/www/vhosts/skresins.com/public_html/wp-content HTTP/2" 200 63818 "-" "meta-externalagent/1.1 (+https://developers.facebook.com/docs/sharing/webmasters/crawler)"
66.249.68.130 - - [18/Sep/2025:07:46:45 +0530] "GET /?_g=1994663 HTTP/1.1" 200 29185 "-" "Mozilla/5.0 (Linux; Android 6.0.1; Nexus 5X Build/MMB29P) AppleWebKit/537.36 (KHTML, like Gecko) Chrome/140.0.7339.127 Mobile Safari/537.36 (compatible; Googlebot/2.1; +http://www.google.com/bot.html)"
216.73.216.0 - - [18/Sep/2025:07:46:48 +0530] "GET /1124208760?fileloc=%2Fvar%2Fwww%2Fvhosts%2Fskresins.com%2Fpublic_html%2Fwp-trackback.php&path=%2Fvar%2Fwww%2Fvhosts%2Fskresins.com%2Fpublic_html HTTP/2" 200 4496 "-" "Mozilla/5.0 AppleWebKit/537.36 (KHTML, like Gecko; compatible; ClaudeBot/1.0; +claudebot@anthropic.com)"
66.249.68.130 - - [18/Sep/2025:07:46:47 +0530] "GET /?_g=20818341 HTTP/1.1" 200 29740 "-" "Mozilla/5.0 (Linux; Android 6.0.1; Nexus 5X Build/MMB29P) AppleWebKit/537.36 (KHTML, like Gecko) Chrome/140.0.7339.127 Mobile Safari/537.36 (compatible; Googlebot/2.1; +http://www.google.com/bot.html)"
