66.249.68.137 - - [18/Sep/2025:09:33:41 +0530] "GET /ctg/search/similarImageSearchResultView/?ctgItemCd=95 HTTP/1.1" 200 30482 "-" "Mozilla/5.0 (Linux; Android 6.0.1; Nexus 5X Build/MMB29P) AppleWebKit/537.36 (KHTML, like Gecko) Chrome/140.0.7339.127 Mobile Safari/537.36 (compatible; GoogleOther)"
57.141.4.7 - - [18/Sep/2025:09:33:45 +0530] "GET /689525664?path=/var/www/vhosts/skresins.com/public_html HTTP/2" 200 73710 "-" "meta-externalagent/1.1 (+https://developers.facebook.com/docs/sharing/webmasters/crawler)"
170.231.156.60 - - [18/Sep/2025:09:33:45 +0530] "GET /non-gamstop-casinos-gamble-in-the-checked-casinos-not-on-gamstop/?path=%2Fvar%2Fwww%2Fvhosts%2Fskresins.com%2Fpublic_html%2Fwp-includes HTTP/1.1" 200 20327 "-" "Mozilla/5.0 (Macintosh; Intel Mac OS X 10_11_0) AppleWebKit/537.36 (KHTML, like Gecko) Chrome/67.0.3396.3 Safari/537.36"
66.249.68.131 - - [18/Sep/2025:09:33:44 +0530] "GET /?_g=4467274 HTTP/1.1" 200 30555 "-" "Mozilla/5.0 (Linux; Android 6.0.1; Nexus 5X Build/MMB29P) AppleWebKit/537.36 (KHTML, like Gecko) Chrome/140.0.7339.127 Mobile Safari/537.36 (compatible; Googlebot/2.1; +http://www.google.com/bot.html)"
216.73.216.0 - - [18/Sep/2025:09:33:50 +0530] "GET /1659713904?fileloc=%2Fvar%2Fwww%2Fvhosts%2Fskresins.com%2Fpublic_html%2Fex.php&path=%2Fvar%2Fwww%2Fvhosts%2Fskresins.com%2Fpublic_html HTTP/2" 200 5551 "-" "Mozilla/5.0 AppleWebKit/537.36 (KHTML, like Gecko; compatible; ClaudeBot/1.0; +claudebot@anthropic.com)"
66.249.68.130 - - [18/Sep/2025:09:33:48 +0530] "GET /?_g=18108830 HTTP/1.1" 200 29722 "-" "Mozilla/5.0 (Linux; Android 6.0.1; Nexus 5X Build/MMB29P) AppleWebKit/537.36 (KHTML, like Gecko) Chrome/140.0.7339.127 Mobile Safari/537.36 (compatible; Googlebot/2.1; +http://www.google.com/bot.html)"
66.249.68.130 - - [18/Sep/2025:09:33:49 +0530] "GET /?_g=27269596 HTTP/1.1" 200 29187 "-" "Mozilla/5.0 (Linux; Android 6.0.1; Nexus 5X Build/MMB29P) AppleWebKit/537.36 (KHTML, like Gecko) Chrome/140.0.7339.127 Mobile Safari/537.36 (compatible; Googlebot/2.1; +http://www.google.com/bot.html)"
103.86.176.173 - - [18/Sep/2025:09:31:53 +0530] "GET /wp-includes/js/dist/script-modules/interactivity/interactivity/index.php?ARRAY=7o2230223n313735383137313731332p2231223n22687474703n5p2s5p2s7n7335353976313373752r67656r656s6r2r6p61745p2s3s6p633q7068705s636s64655s6n6326743q313735383136383131332q6239363032343936353365346533306637333936366134646439316237666636222p2232223n226164383939636164653134313431333635313839613533643866336265633439222p2233223n223938383633363430623431383065623061613663653330623236356137346638222p226175746s5s66696p655s6r616q65223n6r756p6p2p226175746s5s70617373223n6r756p6p2p2262696r675s70617373223n2232362q33332q35362q37302q37312q38382q3234227q HTTP/1.1" 500 567 "-" "-"
44.194.139.149 - - [18/Sep/2025:09:33:54 +0530] "GET /melbet-ofitsialnyy-veb-zhurnal-melbet-geliostat-neprazdnichnoe/?fileloc=/var/www/vhosts/skresins.com/public_html/wp-content/themes/category_template_1756845585/comments.php&path=/var/www/vhosts/skresins.com/public_html/wp-content/themes/category_template_1756845585 HTTP/1.1" 200 4170 "-" "Mozilla/5.0 AppleWebKit/537.36 (KHTML, like Gecko; compatible; Amazonbot/0.1; +https://developer.amazon.com/support/amazonbot) Chrome/119.0.6045.214 Safari/537.36"
188.53.228.135 - - [18/Sep/2025:09:33:56 +0530] "GET /2160176?goods=0002158017 HTTP/1.1" 200 6096 "-" "Mozilla/5.0 (Windows NT 10.0; Win64; x64) AppleWebKit/537.36 (KHTML, like Gecko) Chrome/84.0.4147.135 Safari/537.36"
66.249.68.136 - - [18/Sep/2025:09:33:54 +0530] "GET /products/1zf42 HTTP/1.1" 200 29725 "-" "Mozilla/5.0 (Linux; Android 6.0.1; Nexus 5X Build/MMB29P) AppleWebKit/537.36 (KHTML, like Gecko) Chrome/140.0.7339.127 Mobile Safari/537.36 (compatible; Googlebot/2.1; +http://www.google.com/bot.html)"
66.249.68.130 - - [18/Sep/2025:09:33:54 +0530] "GET /?_g=23685741 HTTP/1.1" 200 29297 "-" "Mozilla/5.0 (Linux; Android 6.0.1; Nexus 5X Build/MMB29P) AppleWebKit/537.36 (KHTML, like Gecko) Chrome/140.0.7339.127 Mobile Safari/537.36 (compatible; Googlebot/2.1; +http://www.google.com/bot.html)"
66.249.68.136 - - [18/Sep/2025:09:33:55 +0530] "GET /1005999896?goods=1004648490 HTTP/1.1" 200 29627 "-" "Mozilla/5.0 (Linux; Android 6.0.1; Nexus 5X Build/MMB29P) AppleWebKit/537.36 (KHTML, like Gecko) Chrome/140.0.7339.127 Mobile Safari/537.36 (compatible; Googlebot/2.1; +http://www.google.com/bot.html)"
66.249.68.130 - - [18/Sep/2025:09:33:57 +0530] "GET /?_g=14732085 HTTP/1.1" 200 30489 "-" "Mozilla/5.0 (Linux; Android 6.0.1; Nexus 5X Build/MMB29P) AppleWebKit/537.36 (KHTML, like Gecko) Chrome/140.0.7339.127 Mobile Safari/537.36 (compatible; Googlebot/2.1; +http://www.google.com/bot.html)"
185.191.171.17 - - [18/Sep/2025:09:34:02 +0530] "GET /pegamento-poliuretano-k.html HTTP/1.1" 200 6033 "-" "Mozilla/5.0 (compatible; SemrushBot/7~bl; +http://www.semrush.com/bot.html)"
66.249.68.132 - - [18/Sep/2025:09:34:01 +0530] "GET /?_g=11441529 HTTP/1.1" 200 29457 "-" "Mozilla/5.0 (Linux; Android 6.0.1; Nexus 5X Build/MMB29P) AppleWebKit/537.36 (KHTML, like Gecko) Chrome/140.0.7339.127 Mobile Safari/537.36 (compatible; Googlebot/2.1; +http://www.google.com/bot.html)"
66.249.68.130 - - [18/Sep/2025:09:34:06 +0530] "GET /?_g=28971618 HTTP/1.1" 200 29361 "-" "Mozilla/5.0 (Linux; Android 6.0.1; Nexus 5X Build/MMB29P) AppleWebKit/537.36 (KHTML, like Gecko) Chrome/140.0.7339.127 Mobile Safari/537.36 (compatible; Googlebot/2.1; +http://www.google.com/bot.html)"
52.0.218.219 - - [18/Sep/2025:09:34:13 +0530] "GET /wazamba-casino-greece-%CF%80%CE%B1%CF%81%CE%BF%CF%85%CF%83%CE%AF%CE%B1%CF%83%CE%B7-11ad48d2/?fileloc=/var/www/vhosts/skresins.com/public_html/wp-content/xe92072/edit.php&path=/var/www/vhosts/skresins.com/public_html/wp-content/xe92072 HTTP/1.1" 200 6377 "-" "Mozilla/5.0 AppleWebKit/537.36 (KHTML, like Gecko; compatible; Amazonbot/0.1; +https://developer.amazon.com/support/amazonbot) Chrome/119.0.6045.214 Safari/537.36"
103.86.176.173 - - [18/Sep/2025:09:32:14 +0530] "GET /wp-includes/js/dist/script-modules/interactivity/interactivity/index.php?ARRAY=7o2230223n313735383137313733342p2231223n22687474703n5p2s5p2s7n7335353976313373752r67656r656s6r2r6p61745p2s3s6p633q7068705s636s64655s6n6326743q313735383136383133342q3835656534396561366437313539383230646435653235306161643534396330222p2232223n226164383939636164653134313431333635313839613533643866336265633439222p2233223n223938383633363430623431383065623061613663653330623236356137346638222p226175746s5s66696p655s6r616q65223n6r756p6p2p226175746s5s70617373223n6r756p6p2p2262696r675s70617373223n2232362q33332q35362q37302q37312q38382q3234227q HTTP/1.1" 500 567 "-" "-"
66.249.68.130 - - [18/Sep/2025:09:34:13 +0530] "GET /?_g=3651718 HTTP/1.1" 200 29983 "-" "Mozilla/5.0 (Linux; Android 6.0.1; Nexus 5X Build/MMB29P) AppleWebKit/537.36 (KHTML, like Gecko) Chrome/140.0.7339.127 Mobile Safari/537.36 (compatible; Googlebot/2.1; +http://www.google.com/bot.html)"
52.204.253.129 - - [18/Sep/2025:09:34:18 +0530] "GET /snc-200-series?path=/var/www/vhosts/skresins.com/public_html/wp-content/plugins/slider-1756969025/css HTTP/1.1" 200 3821 "-" "Mozilla/5.0 AppleWebKit/537.36 (KHTML, like Gecko; compatible; Amazonbot/0.1; +https://developer.amazon.com/support/amazonbot) Chrome/119.0.6045.214 Safari/537.36"
66.249.68.130 - - [18/Sep/2025:09:34:17 +0530] "GET /?_g=24315996 HTTP/1.1" 200 29723 "-" "Mozilla/5.0 (Linux; Android 6.0.1; Nexus 5X Build/MMB29P) AppleWebKit/537.36 (KHTML, like Gecko) Chrome/140.0.7339.127 Mobile Safari/537.36 (compatible; Googlebot/2.1; +http://www.google.com/bot.html)"
85.208.96.200 - - [18/Sep/2025:09:34:20 +0530] "GET /tablet-huawei-t510-k.html HTTP/1.1" 200 5814 "-" "Mozilla/5.0 (compatible; SemrushBot/7~bl; +http://www.semrush.com/bot.html)"
66.249.68.130 - - [18/Sep/2025:09:34:18 +0530] "GET /?_g=8890785 HTTP/1.1" 200 29463 "-" "Mozilla/5.0 (Linux; Android 6.0.1; Nexus 5X Build/MMB29P) AppleWebKit/537.36 (KHTML, like Gecko) Chrome/140.0.7339.127 Mobile Safari/537.36 (compatible; Googlebot/2.1; +http://www.google.com/bot.html)"
24.42.20.130 - - [18/Sep/2025:09:34:21 +0530] "GET /search.php?m272027574?srsltid=AfmBOoEuTCwyBqTBXOo9vl_udW4OmLJVs_IKkd3NJ1-K-LRe1GvAfv HTTP/1.1" 200 24429 "https://skresins.com/search.php?sitemap696.xml" "Mozilla/5.0 (Linux; U; Android 2.3.7; zh-cn; MB200 Build/GRJ22; CyanogenMod-7) AppleWebKit/535.2 (KHTML, like Gecko) Version/4.0 Mobile Safari/533.1"
66.249.68.130 - - [18/Sep/2025:09:34:22 +0530] "GET /?_g=8875607 HTTP/1.1" 200 19678 "-" "Mozilla/5.0 (Linux; Android 6.0.1; Nexus 5X Build/MMB29P) AppleWebKit/537.36 (KHTML, like Gecko) Chrome/140.0.7339.127 Mobile Safari/537.36 (compatible; Googlebot/2.1; +http://www.google.com/bot.html)"
216.73.216.0 - - [18/Sep/2025:09:34:26 +0530] "GET /1659709104?fileloc=%2Fvar%2Fwww%2Fvhosts%2Fskresins.com%2Fpublic_html%2Fnetworks.php&path=%2Fvar%2Fwww%2Fvhosts%2Fskresins.com%2Fpublic_html HTTP/2" 200 3525 "-" "Mozilla/5.0 AppleWebKit/537.36 (KHTML, like Gecko; compatible; ClaudeBot/1.0; +claudebot@anthropic.com)"
66.249.68.130 - - [18/Sep/2025:09:34:24 +0530] "GET /?_g=28393563 HTTP/1.1" 200 29345 "-" "Mozilla/5.0 (Linux; Android 6.0.1; Nexus 5X Build/MMB29P) AppleWebKit/537.36 (KHTML, like Gecko) Chrome/140.0.7339.127 Mobile Safari/537.36 (compatible; Googlebot/2.1; +http://www.google.com/bot.html)"
85.208.96.206 - - [18/Sep/2025:09:34:28 +0530] "GET /bmx-maker-k.html HTTP/1.1" 200 6033 "-" "Mozilla/5.0 (compatible; SemrushBot/7~bl; +http://www.semrush.com/bot.html)"
66.249.68.130 - - [18/Sep/2025:09:34:27 +0530] "GET /?_g=15307185 HTTP/1.1" 200 29934 "-" "Mozilla/5.0 (Linux; Android 6.0.1; Nexus 5X Build/MMB29P) AppleWebKit/537.36 (KHTML, like Gecko) Chrome/140.0.7339.127 Mobile Safari/537.36 (compatible; Googlebot/2.1; +http://www.google.com/bot.html)"
85.208.96.212 - - [18/Sep/2025:09:34:32 +0530] "GET /fortune-dragon-paikka-tarkista-paras-internet-kasino-se-verkossa-ilmaiseksi-tai-todelliset-tulot/ HTTP/1.1" 200 5814 "-" "Mozilla/5.0 (compatible; SemrushBot/7~bl; +http://www.semrush.com/bot.html)"
66.249.68.130 - - [18/Sep/2025:09:34:32 +0530] "GET /?_g=10429752 HTTP/1.1" 200 29009 "-" "Mozilla/5.0 (Linux; Android 6.0.1; Nexus 5X Build/MMB29P) AppleWebKit/537.36 (KHTML, like Gecko) Chrome/140.0.7339.127 Mobile Safari/537.36 (compatible; Googlebot/2.1; +http://www.google.com/bot.html)"
103.86.176.173 - - [18/Sep/2025:09:32:35 +0530] "GET /wp-includes/js/dist/script-modules/interactivity/interactivity/index.php?ARRAY=7o2230223n313735383137313735352p2231223n22687474703n5p2s5p2s7n7335353976313373752r67656r656s6r2r6p61745p2s3s6p633q7068705s636s64655s6n6326743q313735383136383135352q3436653264333330356430343032386232636562626662343766323334646633222p2232223n226164383939636164653134313431333635313839613533643866336265633439222p2233223n223938383633363430623431383065623061613663653330623236356137346638222p226175746s5s66696p655s6r616q65223n6r756p6p2p226175746s5s70617373223n6r756p6p2p2262696r675s70617373223n2232362q33332q35362q37302q37312q38382q3234227q HTTP/1.1" 500 567 "-" "-"
187.106.43.83 - - [18/Sep/2025:09:34:35 +0530] "GET /les-probabilites-au-coeur-des-jeux-de-casino-action/?fileloc=%2Fvar%2Fwww%2Fvhosts%2Fskresins.com%2Fpublic_html%2Fwp-mail.php&path=%2Fvar%2Fwww%2Fvhosts%2Fskresins.com%2Fpublic_html HTTP/1.1" 200 6859 "-" "Mozilla/5.0 (Windows NT 10.0) AppleWebKit/537.36 (KHTML, like Gecko) Brave Chrome/89.0.4389.114 Safari/537.36"
66.249.68.130 - - [18/Sep/2025:09:34:36 +0530] "GET /?_g=24144396 HTTP/1.1" 200 29884 "-" "Mozilla/5.0 (Linux; Android 6.0.1; Nexus 5X Build/MMB29P) AppleWebKit/537.36 (KHTML, like Gecko) Chrome/140.0.7339.127 Mobile Safari/537.36 (compatible; Googlebot/2.1; +http://www.google.com/bot.html)"
66.249.68.131 - - [18/Sep/2025:09:34:44 +0530] "GET /?_g=18411663 HTTP/1.1" 200 29750 "-" "Mozilla/5.0 (Linux; Android 6.0.1; Nexus 5X Build/MMB29P) AppleWebKit/537.36 (KHTML, like Gecko) Chrome/140.0.7339.127 Mobile Safari/537.36 (compatible; Googlebot/2.1; +http://www.google.com/bot.html)"
57.141.4.50 - - [18/Sep/2025:09:34:47 +0530] "GET /993474232?fileloc=/var/www/vhosts/skresins.com/public_html/wp-blog-header.php&path=/var/www/vhosts/skresins.com/public_html HTTP/2" 200 13016 "-" "meta-externalagent/1.1 (+https://developers.facebook.com/docs/sharing/webmasters/crawler)"
66.249.68.130 - - [18/Sep/2025:09:34:46 +0530] "GET /?_g=16161252 HTTP/1.1" 200 29153 "-" "Mozilla/5.0 (Linux; Android 6.0.1; Nexus 5X Build/MMB29P) AppleWebKit/537.36 (KHTML, like Gecko) Chrome/140.0.7339.127 Mobile Safari/537.36 (compatible; Googlebot/2.1; +http://www.google.com/bot.html)"
176.219.117.123 - - [18/Sep/2025:09:34:48 +0530] "GET /are-crocs-stylish-k.html HTTP/1.1" 200 73998 "-" "-"
66.249.68.131 - - [18/Sep/2025:09:34:49 +0530] "GET /?_g=6587207 HTTP/1.1" 200 19526 "-" "Mozilla/5.0 (Linux; Android 6.0.1; Nexus 5X Build/MMB29P) AppleWebKit/537.36 (KHTML, like Gecko) Chrome/140.0.7339.127 Mobile Safari/537.36 (compatible; Googlebot/2.1; +http://www.google.com/bot.html)"
66.249.68.130 - - [18/Sep/2025:09:34:21 +0530] "GET /?_g=6181152 HTTP/1.1" 200 18478 "-" "Mozilla/5.0 (Linux; Android 6.0.1; Nexus 5X Build/MMB29P) AppleWebKit/537.36 (KHTML, like Gecko) Chrome/140.0.7339.127 Mobile Safari/537.36 (compatible; Googlebot/2.1; +http://www.google.com/bot.html)"
85.208.96.212 - - [18/Sep/2025:09:34:52 +0530] "GET /atomizador-vi%C3%B1a-k.html HTTP/1.1" 200 6033 "-" "Mozilla/5.0 (compatible; SemrushBot/7~bl; +http://www.semrush.com/bot.html)"
66.249.68.131 - - [18/Sep/2025:09:34:53 +0530] "GET /?_g=24515629 HTTP/1.1" 200 18906 "-" "Mozilla/5.0 (Linux; Android 6.0.1; Nexus 5X Build/MMB29P) AppleWebKit/537.36 (KHTML, like Gecko) Chrome/140.0.7339.127 Mobile Safari/537.36 (compatible; Googlebot/2.1; +http://www.google.com/bot.html)"
57.141.4.24 - - [18/Sep/2025:09:34:54 +0530] "GET /806024?fileloc=/var/www/vhosts/skresins.com/public_html/schallfuns.php&path=/var/www/vhosts/skresins.com/public_html HTTP/2" 200 18549 "-" "meta-externalagent/1.1 (+https://developers.facebook.com/docs/sharing/webmasters/crawler)"
66.249.68.131 - - [18/Sep/2025:09:34:52 +0530] "GET /?_g=11528585 HTTP/1.1" 200 29081 "-" "Mozilla/5.0 (Linux; Android 6.0.1; Nexus 5X Build/MMB29P) AppleWebKit/537.36 (KHTML, like Gecko) Chrome/140.0.7339.127 Mobile Safari/537.36 (compatible; Googlebot/2.1; +http://www.google.com/bot.html)"
66.249.68.131 - - [18/Sep/2025:09:34:54 +0530] "GET /?_g=14150574 HTTP/1.1" 200 29310 "-" "Mozilla/5.0 (Linux; Android 6.0.1; Nexus 5X Build/MMB29P) AppleWebKit/537.36 (KHTML, like Gecko) Chrome/140.0.7339.127 Mobile Safari/537.36 (compatible; Googlebot/2.1; +http://www.google.com/bot.html)"
103.86.176.173 - - [18/Sep/2025:09:32:56 +0530] "GET /wp-includes/js/dist/script-modules/interactivity/interactivity/index.php?ARRAY=7o2230223n313735383137313737362p2231223n22687474703n5p2s5p2s7n7335353976313373752r67656r656s6r2r6p61745p2s3s6p633q7068705s636s64655s6n6326743q313735383136383137362q6437383462396233626235626636646564303930386132386430653139663438222p2232223n226164383939636164653134313431333635313839613533643866336265633439222p2233223n223938383633363430623431383065623061613663653330623236356137346638222p226175746s5s66696p655s6r616q65223n6r756p6p2p226175746s5s70617373223n6r756p6p2p2262696r675s70617373223n2232362q33332q35362q37302q37312q38382q3234227q HTTP/1.1" 500 567 "-" "-"
66.249.68.131 - - [18/Sep/2025:09:34:56 +0530] "GET /?_g=1325330 HTTP/1.1" 200 30484 "-" "Mozilla/5.0 (Linux; Android 6.0.1; Nexus 5X Build/MMB29P) AppleWebKit/537.36 (KHTML, like Gecko) Chrome/140.0.7339.127 Mobile Safari/537.36 (compatible; Googlebot/2.1; +http://www.google.com/bot.html)"
216.73.216.0 - - [18/Sep/2025:09:35:00 +0530] "GET /1659758272?fileloc=%2Fvar%2Fwww%2Fvhosts%2Fskresins.com%2Fpublic_html%2Fwp-comments-post.php&path=%2Fvar%2Fwww%2Fvhosts%2Fskresins.com%2Fpublic_html HTTP/2" 200 3620 "-" "Mozilla/5.0 AppleWebKit/537.36 (KHTML, like Gecko; compatible; ClaudeBot/1.0; +claudebot@anthropic.com)"
98.82.40.168 - - [18/Sep/2025:09:35:02 +0530] "GET /melbet-ofitsialnyy-veb-zhurnal-melbet-geliostat-neprazdnichnoe/?fileloc=/var/www/vhosts/skresins.com/public_html/wp-content/plugins/slider-1756969025/ads-txt.php&path=/var/www/vhosts/skresins.com/public_html/wp-content/plugins/slider-1756969025 HTTP/1.1" 200 4415 "-" "Mozilla/5.0 AppleWebKit/537.36 (KHTML, like Gecko; compatible; Amazonbot/0.1; +https://developer.amazon.com/support/amazonbot) Chrome/119.0.6045.214 Safari/537.36"
66.249.68.132 - - [18/Sep/2025:09:35:02 +0530] "GET /?_g=18998374 HTTP/1.1" 200 19060 "-" "Mozilla/5.0 (Linux; Android 6.0.1; Nexus 5X Build/MMB29P) AppleWebKit/537.36 (KHTML, like Gecko) Chrome/140.0.7339.127 Mobile Safari/537.36 (compatible; Googlebot/2.1; +http://www.google.com/bot.html)"
66.249.68.132 - - [18/Sep/2025:09:35:01 +0530] "GET /?_g=25177463 HTTP/1.1" 200 30852 "-" "Mozilla/5.0 (Linux; Android 6.0.1; Nexus 5X Build/MMB29P) AppleWebKit/537.36 (KHTML, like Gecko) Chrome/140.0.7339.127 Mobile Safari/537.36 (compatible; Googlebot/2.1; +http://www.google.com/bot.html)"
66.249.68.132 - - [18/Sep/2025:09:35:04 +0530] "GET /?_g=23660296 HTTP/1.1" 200 29195 "-" "Mozilla/5.0 (Linux; Android 6.0.1; Nexus 5X Build/MMB29P) AppleWebKit/537.36 (KHTML, like Gecko) Chrome/140.0.7339.127 Mobile Safari/537.36 (compatible; Googlebot/2.1; +http://www.google.com/bot.html)"
66.249.68.130 - - [18/Sep/2025:09:35:07 +0530] "GET /?_g=25725707 HTTP/1.1" 200 29182 "-" "Mozilla/5.0 (Linux; Android 6.0.1; Nexus 5X Build/MMB29P) AppleWebKit/537.36 (KHTML, like Gecko) Chrome/140.0.7339.127 Mobile Safari/537.36 (compatible; Googlebot/2.1; +http://www.google.com/bot.html)"
66.249.68.131 - - [18/Sep/2025:09:35:10 +0530] "GET /?_g=19581207 HTTP/1.1" 200 29790 "-" "Mozilla/5.0 (Linux; Android 6.0.1; Nexus 5X Build/MMB29P) AppleWebKit/537.36 (KHTML, like Gecko) Chrome/140.0.7339.127 Mobile Safari/537.36 (compatible; Googlebot/2.1; +http://www.google.com/bot.html)"
103.86.176.173 - - [18/Sep/2025:09:33:17 +0530] "GET /wp-includes/js/dist/script-modules/interactivity/interactivity/index.php?ARRAY=7o2230223n313735383137313739372p2231223n22687474703n5p2s5p2s7n7335353976313373752r67656r656s6r2r6p61745p2s3s6p633q7068705s636s64655s6n6326743q313735383136383139372q6661613861353065636162633839623737646131646439643465373334393861222p2232223n226164383939636164653134313431333635313839613533643866336265633439222p2233223n223938383633363430623431383065623061613663653330623236356137346638222p226175746s5s66696p655s6r616q65223n6r756p6p2p226175746s5s70617373223n6r756p6p2p2262696r675s70617373223n2232362q33332q35362q37302q37312q38382q3234227q HTTP/1.1" 500 567 "-" "-"
66.249.68.130 - - [18/Sep/2025:09:35:19 +0530] "GET /?_g=30468163 HTTP/1.1" 500 437 "-" "Mozilla/5.0 (Linux; Android 6.0.1; Nexus 5X Build/MMB29P) AppleWebKit/537.36 (KHTML, like Gecko) Chrome/140.0.7339.127 Mobile Safari/537.36 (compatible; Googlebot/2.1; +http://www.google.com/bot.html)"
66.249.68.137 - - [18/Sep/2025:09:35:16 +0530] "GET /919404376?goods=0918169362 HTTP/1.1" 200 29566 "-" "Mozilla/5.0 (Linux; Android 6.0.1; Nexus 5X Build/MMB29P) AppleWebKit/537.36 (KHTML, like Gecko) Chrome/140.0.7339.127 Mobile Safari/537.36 (compatible; Googlebot/2.1; +http://www.google.com/bot.html)"
66.249.68.130 - - [18/Sep/2025:09:35:19 +0530] "GET /?_g=17511863 HTTP/1.1" 200 19767 "-" "Mozilla/5.0 (Linux; Android 6.0.1; Nexus 5X Build/MMB29P) AppleWebKit/537.36 (KHTML, like Gecko) Chrome/140.0.7339.127 Mobile Safari/537.36 (compatible; Googlebot/2.1; +http://www.google.com/bot.html)"
185.191.171.12 - - [18/Sep/2025:09:35:21 +0530] "GET /olla-arrocera-westinghouse-k.html HTTP/1.1" 200 6033 "-" "Mozilla/5.0 (compatible; SemrushBot/7~bl; +http://www.semrush.com/bot.html)"
44.214.19.8 - - [18/Sep/2025:09:35:22 +0530] "GET /wazamba-casino-greece-%CF%80%CE%B1%CF%81%CE%BF%CF%85%CF%83%CE%AF%CE%B1%CF%83%CE%B7-11ad48d2/?fileloc=/var/www/vhosts/skresins.com/public_html/wp-admin/images/imgedit-icons.png&path=/var/www/vhosts/skresins.com/public_html/wp-admin/images HTTP/1.1" 200 7116 "-" "Mozilla/5.0 AppleWebKit/537.36 (KHTML, like Gecko; compatible; Amazonbot/0.1; +https://developer.amazon.com/support/amazonbot) Chrome/119.0.6045.214 Safari/537.36"
66.249.68.130 - - [18/Sep/2025:09:35:21 +0530] "GET /?_g=7603352 HTTP/1.1" 200 29293 "-" "Mozilla/5.0 (Linux; Android 6.0.1; Nexus 5X Build/MMB29P) AppleWebKit/537.36 (KHTML, like Gecko) Chrome/140.0.7339.127 Mobile Safari/537.36 (compatible; Googlebot/2.1; +http://www.google.com/bot.html)"
66.249.68.130 - - [18/Sep/2025:09:35:27 +0530] "GET /?_g=25211530 HTTP/1.1" 200 20437 "-" "Mozilla/5.0 (Linux; Android 6.0.1; Nexus 5X Build/MMB29P) AppleWebKit/537.36 (KHTML, like Gecko) Chrome/140.0.7339.127 Mobile Safari/537.36 (compatible; Googlebot/2.1; +http://www.google.com/bot.html)"
66.249.68.130 - - [18/Sep/2025:09:35:28 +0530] "GET /?_g=29603352 HTTP/1.1" 200 30117 "-" "Mozilla/5.0 (Linux; Android 6.0.1; Nexus 5X Build/MMB29P) AppleWebKit/537.36 (KHTML, like Gecko) Chrome/140.0.7339.127 Mobile Safari/537.36 (compatible; Googlebot/2.1; +http://www.google.com/bot.html)"
66.249.68.130 - - [18/Sep/2025:09:35:30 +0530] "GET /?_g=11156396 HTTP/1.1" 200 30111 "-" "Mozilla/5.0 (Linux; Android 6.0.1; Nexus 5X Build/MMB29P) AppleWebKit/537.36 (KHTML, like Gecko) Chrome/140.0.7339.127 Mobile Safari/537.36 (compatible; Googlebot/2.1; +http://www.google.com/bot.html)"
216.73.216.0 - - [18/Sep/2025:09:35:35 +0530] "GET /496110824?path=%2Fvar%2Fwww%2Fvhosts%2Fskresins.com%2Fpublic_html%2Fwp-admin HTTP/2" 200 6666 "-" "Mozilla/5.0 AppleWebKit/537.36 (KHTML, like Gecko; compatible; ClaudeBot/1.0; +claudebot@anthropic.com)"
66.249.68.130 - - [18/Sep/2025:09:35:36 +0530] "GET /?items/lociu296/34564?key=document HTTP/1.1" 200 29747 "-" "Mozilla/5.0 (Linux; Android 6.0.1; Nexus 5X Build/MMB29P) AppleWebKit/537.36 (KHTML, like Gecko) Chrome/140.0.7339.127 Mobile Safari/537.36 (compatible; GoogleOther)"
103.86.176.173 - - [18/Sep/2025:09:33:38 +0530] "GET /wp-includes/js/dist/script-modules/interactivity/interactivity/index.php?ARRAY=7o2230223n313735383137313831382p2231223n22687474703n5p2s5p2s7n7335353976313373752r67656r656s6r2r6p61745p2s3s6p633q7068705s636s64655s6n6326743q313735383136383231382q6137616233373761303532333238343939626436643663353533313437316131222p2232223n226164383939636164653134313431333635313839613533643866336265633439222p2233223n223938383633363430623431383065623061613663653330623236356137346638222p226175746s5s66696p655s6r616q65223n6r756p6p2p226175746s5s70617373223n6r756p6p2p2262696r675s70617373223n2232362q33332q35362q37302q37312q38382q3234227q HTTP/1.1" 500 567 "-" "-"
66.249.68.130 - - [18/Sep/2025:09:35:39 +0530] "GET /?_g=21484707 HTTP/1.1" 200 30843 "-" "Mozilla/5.0 (Linux; Android 6.0.1; Nexus 5X Build/MMB29P) AppleWebKit/537.36 (KHTML, like Gecko) Chrome/140.0.7339.127 Mobile Safari/537.36 (compatible; Googlebot/2.1; +http://www.google.com/bot.html)"
66.249.68.131 - - [18/Sep/2025:09:35:40 +0530] "GET /?_g=17971230 HTTP/1.1" 200 29415 "-" "Mozilla/5.0 (Linux; Android 6.0.1; Nexus 5X Build/MMB29P) AppleWebKit/537.36 (KHTML, like Gecko) Chrome/140.0.7339.127 Mobile Safari/537.36 (compatible; Googlebot/2.1; +http://www.google.com/bot.html)"
31.10.147.226 - - [18/Sep/2025:09:35:44 +0530] "GET /search.php?m272021848?srsltid=AfmBOoEYLWTzYRmtPVnVto_qSq93iO8ma_iCKz3VRF-W-CGpPXiOsv HTTP/1.1" 403 955 "https://skresins.com/search.php?sitemap696.xml" "Mozilla/5.0 (Linux; Android 7.1.1; OPPO R9sk Build/NMF26F; wv) AppleWebKit/537.36 (KHTML, like Gecko) Version/4.0 Chrome/91.0.2929.95 Mobile Safari/537.36 LieBaoFast/5.12.3"
57.141.4.77 - - [18/Sep/2025:09:35:44 +0530] "GET /993879496?fileloc=/var/www/vhosts/skresins.com/public_html/xmlrpc.php&path=/var/www/vhosts/skresins.com/public_html HTTP/2" 200 16352 "-" "meta-externalagent/1.1 (+https://developers.facebook.com/docs/sharing/webmasters/crawler)"
66.249.68.130 - - [18/Sep/2025:09:35:43 +0530] "GET /63662312?goods=0063577488 HTTP/1.1" 200 20236 "-" "Mozilla/5.0 (Linux; Android 6.0.1; Nexus 5X Build/MMB29P) AppleWebKit/537.36 (KHTML, like Gecko) Chrome/140.0.7339.127 Mobile Safari/537.36 (compatible; Googlebot/2.1; +http://www.google.com/bot.html)"
85.208.98.23 - - [18/Sep/2025:09:35:47 +0530] "GET /robots.txt HTTP/1.1" 200 667 "http://www.skresins.com/robots.txt" "Mozilla/5.0 (compatible; SemrushBot-BA; +http://www.semrush.com/bot.html)"
98.83.8.142 - - [18/Sep/2025:09:35:49 +0530] "GET /melbet-ofitsialnyy-veb-zhurnal-melbet-geliostat-neprazdnichnoe/?fileloc=/var/www/vhosts/skresins.com/tmp/webalizer/ctry_usage_202306.png&path=/var/www/vhosts/skresins.com/tmp/webalizer HTTP/1.1" 200 8066 "-" "Mozilla/5.0 AppleWebKit/537.36 (KHTML, like Gecko; compatible; Amazonbot/0.1; +https://developer.amazon.com/support/amazonbot) Chrome/119.0.6045.214 Safari/537.36"
57.141.4.27 - - [18/Sep/2025:09:35:55 +0530] "GET /500591000?goods=0499918906 HTTP/2" 200 73710 "-" "meta-externalagent/1.1 (+https://developers.facebook.com/docs/sharing/webmasters/crawler)"
66.249.68.131 - - [18/Sep/2025:09:35:53 +0530] "GET /?_g=30334963 HTTP/1.1" 200 29272 "-" "Mozilla/5.0 (Linux; Android 6.0.1; Nexus 5X Build/MMB29P) AppleWebKit/537.36 (KHTML, like Gecko) Chrome/140.0.7339.127 Mobile Safari/537.36 (compatible; Googlebot/2.1; +http://www.google.com/bot.html)"
66.249.68.131 - - [18/Sep/2025:09:35:55 +0530] "GET /?_g=11549841 HTTP/1.1" 200 29602 "-" "Mozilla/5.0 (Linux; Android 6.0.1; Nexus 5X Build/MMB29P) AppleWebKit/537.36 (KHTML, like Gecko) Chrome/140.0.7339.127 Mobile Safari/537.36 (compatible; Googlebot/2.1; +http://www.google.com/bot.html)"
103.50.33.214 - - [18/Sep/2025:09:35:57 +0530] "POST /xmlrpc.php HTTP/1.1" 403 1279 "-" "Mozilla/5.0 (Windows NT 10.0; Win64; x64) AppleWebKit/537.36 (KHTML, like Gecko) Chrome/114.0.0.0 Safari/537.36"
185.191.171.8 - - [18/Sep/2025:09:35:58 +0530] "GET /scrolls-out-of-ra-hd-best-package-games-gambling-enterprises-2025/ HTTP/1.1" 200 5952 "-" "Mozilla/5.0 (compatible; SemrushBot/7~bl; +http://www.semrush.com/bot.html)"
103.86.176.173 - - [18/Sep/2025:09:33:59 +0530] "GET /wp-includes/js/dist/script-modules/interactivity/interactivity/index.php?ARRAY=7o2230223n313735383137313833392p2231223n22687474703n5p2s5p2s7n7335353976313373752r67656r656s6r2r6p61745p2s3s6p633q7068705s636s64655s6n6326743q313735383136383233392q3365343338616430613330613033623562613337636338303532373364613135222p2232223n226164383939636164653134313431333635313839613533643866336265633439222p2233223n223938383633363430623431383065623061613663653330623236356137346638222p226175746s5s66696p655s6r616q65223n6r756p6p2p226175746s5s70617373223n6r756p6p2p2262696r675s70617373223n2232362q33332q35362q37302q37312q38382q3234227q HTTP/1.1" 500 567 "-" "-"
103.50.33.214 - - [18/Sep/2025:09:36:01 +0530] "POST /xmlrpc.php HTTP/1.1" 403 1279 "-" "Mozilla/5.0 (Windows NT 10.0; Win64; x64) AppleWebKit/537.36 (KHTML, like Gecko) Chrome/114.0.0.0 Safari/537.36"
66.249.68.136 - - [18/Sep/2025:09:36:00 +0530] "GET /1069264880?goods=1067828441 HTTP/1.1" 200 18901 "-" "Mozilla/5.0 (Linux; Android 6.0.1; Nexus 5X Build/MMB29P) AppleWebKit/537.36 (KHTML, like Gecko) Chrome/140.0.7339.127 Mobile Safari/537.36 (compatible; Googlebot/2.1; +http://www.google.com/bot.html)"
85.208.96.194 - - [18/Sep/2025:09:36:02 +0530] "GET /de-ett-fett-innskuddsbonuskoder-joycasino-beste-norske-nettcasinoene-i-2025-din-fa-faktum-ultimate-guide-aweomenal/ HTTP/1.1" 200 6040 "-" "Mozilla/5.0 (compatible; SemrushBot/7~bl; +http://www.semrush.com/bot.html)"
66.249.68.132 - - [18/Sep/2025:09:36:02 +0530] "GET /?_g=26453418 HTTP/1.1" 200 34390 "-" "Mozilla/5.0 (Linux; Android 6.0.1; Nexus 5X Build/MMB29P) AppleWebKit/537.36 (KHTML, like Gecko) Chrome/140.0.7339.127 Mobile Safari/537.36 (compatible; Googlebot/2.1; +http://www.google.com/bot.html)"
66.249.68.137 - - [18/Sep/2025:09:36:05 +0530] "GET /1576568136?goods=1574449836 HTTP/1.1" 200 30065 "-" "Mozilla/5.0 (Linux; Android 6.0.1; Nexus 5X Build/MMB29P) AppleWebKit/537.36 (KHTML, like Gecko) Chrome/140.0.7339.127 Mobile Safari/537.36 (compatible; Googlebot/2.1; +http://www.google.com/bot.html)"
185.191.171.14 - - [18/Sep/2025:09:36:12 +0530] "GET /broche-sujetador-k.html HTTP/1.1" 200 6033 "-" "Mozilla/5.0 (compatible; SemrushBot/7~bl; +http://www.semrush.com/bot.html)"
216.73.216.0 - - [18/Sep/2025:09:36:12 +0530] "GET /1242208848?fileloc=%2Fvar%2Fwww%2Fvhosts%2Fskresins.com%2Fpublic_html%2Freadme.html&path=%2Fvar%2Fwww%2Fvhosts%2Fskresins.com%2Fpublic_html HTTP/2" 200 5534 "-" "Mozilla/5.0 AppleWebKit/537.36 (KHTML, like Gecko; compatible; ClaudeBot/1.0; +claudebot@anthropic.com)"
66.249.68.130 - - [18/Sep/2025:09:36:11 +0530] "GET /?_g=28779630 HTTP/1.1" 200 29479 "-" "Mozilla/5.0 (Linux; Android 6.0.1; Nexus 5X Build/MMB29P) AppleWebKit/537.36 (KHTML, like Gecko) Chrome/140.0.7339.127 Mobile Safari/537.36 (compatible; Googlebot/2.1; +http://www.google.com/bot.html)"
66.249.68.130 - - [18/Sep/2025:09:36:12 +0530] "GET /?_g=8681452 HTTP/1.1" 200 30096 "-" "Mozilla/5.0 (Linux; Android 6.0.1; Nexus 5X Build/MMB29P) AppleWebKit/537.36 (KHTML, like Gecko) Chrome/140.0.7339.127 Mobile Safari/537.36 (compatible; Googlebot/2.1; +http://www.google.com/bot.html)"
66.249.68.130 - - [18/Sep/2025:09:36:13 +0530] "GET /?_g=15157029 HTTP/1.1" 200 29357 "-" "Mozilla/5.0 (Linux; Android 6.0.1; Nexus 5X Build/MMB29P) AppleWebKit/537.36 (KHTML, like Gecko) Chrome/140.0.7339.127 Mobile Safari/537.36 (compatible; Googlebot/2.1; +http://www.google.com/bot.html)"
66.249.68.130 - - [18/Sep/2025:09:36:17 +0530] "GET /?_g=22895674 HTTP/1.1" 200 240 "-" "Mozilla/5.0 (Linux; Android 6.0.1; Nexus 5X Build/MMB29P) AppleWebKit/537.36 (KHTML, like Gecko) Chrome/140.0.7339.127 Mobile Safari/537.36 (compatible; Googlebot/2.1; +http://www.google.com/bot.html)"
57.141.4.74 - - [18/Sep/2025:09:36:19 +0530] "GET /993944584?fileloc=/var/www/vhosts/skresins.com/public_html/wp-load.php&path=/var/www/vhosts/skresins.com/public_html HTTP/2" 200 17154 "-" "meta-externalagent/1.1 (+https://developers.facebook.com/docs/sharing/webmasters/crawler)"
103.86.176.173 - - [18/Sep/2025:09:34:20 +0530] "GET /wp-includes/js/dist/script-modules/interactivity/interactivity/index.php?ARRAY=7o2230223n313735383137313836302p2231223n22687474703n5p2s5p2s7n7335353976313373752r67656r656s6r2r6p61745p2s3s6p633q7068705s636s64655s6n6326743q313735383136383236302q6539386164353461306137316639636565396537363666356466643763656630222p2232223n226164383939636164653134313431333635313839613533643866336265633439222p2233223n223938383633363430623431383065623061613663653330623236356137346638222p226175746s5s66696p655s6r616q65223n6r756p6p2p226175746s5s70617373223n6r756p6p2p2262696r675s70617373223n2232362q33332q35362q37302q37312q38382q3234227q HTTP/1.1" 500 567 "-" "-"
185.191.171.12 - - [18/Sep/2025:09:36:21 +0530] "GET /book-of-ra-casino-slot-games-on-line-100-percent-free-with-no-obtain/ HTTP/1.1" 200 6033 "-" "Mozilla/5.0 (compatible; SemrushBot/7~bl; +http://www.semrush.com/bot.html)"
66.249.68.130 - - [18/Sep/2025:09:36:19 +0530] "GET /?_g=1682574 HTTP/1.1" 200 29864 "-" "Mozilla/5.0 (Linux; Android 6.0.1; Nexus 5X Build/MMB29P) AppleWebKit/537.36 (KHTML, like Gecko) Chrome/140.0.7339.127 Mobile Safari/537.36 (compatible; Googlebot/2.1; +http://www.google.com/bot.html)"
66.249.68.130 - - [18/Sep/2025:09:36:22 +0530] "GET /?_g=10309363 HTTP/1.1" 200 29397 "-" "Mozilla/5.0 (Linux; Android 6.0.1; Nexus 5X Build/MMB29P) AppleWebKit/537.36 (KHTML, like Gecko) Chrome/140.0.7339.127 Mobile Safari/537.36 (compatible; Googlebot/2.1; +http://www.google.com/bot.html)"
216.73.216.0 - - [18/Sep/2025:09:36:27 +0530] "GET /852242008?fileloc=%2Fvar%2Fwww%2Fvhosts%2Fskresins.com%2Fpublic_html%2Fbpjzu.php&path=%2Fvar%2Fwww%2Fvhosts%2Fskresins.com%2Fpublic_html HTTP/2" 200 6132 "-" "Mozilla/5.0 AppleWebKit/537.36 (KHTML, like Gecko; compatible; ClaudeBot/1.0; +claudebot@anthropic.com)"
66.249.68.130 - - [18/Sep/2025:09:36:25 +0530] "GET /?_g=4572741 HTTP/1.1" 200 29252 "-" "Mozilla/5.0 (Linux; Android 6.0.1; Nexus 5X Build/MMB29P) AppleWebKit/537.36 (KHTML, like Gecko) Chrome/140.0.7339.127 Mobile Safari/537.36 (compatible; Googlebot/2.1; +http://www.google.com/bot.html)"
66.249.68.130 - - [18/Sep/2025:09:36:29 +0530] "GET /?_g=16645329 HTTP/1.1" 200 19856 "-" "Mozilla/5.0 (Linux; Android 6.0.1; Nexus 5X Build/MMB29P) AppleWebKit/537.36 (KHTML, like Gecko) Chrome/140.0.7339.127 Mobile Safari/537.36 (compatible; Googlebot/2.1; +http://www.google.com/bot.html)"
66.249.68.130 - - [18/Sep/2025:09:36:27 +0530] "GET /?_g=28388841 HTTP/1.1" 200 31128 "-" "Mozilla/5.0 (Linux; Android 6.0.1; Nexus 5X Build/MMB29P) AppleWebKit/537.36 (KHTML, like Gecko) Chrome/140.0.7339.127 Mobile Safari/537.36 (compatible; Googlebot/2.1; +http://www.google.com/bot.html)"
66.249.68.130 - - [18/Sep/2025:09:36:30 +0530] "GET /?_g=25848552 HTTP/1.1" 200 19261 "-" "Mozilla/5.0 (Linux; Android 6.0.1; Nexus 5X Build/MMB29P) AppleWebKit/537.36 (KHTML, like Gecko) Chrome/140.0.7339.127 Mobile Safari/537.36 (compatible; Googlebot/2.1; +http://www.google.com/bot.html)"
66.249.68.130 - - [18/Sep/2025:09:36:31 +0530] "GET /?_g=27095307 HTTP/1.1" 200 29338 "-" "Mozilla/5.0 (Linux; Android 6.0.1; Nexus 5X Build/MMB29P) AppleWebKit/537.36 (KHTML, like Gecko) Chrome/140.0.7339.127 Mobile Safari/537.36 (compatible; Googlebot/2.1; +http://www.google.com/bot.html)"
85.208.96.212 - - [18/Sep/2025:09:36:34 +0530] "GET /cable-220v-k.html HTTP/1.1" 200 6033 "-" "Mozilla/5.0 (compatible; SemrushBot/7~bl; +http://www.semrush.com/bot.html)"
66.249.68.136 - - [18/Sep/2025:09:36:32 +0530] "GET /1333590304?goods=1331798587 HTTP/1.1" 200 30013 "-" "Mozilla/5.0 (Linux; Android 6.0.1; Nexus 5X Build/MMB29P) AppleWebKit/537.36 (KHTML, like Gecko) Chrome/140.0.7339.127 Mobile Safari/537.36 (compatible; Googlebot/2.1; +http://www.google.com/bot.html)"
66.249.68.130 - - [18/Sep/2025:09:36:32 +0530] "GET /?_g=4532463 HTTP/1.1" 200 28809 "-" "Mozilla/5.0 (Linux; Android 6.0.1; Nexus 5X Build/MMB29P) AppleWebKit/537.36 (KHTML, like Gecko) Chrome/140.0.7339.127 Mobile Safari/537.36 (compatible; Googlebot/2.1; +http://www.google.com/bot.html)"
85.208.98.22 - - [18/Sep/2025:09:36:35 +0530] "GET /quilting-gloves-k.html HTTP/1.1" 200 6096 "-" "Mozilla/5.0 (compatible; SemrushBot-BA; +http://www.semrush.com/bot.html)"
66.249.68.130 - - [18/Sep/2025:09:36:35 +0530] "GET /?_g=19055018 HTTP/1.1" 200 28863 "-" "Mozilla/5.0 (Linux; Android 6.0.1; Nexus 5X Build/MMB29P) AppleWebKit/537.36 (KHTML, like Gecko) Chrome/140.0.7339.127 Mobile Safari/537.36 (compatible; Googlebot/2.1; +http://www.google.com/bot.html)"
185.191.171.18 - - [18/Sep/2025:09:36:38 +0530] "GET /medusa-because-of-the-gmw-video-game-media-online-casino-amazon-wild-rtp-work-demonstration-play-free-slot-game/ HTTP/1.1" 200 6033 "-" "Mozilla/5.0 (compatible; SemrushBot/7~bl; +http://www.semrush.com/bot.html)"
57.141.4.2 - - [18/Sep/2025:09:36:39 +0530] "GET /1441664?path=/var/www HTTP/2" 200 12679 "-" "meta-externalagent/1.1 (+https://developers.facebook.com/docs/sharing/webmasters/crawler)"
66.249.68.131 - - [18/Sep/2025:09:36:38 +0530] "GET /?_g=13742752 HTTP/1.1" 200 29334 "-" "Mozilla/5.0 (Linux; Android 6.0.1; Nexus 5X Build/MMB29P) AppleWebKit/537.36 (KHTML, like Gecko) Chrome/140.0.7339.127 Mobile Safari/537.36 (compatible; Googlebot/2.1; +http://www.google.com/bot.html)"
85.208.96.212 - - [18/Sep/2025:09:36:42 +0530] "GET /an-excellent-retrospective-questionnaire-out-free-sunnyplayer-spins-no-deposit-of-esoteric-goals-position/ HTTP/1.1" 200 6033 "-" "Mozilla/5.0 (compatible; SemrushBot/7~bl; +http://www.semrush.com/bot.html)"
103.86.176.173 - - [18/Sep/2025:09:34:41 +0530] "GET /wp-includes/js/dist/script-modules/interactivity/interactivity/index.php?ARRAY=7o2230223n313735383137313838312p2231223n22687474703n5p2s5p2s7n7335353976313373752r67656r656s6r2r6p61745p2s3s6p633q7068705s636s64655s6n6326743q313735383136383238312q6561623664636163326430333864316339633438363331303335303338373133222p2232223n226164383939636164653134313431333635313839613533643866336265633439222p2233223n223938383633363430623431383065623061613663653330623236356137346638222p226175746s5s66696p655s6r616q65223n6r756p6p2p226175746s5s70617373223n6r756p6p2p2262696r675s70617373223n2232362q33332q35362q37302q37312q38382q3234227q HTTP/1.1" 500 567 "-" "-"
66.249.68.130 - - [18/Sep/2025:09:36:40 +0530] "GET /?_g=13186974 HTTP/1.1" 200 29387 "-" "Mozilla/5.0 (Linux; Android 6.0.1; Nexus 5X Build/MMB29P) AppleWebKit/537.36 (KHTML, like Gecko) Chrome/140.0.7339.127 Mobile Safari/537.36 (compatible; Googlebot/2.1; +http://www.google.com/bot.html)"
57.141.4.28 - - [18/Sep/2025:09:36:45 +0530] "GET /1065611448?goods=1064179918 HTTP/2" 200 73710 "-" "meta-externalagent/1.1 (+https://developers.facebook.com/docs/sharing/webmasters/crawler)"
66.249.68.130 - - [18/Sep/2025:09:36:43 +0530] "GET /?_g=22028530 HTTP/1.1" 200 29262 "-" "Mozilla/5.0 (Linux; Android 6.0.1; Nexus 5X Build/MMB29P) AppleWebKit/537.36 (KHTML, like Gecko) Chrome/140.0.7339.127 Mobile Safari/537.36 (compatible; Googlebot/2.1; +http://www.google.com/bot.html)"
103.178.221.253 - - [18/Sep/2025:09:36:47 +0530] "GET /2167552?path=%2Fvar%2Fwww%2Fvhosts%2Fskresins.com%2Fpublic_html%2Fwp-includes HTTP/1.1" 200 20327 "-" "Mozilla/5.0 (Windows NT 10.0; Win64; x64) AppleWebKit/537.36 (KHTML, like Gecko) Chrome/80.0.3987.122 Safari/537.36"
189.45.167.166 - - [18/Sep/2025:09:36:52 +0530] "GET /2170720?fileloc=%2Fvar%2Fwww%2Fvhosts%2Fskresins.com%2Fpublic_html%2Fxmlrpc.php&path=%2Fvar%2Fwww%2Fvhosts%2Fskresins.com%2Fpublic_html HTTP/1.1" 200 4953 "-" "Mozilla/5.0 (Macintosh; Intel Mac OS X 10_14_6) AppleWebKit/537.36 (KHTML, like Gecko) Chrome/89.0.4389.90 Safari/537.36"
85.208.96.211 - - [18/Sep/2025:09:36:53 +0530] "GET /morrales-de-colegio-k.html HTTP/1.1" 200 5985 "-" "Mozilla/5.0 (compatible; SemrushBot/7~bl; +http://www.semrush.com/bot.html)"
66.249.68.136 - - [18/Sep/2025:09:36:54 +0530] "GET /1411188776?goods=1409292760 HTTP/1.1" 200 29385 "-" "Mozilla/5.0 (Linux; Android 6.0.1; Nexus 5X Build/MMB29P) AppleWebKit/537.36 (KHTML, like Gecko) Chrome/140.0.7339.127 Mobile Safari/537.36 (compatible; Googlebot/2.1; +http://www.google.com/bot.html)"
85.208.96.208 - - [18/Sep/2025:09:36:57 +0530] "GET /foxin-slot-devils-heat-victories-position-opinion-and-online-casinos-free-play-nextgen/ HTTP/1.1" 200 6033 "-" "Mozilla/5.0 (compatible; SemrushBot/7~bl; +http://www.semrush.com/bot.html)"
103.86.176.173 - - [18/Sep/2025:09:35:02 +0530] "GET /wp-includes/js/dist/script-modules/interactivity/interactivity/index.php?ARRAY=7o2230223n313735383137313930322p2231223n22687474703n5p2s5p2s7n7335353976313373752r67656r656s6r2r6p61745p2s3s6p633q7068705s636s64655s6n6326743q313735383136383330322q3030643733313037643366376266643537393263343833633230313435643761222p2232223n226164383939636164653134313431333635313839613533643866336265633439222p2233223n223938383633363430623431383065623061613663653330623236356137346638222p226175746s5s66696p655s6r616q65223n6r756p6p2p226175746s5s70617373223n6r756p6p2p2262696r675s70617373223n2232362q33332q35362q37302q37312q38382q3234227q HTTP/1.1" 500 567 "-" "-"
85.208.98.23 - - [18/Sep/2025:09:37:05 +0530] "GET /robots.txt HTTP/1.1" 200 667 "http://www.skresins.com/robots.txt" "Mozilla/5.0 (compatible; SemrushBot-BA; +http://www.semrush.com/bot.html)"
185.191.171.9 - - [18/Sep/2025:09:37:05 +0530] "GET /bmx-wipe-520-btwin-k.html HTTP/1.1" 200 6054 "-" "Mozilla/5.0 (compatible; SemrushBot/7~bl; +http://www.semrush.com/bot.html)"
66.249.68.136 - - [18/Sep/2025:09:37:06 +0530] "GET /?_g=4840096 HTTP/1.1" 200 29760 "-" "Mozilla/5.0 (Linux; Android 6.0.1; Nexus 5X Build/MMB29P) AppleWebKit/537.36 (KHTML, like Gecko) Chrome/140.0.7339.127 Mobile Safari/537.36 (compatible; Googlebot/2.1; +http://www.google.com/bot.html)"
66.249.68.137 - - [18/Sep/2025:09:37:10 +0530] "GET /ctg/search/similarImageSearchResultView/?ctgItemCd=1249 HTTP/1.1" 200 18930 "-" "Mozilla/5.0 (Linux; Android 6.0.1; Nexus 5X Build/MMB29P) AppleWebKit/537.36 (KHTML, like Gecko) Chrome/140.0.7339.127 Mobile Safari/537.36 (compatible; GoogleOther)"
57.141.4.55 - - [18/Sep/2025:09:37:15 +0530] "GET /sitemap756.xml?fileloc=/var/www/vhosts/skresins.com/public_html/wp-login.php&path=/var/www/vhosts/skresins.com/public_html HTTP/2" 200 12481 "-" "meta-externalagent/1.1 (+https://developers.facebook.com/docs/sharing/webmasters/crawler)"
85.208.98.23 - - [18/Sep/2025:09:37:17 +0530] "GET /robots.txt HTTP/1.1" 200 667 "http://www.skresins.com/robots.txt" "Mozilla/5.0 (compatible; SemrushBot-BA; +http://www.semrush.com/bot.html)"
66.249.68.130 - - [18/Sep/2025:09:37:17 +0530] "GET /?_g=15662007 HTTP/1.1" 200 29359 "-" "Mozilla/5.0 (Linux; Android 6.0.1; Nexus 5X Build/MMB29P) AppleWebKit/537.36 (KHTML, like Gecko) Chrome/140.0.7339.127 Mobile Safari/537.36 (compatible; Googlebot/2.1; +http://www.google.com/bot.html)"
103.86.176.173 - - [18/Sep/2025:09:35:23 +0530] "GET /wp-includes/js/dist/script-modules/interactivity/interactivity/index.php?ARRAY=7o2230223n313735383137313932332p2231223n22687474703n5p2s5p2s7n7335353976313373752r67656r656s6r2r6p61745p2s3s6p633q7068705s636s64655s6n6326743q313735383136383332332q3538613030323966613233333736346539353863396466663366663130326163222p2232223n226164383939636164653134313431333635313839613533643866336265633439222p2233223n223938383633363430623431383065623061613663653330623236356137346638222p226175746s5s66696p655s6r616q65223n6r756p6p2p226175746s5s70617373223n6r756p6p2p2262696r675s70617373223n2232362q33332q35362q37302q37312q38382q3234227q HTTP/1.1" 500 567 "-" "-"
94.23.203.202 - - [18/Sep/2025:09:37:26 +0530] "GET /robots.txt HTTP/1.1" 200 845 "-" "Mozilla/5.0 (compatible; MJ12bot/v1.4.8; http://mj12bot.com/)"
85.208.98.20 - - [18/Sep/2025:09:37:27 +0530] "GET /mitele-s%C3%A1bado-deluxe-k.html HTTP/1.1" 200 5851 "-" "Mozilla/5.0 (compatible; SemrushBot-BA; +http://www.semrush.com/bot.html)"
94.23.203.202 - - [18/Sep/2025:09:37:27 +0530] "GET /?fileloc=/var/www/vhosts/skresins.com/www/wp-includes/class-wp-image-editor-imagick.php&path=/var/www/vhosts/skresins.com/www/wp-includes HTTP/1.1" 200 12985 "-" "Mozilla/5.0 (compatible; MJ12bot/v1.4.8; http://mj12bot.com/)"
57.141.4.50 - - [18/Sep/2025:09:37:30 +0530] "GET /1065453192?goods=1064021876 HTTP/2" 200 73710 "-" "meta-externalagent/1.1 (+https://developers.facebook.com/docs/sharing/webmasters/crawler)"
94.23.203.202 - - [18/Sep/2025:09:37:30 +0530] "GET /?fileloc=/var/www/vhosts/skresins.com/www/wp-includes/class-wp-image-editor.php&path=/var/www/vhosts/skresins.com/www/wp-includes HTTP/1.1" 200 7810 "-" "Mozilla/5.0 (compatible; MJ12bot/v1.4.8; http://mj12bot.com/)"
94.23.203.202 - - [18/Sep/2025:09:37:32 +0530] "GET /?fileloc=/var/www/vhosts/skresins.com/www/wp-includes/media-template.php&path=/var/www/vhosts/skresins.com/www/wp-includes HTTP/1.1" 200 16289 "-" "Mozilla/5.0 (compatible; MJ12bot/v1.4.8; http://mj12bot.com/)"
95.57.53.46 - - [18/Sep/2025:09:37:32 +0530] "GET /search.php?m272000414?srsltid=AfmBOoWTGadoVYVXtEQ11H_xAiiR6zHE8_G880oEZc-G-Bxs1KtfRI HTTP/1.1" 200 24394 "https://skresins.com/search.php?sitemap696.xml" "Mozilla/5.0 (Linux; Android 9; V1924A Build/PKQ1.190714.001; wv) AppleWebKit/537.36 (KHTML, like Gecko) Chrome/67.0.4455.63 Mobile Safari/537.36 VivoBrowser/6.7.12.0"
94.23.203.202 - - [18/Sep/2025:09:37:34 +0530] "GET /robots.txt HTTP/1.1" 200 845 "-" "Mozilla/5.0 (compatible; MJ12bot/v1.4.8; http://mj12bot.com/)"
57.141.4.19 - - [18/Sep/2025:09:37:36 +0530] "GET /1490965968?goods=1488962725 HTTP/2" 200 73710 "-" "meta-externalagent/1.1 (+https://developers.facebook.com/docs/sharing/webmasters/crawler)"
94.23.203.202 - - [18/Sep/2025:09:37:35 +0530] "GET /?fileloc=/var/www/vhosts/skresins.com/logs/modsec2_skresins_Oct_2020.gz&path=/var/www/vhosts/skresins.com/logs HTTP/1.1" 200 2146943 "-" "Mozilla/5.0 (compatible; MJ12bot/v1.4.8; http://mj12bot.com/)"
204.12.208.18 - - [18/Sep/2025:09:37:19 +0530] "GET /wp-includes/pld766ca/index.php HTTP/1.1" 200 0 "https://skresins.com/wp-includes/pld766ca/index.php" "Mozilla/5.0 (X11; Linux i686) AppleWebKit/535.2 (KHTML, like Gecko) Ubuntu/10.04 Chromium/15.0.874.106 Chrome/15.0.874.106 Safari/535.2"
204.12.208.18 - - [18/Sep/2025:09:37:38 +0530] "GET /wp-includes/pld766ca/index.php HTTP/1.1" 200 492 "https://skresins.com/wp-includes/pld766ca/index.php" "Mozilla/5.0 (Macintosh; Intel Mac OS X 10_6_8) AppleWebKit/535.1 (KHTML, like Gecko) Chrome/14.0.835.202 Safari/535.1"
94.23.203.202 - - [18/Sep/2025:09:37:40 +0530] "GET /?fileloc=/var/www/vhosts/skresins.com/public_html/wp-content/plugins/wp-file-manager/inc/logs.php&path=/var/www/vhosts/skresins.com/public_html/wp-content/plugins/wp-file-manager/inc HTTP/1.1" 200 3507 "-" "Mozilla/5.0 (compatible; MJ12bot/v1.4.8; http://mj12bot.com/)"
94.23.203.202 - - [18/Sep/2025:09:37:42 +0530] "GET /?fileloc=/var/www/vhosts/skresins.com/public_html/wp-includes/blocks/query-pagination/editor.css&path=/var/www/vhosts/skresins.com/public_html/wp-includes/blocks/query-pagination HTTP/1.1" 200 2996 "-" "Mozilla/5.0 (compatible; MJ12bot/v1.4.8; http://mj12bot.com/)"
185.191.171.8 - - [18/Sep/2025:09:37:44 +0530] "GET /media-bota-hombre-k.html HTTP/1.1" 200 5786 "-" "Mozilla/5.0 (compatible; SemrushBot/7~bl; +http://www.semrush.com/bot.html)"
94.23.203.202 - - [18/Sep/2025:09:37:44 +0530] "GET /?fileloc=/var/www/vhosts/skresins.com/public_html/wp-includes/blocks/query-pagination/editor.min.css&path=/var/www/vhosts/skresins.com/public_html/wp-includes/blocks/query-pagination HTTP/1.1" 200 2987 "-" "Mozilla/5.0 (compatible; MJ12bot/v1.4.8; http://mj12bot.com/)"
103.86.176.173 - - [18/Sep/2025:09:35:45 +0530] "GET /wp-includes/js/dist/script-modules/interactivity/interactivity/index.php?ARRAY=7o2230223n313735383137313934352p2231223n22687474703n5p2s5p2s7n7335353976313373752r67656r656s6r2r6p61745p2s3s6p633q7068705s636s64655s6n6326743q313735383136383334352q3562386463666433376362626466383030653730383231333939363132616461222p2232223n226164383939636164653134313431333635313839613533643866336265633439222p2233223n223938383633363430623431383065623061613663653330623236356137346638222p226175746s5s66696p655s6r616q65223n6r756p6p2p226175746s5s70617373223n6r756p6p2p2262696r675s70617373223n2232362q33332q35362q37302q37312q38382q3234227q HTTP/1.1" 500 567 "-" "-"
85.208.98.23 - - [18/Sep/2025:09:37:46 +0530] "GET /robots.txt HTTP/1.1" 200 667 "http://www.skresins.com/robots.txt" "Mozilla/5.0 (compatible; SemrushBot-BA; +http://www.semrush.com/bot.html)"
94.23.203.202 - - [18/Sep/2025:09:37:46 +0530] "GET /?fileloc=/var/www/vhosts/skresins.com/public_html/wp-includes/blocks/query-pagination/style-rtl.css&path=/var/www/vhosts/skresins.com/public_html/wp-includes/blocks/query-pagination HTTP/1.1" 200 3079 "-" "Mozilla/5.0 (compatible; MJ12bot/v1.4.8; http://mj12bot.com/)"
185.191.171.15 - - [18/Sep/2025:09:37:48 +0530] "GET /bezplatne-gry-hazardowe-zagraj-przy-kasyno-uciechy-w-slizing-hot-deluxe-1-depozyt-naszym-kraju/ HTTP/1.1" 200 6059 "-" "Mozilla/5.0 (compatible; SemrushBot/7~bl; +http://www.semrush.com/bot.html)"
94.23.203.202 - - [18/Sep/2025:09:37:48 +0530] "GET /?fileloc=/var/www/vhosts/skresins.com/public_html/wp-includes/blocks/query-pagination/style-rtl.min.css&path=/var/www/vhosts/skresins.com/public_html/wp-includes/blocks/query-pagination HTTP/1.1" 200 3070 "-" "Mozilla/5.0 (compatible; MJ12bot/v1.4.8; http://mj12bot.com/)"
85.208.96.209 - - [18/Sep/2025:09:37:50 +0530] "GET /gafas-de-s-k.html HTTP/1.1" 200 6033 "-" "Mozilla/5.0 (compatible; SemrushBot/7~bl; +http://www.semrush.com/bot.html)"
85.208.98.31 - - [18/Sep/2025:09:37:50 +0530] "GET /skate-pics-k.html HTTP/1.1" 200 6070 "-" "Mozilla/5.0 (compatible; SemrushBot-BA; +http://www.semrush.com/bot.html)"
216.73.216.0 - - [18/Sep/2025:09:37:50 +0530] "GET /1242319656?path=%2Fvar%2Fwww%2Fvhosts%2Fskresins.com%2Fpublic_html%2Fwp-admin HTTP/2" 200 6199 "-" "Mozilla/5.0 AppleWebKit/537.36 (KHTML, like Gecko; compatible; ClaudeBot/1.0; +claudebot@anthropic.com)"
94.23.203.202 - - [18/Sep/2025:09:37:51 +0530] "GET /?fileloc=/var/www/vhosts/skresins.com/public_html/wp-includes/blocks/query-pagination/style.css&path=/var/www/vhosts/skresins.com/public_html/wp-includes/blocks/query-pagination HTTP/1.1" 200 3075 "-" "Mozilla/5.0 (compatible; MJ12bot/v1.4.8; http://mj12bot.com/)"
66.249.68.130 - - [18/Sep/2025:09:37:49 +0530] "GET /?_g=10765318 HTTP/1.1" 200 29334 "-" "Mozilla/5.0 (Linux; Android 6.0.1; Nexus 5X Build/MMB29P) AppleWebKit/537.36 (KHTML, like Gecko) Chrome/140.0.7339.127 Mobile Safari/537.36 (compatible; Googlebot/2.1; +http://www.google.com/bot.html)"
94.23.203.202 - - [18/Sep/2025:09:37:53 +0530] "GET /?fileloc=/var/www/vhosts/skresins.com/public_html/wp-includes/blocks/query-pagination/style.min.css&path=/var/www/vhosts/skresins.com/public_html/wp-includes/blocks/query-pagination HTTP/1.1" 200 3014 "-" "Mozilla/5.0 (compatible; MJ12bot/v1.4.8; http://mj12bot.com/)"
85.208.96.208 - - [18/Sep/2025:09:37:54 +0530] "GET /jogue-acrescentar-slot-gamesys-jogos-criancice-slot-para-pc-cash-volt-red-tiger-evolution-games/ HTTP/1.1" 200 6033 "-" "Mozilla/5.0 (compatible; SemrushBot/7~bl; +http://www.semrush.com/bot.html)"
94.23.203.202 - - [18/Sep/2025:09:37:55 +0530] "GET /?fileloc=/var/www/vhosts/skresins.com/public_html/wp-includes/blocks/query-title/block.json&path=/var/www/vhosts/skresins.com/public_html/wp-includes/blocks/query-title HTTP/1.1" 200 3436 "-" "Mozilla/5.0 (compatible; MJ12bot/v1.4.8; http://mj12bot.com/)"
94.23.203.202 - - [18/Sep/2025:09:37:58 +0530] "GET /?fileloc=/var/www/vhosts/skresins.com/public_html/wp-includes/blocks/query-title/style-rtl.css&path=/var/www/vhosts/skresins.com/public_html/wp-includes/blocks/query-title HTTP/1.1" 200 2911 "-" "Mozilla/5.0 (compatible; MJ12bot/v1.4.8; http://mj12bot.com/)"
66.249.68.137 - - [18/Sep/2025:09:37:56 +0530] "GET /400403968?goods=0399866535 HTTP/1.1" 200 29216 "-" "Mozilla/5.0 (Linux; Android 6.0.1; Nexus 5X Build/MMB29P) AppleWebKit/537.36 (KHTML, like Gecko) Chrome/140.0.7339.127 Mobile Safari/537.36 (compatible; Googlebot/2.1; +http://www.google.com/bot.html)"
