HEX
Server: LiteSpeed
System: Linux server.innovtouch.com 5.15.0-152-generic #162-Ubuntu SMP Wed Jul 23 09:48:42 UTC 2025 x86_64
User: skresins (10152)
PHP: 8.2.29
Disabled: opcache_get_status
Upload Files
File: /var/www/vhosts/skresins.com/logs/access_log
173.208.148.34 - - [19/Sep/2025:07:11:08 +0530] "GET /index.php?params=1 HTTP/1.1" 301 1062 "-" "Mozilla/5.0 (Windows NT 10.0; Win64; x64) AppleWebKit/537.36 (KHTML, like Gecko) Chrome/91.0.4472.106 Safari/537.36"
103.189.235.192 - - [19/Sep/2025:07:12:04 +0530] "GET /laravel-filemanager HTTP/1.1" 301 1067 "-" "Mozilla/5.0 (Windows NT 10.0; Win64; x64) AppleWebKit/537.36 (KHTML, like Gecko) Chrome/85.0.4183.102 Safari/537.36"
103.189.235.192 - - [19/Sep/2025:07:12:04 +0530] "GET /laravel-filemanager HTTP/1.1" 301 1067 "-" "Mozilla/5.0 (Windows NT 10.0; Win64; x64) AppleWebKit/537.36 (KHTML, like Gecko) Chrome/85.0.4183.102 Safari/537.36"
103.189.235.192 - - [19/Sep/2025:07:12:05 +0530] "GET /filemanager HTTP/1.1" 301 1059 "-" "Mozilla/5.0 (Windows NT 10.0; Win64; x64) AppleWebKit/537.36 (KHTML, like Gecko) Chrome/85.0.4183.102 Safari/537.36"
103.189.235.192 - - [19/Sep/2025:07:12:06 +0530] "GET /filemanager HTTP/1.1" 301 1059 "-" "Mozilla/5.0 (Windows NT 10.0; Win64; x64) AppleWebKit/537.36 (KHTML, like Gecko) Chrome/85.0.4183.102 Safari/537.36"
103.189.235.192 - - [19/Sep/2025:07:12:06 +0530] "GET /DOMAIN-INI-HAPUS-SAJA-GA-VULN HTTP/1.1" 301 1077 "-" "Mozilla/5.0 (Windows NT 10.0; Win64; x64) AppleWebKit/537.36 (KHTML, like Gecko) Chrome/85.0.4183.102 Safari/537.36"
103.189.235.192 - - [19/Sep/2025:07:12:07 +0530] "GET /DOMAIN-INI-HAPUS-SAJA-GA-VULN HTTP/1.1" 301 1077 "-" "Mozilla/5.0 (Windows NT 10.0; Win64; x64) AppleWebKit/537.36 (KHTML, like Gecko) Chrome/85.0.4183.102 Safari/537.36"
85.208.98.23 - - [19/Sep/2025:07:12:09 +0530] "GET /robots.txt HTTP/1.1" 301 1058 "-" "Mozilla/5.0 (compatible; SemrushBot-BA; +http://www.semrush.com/bot.html)"
85.208.98.23 - - [19/Sep/2025:07:12:14 +0530] "GET /robots.txt HTTP/1.1" 301 1058 "-" "Mozilla/5.0 (compatible; SemrushBot-BA; +http://www.semrush.com/bot.html)"
85.208.98.23 - - [19/Sep/2025:07:12:49 +0530] "GET /robots.txt HTTP/1.1" 301 1058 "-" "Mozilla/5.0 (compatible; SemrushBot-BA; +http://www.semrush.com/bot.html)"
85.208.98.23 - - [19/Sep/2025:07:12:53 +0530] "GET /robots.txt HTTP/1.1" 301 1058 "-" "Mozilla/5.0 (compatible; SemrushBot-BA; +http://www.semrush.com/bot.html)"
85.208.98.23 - - [19/Sep/2025:07:13:16 +0530] "GET /robots.txt HTTP/1.1" 301 1058 "-" "Mozilla/5.0 (compatible; SemrushBot-BA; +http://www.semrush.com/bot.html)"
85.208.98.23 - - [19/Sep/2025:07:13:41 +0530] "GET /robots.txt HTTP/1.1" 301 1058 "-" "Mozilla/5.0 (compatible; SemrushBot-BA; +http://www.semrush.com/bot.html)"
85.208.98.23 - - [19/Sep/2025:07:14:06 +0530] "GET /robots.txt HTTP/1.1" 301 1058 "-" "Mozilla/5.0 (compatible; SemrushBot-BA; +http://www.semrush.com/bot.html)"
101.99.88.90 - - [19/Sep/2025:07:15:00 +0530] "GET / HTTP/1.1" 301 1044 "-" "Mozilla/5.0 (compatible; Googlebot/2.1; +http://www.google.com/bot.html)"
85.208.98.23 - - [19/Sep/2025:07:16:03 +0530] "GET /robots.txt HTTP/1.1" 301 1058 "-" "Mozilla/5.0 (compatible; SemrushBot-BA; +http://www.semrush.com/bot.html)"
101.99.88.90 - - [19/Sep/2025:07:16:09 +0530] "GET / HTTP/1.1" 301 1044 "-" "Mozilla/5.0 (compatible; Googlebot/2.1; +http://www.google.com/bot.html)"
85.208.98.23 - - [19/Sep/2025:07:20:21 +0530] "GET /robots.txt HTTP/1.1" 301 1058 "-" "Mozilla/5.0 (compatible; SemrushBot-BA; +http://www.semrush.com/bot.html)"
43.167.239.66 - - [19/Sep/2025:07:28:28 +0530] "GET / HTTP/1.1" 301 1044 "-" "Mozilla/5.0 (iPhone; CPU iPhone OS 13_2_3 like Mac OS X) AppleWebKit/605.1.15 (KHTML, like Gecko) Version/13.0.3 Mobile/15E148 Safari/604.1"
63.141.250.58 - - [19/Sep/2025:07:29:08 +0530] "GET /index.php?params=1 HTTP/1.1" 301 1062 "-" "Mozilla/5.0 (Windows NT 10.0; Win64; x64) AppleWebKit/537.36 (KHTML, like Gecko) Chrome/91.0.4472.106 Safari/537.36"
101.99.88.90 - - [19/Sep/2025:07:29:36 +0530] "GET / HTTP/1.1" 301 1044 "-" "Mozilla/5.0 (compatible; Googlebot/2.1; +http://www.google.com/bot.html)"
85.208.98.23 - - [19/Sep/2025:07:30:27 +0530] "GET /robots.txt HTTP/1.1" 301 1058 "-" "Mozilla/5.0 (compatible; SemrushBot-BA; +http://www.semrush.com/bot.html)"
101.99.88.90 - - [19/Sep/2025:07:31:34 +0530] "GET / HTTP/1.1" 301 1044 "-" "Mozilla/5.0 (compatible; Googlebot/2.1; +http://www.google.com/bot.html)"
85.208.98.23 - - [19/Sep/2025:07:32:08 +0530] "GET /robots.txt HTTP/1.1" 301 1058 "-" "Mozilla/5.0 (compatible; SemrushBot-BA; +http://www.semrush.com/bot.html)"
85.208.98.23 - - [19/Sep/2025:07:32:38 +0530] "GET /robots.txt HTTP/1.1" 301 1058 "-" "Mozilla/5.0 (compatible; SemrushBot-BA; +http://www.semrush.com/bot.html)"
85.208.98.23 - - [19/Sep/2025:07:34:15 +0530] "GET /robots.txt HTTP/1.1" 301 1058 "-" "Mozilla/5.0 (compatible; SemrushBot-BA; +http://www.semrush.com/bot.html)"
85.208.98.23 - - [19/Sep/2025:07:35:39 +0530] "GET /robots.txt HTTP/1.1" 301 1058 "-" "Mozilla/5.0 (compatible; SemrushBot-BA; +http://www.semrush.com/bot.html)"
85.208.98.23 - - [19/Sep/2025:07:35:41 +0530] "GET /robots.txt HTTP/1.1" 301 1058 "-" "Mozilla/5.0 (compatible; SemrushBot-BA; +http://www.semrush.com/bot.html)"
85.208.98.23 - - [19/Sep/2025:07:36:02 +0530] "GET /robots.txt HTTP/1.1" 301 1058 "-" "Mozilla/5.0 (compatible; SemrushBot-BA; +http://www.semrush.com/bot.html)"
85.208.98.23 - - [19/Sep/2025:07:37:22 +0530] "GET /robots.txt HTTP/1.1" 301 1058 "-" "Mozilla/5.0 (compatible; SemrushBot-BA; +http://www.semrush.com/bot.html)"
85.208.98.23 - - [19/Sep/2025:07:39:54 +0530] "GET /robots.txt HTTP/1.1" 301 1058 "-" "Mozilla/5.0 (compatible; SemrushBot-BA; +http://www.semrush.com/bot.html)"
101.99.88.90 - - [19/Sep/2025:07:42:14 +0530] "GET / HTTP/1.1" 301 1044 "-" "Mozilla/5.0 (compatible; Googlebot/2.1; +http://www.google.com/bot.html)"
101.99.88.90 - - [19/Sep/2025:07:44:21 +0530] "GET / HTTP/1.1" 301 1044 "-" "Mozilla/5.0 (compatible; Googlebot/2.1; +http://www.google.com/bot.html)"
85.208.98.23 - - [19/Sep/2025:07:44:56 +0530] "GET /robots.txt HTTP/1.1" 301 1058 "-" "Mozilla/5.0 (compatible; SemrushBot-BA; +http://www.semrush.com/bot.html)"
115.77.139.0 - - [19/Sep/2025:07:46:17 +0530] "GET /wp-json/wp/v2/posts HTTP/1.1" 301 1026 "-" "Mozilla/5.0 (Windows NT 10.0; Win64; x64) AppleWebKit/537.36 (KHTML, like Gecko) Chrome/120.0.0.0 Safari/537.36"
85.208.98.23 - - [19/Sep/2025:07:48:16 +0530] "GET /robots.txt HTTP/1.1" 301 1058 "-" "Mozilla/5.0 (compatible; SemrushBot-BA; +http://www.semrush.com/bot.html)"
205.169.39.43 - - [19/Sep/2025:07:48:58 +0530] "GET / HTTP/1.1" 301 1044 "-" "Mozilla/5.0 (Windows NT 10.0; Win64; x64) AppleWebKit/537.36 (KHTML, like Gecko) Chrome/117.0.5938.132 Safari/537.36"
85.208.98.23 - - [19/Sep/2025:07:51:45 +0530] "GET /robots.txt HTTP/1.1" 301 1058 "-" "Mozilla/5.0 (compatible; SemrushBot-BA; +http://www.semrush.com/bot.html)"
85.208.98.23 - - [19/Sep/2025:07:54:28 +0530] "GET /robots.txt HTTP/1.1" 301 1058 "-" "Mozilla/5.0 (compatible; SemrushBot-BA; +http://www.semrush.com/bot.html)"
202.134.10.137 - - [19/Sep/2025:07:56:09 +0530] "GET /abcd.php HTTP/1.1" 301 1052 "-" "Mozilla/5.0 (Windows NT 10.0; Win64; x64) AppleWebKit/537.36 (KHTML, like Gecko) Chrome/140.0.0.0 Safari/537.36 Edg/140.0.0.0"
85.208.98.23 - - [19/Sep/2025:07:58:59 +0530] "GET /robots.txt HTTP/1.1" 301 1058 "-" "Mozilla/5.0 (compatible; SemrushBot-BA; +http://www.semrush.com/bot.html)"
85.208.98.23 - - [19/Sep/2025:07:59:22 +0530] "GET /robots.txt HTTP/1.1" 301 1058 "-" "Mozilla/5.0 (compatible; SemrushBot-BA; +http://www.semrush.com/bot.html)"
85.208.98.23 - - [19/Sep/2025:08:02:01 +0530] "GET /robots.txt HTTP/1.1" 301 1058 "-" "Mozilla/5.0 (compatible; SemrushBot-BA; +http://www.semrush.com/bot.html)"
85.208.98.23 - - [19/Sep/2025:08:04:44 +0530] "GET /robots.txt HTTP/1.1" 301 1058 "-" "Mozilla/5.0 (compatible; SemrushBot-BA; +http://www.semrush.com/bot.html)"
85.208.98.23 - - [19/Sep/2025:08:05:16 +0530] "GET /robots.txt HTTP/1.1" 301 1058 "-" "Mozilla/5.0 (compatible; SemrushBot-BA; +http://www.semrush.com/bot.html)"
85.208.98.23 - - [19/Sep/2025:08:07:01 +0530] "GET /robots.txt HTTP/1.1" 301 1058 "-" "Mozilla/5.0 (compatible; SemrushBot-BA; +http://www.semrush.com/bot.html)"
198.235.24.234 - - [19/Sep/2025:08:08:28 +0530] "GET / HTTP/1.1" 301 1048 "-" "Hello from Palo Alto Networks, find out more about our scans in https://docs-cortex.paloaltonetworks.com/r/1/Cortex-Xpanse/Scanning-activity"
85.208.98.23 - - [19/Sep/2025:08:09:49 +0530] "GET /robots.txt HTTP/1.1" 301 1058 "-" "Mozilla/5.0 (compatible; SemrushBot-BA; +http://www.semrush.com/bot.html)"
85.208.98.23 - - [19/Sep/2025:08:10:54 +0530] "GET /robots.txt HTTP/1.1" 301 1058 "-" "Mozilla/5.0 (compatible; SemrushBot-BA; +http://www.semrush.com/bot.html)"
85.208.98.23 - - [19/Sep/2025:08:13:58 +0530] "GET /robots.txt HTTP/1.1" 301 1058 "-" "Mozilla/5.0 (compatible; SemrushBot-BA; +http://www.semrush.com/bot.html)"
85.208.98.23 - - [19/Sep/2025:08:14:25 +0530] "GET /robots.txt HTTP/1.1" 301 1058 "-" "Mozilla/5.0 (compatible; SemrushBot-BA; +http://www.semrush.com/bot.html)"
85.208.98.23 - - [19/Sep/2025:08:15:34 +0530] "GET /robots.txt HTTP/1.1" 301 1058 "-" "Mozilla/5.0 (compatible; SemrushBot-BA; +http://www.semrush.com/bot.html)"
63.141.250.58 - - [19/Sep/2025:08:16:43 +0530] "GET /index.php?params=1 HTTP/1.1" 301 1062 "-" "Mozilla/5.0 (Windows NT 10.0; Win64; x64) AppleWebKit/537.36 (KHTML, like Gecko) Chrome/91.0.4472.106 Safari/537.36"
85.208.98.23 - - [19/Sep/2025:08:17:05 +0530] "GET /robots.txt HTTP/1.1" 301 1058 "-" "Mozilla/5.0 (compatible; SemrushBot-BA; +http://www.semrush.com/bot.html)"
85.208.98.23 - - [19/Sep/2025:08:17:27 +0530] "GET /robots.txt HTTP/1.1" 301 1058 "-" "Mozilla/5.0 (compatible; SemrushBot-BA; +http://www.semrush.com/bot.html)"
85.208.98.23 - - [19/Sep/2025:08:19:59 +0530] "GET /robots.txt HTTP/1.1" 301 1058 "-" "Mozilla/5.0 (compatible; SemrushBot-BA; +http://www.semrush.com/bot.html)"
5.10.217.76 - - [19/Sep/2025:08:20:52 +0530] "GET /file.php HTTP/1.1" 301 1052 "http://skresins.com/file.php" "Mozilla/5.0 (Windows NT 10.0; Win64; x64) AppleWebKit/537.36 (KHTML, like Gecko) Chrome/58.0.3029.110 Safari/537.3"
5.10.217.76 - - [19/Sep/2025:08:21:24 +0530] "POST /file.php HTTP/1.1" 301 1015 "http://skresins.com/file.php" "Mozilla/5.0 (Windows NT 10.0; Win64; x64) AppleWebKit/537.36 (KHTML, like Gecko) Chrome/58.0.3029.110 Safari/537.3"
5.10.217.76 - - [19/Sep/2025:08:21:37 +0530] "POST /file.php HTTP/1.1" 301 1015 "http://skresins.com/file.php" "Mozilla/5.0 (Windows NT 10.0; Win64; x64) AppleWebKit/537.36 (KHTML, like Gecko) Chrome/58.0.3029.110 Safari/537.3"
5.10.217.76 - - [19/Sep/2025:08:21:48 +0530] "GET /ex.php HTTP/1.1" 301 1050 "http://skresins.com/ex.php" "Mozilla/5.0 (Windows NT 10.0; Win64; x64) AppleWebKit/537.36 (KHTML, like Gecko) Chrome/58.0.3029.110 Safari/537.3"
5.10.217.76 - - [19/Sep/2025:08:21:53 +0530] "POST /file.php HTTP/1.1" 301 1015 "http://skresins.com/file.php" "Mozilla/5.0 (Windows NT 10.0; Win64; x64) AppleWebKit/537.36 (KHTML, like Gecko) Chrome/58.0.3029.110 Safari/537.3"
5.10.217.76 - - [19/Sep/2025:08:22:03 +0530] "GET /radio.php HTTP/1.1" 301 1053 "http://skresins.com/radio.php" "Mozilla/5.0 (Windows NT 10.0; Win64; x64) AppleWebKit/537.36 (KHTML, like Gecko) Chrome/58.0.3029.110 Safari/537.3"
5.10.217.76 - - [19/Sep/2025:08:22:07 +0530] "POST /file.php HTTP/1.1" 301 1015 "http://skresins.com/file.php" "Mozilla/5.0 (Windows NT 10.0; Win64; x64) AppleWebKit/537.36 (KHTML, like Gecko) Chrome/58.0.3029.110 Safari/537.3"
85.208.98.23 - - [19/Sep/2025:08:22:11 +0530] "GET /robots.txt HTTP/1.1" 301 1058 "-" "Mozilla/5.0 (compatible; SemrushBot-BA; +http://www.semrush.com/bot.html)"
5.10.217.76 - - [19/Sep/2025:08:22:14 +0530] "GET /inputs.php HTTP/1.1" 301 1054 "http://skresins.com/inputs.php" "Mozilla/5.0 (Windows NT 10.0; Win64; x64) AppleWebKit/537.36 (KHTML, like Gecko) Chrome/58.0.3029.110 Safari/537.3"
5.10.217.76 - - [19/Sep/2025:08:22:18 +0530] "POST /file.php HTTP/1.1" 301 1015 "http://skresins.com/file.php" "Mozilla/5.0 (Windows NT 10.0; Win64; x64) AppleWebKit/537.36 (KHTML, like Gecko) Chrome/58.0.3029.110 Safari/537.3"
5.10.217.76 - - [19/Sep/2025:08:22:26 +0530] "GET /about.php HTTP/1.1" 301 1053 "http://skresins.com/about.php" "Mozilla/5.0 (Windows NT 10.0; Win64; x64) AppleWebKit/537.36 (KHTML, like Gecko) Chrome/58.0.3029.110 Safari/537.3"
5.10.217.76 - - [19/Sep/2025:08:22:35 +0530] "POST /file.php HTTP/1.1" 301 1015 "http://skresins.com/file.php" "Mozilla/5.0 (Windows NT 10.0; Win64; x64) AppleWebKit/537.36 (KHTML, like Gecko) Chrome/58.0.3029.110 Safari/537.3"
58.216.109.17 - - [19/Sep/2025:08:22:40 +0530] "GET https://www.skresins.com/explorez-azur-casino-probabilites-et-strategies-pour-maximiser-vos-gains/ HTTP/1.1" 301 1121 "https://www.skresins.com/" "Mozilla/5.0 (Macintosh; Intel Mac OS X 12_5) AppleWebKit/537.36 (KHTML, like Gecko) Chrome/114.0.0.0 YaBrowser/22.7.0 Yowser/2.5 Safari/537.36"
5.10.217.76 - - [19/Sep/2025:08:22:45 +0530] "GET /pages.php HTTP/1.1" 301 1053 "http://skresins.com/pages.php" "Mozilla/5.0 (Windows NT 10.0; Win64; x64) AppleWebKit/537.36 (KHTML, like Gecko) Chrome/58.0.3029.110 Safari/537.3"
5.10.217.76 - - [19/Sep/2025:08:22:50 +0530] "POST /file.php HTTP/1.1" 301 1015 "http://skresins.com/file.php" "Mozilla/5.0 (Windows NT 10.0; Win64; x64) AppleWebKit/537.36 (KHTML, like Gecko) Chrome/58.0.3029.110 Safari/537.3"
5.10.217.76 - - [19/Sep/2025:08:22:56 +0530] "GET /wp-login.php HTTP/1.1" 301 1056 "http://skresins.com/wp-login.php" "Mozilla/5.0 (Windows NT 10.0; Win64; x64) AppleWebKit/537.36 (KHTML, like Gecko) Chrome/58.0.3029.110 Safari/537.3"
85.208.98.23 - - [19/Sep/2025:08:23:04 +0530] "GET /robots.txt HTTP/1.1" 301 1058 "-" "Mozilla/5.0 (compatible; SemrushBot-BA; +http://www.semrush.com/bot.html)"
101.99.88.90 - - [19/Sep/2025:08:24:36 +0530] "GET / HTTP/1.1" 301 1044 "-" "Mozilla/5.0 (compatible; Googlebot/2.1; +http://www.google.com/bot.html)"
194.102.104.219 - - [19/Sep/2025:08:26:14 +0530] "GET /file.php HTTP/1.1" 301 1052 "http://skresins.com/file.php" "Mozilla/5.0 (Windows NT 10.0; Win64; x64) AppleWebKit/537.36 (KHTML, like Gecko) Chrome/58.0.3029.110 Safari/537.3"
85.208.98.23 - - [19/Sep/2025:08:26:25 +0530] "GET /robots.txt HTTP/1.1" 301 1058 "-" "Mozilla/5.0 (compatible; SemrushBot-BA; +http://www.semrush.com/bot.html)"
194.102.104.219 - - [19/Sep/2025:08:26:48 +0530] "POST /file.php HTTP/1.1" 301 1015 "http://skresins.com/file.php" "Mozilla/5.0 (Windows NT 10.0; Win64; x64) AppleWebKit/537.36 (KHTML, like Gecko) Chrome/58.0.3029.110 Safari/537.3"
194.102.104.219 - - [19/Sep/2025:08:27:08 +0530] "POST /file.php HTTP/1.1" 301 1015 "http://skresins.com/file.php" "Mozilla/5.0 (Windows NT 10.0; Win64; x64) AppleWebKit/537.36 (KHTML, like Gecko) Chrome/58.0.3029.110 Safari/537.3"
194.102.104.219 - - [19/Sep/2025:08:27:22 +0530] "GET /ex.php HTTP/1.1" 301 1050 "http://skresins.com/ex.php" "Mozilla/5.0 (Windows NT 10.0; Win64; x64) AppleWebKit/537.36 (KHTML, like Gecko) Chrome/58.0.3029.110 Safari/537.3"
194.102.104.219 - - [19/Sep/2025:08:27:30 +0530] "POST /file.php HTTP/1.1" 301 1015 "http://skresins.com/file.php" "Mozilla/5.0 (Windows NT 10.0; Win64; x64) AppleWebKit/537.36 (KHTML, like Gecko) Chrome/58.0.3029.110 Safari/537.3"
194.102.104.219 - - [19/Sep/2025:08:27:38 +0530] "GET /radio.php HTTP/1.1" 301 1053 "http://skresins.com/radio.php" "Mozilla/5.0 (Windows NT 10.0; Win64; x64) AppleWebKit/537.36 (KHTML, like Gecko) Chrome/58.0.3029.110 Safari/537.3"
194.102.104.219 - - [19/Sep/2025:08:27:44 +0530] "POST /file.php HTTP/1.1" 301 1052 "http://skresins.com/file.php" "Mozilla/5.0 (Windows NT 10.0; Win64; x64) AppleWebKit/537.36 (KHTML, like Gecko) Chrome/58.0.3029.110 Safari/537.3"
194.102.104.219 - - [19/Sep/2025:08:27:51 +0530] "GET /inputs.php HTTP/1.1" 301 1054 "http://skresins.com/inputs.php" "Mozilla/5.0 (Windows NT 10.0; Win64; x64) AppleWebKit/537.36 (KHTML, like Gecko) Chrome/58.0.3029.110 Safari/537.3"
194.102.104.219 - - [19/Sep/2025:08:28:02 +0530] "POST /file.php HTTP/1.1" 301 1015 "http://skresins.com/file.php" "Mozilla/5.0 (Windows NT 10.0; Win64; x64) AppleWebKit/537.36 (KHTML, like Gecko) Chrome/58.0.3029.110 Safari/537.3"
194.102.104.219 - - [19/Sep/2025:08:28:12 +0530] "GET /about.php HTTP/1.1" 301 1053 "http://skresins.com/about.php" "Mozilla/5.0 (Windows NT 10.0; Win64; x64) AppleWebKit/537.36 (KHTML, like Gecko) Chrome/58.0.3029.110 Safari/537.3"
194.102.104.219 - - [19/Sep/2025:08:28:24 +0530] "POST /file.php HTTP/1.1" 301 1015 "http://skresins.com/file.php" "Mozilla/5.0 (Windows NT 10.0; Win64; x64) AppleWebKit/537.36 (KHTML, like Gecko) Chrome/58.0.3029.110 Safari/537.3"
194.102.104.219 - - [19/Sep/2025:08:28:37 +0530] "GET /pages.php HTTP/1.1" 301 1053 "http://skresins.com/pages.php" "Mozilla/5.0 (Windows NT 10.0; Win64; x64) AppleWebKit/537.36 (KHTML, like Gecko) Chrome/58.0.3029.110 Safari/537.3"
101.99.88.90 - - [19/Sep/2025:08:28:38 +0530] "GET / HTTP/1.1" 301 1044 "-" "Mozilla/5.0 (compatible; Googlebot/2.1; +http://www.google.com/bot.html)"
194.102.104.219 - - [19/Sep/2025:08:28:46 +0530] "POST /file.php HTTP/1.1" 301 1015 "http://skresins.com/file.php" "Mozilla/5.0 (Windows NT 10.0; Win64; x64) AppleWebKit/537.36 (KHTML, like Gecko) Chrome/58.0.3029.110 Safari/537.3"
194.102.104.219 - - [19/Sep/2025:08:28:58 +0530] "GET /wp-login.php HTTP/1.1" 301 1056 "http://skresins.com/wp-login.php" "Mozilla/5.0 (Windows NT 10.0; Win64; x64) AppleWebKit/537.36 (KHTML, like Gecko) Chrome/58.0.3029.110 Safari/537.3"
85.208.98.23 - - [19/Sep/2025:08:30:10 +0530] "GET /robots.txt HTTP/1.1" 301 1058 "-" "Mozilla/5.0 (compatible; SemrushBot-BA; +http://www.semrush.com/bot.html)"
85.208.98.23 - - [19/Sep/2025:08:30:22 +0530] "GET /robots.txt HTTP/1.1" 301 1058 "-" "Mozilla/5.0 (compatible; SemrushBot-BA; +http://www.semrush.com/bot.html)"
49.245.80.150 - - [19/Sep/2025:08:30:25 +0530] "GET https://www.skresins.com/les-bases-des-probabilites-pour-gagner-sur-betway-casino/ HTTP/1.0" 301 1068 "https://www.skresins.com/" "Mozilla/5.0 (Macintosh; Intel Mac OS X 12.5; rv:114.0) Gecko/20100101 Firefox/114.0"
85.208.98.23 - - [19/Sep/2025:08:31:56 +0530] "GET /robots.txt HTTP/1.1" 301 1058 "-" "Mozilla/5.0 (compatible; SemrushBot-BA; +http://www.semrush.com/bot.html)"
85.208.98.23 - - [19/Sep/2025:08:32:00 +0530] "GET /robots.txt HTTP/1.1" 301 1058 "-" "Mozilla/5.0 (compatible; SemrushBot-BA; +http://www.semrush.com/bot.html)"
85.208.98.23 - - [19/Sep/2025:08:32:07 +0530] "GET /robots.txt HTTP/1.1" 301 1058 "-" "Mozilla/5.0 (compatible; SemrushBot-BA; +http://www.semrush.com/bot.html)"
85.208.98.23 - - [19/Sep/2025:08:32:57 +0530] "GET /robots.txt HTTP/1.1" 301 1058 "-" "Mozilla/5.0 (compatible; SemrushBot-BA; +http://www.semrush.com/bot.html)"
85.208.98.23 - - [19/Sep/2025:08:33:58 +0530] "GET /robots.txt HTTP/1.1" 301 1058 "-" "Mozilla/5.0 (compatible; SemrushBot-BA; +http://www.semrush.com/bot.html)"
85.208.98.23 - - [19/Sep/2025:08:38:44 +0530] "GET /robots.txt HTTP/1.1" 301 1058 "-" "Mozilla/5.0 (compatible; SemrushBot-BA; +http://www.semrush.com/bot.html)"
85.208.98.23 - - [19/Sep/2025:08:38:53 +0530] "GET /robots.txt HTTP/1.1" 301 1058 "-" "Mozilla/5.0 (compatible; SemrushBot-BA; +http://www.semrush.com/bot.html)"
85.208.98.23 - - [19/Sep/2025:08:39:28 +0530] "GET /robots.txt HTTP/1.1" 301 1058 "-" "Mozilla/5.0 (compatible; SemrushBot-BA; +http://www.semrush.com/bot.html)"
85.208.98.23 - - [19/Sep/2025:08:39:46 +0530] "GET /robots.txt HTTP/1.1" 301 1058 "-" "Mozilla/5.0 (compatible; SemrushBot-BA; +http://www.semrush.com/bot.html)"
85.208.98.23 - - [19/Sep/2025:08:39:58 +0530] "GET /robots.txt HTTP/1.1" 301 1058 "-" "Mozilla/5.0 (compatible; SemrushBot-BA; +http://www.semrush.com/bot.html)"
85.208.98.23 - - [19/Sep/2025:08:40:48 +0530] "GET /robots.txt HTTP/1.1" 301 1058 "-" "Mozilla/5.0 (compatible; SemrushBot-BA; +http://www.semrush.com/bot.html)"
85.208.98.23 - - [19/Sep/2025:08:41:31 +0530] "GET /robots.txt HTTP/1.1" 301 1058 "-" "Mozilla/5.0 (compatible; SemrushBot-BA; +http://www.semrush.com/bot.html)"
85.208.98.23 - - [19/Sep/2025:08:47:41 +0530] "GET /robots.txt HTTP/1.1" 301 1058 "-" "Mozilla/5.0 (compatible; SemrushBot-BA; +http://www.semrush.com/bot.html)"
85.208.98.23 - - [19/Sep/2025:08:48:57 +0530] "GET /robots.txt HTTP/1.1" 301 1058 "-" "Mozilla/5.0 (compatible; SemrushBot-BA; +http://www.semrush.com/bot.html)"
85.208.98.23 - - [19/Sep/2025:08:49:16 +0530] "GET /robots.txt HTTP/1.1" 301 1058 "-" "Mozilla/5.0 (compatible; SemrushBot-BA; +http://www.semrush.com/bot.html)"
85.208.98.23 - - [19/Sep/2025:08:50:45 +0530] "GET /robots.txt HTTP/1.1" 301 1058 "-" "Mozilla/5.0 (compatible; SemrushBot-BA; +http://www.semrush.com/bot.html)"
85.208.98.23 - - [19/Sep/2025:08:52:18 +0530] "GET /robots.txt HTTP/1.1" 301 1058 "-" "Mozilla/5.0 (compatible; SemrushBot-BA; +http://www.semrush.com/bot.html)"
85.208.98.23 - - [19/Sep/2025:08:53:49 +0530] "GET /robots.txt HTTP/1.1" 301 1058 "-" "Mozilla/5.0 (compatible; SemrushBot-BA; +http://www.semrush.com/bot.html)"
173.208.148.34 - - [19/Sep/2025:08:54:10 +0530] "GET /index.php?params=1 HTTP/1.1" 301 1062 "-" "Mozilla/5.0 (Windows NT 10.0; Win64; x64) AppleWebKit/537.36 (KHTML, like Gecko) Chrome/91.0.4472.106 Safari/537.36"
85.208.98.23 - - [19/Sep/2025:08:54:20 +0530] "GET /robots.txt HTTP/1.1" 301 1058 "-" "Mozilla/5.0 (compatible; SemrushBot-BA; +http://www.semrush.com/bot.html)"
156.233.92.85 - - [19/Sep/2025:08:57:59 +0530] "GET / HTTP/1.1" 301 1010 "http://vantageinfotech.com/" "Mozilla/5.0 (Windows NT 6.1; rv:17.0) Gecko/17.0 Firefox/17.0"
156.228.99.4 - - [19/Sep/2025:08:58:04 +0530] "GET / HTTP/1.1" 301 1010 "skresins.com" "Mozilla/5.0 (Windows NT 6.1; rv:17.0) Gecko/17.0 Firefox/17.0"
154.91.171.38 - - [19/Sep/2025:08:58:06 +0530] "GET / HTTP/1.1" 301 1010 "skresins.com" "Mozilla/5.0 (Windows NT 6.1; rv:17.0) Gecko/17.0 Firefox/17.0"
196.251.73.195 - - [19/Sep/2025:09:01:55 +0530] "GET /style.php HTTP/1.1" 301 1053 "-" "Go-http-client/1.1"
196.251.73.195 - - [19/Sep/2025:09:01:57 +0530] "GET /wp-content/style.php HTTP/1.1" 301 1064 "-" "Go-http-client/1.1"
196.251.73.195 - - [19/Sep/2025:09:01:58 +0530] "GET /wp-content/themes/style.php HTTP/1.1" 301 1071 "-" "Go-http-client/1.1"
196.251.73.195 - - [19/Sep/2025:09:02:08 +0530] "GET /wp-admin/style.php HTTP/1.1" 301 1062 "-" "Go-http-client/1.1"
196.251.73.195 - - [19/Sep/2025:09:02:10 +0530] "GET /wp-includes/style.php HTTP/1.1" 301 1065 "-" "Go-http-client/1.1"
196.251.73.195 - - [19/Sep/2025:09:02:19 +0530] "GET /chosen.php?p= HTTP/1.1" 301 1057 "-" "Go-http-client/1.1"
196.251.73.195 - - [19/Sep/2025:09:02:21 +0530] "GET /style.php HTTP/1.1" 301 1053 "-" "Go-http-client/1.1"
196.251.73.195 - - [19/Sep/2025:09:02:25 +0530] "GET /wp-content/style.php HTTP/1.1" 301 1064 "-" "Go-http-client/1.1"
196.251.73.195 - - [19/Sep/2025:09:02:25 +0530] "GET /file.php HTTP/1.1" 301 1052 "-" "Go-http-client/1.1"
196.251.73.195 - - [19/Sep/2025:09:02:49 +0530] "GET /wp-content/themes/style.php HTTP/1.1" 301 1071 "-" "Go-http-client/1.1"
196.251.73.195 - - [19/Sep/2025:09:02:54 +0530] "GET /wp-admin/style.php HTTP/1.1" 301 1062 "-" "Go-http-client/1.1"
85.208.98.23 - - [19/Sep/2025:09:08:09 +0530] "GET /robots.txt HTTP/1.1" 301 1058 "-" "Mozilla/5.0 (compatible; SemrushBot-BA; +http://www.semrush.com/bot.html)"
85.208.98.23 - - [19/Sep/2025:09:08:35 +0530] "GET /robots.txt HTTP/1.1" 301 1058 "-" "Mozilla/5.0 (compatible; SemrushBot-BA; +http://www.semrush.com/bot.html)"
85.208.98.23 - - [19/Sep/2025:09:09:17 +0530] "GET /robots.txt HTTP/1.1" 301 1058 "-" "Mozilla/5.0 (compatible; SemrushBot-BA; +http://www.semrush.com/bot.html)"
85.208.98.23 - - [19/Sep/2025:09:09:35 +0530] "GET /robots.txt HTTP/1.1" 301 1058 "-" "Mozilla/5.0 (compatible; SemrushBot-BA; +http://www.semrush.com/bot.html)"
85.208.98.23 - - [19/Sep/2025:09:09:53 +0530] "GET /robots.txt HTTP/1.1" 301 1058 "-" "Mozilla/5.0 (compatible; SemrushBot-BA; +http://www.semrush.com/bot.html)"
85.208.98.23 - - [19/Sep/2025:09:10:27 +0530] "GET /robots.txt HTTP/1.1" 301 1058 "-" "Mozilla/5.0 (compatible; SemrushBot-BA; +http://www.semrush.com/bot.html)"
85.208.98.23 - - [19/Sep/2025:09:11:04 +0530] "GET /robots.txt HTTP/1.1" 301 1058 "-" "Mozilla/5.0 (compatible; SemrushBot-BA; +http://www.semrush.com/bot.html)"
173.208.148.34 - - [19/Sep/2025:09:11:29 +0530] "GET /index.php?params=1 HTTP/1.1" 301 1062 "-" "Mozilla/5.0 (Windows NT 10.0; Win64; x64) AppleWebKit/537.36 (KHTML, like Gecko) Chrome/91.0.4472.106 Safari/537.36"
85.208.98.23 - - [19/Sep/2025:09:13:33 +0530] "GET /robots.txt HTTP/1.1" 301 1058 "-" "Mozilla/5.0 (compatible; SemrushBot-BA; +http://www.semrush.com/bot.html)"
85.208.98.23 - - [19/Sep/2025:09:15:36 +0530] "GET /robots.txt HTTP/1.1" 301 1058 "-" "Mozilla/5.0 (compatible; SemrushBot-BA; +http://www.semrush.com/bot.html)"
85.208.98.23 - - [19/Sep/2025:09:17:56 +0530] "GET /robots.txt HTTP/1.1" 301 1058 "-" "Mozilla/5.0 (compatible; SemrushBot-BA; +http://www.semrush.com/bot.html)"
85.208.98.23 - - [19/Sep/2025:09:21:42 +0530] "GET /robots.txt HTTP/1.1" 301 1058 "-" "Mozilla/5.0 (compatible; SemrushBot-BA; +http://www.semrush.com/bot.html)"
85.208.98.23 - - [19/Sep/2025:09:21:42 +0530] "GET /robots.txt HTTP/1.1" 301 1058 "-" "Mozilla/5.0 (compatible; SemrushBot-BA; +http://www.semrush.com/bot.html)"
49.51.253.26 - - [19/Sep/2025:09:22:11 +0530] "GET / HTTP/1.1" 301 1048 "-" "Mozilla/5.0 (iPhone; CPU iPhone OS 13_2_3 like Mac OS X) AppleWebKit/605.1.15 (KHTML, like Gecko) Version/13.0.3 Mobile/15E148 Safari/604.1"
85.208.98.23 - - [19/Sep/2025:09:22:34 +0530] "GET /robots.txt HTTP/1.1" 301 1058 "-" "Mozilla/5.0 (compatible; SemrushBot-BA; +http://www.semrush.com/bot.html)"
85.208.98.23 - - [19/Sep/2025:09:26:16 +0530] "GET /robots.txt HTTP/1.1" 301 1058 "-" "Mozilla/5.0 (compatible; SemrushBot-BA; +http://www.semrush.com/bot.html)"
85.208.98.23 - - [19/Sep/2025:09:27:04 +0530] "GET /robots.txt HTTP/1.1" 301 1058 "-" "Mozilla/5.0 (compatible; SemrushBot-BA; +http://www.semrush.com/bot.html)"
196.251.73.195 - - [19/Sep/2025:09:29:19 +0530] "GET /wp-admin/css/ HTTP/1.1" 301 1057 "binance.com" "Mozilla/5.0 (Windows NT 10.0; Win64; x64) AppleWebKit/537.36 (KHTML, like Gecko) Chrome/90.0.4430.85 Safari/537.36"
196.251.73.195 - - [19/Sep/2025:09:29:33 +0530] "GET /.well-known/ HTTP/1.1" 301 1056 "binance.com" "Mozilla/5.0 (Windows NT 10.0; Win64; x64) AppleWebKit/537.36 (KHTML, like Gecko) Chrome/90.0.4430.85 Safari/537.36"
196.251.73.195 - - [19/Sep/2025:09:29:52 +0530] "GET /sites/default/files/ HTTP/1.1" 301 1064 "binance.com" "Mozilla/5.0 (Windows NT 10.0; Win64; x64) AppleWebKit/537.36 (KHTML, like Gecko) Chrome/90.0.4430.85 Safari/537.36"
85.208.98.23 - - [19/Sep/2025:09:30:07 +0530] "GET /robots.txt HTTP/1.1" 301 1058 "-" "Mozilla/5.0 (compatible; SemrushBot-BA; +http://www.semrush.com/bot.html)"
196.251.73.195 - - [19/Sep/2025:09:30:09 +0530] "GET /admin/controller/extension/extension/ HTTP/1.1" 301 1081 "binance.com" "Mozilla/5.0 (Windows NT 10.0; Win64; x64) AppleWebKit/537.36 (KHTML, like Gecko) Chrome/90.0.4430.85 Safari/537.36"
196.251.73.195 - - [19/Sep/2025:09:30:22 +0530] "GET /uploads/ HTTP/1.1" 301 1052 "binance.com" "Mozilla/5.0 (Windows NT 10.0; Win64; x64) AppleWebKit/537.36 (KHTML, like Gecko) Chrome/90.0.4430.85 Safari/537.36"
196.251.73.195 - - [19/Sep/2025:09:30:32 +0530] "GET /images/ HTTP/1.1" 301 1051 "binance.com" "Mozilla/5.0 (Windows NT 10.0; Win64; x64) AppleWebKit/537.36 (KHTML, like Gecko) Chrome/90.0.4430.85 Safari/537.36"
196.251.73.195 - - [19/Sep/2025:09:30:43 +0530] "GET /files/ HTTP/1.1" 301 1050 "binance.com" "Mozilla/5.0 (Windows NT 10.0; Win64; x64) AppleWebKit/537.36 (KHTML, like Gecko) Chrome/90.0.4430.85 Safari/537.36"
196.251.73.195 - - [19/Sep/2025:09:31:45 +0530] "GET /wp-admin/css/ HTTP/1.1" 301 1057 "binance.com" "Mozilla/5.0 (Windows NT 10.0; Win64; x64) AppleWebKit/537.36 (KHTML, like Gecko) Chrome/90.0.4430.85 Safari/537.36"
196.251.73.195 - - [19/Sep/2025:09:32:03 +0530] "GET /.well-known/ HTTP/1.1" 301 1056 "binance.com" "Mozilla/5.0 (Windows NT 10.0; Win64; x64) AppleWebKit/537.36 (KHTML, like Gecko) Chrome/90.0.4430.85 Safari/537.36"
196.251.73.195 - - [19/Sep/2025:09:32:22 +0530] "GET /sites/default/files/ HTTP/1.1" 301 1064 "binance.com" "Mozilla/5.0 (Windows NT 10.0; Win64; x64) AppleWebKit/537.36 (KHTML, like Gecko) Chrome/90.0.4430.85 Safari/537.36"
196.251.73.195 - - [19/Sep/2025:09:32:36 +0530] "GET /admin/controller/extension/extension/ HTTP/1.1" 301 1081 "binance.com" "Mozilla/5.0 (Windows NT 10.0; Win64; x64) AppleWebKit/537.36 (KHTML, like Gecko) Chrome/90.0.4430.85 Safari/537.36"
196.251.73.195 - - [19/Sep/2025:09:32:47 +0530] "GET /uploads/ HTTP/1.1" 301 1052 "binance.com" "Mozilla/5.0 (Windows NT 10.0; Win64; x64) AppleWebKit/537.36 (KHTML, like Gecko) Chrome/90.0.4430.85 Safari/537.36"
196.251.73.195 - - [19/Sep/2025:09:32:58 +0530] "GET /images/ HTTP/1.1" 301 1051 "binance.com" "Mozilla/5.0 (Windows NT 10.0; Win64; x64) AppleWebKit/537.36 (KHTML, like Gecko) Chrome/90.0.4430.85 Safari/537.36"
196.251.73.195 - - [19/Sep/2025:09:33:10 +0530] "GET /files/ HTTP/1.1" 301 1050 "binance.com" "Mozilla/5.0 (Windows NT 10.0; Win64; x64) AppleWebKit/537.36 (KHTML, like Gecko) Chrome/90.0.4430.85 Safari/537.36"
44.248.238.106 - - [19/Sep/2025:09:37:55 +0530] "GET / HTTP/1.1" 301 1044 "-" "Mozilla/5.0 (Windows NT 10.0; Win64; x64) AppleWebKit/537.36 (KHTML, like Gecko) Chrome/113.0.0.0 Safari/537.36"
85.208.98.23 - - [19/Sep/2025:09:39:40 +0530] "GET /robots.txt HTTP/1.1" 301 1058 "-" "Mozilla/5.0 (compatible; SemrushBot-BA; +http://www.semrush.com/bot.html)"
85.208.98.23 - - [19/Sep/2025:09:39:42 +0530] "GET /robots.txt HTTP/1.1" 301 1058 "-" "Mozilla/5.0 (compatible; SemrushBot-BA; +http://www.semrush.com/bot.html)"
35.162.184.236 - - [19/Sep/2025:09:41:12 +0530] "GET / HTTP/1.1" 301 1044 "-" "Mozilla/5.0 (Windows NT 10.0; Win64; x64) AppleWebKit/537.36 (KHTML, like Gecko) Chrome/113.0.0.0 Safari/537.36"
85.208.98.23 - - [19/Sep/2025:09:45:57 +0530] "GET /robots.txt HTTP/1.1" 301 1058 "-" "Mozilla/5.0 (compatible; SemrushBot-BA; +http://www.semrush.com/bot.html)"
85.208.98.23 - - [19/Sep/2025:09:46:59 +0530] "GET /robots.txt HTTP/1.1" 301 1058 "-" "Mozilla/5.0 (compatible; SemrushBot-BA; +http://www.semrush.com/bot.html)"
85.208.98.23 - - [19/Sep/2025:09:47:33 +0530] "GET /robots.txt HTTP/1.1" 301 1058 "-" "Mozilla/5.0 (compatible; SemrushBot-BA; +http://www.semrush.com/bot.html)"
85.208.98.23 - - [19/Sep/2025:09:48:30 +0530] "GET /robots.txt HTTP/1.1" 301 1058 "-" "Mozilla/5.0 (compatible; SemrushBot-BA; +http://www.semrush.com/bot.html)"
85.208.98.23 - - [19/Sep/2025:09:49:28 +0530] "GET /robots.txt HTTP/1.1" 301 1058 "-" "Mozilla/5.0 (compatible; SemrushBot-BA; +http://www.semrush.com/bot.html)"
85.208.98.23 - - [19/Sep/2025:09:55:57 +0530] "GET /robots.txt HTTP/1.1" 301 1058 "-" "Mozilla/5.0 (compatible; SemrushBot-BA; +http://www.semrush.com/bot.html)"
85.208.98.23 - - [19/Sep/2025:09:56:14 +0530] "GET /robots.txt HTTP/1.1" 301 1058 "-" "Mozilla/5.0 (compatible; SemrushBot-BA; +http://www.semrush.com/bot.html)"
85.208.98.23 - - [19/Sep/2025:09:56:30 +0530] "GET /robots.txt HTTP/1.1" 301 1058 "-" "Mozilla/5.0 (compatible; SemrushBot-BA; +http://www.semrush.com/bot.html)"
85.208.98.23 - - [19/Sep/2025:09:57:29 +0530] "GET /robots.txt HTTP/1.1" 301 1058 "-" "Mozilla/5.0 (compatible; SemrushBot-BA; +http://www.semrush.com/bot.html)"
85.208.98.23 - - [19/Sep/2025:10:01:48 +0530] "GET /robots.txt HTTP/1.1" 301 1058 "-" "Mozilla/5.0 (compatible; SemrushBot-BA; +http://www.semrush.com/bot.html)"
85.208.98.23 - - [19/Sep/2025:10:08:48 +0530] "GET /robots.txt HTTP/1.1" 301 1058 "-" "Mozilla/5.0 (compatible; SemrushBot-BA; +http://www.semrush.com/bot.html)"
85.208.98.23 - - [19/Sep/2025:10:08:51 +0530] "GET /robots.txt HTTP/1.1" 301 1058 "-" "Mozilla/5.0 (compatible; SemrushBot-BA; +http://www.semrush.com/bot.html)"
85.208.98.23 - - [19/Sep/2025:10:11:26 +0530] "GET /robots.txt HTTP/1.1" 301 1058 "-" "Mozilla/5.0 (compatible; SemrushBot-BA; +http://www.semrush.com/bot.html)"
188.130.185.145 - - [19/Sep/2025:10:12:11 +0530] "GET /robots.txt HTTP/1.0" 301 1054 "-" "Mozilla/5.0 (Windows NT 10.0; Win64; x64) AppleWebKit/537.36 (KHTML, like Gecko) Chrome/139.0.0.0 Safari/537.36/Nutch-1.21-SNAPSHOT"
188.130.185.145 - - [19/Sep/2025:10:12:14 +0530] "GET / HTTP/1.1" 301 1044 "-" "Mozilla/5.0 (Windows NT 10.0; Win64; x64) AppleWebKit/537.36 (KHTML, like Gecko) Chrome/139.0.0.0 Safari/537.36/Nutch-1.21-SNAPSHOT"
85.208.98.23 - - [19/Sep/2025:10:17:10 +0530] "GET /robots.txt HTTP/1.1" 301 1058 "-" "Mozilla/5.0 (compatible; SemrushBot-BA; +http://www.semrush.com/bot.html)"
196.251.73.195 - - [19/Sep/2025:10:17:58 +0530] "GET /ova.php HTTP/1.1" 301 1051 "-" "Mozilla/5.0 (Linux; Android 11; SM-G991B) AppleWebKit/537.36 (KHTML, like Gecko) Chrome/117.0.5938.92 Mobile Safari/537.36"
85.208.98.23 - - [19/Sep/2025:10:18:07 +0530] "GET /robots.txt HTTP/1.1" 301 1058 "-" "Mozilla/5.0 (compatible; SemrushBot-BA; +http://www.semrush.com/bot.html)"
85.208.98.23 - - [19/Sep/2025:10:19:12 +0530] "GET /robots.txt HTTP/1.1" 301 1058 "-" "Mozilla/5.0 (compatible; SemrushBot-BA; +http://www.semrush.com/bot.html)"
85.208.98.23 - - [19/Sep/2025:10:19:15 +0530] "GET /robots.txt HTTP/1.1" 301 1058 "-" "Mozilla/5.0 (compatible; SemrushBot-BA; +http://www.semrush.com/bot.html)"
196.251.73.195 - - [19/Sep/2025:10:21:12 +0530] "GET /ova.php HTTP/1.1" 301 1051 "-" "Mozilla/5.0 (Windows NT 6.1; Win64; x64) AppleWebKit/537.36 (KHTML, like Gecko) Chrome/117.0.0.0 Safari/537.36"
85.208.98.23 - - [19/Sep/2025:10:21:27 +0530] "GET /robots.txt HTTP/1.1" 301 1058 "-" "Mozilla/5.0 (compatible; SemrushBot-BA; +http://www.semrush.com/bot.html)"
85.208.98.23 - - [19/Sep/2025:10:22:20 +0530] "GET /robots.txt HTTP/1.1" 301 1058 "-" "Mozilla/5.0 (compatible; SemrushBot-BA; +http://www.semrush.com/bot.html)"
85.208.98.23 - - [19/Sep/2025:10:25:07 +0530] "GET /robots.txt HTTP/1.1" 301 1058 "-" "Mozilla/5.0 (compatible; SemrushBot-BA; +http://www.semrush.com/bot.html)"
85.208.98.23 - - [19/Sep/2025:10:26:51 +0530] "GET /robots.txt HTTP/1.1" 301 1058 "-" "Mozilla/5.0 (compatible; SemrushBot-BA; +http://www.semrush.com/bot.html)"
118.89.233.234 - - [19/Sep/2025:10:29:43 +0530] "GET / HTTP/1.1" 301 1048 "-" "Mozilla/5.0 (iPhone; CPU iPhone OS 13_2_3 like Mac OS X) AppleWebKit/605.1.15 (KHTML, like Gecko) Version/13.0.3 Mobile/15E148 Safari/604.1"
85.208.98.23 - - [19/Sep/2025:10:31:29 +0530] "GET /robots.txt HTTP/1.1" 301 1058 "-" "Mozilla/5.0 (compatible; SemrushBot-BA; +http://www.semrush.com/bot.html)"
85.208.98.23 - - [19/Sep/2025:10:32:48 +0530] "GET /robots.txt HTTP/1.1" 301 1058 "-" "Mozilla/5.0 (compatible; SemrushBot-BA; +http://www.semrush.com/bot.html)"
85.208.98.23 - - [19/Sep/2025:10:33:31 +0530] "GET /robots.txt HTTP/1.1" 301 1058 "-" "Mozilla/5.0 (compatible; SemrushBot-BA; +http://www.semrush.com/bot.html)"
85.208.98.23 - - [19/Sep/2025:10:34:25 +0530] "GET /robots.txt HTTP/1.1" 301 1058 "-" "Mozilla/5.0 (compatible; SemrushBot-BA; +http://www.semrush.com/bot.html)"
85.208.98.23 - - [19/Sep/2025:10:37:53 +0530] "GET /robots.txt HTTP/1.1" 301 1058 "-" "Mozilla/5.0 (compatible; SemrushBot-BA; +http://www.semrush.com/bot.html)"
85.208.98.23 - - [19/Sep/2025:10:38:28 +0530] "GET /robots.txt HTTP/1.1" 301 1058 "-" "Mozilla/5.0 (compatible; SemrushBot-BA; +http://www.semrush.com/bot.html)"
85.208.98.23 - - [19/Sep/2025:10:39:03 +0530] "GET /robots.txt HTTP/1.1" 301 1058 "-" "Mozilla/5.0 (compatible; SemrushBot-BA; +http://www.semrush.com/bot.html)"
85.208.98.23 - - [19/Sep/2025:10:43:06 +0530] "GET /robots.txt HTTP/1.1" 301 1058 "-" "Mozilla/5.0 (compatible; SemrushBot-BA; +http://www.semrush.com/bot.html)"
85.208.98.23 - - [19/Sep/2025:10:43:10 +0530] "GET /robots.txt HTTP/1.1" 301 1058 "-" "Mozilla/5.0 (compatible; SemrushBot-BA; +http://www.semrush.com/bot.html)"
85.208.98.23 - - [19/Sep/2025:10:43:47 +0530] "GET /robots.txt HTTP/1.1" 301 1058 "-" "Mozilla/5.0 (compatible; SemrushBot-BA; +http://www.semrush.com/bot.html)"
85.208.98.23 - - [19/Sep/2025:10:43:56 +0530] "GET /robots.txt HTTP/1.1" 301 1058 "-" "Mozilla/5.0 (compatible; SemrushBot-BA; +http://www.semrush.com/bot.html)"
51.68.236.90 - - [19/Sep/2025:10:44:40 +0530] "GET /robots.txt HTTP/1.1" 301 1054 "-" "Mozilla/5.0 (compatible; MJ12bot/v2.0.4; http://mj12bot.com/)"
51.68.236.90 - - [19/Sep/2025:10:44:41 +0530] "GET / HTTP/1.1" 301 1044 "-" "Mozilla/5.0 (compatible; MJ12bot/v2.0.4; http://mj12bot.com/)"
85.208.98.23 - - [19/Sep/2025:10:46:18 +0530] "GET /robots.txt HTTP/1.1" 301 1058 "-" "Mozilla/5.0 (compatible; SemrushBot-BA; +http://www.semrush.com/bot.html)"
85.208.98.23 - - [19/Sep/2025:10:48:50 +0530] "GET /robots.txt HTTP/1.1" 301 1058 "-" "Mozilla/5.0 (compatible; SemrushBot-BA; +http://www.semrush.com/bot.html)"
85.208.98.23 - - [19/Sep/2025:10:51:05 +0530] "GET /robots.txt HTTP/1.1" 301 1058 "-" "Mozilla/5.0 (compatible; SemrushBot-BA; +http://www.semrush.com/bot.html)"
85.208.98.23 - - [19/Sep/2025:10:56:35 +0530] "GET /robots.txt HTTP/1.1" 301 1058 "-" "Mozilla/5.0 (compatible; SemrushBot-BA; +http://www.semrush.com/bot.html)"
85.208.98.23 - - [19/Sep/2025:10:57:14 +0530] "GET /robots.txt HTTP/1.1" 301 1058 "-" "Mozilla/5.0 (compatible; SemrushBot-BA; +http://www.semrush.com/bot.html)"
85.208.98.23 - - [19/Sep/2025:11:01:43 +0530] "GET /robots.txt HTTP/1.1" 301 1058 "-" "Mozilla/5.0 (compatible; SemrushBot-BA; +http://www.semrush.com/bot.html)"
85.208.98.23 - - [19/Sep/2025:11:02:02 +0530] "GET /robots.txt HTTP/1.1" 301 1058 "-" "Mozilla/5.0 (compatible; SemrushBot-BA; +http://www.semrush.com/bot.html)"
54.146.54.191 - - [19/Sep/2025:11:05:24 +0530] "GET /robots.txt HTTP/1.1" 301 1054 "-" "Mozilla/5.0 (Macintosh; Intel Mac OS X 10_15_4) AppleWebKit/537.36 (KHTML, like Gecko) Chrome/83.0.4103.97 Safari/537.36"
54.146.54.191 - - [19/Sep/2025:11:05:46 +0530] "GET / HTTP/1.1" 301 1044 "-" "Mozilla/5.0 (Macintosh; Intel Mac OS X 10_15_4) AppleWebKit/537.36 (KHTML, like Gecko) Chrome/83.0.4103.97 Safari/537.36"
85.208.98.23 - - [19/Sep/2025:11:08:05 +0530] "GET /robots.txt HTTP/1.1" 301 1058 "-" "Mozilla/5.0 (compatible; SemrushBot-BA; +http://www.semrush.com/bot.html)"
85.208.98.23 - - [19/Sep/2025:11:11:34 +0530] "GET /robots.txt HTTP/1.1" 301 1058 "-" "Mozilla/5.0 (compatible; SemrushBot-BA; +http://www.semrush.com/bot.html)"
196.251.73.195 - - [19/Sep/2025:11:11:52 +0530] "GET /wp-content/plugins/yanierin/akc.php HTTP/1.1" 301 1079 "-" "Mozlila/5.0 (Linux; Android 7.0; SM-G892A Bulid/NRD90M; wv) AppleWebKit/537.36 (KHTML, like Gecko) Version/4.0 Chrome/60.0.3112.107 Moblie Safari/537.36"
18.224.192.118 - - [19/Sep/2025:11:12:04 +0530] "GET / HTTP/1.1" 301 1044 "-" "Mozilla/5.0 zgrab/0.x"
196.251.73.195 - - [19/Sep/2025:11:13:08 +0530] "GET /wp-content/plugins/yanierin/akc.php HTTP/1.1" 301 1079 "-" "Mozlila/5.0 (Linux; Android 7.0; SM-G892A Bulid/NRD90M; wv) AppleWebKit/537.36 (KHTML, like Gecko) Version/4.0 Chrome/60.0.3112.107 Moblie Safari/537.36"
85.208.98.23 - - [19/Sep/2025:11:13:19 +0530] "GET /robots.txt HTTP/1.1" 301 1058 "-" "Mozilla/5.0 (compatible; SemrushBot-BA; +http://www.semrush.com/bot.html)"
85.208.98.23 - - [19/Sep/2025:11:14:30 +0530] "GET /robots.txt HTTP/1.1" 301 1058 "-" "Mozilla/5.0 (compatible; SemrushBot-BA; +http://www.semrush.com/bot.html)"
85.208.98.23 - - [19/Sep/2025:11:16:28 +0530] "GET /robots.txt HTTP/1.1" 301 1058 "-" "Mozilla/5.0 (compatible; SemrushBot-BA; +http://www.semrush.com/bot.html)"
85.208.98.23 - - [19/Sep/2025:11:17:05 +0530] "GET /robots.txt HTTP/1.1" 301 1058 "-" "Mozilla/5.0 (compatible; SemrushBot-BA; +http://www.semrush.com/bot.html)"
85.208.98.23 - - [19/Sep/2025:11:19:11 +0530] "GET /robots.txt HTTP/1.1" 301 1058 "-" "Mozilla/5.0 (compatible; SemrushBot-BA; +http://www.semrush.com/bot.html)"
85.208.98.23 - - [19/Sep/2025:11:22:45 +0530] "GET /robots.txt HTTP/1.1" 301 1058 "-" "Mozilla/5.0 (compatible; SemrushBot-BA; +http://www.semrush.com/bot.html)"
85.208.98.23 - - [19/Sep/2025:11:25:10 +0530] "GET /robots.txt HTTP/1.1" 301 1058 "-" "Mozilla/5.0 (compatible; SemrushBot-BA; +http://www.semrush.com/bot.html)"
85.208.98.23 - - [19/Sep/2025:11:25:22 +0530] "GET /robots.txt HTTP/1.1" 301 1058 "-" "Mozilla/5.0 (compatible; SemrushBot-BA; +http://www.semrush.com/bot.html)"
85.208.98.23 - - [19/Sep/2025:11:27:35 +0530] "GET /robots.txt HTTP/1.1" 301 1058 "-" "Mozilla/5.0 (compatible; SemrushBot-BA; +http://www.semrush.com/bot.html)"
143.244.46.111 - - [19/Sep/2025:11:29:18 +0530] "POST /xmlrpc.php HTTP/1.1" 301 1058 "-" "Mozilla/5.0 (Macintosh; Intel Mac OS X 12_5) AppleWebKit/537.36 (KHTML, like Gecko) Chrome/114.0.0.0 Safari/537.36 OPR/89.0.4447.51"
143.244.46.111 - - [19/Sep/2025:11:29:19 +0530] "POST /xmlrpc.php HTTP/1.1" 301 1021 "-" "Mozilla/5.0 (Macintosh; Intel Mac OS X 12_5) AppleWebKit/537.36 (KHTML, like Gecko) Chrome/114.0.0.0 Safari/537.36 OPR/89.0.4447.51"
143.244.46.111 - - [19/Sep/2025:11:29:21 +0530] "POST /xmlrpc.php HTTP/1.1" 301 1058 "-" "Mozilla/5.0 (Macintosh; Intel Mac OS X 12_5) AppleWebKit/537.36 (KHTML, like Gecko) Chrome/114.0.0.0 Safari/537.36 OPR/89.0.4447.51"
143.244.46.111 - - [19/Sep/2025:11:29:22 +0530] "POST /xmlrpc.php HTTP/1.1" 301 1058 "-" "Mozilla/5.0 (Macintosh; Intel Mac OS X 12_5) AppleWebKit/537.36 (KHTML, like Gecko) Chrome/114.0.0.0 Safari/537.36 OPR/89.0.4447.51"
85.208.98.23 - - [19/Sep/2025:11:34:06 +0530] "GET /robots.txt HTTP/1.1" 301 1058 "-" "Mozilla/5.0 (compatible; SemrushBot-BA; +http://www.semrush.com/bot.html)"
85.208.98.23 - - [19/Sep/2025:11:44:28 +0530] "GET /robots.txt HTTP/1.1" 301 1058 "-" "Mozilla/5.0 (compatible; SemrushBot-BA; +http://www.semrush.com/bot.html)"
205.169.39.12 - - [19/Sep/2025:11:47:27 +0530] "GET / HTTP/1.1" 301 1044 "-" "Mozilla/5.0 (Windows NT 10.0; Win64; x64) AppleWebKit/537.36 (KHTML, like Gecko) Chrome/117.0.5938.132 Safari/537.36"
154.53.42.174 - - [19/Sep/2025:11:47:34 +0530] "GET /style.php HTTP/1.1" 301 1057 "-" "Go-http-client/1.1"
154.53.42.174 - - [19/Sep/2025:11:47:36 +0530] "GET /wp-content/style.php HTTP/1.1" 301 1068 "-" "Go-http-client/1.1"
154.53.42.174 - - [19/Sep/2025:11:47:38 +0530] "GET /wp-content/themes/style.php HTTP/1.1" 301 1075 "-" "Go-http-client/1.1"
154.53.42.174 - - [19/Sep/2025:11:47:39 +0530] "GET /wp-admin/style.php HTTP/1.1" 301 1066 "-" "Go-http-client/1.1"
154.53.42.174 - - [19/Sep/2025:11:47:41 +0530] "GET /wp-includes/style.php HTTP/1.1" 301 1069 "-" "Go-http-client/1.1"
154.53.42.174 - - [19/Sep/2025:11:47:42 +0530] "GET /chosen.php?p= HTTP/1.1" 301 1061 "-" "Go-http-client/1.1"
154.53.42.174 - - [19/Sep/2025:11:47:44 +0530] "GET /file.php HTTP/1.1" 301 1056 "-" "Go-http-client/1.1"
85.208.98.23 - - [19/Sep/2025:12:10:12 +0530] "GET /robots.txt HTTP/1.1" 301 1058 "-" "Mozilla/5.0 (compatible; SemrushBot-BA; +http://www.semrush.com/bot.html)"
85.208.98.23 - - [19/Sep/2025:12:11:00 +0530] "GET /robots.txt HTTP/1.1" 301 1058 "-" "Mozilla/5.0 (compatible; SemrushBot-BA; +http://www.semrush.com/bot.html)"
85.208.98.23 - - [19/Sep/2025:12:11:18 +0530] "GET /robots.txt HTTP/1.1" 301 1058 "-" "Mozilla/5.0 (compatible; SemrushBot-BA; +http://www.semrush.com/bot.html)"
85.208.98.23 - - [19/Sep/2025:12:16:34 +0530] "GET /robots.txt HTTP/1.1" 301 1058 "-" "Mozilla/5.0 (compatible; SemrushBot-BA; +http://www.semrush.com/bot.html)"
85.208.98.23 - - [19/Sep/2025:12:20:09 +0530] "GET /robots.txt HTTP/1.1" 301 1058 "-" "Mozilla/5.0 (compatible; SemrushBot-BA; +http://www.semrush.com/bot.html)"
85.208.98.23 - - [19/Sep/2025:12:22:08 +0530] "GET /robots.txt HTTP/1.1" 301 1058 "-" "Mozilla/5.0 (compatible; SemrushBot-BA; +http://www.semrush.com/bot.html)"
95.173.216.34 - - [19/Sep/2025:12:24:55 +0530] "GET / HTTP/1.1" 301 1048 "-" "Mozilla/5.0 (Windows NT 10.0; Win64; x64) AppleWebKit/537.36"
95.173.216.34 - - [19/Sep/2025:12:24:57 +0530] "GET /.git/config HTTP/1.1" 403 1517 "-" "Mozilla/5.0 (Windows NT 10.0; Win64; x64) AppleWebKit/537.36"
95.173.216.34 - - [19/Sep/2025:12:24:58 +0530] "GET /.aws/credentials HTTP/1.1" 301 1064 "-" "Mozilla/5.0 (Windows NT 10.0; Win64; x64) AppleWebKit/537.36"
95.173.216.34 - - [19/Sep/2025:12:25:01 +0530] "GET /.env HTTP/1.1" 301 1052 "-" "Mozilla/5.0 (Windows NT 10.0; Win64; x64) AppleWebKit/537.36"
95.173.216.34 - - [19/Sep/2025:12:25:03 +0530] "GET /config.js HTTP/1.1" 301 1057 "-" "Mozilla/5.0 (Windows NT 10.0; Win64; x64) AppleWebKit/537.36"
95.173.216.34 - - [19/Sep/2025:12:25:05 +0530] "GET /app.js HTTP/1.1" 301 1054 "-" "Mozilla/5.0 (Windows NT 10.0; Win64; x64) AppleWebKit/537.36"
85.208.98.23 - - [19/Sep/2025:12:25:28 +0530] "GET /robots.txt HTTP/1.1" 301 1058 "-" "Mozilla/5.0 (compatible; SemrushBot-BA; +http://www.semrush.com/bot.html)"
85.208.98.23 - - [19/Sep/2025:12:32:26 +0530] "GET /robots.txt HTTP/1.1" 301 1058 "-" "Mozilla/5.0 (compatible; SemrushBot-BA; +http://www.semrush.com/bot.html)"
85.208.98.23 - - [19/Sep/2025:12:35:43 +0530] "GET /robots.txt HTTP/1.1" 301 1058 "-" "Mozilla/5.0 (compatible; SemrushBot-BA; +http://www.semrush.com/bot.html)"
85.208.98.23 - - [19/Sep/2025:12:35:49 +0530] "GET /robots.txt HTTP/1.1" 301 1058 "-" "Mozilla/5.0 (compatible; SemrushBot-BA; +http://www.semrush.com/bot.html)"
85.208.98.23 - - [19/Sep/2025:12:38:09 +0530] "GET /robots.txt HTTP/1.1" 301 1058 "-" "Mozilla/5.0 (compatible; SemrushBot-BA; +http://www.semrush.com/bot.html)"
85.208.98.23 - - [19/Sep/2025:12:38:29 +0530] "GET /robots.txt HTTP/1.1" 301 1058 "-" "Mozilla/5.0 (compatible; SemrushBot-BA; +http://www.semrush.com/bot.html)"
85.208.98.23 - - [19/Sep/2025:12:39:26 +0530] "GET /robots.txt HTTP/1.1" 301 1058 "-" "Mozilla/5.0 (compatible; SemrushBot-BA; +http://www.semrush.com/bot.html)"
85.208.98.23 - - [19/Sep/2025:12:40:07 +0530] "GET /robots.txt HTTP/1.1" 301 1058 "-" "Mozilla/5.0 (compatible; SemrushBot-BA; +http://www.semrush.com/bot.html)"
205.169.39.53 - - [19/Sep/2025:12:40:08 +0530] "GET / HTTP/1.1" 301 1048 "-" "Mozilla/5.0 (Windows NT 10.0; Win64; x64) AppleWebKit/537.36 (KHTML, like Gecko) Chrome/117.0.5938.132 Safari/537.36"
85.208.98.23 - - [19/Sep/2025:12:42:09 +0530] "GET /robots.txt HTTP/1.1" 301 1058 "-" "Mozilla/5.0 (compatible; SemrushBot-BA; +http://www.semrush.com/bot.html)"
85.208.98.23 - - [19/Sep/2025:12:44:28 +0530] "GET /robots.txt HTTP/1.1" 301 1058 "-" "Mozilla/5.0 (compatible; SemrushBot-BA; +http://www.semrush.com/bot.html)"
85.208.98.23 - - [19/Sep/2025:12:44:40 +0530] "GET /robots.txt HTTP/1.1" 301 1058 "-" "Mozilla/5.0 (compatible; SemrushBot-BA; +http://www.semrush.com/bot.html)"
85.208.98.23 - - [19/Sep/2025:12:44:46 +0530] "GET /robots.txt HTTP/1.1" 301 1058 "-" "Mozilla/5.0 (compatible; SemrushBot-BA; +http://www.semrush.com/bot.html)"
85.208.98.23 - - [19/Sep/2025:12:45:04 +0530] "GET /robots.txt HTTP/1.1" 301 1058 "-" "Mozilla/5.0 (compatible; SemrushBot-BA; +http://www.semrush.com/bot.html)"
85.208.98.23 - - [19/Sep/2025:12:45:21 +0530] "GET /robots.txt HTTP/1.1" 301 1058 "-" "Mozilla/5.0 (compatible; SemrushBot-BA; +http://www.semrush.com/bot.html)"
85.208.98.23 - - [19/Sep/2025:12:45:24 +0530] "GET /robots.txt HTTP/1.1" 301 1058 "-" "Mozilla/5.0 (compatible; SemrushBot-BA; +http://www.semrush.com/bot.html)"
85.208.98.23 - - [19/Sep/2025:12:45:51 +0530] "GET /robots.txt HTTP/1.1" 301 1058 "-" "Mozilla/5.0 (compatible; SemrushBot-BA; +http://www.semrush.com/bot.html)"
85.208.98.23 - - [19/Sep/2025:12:46:41 +0530] "GET /robots.txt HTTP/1.1" 301 1058 "-" "Mozilla/5.0 (compatible; SemrushBot-BA; +http://www.semrush.com/bot.html)"
85.208.98.23 - - [19/Sep/2025:12:47:01 +0530] "GET /robots.txt HTTP/1.1" 301 1058 "-" "Mozilla/5.0 (compatible; SemrushBot-BA; +http://www.semrush.com/bot.html)"
85.208.98.23 - - [19/Sep/2025:12:47:01 +0530] "GET /robots.txt HTTP/1.1" 301 1058 "-" "Mozilla/5.0 (compatible; SemrushBot-BA; +http://www.semrush.com/bot.html)"
85.208.98.23 - - [19/Sep/2025:12:52:41 +0530] "GET /robots.txt HTTP/1.1" 301 1058 "-" "Mozilla/5.0 (compatible; SemrushBot-BA; +http://www.semrush.com/bot.html)"
85.208.98.23 - - [19/Sep/2025:12:52:46 +0530] "GET /robots.txt HTTP/1.1" 301 1058 "-" "Mozilla/5.0 (compatible; SemrushBot-BA; +http://www.semrush.com/bot.html)"
85.208.98.23 - - [19/Sep/2025:12:54:03 +0530] "GET /robots.txt HTTP/1.1" 301 1058 "-" "Mozilla/5.0 (compatible; SemrushBot-BA; +http://www.semrush.com/bot.html)"
85.208.98.23 - - [19/Sep/2025:12:56:14 +0530] "GET /robots.txt HTTP/1.1" 301 1058 "-" "Mozilla/5.0 (compatible; SemrushBot-BA; +http://www.semrush.com/bot.html)"
85.208.98.23 - - [19/Sep/2025:12:57:05 +0530] "GET /robots.txt HTTP/1.1" 301 1058 "-" "Mozilla/5.0 (compatible; SemrushBot-BA; +http://www.semrush.com/bot.html)"
85.208.98.23 - - [19/Sep/2025:12:58:21 +0530] "GET /robots.txt HTTP/1.1" 301 1058 "-" "Mozilla/5.0 (compatible; SemrushBot-BA; +http://www.semrush.com/bot.html)"
85.208.98.23 - - [19/Sep/2025:13:06:03 +0530] "GET /robots.txt HTTP/1.1" 301 1058 "-" "Mozilla/5.0 (compatible; SemrushBot-BA; +http://www.semrush.com/bot.html)"
193.37.32.92 - - [19/Sep/2025:13:06:15 +0530] "GET / HTTP/1.1" 301 1044 "-" "Mozilla/5.0 (Windows NT 10.0; Win64; x64) AppleWebKit/537.36 (KHTML, like Gecko) Chrome/95.0.4638.69 Safari/537.36"
69.197.149.90 - - [19/Sep/2025:13:06:56 +0530] "GET /file.php HTTP/1.1" 301 1052 "http://skresins.com/file.php" "Mozilla/5.0 (Macintosh; Intel Mac OS X 10.7; rv:9.0.1) Gecko/20100101 Firefox/9.0.1"
178.159.37.105 - - [19/Sep/2025:13:11:01 +0530] "POST /xmlrpc.php HTTP/1.1" 301 1058 "-" "Mozilla/5.0 (X11; Linux i686) AppleWebKit/537.36 (KHTML, like Gecko) Chrome/114.0.0.0 Safari/537.36 Vivaldi/5.3.2679.68"
178.159.37.105 - - [19/Sep/2025:13:11:02 +0530] "POST /xmlrpc.php HTTP/1.1" 301 1021 "-" "Mozilla/5.0 (X11; Linux i686) AppleWebKit/537.36 (KHTML, like Gecko) Chrome/114.0.0.0 Safari/537.36 Vivaldi/5.3.2679.68"
