196.251.73.195 - - [19/Sep/2025:18:06:49 +0530] "GET /wp-content/plugins/ccx/index.php HTTP/1.1" 301 1076 "-" "Mozlila/5.0 (Linux; Android 7.0; SM-G892A Bulid/NRD90M; wv) AppleWebKit/537.36 (KHTML, like Gecko) Version/4.0 Chrome/60.0.3112.107 Moblie Safari/537.36"
196.251.73.195 - - [19/Sep/2025:18:07:05 +0530] "GET /ccx/index.php HTTP/1.1" 301 1057 "-" "Mozlila/5.0 (Linux; Android 7.0; SM-G892A Bulid/NRD90M; wv) AppleWebKit/537.36 (KHTML, like Gecko) Version/4.0 Chrome/60.0.3112.107 Moblie Safari/537.36"
196.251.73.195 - - [19/Sep/2025:18:07:28 +0530] "GET /wp-content/plugins/ccx/index.php HTTP/1.1" 301 1076 "-" "Mozlila/5.0 (Linux; Android 7.0; SM-G892A Bulid/NRD90M; wv) AppleWebKit/537.36 (KHTML, like Gecko) Version/4.0 Chrome/60.0.3112.107 Moblie Safari/537.36"
196.251.73.195 - - [19/Sep/2025:18:07:34 +0530] "GET /wp-content/themes/ccx/index.php HTTP/1.1" 301 1075 "-" "Mozlila/5.0 (Linux; Android 7.0; SM-G892A Bulid/NRD90M; wv) AppleWebKit/537.36 (KHTML, like Gecko) Version/4.0 Chrome/60.0.3112.107 Moblie Safari/537.36"
85.208.98.23 - - [19/Sep/2025:18:07:36 +0530] "GET /robots.txt HTTP/1.1" 301 1058 "-" "Mozilla/5.0 (compatible; SemrushBot-BA; +http://www.semrush.com/bot.html)"
196.251.73.195 - - [19/Sep/2025:18:07:55 +0530] "GET /index.php?3x=3x HTTP/1.1" 301 1059 "-" "Mozlila/5.0 (Linux; Android 7.0; SM-G892A Bulid/NRD90M; wv) AppleWebKit/537.36 (KHTML, like Gecko) Version/4.0 Chrome/60.0.3112.107 Moblie Safari/537.36"
85.208.98.23 - - [19/Sep/2025:18:07:57 +0530] "GET /robots.txt HTTP/1.1" 301 1058 "-" "Mozilla/5.0 (compatible; SemrushBot-BA; +http://www.semrush.com/bot.html)"
85.208.98.23 - - [19/Sep/2025:18:08:22 +0530] "GET /robots.txt HTTP/1.1" 301 1058 "-" "Mozilla/5.0 (compatible; SemrushBot-BA; +http://www.semrush.com/bot.html)"
196.251.73.195 - - [19/Sep/2025:18:08:37 +0530] "GET /css/admin/content.php%20 HTTP/1.1" 301 1068 "-" "Mozlila/5.0 (Linux; Android 7.0; SM-G892A Bulid/NRD90M; wv) AppleWebKit/537.36 (KHTML, like Gecko) Version/4.0 Chrome/60.0.3112.107 Moblie Safari/537.36"
196.251.73.195 - - [19/Sep/2025:18:08:59 +0530] "GET /wp-content/themes/seotheme/mar.php HTTP/1.1" 301 1078 "-" "Mozlila/5.0 (Linux; Android 7.0; SM-G892A Bulid/NRD90M; wv) AppleWebKit/537.36 (KHTML, like Gecko) Version/4.0 Chrome/60.0.3112.107 Moblie Safari/537.36"
85.208.98.23 - - [19/Sep/2025:18:09:15 +0530] "GET /robots.txt HTTP/1.1" 301 1058 "-" "Mozilla/5.0 (compatible; SemrushBot-BA; +http://www.semrush.com/bot.html)"
196.251.73.195 - - [19/Sep/2025:18:09:23 +0530] "GET /wp-content/plugins/ioptimization/IOptimize.php?rchk HTTP/1.1" 301 1095 "-" "Mozlila/5.0 (Linux; Android 7.0; SM-G892A Bulid/NRD90M; wv) AppleWebKit/537.36 (KHTML, like Gecko) Version/4.0 Chrome/60.0.3112.107 Moblie Safari/537.36"
196.251.73.195 - - [19/Sep/2025:18:09:42 +0530] "GET /wp-content/themes/pridmag/db.php?u HTTP/1.1" 301 1078 "-" "Mozlila/5.0 (Linux; Android 7.0; SM-G892A Bulid/NRD90M; wv) AppleWebKit/537.36 (KHTML, like Gecko) Version/4.0 Chrome/60.0.3112.107 Moblie Safari/537.36"
196.251.73.195 - - [19/Sep/2025:18:09:58 +0530] "GET /shell20211028.php HTTP/1.1" 301 1061 "-" "Mozlila/5.0 (Linux; Android 7.0; SM-G892A Bulid/NRD90M; wv) AppleWebKit/537.36 (KHTML, like Gecko) Version/4.0 Chrome/60.0.3112.107 Moblie Safari/537.36"
196.251.73.195 - - [19/Sep/2025:18:10:13 +0530] "GET /wp-content/themes/ccx/index.php HTTP/1.1" 301 1075 "-" "Mozlila/5.0 (Linux; Android 7.0; SM-G892A Bulid/NRD90M; wv) AppleWebKit/537.36 (KHTML, like Gecko) Version/4.0 Chrome/60.0.3112.107 Moblie Safari/537.36"
196.251.73.195 - - [19/Sep/2025:18:11:00 +0530] "GET /xmlrp.php?url=https://rentry.co/yu8xc/raw HTTP/1.1" 301 1085 "-" "Mozlila/5.0 (Linux; Android 7.0; SM-G892A Bulid/NRD90M; wv) AppleWebKit/537.36 (KHTML, like Gecko) Version/4.0 Chrome/60.0.3112.107 Moblie Safari/537.36"
196.251.73.195 - - [19/Sep/2025:18:11:14 +0530] "GET /wp-content/db_cache.php HTTP/1.1" 301 1067 "-" "Mozlila/5.0 (Linux; Android 7.0; SM-G892A Bulid/NRD90M; wv) AppleWebKit/537.36 (KHTML, like Gecko) Version/4.0 Chrome/60.0.3112.107 Moblie Safari/537.36"
196.251.73.195 - - [19/Sep/2025:18:11:41 +0530] "GET /wp-content/plugins/backup_index.php HTTP/1.1" 301 1079 "-" "Mozlila/5.0 (Linux; Android 7.0; SM-G892A Bulid/NRD90M; wv) AppleWebKit/537.36 (KHTML, like Gecko) Version/4.0 Chrome/60.0.3112.107 Moblie Safari/537.36"
196.251.73.195 - - [19/Sep/2025:18:11:58 +0530] "GET /boom.php?x HTTP/1.1" 301 1054 "-" "Mozlila/5.0 (Linux; Android 7.0; SM-G892A Bulid/NRD90M; wv) AppleWebKit/537.36 (KHTML, like Gecko) Version/4.0 Chrome/60.0.3112.107 Moblie Safari/537.36"
196.251.73.195 - - [19/Sep/2025:18:12:19 +0530] "GET /wp-content/plugins/t_file_wp/t_file_wp.php?test=hello HTTP/1.1" 301 1097 "-" "Mozlila/5.0 (Linux; Android 7.0; SM-G892A Bulid/NRD90M; wv) AppleWebKit/537.36 (KHTML, like Gecko) Version/4.0 Chrome/60.0.3112.107 Moblie Safari/537.36"
196.251.73.195 - - [19/Sep/2025:18:13:07 +0530] "GET /style.php HTTP/1.1" 301 1053 "-" "Mozlila/5.0 (Linux; Android 7.0; SM-G892A Bulid/NRD90M; wv) AppleWebKit/537.36 (KHTML, like Gecko) Version/4.0 Chrome/60.0.3112.107 Moblie Safari/537.36"
85.208.98.23 - - [19/Sep/2025:18:13:18 +0530] "GET /robots.txt HTTP/1.1" 301 1058 "-" "Mozilla/5.0 (compatible; SemrushBot-BA; +http://www.semrush.com/bot.html)"
196.251.73.195 - - [19/Sep/2025:18:13:34 +0530] "GET /wp-content/themes/pridmag/bp.php HTTP/1.1" 301 1076 "-" "Mozlila/5.0 (Linux; Android 7.0; SM-G892A Bulid/NRD90M; wv) AppleWebKit/537.36 (KHTML, like Gecko) Version/4.0 Chrome/60.0.3112.107 Moblie Safari/537.36"
196.251.73.195 - - [19/Sep/2025:18:13:39 +0530] "GET /wp-content/plugins/w3-total-cache/up.php?db HTTP/1.1" 301 1087 "-" "Mozlila/5.0 (Linux; Android 7.0; SM-G892A Bulid/NRD90M; wv) AppleWebKit/537.36 (KHTML, like Gecko) Version/4.0 Chrome/60.0.3112.107 Moblie Safari/537.36"
196.251.73.195 - - [19/Sep/2025:18:14:03 +0530] "GET /radio.php HTTP/1.1" 301 1053 "-" "Mozlila/5.0 (Linux; Android 7.0; SM-G892A Bulid/NRD90M; wv) AppleWebKit/537.36 (KHTML, like Gecko) Version/4.0 Chrome/60.0.3112.107 Moblie Safari/537.36"
196.251.73.195 - - [19/Sep/2025:18:14:24 +0530] "GET /c.php HTTP/1.1" 301 1049 "-" "Mozlila/5.0 (Linux; Android 7.0; SM-G892A Bulid/NRD90M; wv) AppleWebKit/537.36 (KHTML, like Gecko) Version/4.0 Chrome/60.0.3112.107 Moblie Safari/537.36"
196.251.73.195 - - [19/Sep/2025:18:14:40 +0530] "GET /data.php HTTP/1.1" 301 1052 "-" "Mozlila/5.0 (Linux; Android 7.0; SM-G892A Bulid/NRD90M; wv) AppleWebKit/537.36 (KHTML, like Gecko) Version/4.0 Chrome/60.0.3112.107 Moblie Safari/537.36"
196.251.73.195 - - [19/Sep/2025:18:15:16 +0530] "GET /406 HTTP/1.1" 301 1047 "-" "Mozlila/5.0 (Linux; Android 7.0; SM-G892A Bulid/NRD90M; wv) AppleWebKit/537.36 (KHTML, like Gecko) Version/4.0 Chrome/60.0.3112.107 Moblie Safari/537.36"
196.251.73.195 - - [19/Sep/2025:18:15:32 +0530] "GET /new-index.php HTTP/1.1" 301 1057 "-" "Mozlila/5.0 (Linux; Android 7.0; SM-G892A Bulid/NRD90M; wv) AppleWebKit/537.36 (KHTML, like Gecko) Version/4.0 Chrome/60.0.3112.107 Moblie Safari/537.36"
196.251.73.195 - - [19/Sep/2025:18:15:49 +0530] "GET /2index.php HTTP/1.1" 301 1054 "-" "Mozlila/5.0 (Linux; Android 7.0; SM-G892A Bulid/NRD90M; wv) AppleWebKit/537.36 (KHTML, like Gecko) Version/4.0 Chrome/60.0.3112.107 Moblie Safari/537.36"
196.251.73.195 - - [19/Sep/2025:18:16:04 +0530] "GET /old-index.php HTTP/1.1" 301 1057 "-" "Mozlila/5.0 (Linux; Android 7.0; SM-G892A Bulid/NRD90M; wv) AppleWebKit/537.36 (KHTML, like Gecko) Version/4.0 Chrome/60.0.3112.107 Moblie Safari/537.36"
196.251.73.195 - - [19/Sep/2025:18:16:24 +0530] "GET /2index.php HTTP/1.1" 301 1054 "-" "Mozlila/5.0 (Linux; Android 7.0; SM-G892A Bulid/NRD90M; wv) AppleWebKit/537.36 (KHTML, like Gecko) Version/4.0 Chrome/60.0.3112.107 Moblie Safari/537.36"
139.59.5.45 - - [19/Sep/2025:18:16:34 +0530] "GET /wp-admin/css/ HTTP/1.1" 301 1057 "binance.com" "Mozilla/5.0 (Windows NT 10.0; Win64; x64) AppleWebKit/537.36 (KHTML, like Gecko) Chrome/90.0.4430.85 Safari/537.36"
196.251.73.195 - - [19/Sep/2025:18:16:41 +0530] "GET /shell.php HTTP/1.1" 301 1053 "-" "Mozlila/5.0 (Linux; Android 7.0; SM-G892A Bulid/NRD90M; wv) AppleWebKit/537.36 (KHTML, like Gecko) Version/4.0 Chrome/60.0.3112.107 Moblie Safari/537.36"
196.251.73.195 - - [19/Sep/2025:18:16:58 +0530] "GET /1index.php HTTP/1.1" 301 1054 "-" "Mozlila/5.0 (Linux; Android 7.0; SM-G892A Bulid/NRD90M; wv) AppleWebKit/537.36 (KHTML, like Gecko) Version/4.0 Chrome/60.0.3112.107 Moblie Safari/537.36"
196.251.73.195 - - [19/Sep/2025:18:17:19 +0530] "GET /wp-content/wso.php HTTP/1.1" 301 1062 "-" "Mozlila/5.0 (Linux; Android 7.0; SM-G892A Bulid/NRD90M; wv) AppleWebKit/537.36 (KHTML, like Gecko) Version/4.0 Chrome/60.0.3112.107 Moblie Safari/537.36"
85.208.98.23 - - [19/Sep/2025:18:17:23 +0530] "GET /robots.txt HTTP/1.1" 301 1058 "-" "Mozilla/5.0 (compatible; SemrushBot-BA; +http://www.semrush.com/bot.html)"
196.251.73.195 - - [19/Sep/2025:18:17:40 +0530] "GET /wp-admin/alfa.php HTTP/1.1" 301 1061 "-" "Mozlila/5.0 (Linux; Android 7.0; SM-G892A Bulid/NRD90M; wv) AppleWebKit/537.36 (KHTML, like Gecko) Version/4.0 Chrome/60.0.3112.107 Moblie Safari/537.36"
196.251.73.195 - - [19/Sep/2025:18:17:54 +0530] "GET /wp-includes/widgets/class-wp-widget-index.php HTTP/1.1" 301 1089 "-" "Mozlila/5.0 (Linux; Android 7.0; SM-G892A Bulid/NRD90M; wv) AppleWebKit/537.36 (KHTML, like Gecko) Version/4.0 Chrome/60.0.3112.107 Moblie Safari/537.36"
85.208.98.23 - - [19/Sep/2025:18:17:54 +0530] "GET /robots.txt HTTP/1.1" 301 1058 "-" "Mozilla/5.0 (compatible; SemrushBot-BA; +http://www.semrush.com/bot.html)"
196.251.73.195 - - [19/Sep/2025:18:18:07 +0530] "GET /wp-content/index.php?BIBIL-Spamworldpro HTTP/1.1" 301 1083 "-" "Mozlila/5.0 (Linux; Android 7.0; SM-G892A Bulid/NRD90M; wv) AppleWebKit/537.36 (KHTML, like Gecko) Version/4.0 Chrome/60.0.3112.107 Moblie Safari/537.36"
196.251.73.195 - - [19/Sep/2025:18:18:27 +0530] "GET /mt/pekok.php HTTP/1.1" 301 1056 "-" "Mozlila/5.0 (Linux; Android 7.0; SM-G892A Bulid/NRD90M; wv) AppleWebKit/537.36 (KHTML, like Gecko) Version/4.0 Chrome/60.0.3112.107 Moblie Safari/537.36"
196.251.73.195 - - [19/Sep/2025:18:18:44 +0530] "GET /shell555.php HTTP/1.1" 301 1056 "-" "Mozlila/5.0 (Linux; Android 7.0; SM-G892A Bulid/NRD90M; wv) AppleWebKit/537.36 (KHTML, like Gecko) Version/4.0 Chrome/60.0.3112.107 Moblie Safari/537.36"
196.251.73.195 - - [19/Sep/2025:18:18:55 +0530] "GET /404.php HTTP/1.1" 301 1051 "-" "Mozlila/5.0 (Linux; Android 7.0; SM-G892A Bulid/NRD90M; wv) AppleWebKit/537.36 (KHTML, like Gecko) Version/4.0 Chrome/60.0.3112.107 Moblie Safari/537.36"
196.251.73.195 - - [19/Sep/2025:18:19:17 +0530] "GET /wp-content/uploads/uploads/SpamwoldSecurity.php HTTP/1.1" 301 1091 "-" "Mozlila/5.0 (Linux; Android 7.0; SM-G892A Bulid/NRD90M; wv) AppleWebKit/537.36 (KHTML, like Gecko) Version/4.0 Chrome/60.0.3112.107 Moblie Safari/537.36"
196.251.73.195 - - [19/Sep/2025:18:19:44 +0530] "GET /wp-content/plugins/hello.php HTTP/1.1" 301 1072 "-" "Mozlila/5.0 (Linux; Android 7.0; SM-G892A Bulid/NRD90M; wv) AppleWebKit/537.36 (KHTML, like Gecko) Version/4.0 Chrome/60.0.3112.107 Moblie Safari/537.36"
196.251.73.195 - - [19/Sep/2025:18:20:03 +0530] "GET /wp-content/plugins/hello.php HTTP/1.1" 301 1072 "-" "Mozlila/5.0 (Linux; Android 7.0; SM-G892A Bulid/NRD90M; wv) AppleWebKit/537.36 (KHTML, like Gecko) Version/4.0 Chrome/60.0.3112.107 Moblie Safari/537.36"
196.251.73.195 - - [19/Sep/2025:18:20:25 +0530] "GET /404.php HTTP/1.1" 301 1051 "-" "Mozlila/5.0 (Linux; Android 7.0; SM-G892A Bulid/NRD90M; wv) AppleWebKit/537.36 (KHTML, like Gecko) Version/4.0 Chrome/60.0.3112.107 Moblie Safari/537.36"
196.251.73.195 - - [19/Sep/2025:18:20:50 +0530] "GET /wp-content/themes/pridmag/hot.php HTTP/1.1" 301 1077 "-" "Mozlila/5.0 (Linux; Android 7.0; SM-G892A Bulid/NRD90M; wv) AppleWebKit/537.36 (KHTML, like Gecko) Version/4.0 Chrome/60.0.3112.107 Moblie Safari/537.36"
196.251.73.195 - - [19/Sep/2025:18:21:05 +0530] "GET /wp-content/mu-plugins/blog.php HTTP/1.1" 301 1074 "-" "Mozlila/5.0 (Linux; Android 7.0; SM-G892A Bulid/NRD90M; wv) AppleWebKit/537.36 (KHTML, like Gecko) Version/4.0 Chrome/60.0.3112.107 Moblie Safari/537.36"
196.251.73.195 - - [19/Sep/2025:18:21:39 +0530] "GET /wp-content/mu-plugins/blog.php HTTP/1.1" 301 1074 "-" "Mozlila/5.0 (Linux; Android 7.0; SM-G892A Bulid/NRD90M; wv) AppleWebKit/537.36 (KHTML, like Gecko) Version/4.0 Chrome/60.0.3112.107 Moblie Safari/537.36"
196.251.73.195 - - [19/Sep/2025:18:21:50 +0530] "GET /wp-content/mu-plugins/a.php HTTP/1.1" 301 1071 "-" "Mozlila/5.0 (Linux; Android 7.0; SM-G892A Bulid/NRD90M; wv) AppleWebKit/537.36 (KHTML, like Gecko) Version/4.0 Chrome/60.0.3112.107 Moblie Safari/537.36"
196.251.73.195 - - [19/Sep/2025:18:22:08 +0530] "GET /wp-content/mu-plugins/shell.php HTTP/1.1" 301 1075 "-" "Mozlila/5.0 (Linux; Android 7.0; SM-G892A Bulid/NRD90M; wv) AppleWebKit/537.36 (KHTML, like Gecko) Version/4.0 Chrome/60.0.3112.107 Moblie Safari/537.36"
196.251.73.195 - - [19/Sep/2025:18:22:18 +0530] "GET /wp-content/mu-plugins/s.php HTTP/1.1" 301 1071 "-" "Mozlila/5.0 (Linux; Android 7.0; SM-G892A Bulid/NRD90M; wv) AppleWebKit/537.36 (KHTML, like Gecko) Version/4.0 Chrome/60.0.3112.107 Moblie Safari/537.36"
196.251.73.195 - - [19/Sep/2025:18:22:26 +0530] "GET /wp-admin/css/colors/autoload_classmap.php HTTP/1.1" 301 1085 "-" "Mozlila/5.0 (Linux; Android 7.0; SM-G892A Bulid/NRD90M; wv) AppleWebKit/537.36 (KHTML, like Gecko) Version/4.0 Chrome/60.0.3112.107 Moblie Safari/537.36"
196.251.73.195 - - [19/Sep/2025:18:22:37 +0530] "GET /403.php HTTP/1.1" 301 1051 "-" "Mozlila/5.0 (Linux; Android 7.0; SM-G892A Bulid/NRD90M; wv) AppleWebKit/537.36 (KHTML, like Gecko) Version/4.0 Chrome/60.0.3112.107 Moblie Safari/537.36"
196.251.73.195 - - [19/Sep/2025:18:22:49 +0530] "GET /wp-content/plugins/prh-api/vendor/phpunit/phpunit/src/Util/PHP/eval-stdin.php HTTP/1.1" 301 1121 "-" "Mozlila/5.0 (Linux; Android 7.0; SM-G892A Bulid/NRD90M; wv) AppleWebKit/537.36 (KHTML, like Gecko) Version/4.0 Chrome/60.0.3112.107 Moblie Safari/537.36"
196.251.73.195 - - [19/Sep/2025:18:23:13 +0530] "GET /wp-content/plugins/hd-webplayer/playlist.php HTTP/1.1" 301 1088 "-" "Mozlila/5.0 (Linux; Android 7.0; SM-G892A Bulid/NRD90M; wv) AppleWebKit/537.36 (KHTML, like Gecko) Version/4.0 Chrome/60.0.3112.107 Moblie Safari/537.36"
85.208.98.23 - - [19/Sep/2025:18:23:28 +0530] "GET /robots.txt HTTP/1.1" 301 1058 "-" "Mozilla/5.0 (compatible; SemrushBot-BA; +http://www.semrush.com/bot.html)"
196.251.73.195 - - [19/Sep/2025:18:23:29 +0530] "GET /images/neko.php HTTP/1.1" 301 1059 "-" "Mozlila/5.0 (Linux; Android 7.0; SM-G892A Bulid/NRD90M; wv) AppleWebKit/537.36 (KHTML, like Gecko) Version/4.0 Chrome/60.0.3112.107 Moblie Safari/537.36"
196.251.73.195 - - [19/Sep/2025:18:23:48 +0530] "GET /wp-admin/neko.php?cmd=whoami HTTP/1.1" 301 1072 "-" "Mozlila/5.0 (Linux; Android 7.0; SM-G892A Bulid/NRD90M; wv) AppleWebKit/537.36 (KHTML, like Gecko) Version/4.0 Chrome/60.0.3112.107 Moblie Safari/537.36"
196.251.73.195 - - [19/Sep/2025:18:24:01 +0530] "GET /wp-content/plugins/sid/sidwso.php HTTP/1.1" 301 1077 "-" "Mozlila/5.0 (Linux; Android 7.0; SM-G892A Bulid/NRD90M; wv) AppleWebKit/537.36 (KHTML, like Gecko) Version/4.0 Chrome/60.0.3112.107 Moblie Safari/537.36"
196.251.73.195 - - [19/Sep/2025:18:24:10 +0530] "GET /1.php HTTP/1.1" 301 1049 "-" "Mozlila/5.0 (Linux; Android 7.0; SM-G892A Bulid/NRD90M; wv) AppleWebKit/537.36 (KHTML, like Gecko) Version/4.0 Chrome/60.0.3112.107 Moblie Safari/537.36"
196.251.73.195 - - [19/Sep/2025:18:24:32 +0530] "GET /wp-admin/pbyobidwjl.php HTTP/1.1" 301 1067 "-" "Mozlila/5.0 (Linux; Android 7.0; SM-G892A Bulid/NRD90M; wv) AppleWebKit/537.36 (KHTML, like Gecko) Version/4.0 Chrome/60.0.3112.107 Moblie Safari/537.36"
196.251.73.195 - - [19/Sep/2025:18:25:04 +0530] "GET /.tmb/nftrtixxxj.php HTTP/1.1" 301 1063 "-" "Mozlila/5.0 (Linux; Android 7.0; SM-G892A Bulid/NRD90M; wv) AppleWebKit/537.36 (KHTML, like Gecko) Version/4.0 Chrome/60.0.3112.107 Moblie Safari/537.36"
196.251.73.195 - - [19/Sep/2025:18:25:12 +0530] "GET /.tmp/fywvkgtiud.php HTTP/1.1" 301 1063 "-" "Mozlila/5.0 (Linux; Android 7.0; SM-G892A Bulid/NRD90M; wv) AppleWebKit/537.36 (KHTML, like Gecko) Version/4.0 Chrome/60.0.3112.107 Moblie Safari/537.36"
196.251.73.195 - - [19/Sep/2025:18:25:25 +0530] "GET /wp-admin/uzgdhqwbyv.php HTTP/1.1" 301 1067 "-" "Mozlila/5.0 (Linux; Android 7.0; SM-G892A Bulid/NRD90M; wv) AppleWebKit/537.36 (KHTML, like Gecko) Version/4.0 Chrome/60.0.3112.107 Moblie Safari/537.36"
196.251.73.195 - - [19/Sep/2025:18:25:54 +0530] "GET /rwyzyqozvo.php HTTP/1.1" 301 1058 "-" "Mozlila/5.0 (Linux; Android 7.0; SM-G892A Bulid/NRD90M; wv) AppleWebKit/537.36 (KHTML, like Gecko) Version/4.0 Chrome/60.0.3112.107 Moblie Safari/537.36"
196.251.73.195 - - [19/Sep/2025:18:26:35 +0530] "GET /omsgljtiou.php HTTP/1.1" 301 1058 "-" "Mozlila/5.0 (Linux; Android 7.0; SM-G892A Bulid/NRD90M; wv) AppleWebKit/537.36 (KHTML, like Gecko) Version/4.0 Chrome/60.0.3112.107 Moblie Safari/537.36"
182.44.67.97 - - [19/Sep/2025:18:29:55 +0530] "GET / HTTP/1.1" 301 1048 "-" "Mozilla/5.0 (iPhone; CPU iPhone OS 13_2_3 like Mac OS X) AppleWebKit/605.1.15 (KHTML, like Gecko) Version/13.0.3 Mobile/15E148 Safari/604.1"
85.208.98.23 - - [19/Sep/2025:18:30:06 +0530] "GET /robots.txt HTTP/1.1" 301 1058 "-" "Mozilla/5.0 (compatible; SemrushBot-BA; +http://www.semrush.com/bot.html)"
85.208.98.23 - - [19/Sep/2025:18:30:08 +0530] "GET /robots.txt HTTP/1.1" 301 1058 "-" "Mozilla/5.0 (compatible; SemrushBot-BA; +http://www.semrush.com/bot.html)"
85.208.98.23 - - [19/Sep/2025:18:30:24 +0530] "GET /robots.txt HTTP/1.1" 301 1058 "-" "Mozilla/5.0 (compatible; SemrushBot-BA; +http://www.semrush.com/bot.html)"
85.208.98.23 - - [19/Sep/2025:18:32:05 +0530] "GET /robots.txt HTTP/1.1" 301 1058 "-" "Mozilla/5.0 (compatible; SemrushBot-BA; +http://www.semrush.com/bot.html)"
85.208.98.23 - - [19/Sep/2025:18:34:36 +0530] "GET /robots.txt HTTP/1.1" 301 1058 "-" "Mozilla/5.0 (compatible; SemrushBot-BA; +http://www.semrush.com/bot.html)"
85.208.98.23 - - [19/Sep/2025:18:34:47 +0530] "GET /robots.txt HTTP/1.1" 301 1058 "-" "Mozilla/5.0 (compatible; SemrushBot-BA; +http://www.semrush.com/bot.html)"
85.208.98.23 - - [19/Sep/2025:18:37:58 +0530] "GET /robots.txt HTTP/1.1" 301 1058 "-" "Mozilla/5.0 (compatible; SemrushBot-BA; +http://www.semrush.com/bot.html)"
85.208.98.23 - - [19/Sep/2025:18:38:26 +0530] "GET /robots.txt HTTP/1.1" 301 1058 "-" "Mozilla/5.0 (compatible; SemrushBot-BA; +http://www.semrush.com/bot.html)"
85.208.98.23 - - [19/Sep/2025:18:38:43 +0530] "GET /robots.txt HTTP/1.1" 301 1058 "-" "Mozilla/5.0 (compatible; SemrushBot-BA; +http://www.semrush.com/bot.html)"
85.208.98.23 - - [19/Sep/2025:18:47:59 +0530] "GET /robots.txt HTTP/1.1" 301 1058 "-" "Mozilla/5.0 (compatible; SemrushBot-BA; +http://www.semrush.com/bot.html)"
85.208.98.23 - - [19/Sep/2025:18:56:43 +0530] "GET /robots.txt HTTP/1.1" 301 1058 "-" "Mozilla/5.0 (compatible; SemrushBot-BA; +http://www.semrush.com/bot.html)"
85.208.98.23 - - [19/Sep/2025:18:58:03 +0530] "GET /robots.txt HTTP/1.1" 301 1058 "-" "Mozilla/5.0 (compatible; SemrushBot-BA; +http://www.semrush.com/bot.html)"
148.113.130.118 - - [19/Sep/2025:18:58:19 +0530] "GET /robots.txt HTTP/1.1" 301 1058 "-" "Mozilla/5.0 (compatible; AhrefsBot/7.0; +http://ahrefs.com/robot/)"
54.39.210.103 - - [19/Sep/2025:18:58:21 +0530] "GET / HTTP/1.1" 301 1048 "-" "Mozilla/5.0 (compatible; AhrefsBot/7.0; +http://ahrefs.com/robot/)"
85.208.98.23 - - [19/Sep/2025:19:12:52 +0530] "GET /robots.txt HTTP/1.1" 301 1058 "-" "Mozilla/5.0 (compatible; SemrushBot-BA; +http://www.semrush.com/bot.html)"
85.208.98.23 - - [19/Sep/2025:19:16:12 +0530] "GET /robots.txt HTTP/1.1" 301 1058 "-" "Mozilla/5.0 (compatible; SemrushBot-BA; +http://www.semrush.com/bot.html)"
85.208.98.23 - - [19/Sep/2025:19:26:14 +0530] "GET /robots.txt HTTP/1.1" 301 1058 "-" "Mozilla/5.0 (compatible; SemrushBot-BA; +http://www.semrush.com/bot.html)"
136.243.228.181 - - [19/Sep/2025:19:30:00 +0530] "GET /robots.txt HTTP/1.1" 301 1021 "-" "Mozilla/5.0 (compatible; DataForSeoBot/1.0; +https://dataforseo.com/dataforseo-bot)"
136.243.228.181 - - [19/Sep/2025:19:30:00 +0530] "GET /robots.txt HTTP/1.1" 301 1021 "-" "Mozilla/5.0 (compatible; DataForSeoBot/1.0; +https://dataforseo.com/dataforseo-bot)"
136.243.220.212 - - [19/Sep/2025:19:30:29 +0530] "GET /robots.txt HTTP/1.1" 301 1017 "-" "Mozilla/5.0 (compatible; DataForSeoBot/1.0; +https://dataforseo.com/dataforseo-bot)"
85.208.98.23 - - [19/Sep/2025:19:31:22 +0530] "GET /robots.txt HTTP/1.1" 301 1058 "-" "Mozilla/5.0 (compatible; SemrushBot-BA; +http://www.semrush.com/bot.html)"
136.243.220.212 - - [19/Sep/2025:19:35:42 +0530] "GET /robots.txt HTTP/1.1" 301 1017 "-" "Mozilla/5.0 (compatible; DataForSeoBot/1.0; +https://dataforseo.com/dataforseo-bot)"
85.208.98.23 - - [19/Sep/2025:19:37:27 +0530] "GET /robots.txt HTTP/1.1" 301 1058 "-" "Mozilla/5.0 (compatible; SemrushBot-BA; +http://www.semrush.com/bot.html)"
101.108.21.84 - - [19/Sep/2025:19:42:10 +0530] "GET /wp-json/wp/v2/posts HTTP/1.1" 301 1063 "-" "Mozilla/5.0 (Windows NT 10.0; Win64; x64) AppleWebKit/537.36 (KHTML, like Gecko) Chrome/120.0.0.0 Safari/537.36"
85.208.98.23 - - [19/Sep/2025:19:49:22 +0530] "GET /robots.txt HTTP/1.1" 301 1058 "-" "Mozilla/5.0 (compatible; SemrushBot-BA; +http://www.semrush.com/bot.html)"
43.164.197.177 - - [19/Sep/2025:19:53:03 +0530] "GET / HTTP/1.1" 301 1044 "-" "Mozilla/5.0 (iPhone; CPU iPhone OS 13_2_3 like Mac OS X) AppleWebKit/605.1.15 (KHTML, like Gecko) Version/13.0.3 Mobile/15E148 Safari/604.1"
85.208.98.23 - - [19/Sep/2025:20:01:43 +0530] "GET /robots.txt HTTP/1.1" 301 1058 "-" "Mozilla/5.0 (compatible; SemrushBot-BA; +http://www.semrush.com/bot.html)"
85.208.98.23 - - [19/Sep/2025:20:15:24 +0530] "GET /robots.txt HTTP/1.1" 301 1058 "-" "Mozilla/5.0 (compatible; SemrushBot-BA; +http://www.semrush.com/bot.html)"
136.232.78.138 - - [19/Sep/2025:20:15:50 +0530] "GET /wp-login.php HTTP/1.1" 301 1056 "-" "Mozilla/5.0 (Windows NT 10.0; Win64; x64) AppleWebKit/537.36 (KHTML, like Gecko) Chrome/124.0.6367.207 Safari/537.36"
20.56.66.202 - - [19/Sep/2025:20:16:08 +0530] "GET /wp-login.php HTTP/1.1" 301 1056 "-" "Mozilla/5.0 (Macintosh; Intel Mac OS X 13_5) AppleWebKit/605.1.15 (KHTML, like Gecko) Version/17.5 Safari/605.1.15"
85.208.98.23 - - [19/Sep/2025:20:21:00 +0530] "GET /robots.txt HTTP/1.1" 301 1058 "-" "Mozilla/5.0 (compatible; SemrushBot-BA; +http://www.semrush.com/bot.html)"