178.159.37.105 - - [19/Sep/2025:13:11:04 +0530] "POST /xmlrpc.php HTTP/1.1" 301 1021 "-" "Mozilla/5.0 (X11; Linux i686) AppleWebKit/537.36 (KHTML, like Gecko) Chrome/114.0.0.0 Safari/537.36 Vivaldi/5.3.2679.68"
178.159.37.105 - - [19/Sep/2025:13:11:06 +0530] "POST /xmlrpc.php HTTP/1.1" 301 1058 "-" "Mozilla/5.0 (X11; Linux i686) AppleWebKit/537.36 (KHTML, like Gecko) Chrome/114.0.0.0 Safari/537.36 Vivaldi/5.3.2679.68"
85.208.98.23 - - [19/Sep/2025:13:12:34 +0530] "GET /robots.txt HTTP/1.1" 301 1058 "-" "Mozilla/5.0 (compatible; SemrushBot-BA; +http://www.semrush.com/bot.html)"
85.208.98.23 - - [19/Sep/2025:13:14:55 +0530] "GET /robots.txt HTTP/1.1" 301 1058 "-" "Mozilla/5.0 (compatible; SemrushBot-BA; +http://www.semrush.com/bot.html)"
85.208.98.23 - - [19/Sep/2025:13:15:34 +0530] "GET /robots.txt HTTP/1.1" 301 1058 "-" "Mozilla/5.0 (compatible; SemrushBot-BA; +http://www.semrush.com/bot.html)"
85.208.98.23 - - [19/Sep/2025:13:16:30 +0530] "GET /robots.txt HTTP/1.1" 301 1058 "-" "Mozilla/5.0 (compatible; SemrushBot-BA; +http://www.semrush.com/bot.html)"
85.208.98.23 - - [19/Sep/2025:13:17:32 +0530] "GET /robots.txt HTTP/1.1" 301 1058 "-" "Mozilla/5.0 (compatible; SemrushBot-BA; +http://www.semrush.com/bot.html)"
85.208.98.23 - - [19/Sep/2025:13:17:42 +0530] "GET /robots.txt HTTP/1.1" 301 1058 "-" "Mozilla/5.0 (compatible; SemrushBot-BA; +http://www.semrush.com/bot.html)"
85.208.98.23 - - [19/Sep/2025:13:18:07 +0530] "GET /robots.txt HTTP/1.1" 301 1058 "-" "Mozilla/5.0 (compatible; SemrushBot-BA; +http://www.semrush.com/bot.html)"
85.208.98.23 - - [19/Sep/2025:13:19:00 +0530] "GET /robots.txt HTTP/1.1" 301 1058 "-" "Mozilla/5.0 (compatible; SemrushBot-BA; +http://www.semrush.com/bot.html)"
85.208.98.23 - - [19/Sep/2025:13:26:02 +0530] "GET /robots.txt HTTP/1.1" 301 1058 "-" "Mozilla/5.0 (compatible; SemrushBot-BA; +http://www.semrush.com/bot.html)"
85.208.98.23 - - [19/Sep/2025:13:26:46 +0530] "GET /robots.txt HTTP/1.1" 301 1058 "-" "Mozilla/5.0 (compatible; SemrushBot-BA; +http://www.semrush.com/bot.html)"
85.208.98.23 - - [19/Sep/2025:13:27:34 +0530] "GET /robots.txt HTTP/1.1" 301 1058 "-" "Mozilla/5.0 (compatible; SemrushBot-BA; +http://www.semrush.com/bot.html)"
51.68.107.146 - - [19/Sep/2025:13:27:36 +0530] "GET /robots.txt HTTP/1.1" 301 1054 "-" "Mozilla/5.0 (compatible; MJ12bot/v2.0.4; http://mj12bot.com/)"
51.68.107.146 - - [19/Sep/2025:13:27:36 +0530] "GET / HTTP/1.1" 301 1044 "-" "Mozilla/5.0 (compatible; MJ12bot/v2.0.4; http://mj12bot.com/)"
85.208.98.23 - - [19/Sep/2025:13:28:32 +0530] "GET /robots.txt HTTP/1.1" 301 1058 "-" "Mozilla/5.0 (compatible; SemrushBot-BA; +http://www.semrush.com/bot.html)"
85.208.98.23 - - [19/Sep/2025:13:29:58 +0530] "GET /robots.txt HTTP/1.1" 301 1058 "-" "Mozilla/5.0 (compatible; SemrushBot-BA; +http://www.semrush.com/bot.html)"
85.208.98.23 - - [19/Sep/2025:13:33:51 +0530] "GET /robots.txt HTTP/1.1" 301 1058 "-" "Mozilla/5.0 (compatible; SemrushBot-BA; +http://www.semrush.com/bot.html)"
85.208.98.23 - - [19/Sep/2025:13:34:47 +0530] "GET /robots.txt HTTP/1.1" 301 1058 "-" "Mozilla/5.0 (compatible; SemrushBot-BA; +http://www.semrush.com/bot.html)"
85.208.98.23 - - [19/Sep/2025:13:35:52 +0530] "GET /robots.txt HTTP/1.1" 301 1058 "-" "Mozilla/5.0 (compatible; SemrushBot-BA; +http://www.semrush.com/bot.html)"
85.208.98.23 - - [19/Sep/2025:13:36:12 +0530] "GET /robots.txt HTTP/1.1" 301 1058 "-" "Mozilla/5.0 (compatible; SemrushBot-BA; +http://www.semrush.com/bot.html)"
85.208.98.23 - - [19/Sep/2025:13:40:42 +0530] "GET /robots.txt HTTP/1.1" 301 1058 "-" "Mozilla/5.0 (compatible; SemrushBot-BA; +http://www.semrush.com/bot.html)"
85.208.98.23 - - [19/Sep/2025:13:42:16 +0530] "GET /robots.txt HTTP/1.1" 301 1058 "-" "Mozilla/5.0 (compatible; SemrushBot-BA; +http://www.semrush.com/bot.html)"
85.208.98.23 - - [19/Sep/2025:13:43:42 +0530] "GET /robots.txt HTTP/1.1" 301 1058 "-" "Mozilla/5.0 (compatible; SemrushBot-BA; +http://www.semrush.com/bot.html)"
23.160.56.155 - - [19/Sep/2025:13:44:34 +0530] "GET /?s=427111 HTTP/1.1" 301 1053 "-" "Mozilla/5.0 (Windows NT 10.0; Win64; x64) AppleWebKit/537.36 (KHTML, like Gecko.Google.Yahoo) Chrome/129.0.0.0 Safari/537.36"
85.208.98.23 - - [19/Sep/2025:13:44:59 +0530] "GET /robots.txt HTTP/1.1" 301 1058 "-" "Mozilla/5.0 (compatible; SemrushBot-BA; +http://www.semrush.com/bot.html)"
85.208.98.23 - - [19/Sep/2025:13:45:51 +0530] "GET /robots.txt HTTP/1.1" 301 1058 "-" "Mozilla/5.0 (compatible; SemrushBot-BA; +http://www.semrush.com/bot.html)"
85.208.98.23 - - [19/Sep/2025:13:53:20 +0530] "GET /robots.txt HTTP/1.1" 301 1058 "-" "Mozilla/5.0 (compatible; SemrushBot-BA; +http://www.semrush.com/bot.html)"
85.208.98.23 - - [19/Sep/2025:13:53:59 +0530] "GET /robots.txt HTTP/1.1" 301 1058 "-" "Mozilla/5.0 (compatible; SemrushBot-BA; +http://www.semrush.com/bot.html)"
85.208.98.23 - - [19/Sep/2025:13:54:38 +0530] "GET /robots.txt HTTP/1.1" 301 1058 "-" "Mozilla/5.0 (compatible; SemrushBot-BA; +http://www.semrush.com/bot.html)"
85.208.98.23 - - [19/Sep/2025:13:56:41 +0530] "GET /robots.txt HTTP/1.1" 301 1058 "-" "Mozilla/5.0 (compatible; SemrushBot-BA; +http://www.semrush.com/bot.html)"
14.128.63.14 - - [19/Sep/2025:14:00:37 +0530] "GET /zb_system/image/common/user_1.png HTTP/1.1" 301 1081 "http://www.skresins.com" "Mozilla/5.0 (compatible; YodaoBot/1.0; http://www.yodao.com/help/webmaster/spider/\xa1\xb1; )"
14.128.63.14 - - [19/Sep/2025:14:00:39 +0530] "GET /zb_users/avatar/0.png HTTP/1.1" 301 1069 "http://www.skresins.com" "Mozilla/5.0 (compatible; YodaoBot/1.0; http://www.yodao.com/help/webmaster/spider/\xa1\xb1; )"
85.208.98.23 - - [19/Sep/2025:14:02:17 +0530] "GET /robots.txt HTTP/1.1" 301 1058 "-" "Mozilla/5.0 (compatible; SemrushBot-BA; +http://www.semrush.com/bot.html)"
103.189.235.192 - - [19/Sep/2025:14:07:18 +0530] "GET /laravel-filemanager HTTP/1.1" 301 1063 "-" "Mozilla/5.0 (Windows NT 10.0; Win64; x64) AppleWebKit/537.36 (KHTML, like Gecko) Chrome/85.0.4183.102 Safari/537.36"
103.189.235.192 - - [19/Sep/2025:14:07:18 +0530] "GET /laravel-filemanager HTTP/1.1" 301 1063 "-" "Mozilla/5.0 (Windows NT 10.0; Win64; x64) AppleWebKit/537.36 (KHTML, like Gecko) Chrome/85.0.4183.102 Safari/537.36"
103.189.235.192 - - [19/Sep/2025:14:07:20 +0530] "GET /filemanager HTTP/1.1" 301 1055 "-" "Mozilla/5.0 (Windows NT 10.0; Win64; x64) AppleWebKit/537.36 (KHTML, like Gecko) Chrome/85.0.4183.102 Safari/537.36"
103.189.235.192 - - [19/Sep/2025:14:07:20 +0530] "GET /filemanager HTTP/1.1" 301 1055 "-" "Mozilla/5.0 (Windows NT 10.0; Win64; x64) AppleWebKit/537.36 (KHTML, like Gecko) Chrome/85.0.4183.102 Safari/537.36"
103.189.235.192 - - [19/Sep/2025:14:07:20 +0530] "GET /DOMAIN-INI-HAPUS-SAJA-GA-VULN HTTP/1.1" 301 1073 "-" "Mozilla/5.0 (Windows NT 10.0; Win64; x64) AppleWebKit/537.36 (KHTML, like Gecko) Chrome/85.0.4183.102 Safari/537.36"
103.189.235.192 - - [19/Sep/2025:14:07:21 +0530] "GET /DOMAIN-INI-HAPUS-SAJA-GA-VULN HTTP/1.1" 301 1073 "-" "Mozilla/5.0 (Windows NT 10.0; Win64; x64) AppleWebKit/537.36 (KHTML, like Gecko) Chrome/85.0.4183.102 Safari/537.36"
85.208.98.23 - - [19/Sep/2025:14:07:33 +0530] "GET /robots.txt HTTP/1.1" 301 1058 "-" "Mozilla/5.0 (compatible; SemrushBot-BA; +http://www.semrush.com/bot.html)"
85.208.98.23 - - [19/Sep/2025:14:09:28 +0530] "GET /robots.txt HTTP/1.1" 301 1058 "-" "Mozilla/5.0 (compatible; SemrushBot-BA; +http://www.semrush.com/bot.html)"
85.208.98.23 - - [19/Sep/2025:14:11:39 +0530] "GET /robots.txt HTTP/1.1" 301 1058 "-" "Mozilla/5.0 (compatible; SemrushBot-BA; +http://www.semrush.com/bot.html)"
85.208.98.23 - - [19/Sep/2025:14:12:25 +0530] "GET /robots.txt HTTP/1.1" 301 1058 "-" "Mozilla/5.0 (compatible; SemrushBot-BA; +http://www.semrush.com/bot.html)"
85.208.98.23 - - [19/Sep/2025:14:14:04 +0530] "GET /robots.txt HTTP/1.1" 301 1058 "-" "Mozilla/5.0 (compatible; SemrushBot-BA; +http://www.semrush.com/bot.html)"
43.130.72.40 - - [19/Sep/2025:14:14:54 +0530] "GET / HTTP/1.1" 301 1044 "-" "Mozilla/5.0 (iPhone; CPU iPhone OS 13_2_3 like Mac OS X) AppleWebKit/605.1.15 (KHTML, like Gecko) Version/13.0.3 Mobile/15E148 Safari/604.1"
159.242.234.128 - - [19/Sep/2025:14:15:22 +0530] "POST /xmlrpc.php HTTP/1.1" 301 1058 "-" "Mozilla/5.0 (Windows NT 10.0; WOW64) AppleWebKit/537.36 (KHTML, like Gecko) Chrome/114.0.0.0 YaBrowser/22.7.0 Yowser/2.5 Safari/537.36"
159.242.234.128 - - [19/Sep/2025:14:15:23 +0530] "POST /xmlrpc.php HTTP/1.1" 301 1058 "-" "Mozilla/5.0 (Windows NT 10.0; WOW64) AppleWebKit/537.36 (KHTML, like Gecko) Chrome/114.0.0.0 YaBrowser/22.7.0 Yowser/2.5 Safari/537.36"
185.135.85.185 - - [19/Sep/2025:14:15:23 +0530] "POST /xmlrpc.php HTTP/1.1" 301 1058 "-" "Mozilla/5.0 (Windows NT 6.1; Win64; x64) AppleWebKit/537.36 (KHTML, like Gecko) Chrome/79.0.3945.130 Safari/537.36"
185.135.85.185 - - [19/Sep/2025:14:15:24 +0530] "POST /xmlrpc.php HTTP/1.1" 301 1058 "-" "Mozilla/5.0 (Windows NT 6.1; Win64; x64) AppleWebKit/537.36 (KHTML, like Gecko) Chrome/79.0.3945.130 Safari/537.36"
159.242.234.128 - - [19/Sep/2025:14:15:24 +0530] "POST /xmlrpc.php HTTP/1.1" 301 1021 "-" "Mozilla/5.0 (Windows NT 10.0; WOW64) AppleWebKit/537.36 (KHTML, like Gecko) Chrome/114.0.0.0 YaBrowser/22.7.0 Yowser/2.5 Safari/537.36"
159.242.234.128 - - [19/Sep/2025:14:15:25 +0530] "POST /xmlrpc.php HTTP/1.1" 301 1058 "-" "Mozilla/5.0 (Windows NT 10.0; WOW64) AppleWebKit/537.36 (KHTML, like Gecko) Chrome/114.0.0.0 YaBrowser/22.7.0 Yowser/2.5 Safari/537.36"
185.135.85.185 - - [19/Sep/2025:14:15:25 +0530] "POST /xmlrpc.php HTTP/1.1" 301 1021 "-" "Mozilla/5.0 (Windows NT 6.1; Win64; x64) AppleWebKit/537.36 (KHTML, like Gecko) Chrome/79.0.3945.130 Safari/537.36"
185.135.85.185 - - [19/Sep/2025:14:15:27 +0530] "POST /xmlrpc.php HTTP/1.1" 301 1058 "-" "Mozilla/5.0 (Windows NT 6.1; Win64; x64) AppleWebKit/537.36 (KHTML, like Gecko) Chrome/79.0.3945.130 Safari/537.36"
84.17.46.234 - - [19/Sep/2025:14:17:23 +0530] "POST /xmlrpc.php HTTP/1.1" 301 1058 "-" "Mozilla/5.0 (Macintosh; Intel Mac OS X 12_5) AppleWebKit/537.36 (KHTML, like Gecko) Chrome/114.0.0.0 Safari/537.36 Vivaldi/5.3.2679.68"
84.17.46.234 - - [19/Sep/2025:14:17:24 +0530] "POST /xmlrpc.php HTTP/1.1" 301 1058 "-" "Mozilla/5.0 (Macintosh; Intel Mac OS X 12_5) AppleWebKit/537.36 (KHTML, like Gecko) Chrome/114.0.0.0 Safari/537.36 Vivaldi/5.3.2679.68"
84.17.46.234 - - [19/Sep/2025:14:17:25 +0530] "POST /xmlrpc.php HTTP/1.1" 301 1021 "-" "Mozilla/5.0 (Macintosh; Intel Mac OS X 12_5) AppleWebKit/537.36 (KHTML, like Gecko) Chrome/114.0.0.0 Safari/537.36 Vivaldi/5.3.2679.68"
84.17.46.234 - - [19/Sep/2025:14:17:26 +0530] "POST /xmlrpc.php HTTP/1.1" 301 1058 "-" "Mozilla/5.0 (Macintosh; Intel Mac OS X 12_5) AppleWebKit/537.36 (KHTML, like Gecko) Chrome/114.0.0.0 Safari/537.36 Vivaldi/5.3.2679.68"
85.208.98.23 - - [19/Sep/2025:14:19:29 +0530] "GET /robots.txt HTTP/1.1" 301 1058 "-" "Mozilla/5.0 (compatible; SemrushBot-BA; +http://www.semrush.com/bot.html)"
193.148.19.6 - - [19/Sep/2025:14:20:45 +0530] "POST /xmlrpc.php HTTP/1.1" 301 1058 "-" "Mozilla/5.0 (X11; Linux x86_64) AppleWebKit/537.36 (KHTML, like Gecko) Chrome/114.0.0.0 Safari/537.36 OPR/89.0.4447.51"
193.148.19.6 - - [19/Sep/2025:14:20:47 +0530] "POST /xmlrpc.php HTTP/1.1" 301 1021 "-" "Mozilla/5.0 (X11; Linux x86_64) AppleWebKit/537.36 (KHTML, like Gecko) Chrome/114.0.0.0 Safari/537.36 OPR/89.0.4447.51"
193.148.19.6 - - [19/Sep/2025:14:20:48 +0530] "POST /xmlrpc.php HTTP/1.1" 301 1021 "-" "Mozilla/5.0 (X11; Linux x86_64) AppleWebKit/537.36 (KHTML, like Gecko) Chrome/114.0.0.0 Safari/537.36 OPR/89.0.4447.51"
193.148.19.6 - - [19/Sep/2025:14:20:50 +0530] "POST /xmlrpc.php HTTP/1.1" 301 1058 "-" "Mozilla/5.0 (X11; Linux x86_64) AppleWebKit/537.36 (KHTML, like Gecko) Chrome/114.0.0.0 Safari/537.36 OPR/89.0.4447.51"
45.149.173.195 - - [19/Sep/2025:14:22:46 +0530] "GET / HTTP/1.1" 301 1044 "-" "Mozilla/5.0 (Windows NT 10.0; Win64; x64) AppleWebKit/537.36 (KHTML, like Gecko) Chrome/78.0.3904.108 Safari/537.36"
85.208.98.23 - - [19/Sep/2025:14:25:40 +0530] "GET /robots.txt HTTP/1.1" 301 1058 "-" "Mozilla/5.0 (compatible; SemrushBot-BA; +http://www.semrush.com/bot.html)"
85.208.98.23 - - [19/Sep/2025:14:26:54 +0530] "GET /robots.txt HTTP/1.1" 301 1058 "-" "Mozilla/5.0 (compatible; SemrushBot-BA; +http://www.semrush.com/bot.html)"
85.208.98.23 - - [19/Sep/2025:14:29:08 +0530] "GET /robots.txt HTTP/1.1" 301 1058 "-" "Mozilla/5.0 (compatible; SemrushBot-BA; +http://www.semrush.com/bot.html)"
85.208.98.23 - - [19/Sep/2025:14:29:25 +0530] "GET /robots.txt HTTP/1.1" 301 1058 "-" "Mozilla/5.0 (compatible; SemrushBot-BA; +http://www.semrush.com/bot.html)"
85.208.98.23 - - [19/Sep/2025:14:32:35 +0530] "GET /robots.txt HTTP/1.1" 301 1058 "-" "Mozilla/5.0 (compatible; SemrushBot-BA; +http://www.semrush.com/bot.html)"
85.208.98.23 - - [19/Sep/2025:14:33:00 +0530] "GET /robots.txt HTTP/1.1" 301 1058 "-" "Mozilla/5.0 (compatible; SemrushBot-BA; +http://www.semrush.com/bot.html)"
23.160.56.155 - - [19/Sep/2025:14:35:01 +0530] "GET /ova.php HTTP/1.1" 301 1051 "-" "Mozilla/5.0 (Windows NT 10.0; Win64; x64) AppleWebKit/537.36 (KHTML, like Gecko) Chrome/109.0.0.0 Safari/537.36"
85.208.98.23 - - [19/Sep/2025:14:35:17 +0530] "GET /robots.txt HTTP/1.1" 301 1058 "-" "Mozilla/5.0 (compatible; SemrushBot-BA; +http://www.semrush.com/bot.html)"
139.155.139.22 - - [19/Sep/2025:14:38:02 +0530] "GET / HTTP/1.1" 301 1044 "-" "Mozilla/5.0 (iPhone; CPU iPhone OS 13_2_3 like Mac OS X) AppleWebKit/605.1.15 (KHTML, like Gecko) Version/13.0.3 Mobile/15E148 Safari/604.1"
85.208.98.23 - - [19/Sep/2025:14:38:49 +0530] "GET /robots.txt HTTP/1.1" 301 1058 "-" "Mozilla/5.0 (compatible; SemrushBot-BA; +http://www.semrush.com/bot.html)"
85.208.98.23 - - [19/Sep/2025:14:38:53 +0530] "GET /robots.txt HTTP/1.1" 301 1058 "-" "Mozilla/5.0 (compatible; SemrushBot-BA; +http://www.semrush.com/bot.html)"
85.208.98.23 - - [19/Sep/2025:14:44:57 +0530] "GET /robots.txt HTTP/1.1" 301 1058 "-" "Mozilla/5.0 (compatible; SemrushBot-BA; +http://www.semrush.com/bot.html)"
85.208.98.23 - - [19/Sep/2025:14:45:24 +0530] "GET /robots.txt HTTP/1.1" 301 1058 "-" "Mozilla/5.0 (compatible; SemrushBot-BA; +http://www.semrush.com/bot.html)"
85.208.98.23 - - [19/Sep/2025:14:47:36 +0530] "GET /robots.txt HTTP/1.1" 301 1058 "-" "Mozilla/5.0 (compatible; SemrushBot-BA; +http://www.semrush.com/bot.html)"
101.99.88.90 - - [19/Sep/2025:14:51:57 +0530] "GET / HTTP/1.1" 301 1044 "-" "Mozilla/5.0 (compatible; Googlebot/2.1; +http://www.google.com/bot.html)"
178.209.75.190 - - [19/Sep/2025:14:51:58 +0530] "GET /php.php?watchx=true HTTP/1.1" 301 1063 "http://skresins.com/php.php?watchx=true" "Mozilla/5.0 (Windows NT 10.0; Win64; x64) AppleWebKit/537.36 (KHTML, like Gecko) Chrome/119.0.0.0 Safari/537.36"
85.208.98.23 - - [19/Sep/2025:14:52:05 +0530] "GET /robots.txt HTTP/1.1" 301 1058 "-" "Mozilla/5.0 (compatible; SemrushBot-BA; +http://www.semrush.com/bot.html)"
85.208.98.23 - - [19/Sep/2025:14:52:59 +0530] "GET /robots.txt HTTP/1.1" 301 1058 "-" "Mozilla/5.0 (compatible; SemrushBot-BA; +http://www.semrush.com/bot.html)"
85.208.98.23 - - [19/Sep/2025:14:53:12 +0530] "GET /robots.txt HTTP/1.1" 301 1058 "-" "Mozilla/5.0 (compatible; SemrushBot-BA; +http://www.semrush.com/bot.html)"
85.208.98.23 - - [19/Sep/2025:14:57:34 +0530] "GET /robots.txt HTTP/1.1" 301 1058 "-" "Mozilla/5.0 (compatible; SemrushBot-BA; +http://www.semrush.com/bot.html)"
206.84.232.41 - - [19/Sep/2025:14:58:47 +0530] "POST /wp-login.php HTTP/1.1" 301 1056 "-" "Mozilla/5.0 (Windows NT 6.3; Win64; x64) AppleWebKit/537.36 (KHTML, like Gecko) Chrome/101.0.4951.54 Safari/537.36"
206.84.232.41 - - [19/Sep/2025:14:58:50 +0530] "POST /wp-login.php HTTP/1.1" 301 1056 "-" "Mozilla/5.0 (Windows NT 6.3; Win64; x64) AppleWebKit/537.36 (KHTML, like Gecko) Chrome/101.0.4951.54 Safari/537.36"
85.208.98.23 - - [19/Sep/2025:15:00:12 +0530] "GET /robots.txt HTTP/1.1" 301 1058 "-" "Mozilla/5.0 (compatible; SemrushBot-BA; +http://www.semrush.com/bot.html)"
85.208.98.23 - - [19/Sep/2025:15:00:40 +0530] "GET /robots.txt HTTP/1.1" 301 1058 "-" "Mozilla/5.0 (compatible; SemrushBot-BA; +http://www.semrush.com/bot.html)"
85.208.98.23 - - [19/Sep/2025:15:02:47 +0530] "GET /robots.txt HTTP/1.1" 301 1058 "-" "Mozilla/5.0 (compatible; SemrushBot-BA; +http://www.semrush.com/bot.html)"
85.208.98.23 - - [19/Sep/2025:15:03:34 +0530] "GET /robots.txt HTTP/1.1" 301 1058 "-" "Mozilla/5.0 (compatible; SemrushBot-BA; +http://www.semrush.com/bot.html)"
85.208.98.23 - - [19/Sep/2025:15:03:50 +0530] "GET /robots.txt HTTP/1.1" 301 1058 "-" "Mozilla/5.0 (compatible; SemrushBot-BA; +http://www.semrush.com/bot.html)"
85.208.98.23 - - [19/Sep/2025:15:03:55 +0530] "GET /robots.txt HTTP/1.1" 301 1058 "-" "Mozilla/5.0 (compatible; SemrushBot-BA; +http://www.semrush.com/bot.html)"
85.208.98.23 - - [19/Sep/2025:15:04:49 +0530] "GET /robots.txt HTTP/1.1" 301 1058 "-" "Mozilla/5.0 (compatible; SemrushBot-BA; +http://www.semrush.com/bot.html)"
103.131.71.40 - - [19/Sep/2025:15:06:41 +0530] "GET /robots.txt HTTP/1.1" 301 1021 "-" "Mozilla/5.0 (compatible; coccocbot-image/1.0; +http://help.coccoc.com/searchengine)"
85.208.98.23 - - [19/Sep/2025:15:10:27 +0530] "GET /robots.txt HTTP/1.1" 301 1058 "-" "Mozilla/5.0 (compatible; SemrushBot-BA; +http://www.semrush.com/bot.html)"
85.208.98.23 - - [19/Sep/2025:15:14:44 +0530] "GET /robots.txt HTTP/1.1" 301 1058 "-" "Mozilla/5.0 (compatible; SemrushBot-BA; +http://www.semrush.com/bot.html)"
116.100.78.50 - - [19/Sep/2025:15:19:30 +0530] "GET /wp-json/wp/v2/posts HTTP/1.1" 301 1026 "-" "Mozilla/5.0 (Windows NT 10.0; Win64; x64) AppleWebKit/537.36 (KHTML, like Gecko) Chrome/120.0.0.0 Safari/537.36"
85.208.98.23 - - [19/Sep/2025:15:19:44 +0530] "GET /robots.txt HTTP/1.1" 301 1058 "-" "Mozilla/5.0 (compatible; SemrushBot-BA; +http://www.semrush.com/bot.html)"
85.208.98.23 - - [19/Sep/2025:15:21:06 +0530] "GET /robots.txt HTTP/1.1" 301 1058 "-" "Mozilla/5.0 (compatible; SemrushBot-BA; +http://www.semrush.com/bot.html)"
85.208.98.23 - - [19/Sep/2025:15:22:05 +0530] "GET /robots.txt HTTP/1.1" 301 1058 "-" "Mozilla/5.0 (compatible; SemrushBot-BA; +http://www.semrush.com/bot.html)"
85.208.98.23 - - [19/Sep/2025:15:22:35 +0530] "GET /robots.txt HTTP/1.1" 301 1058 "-" "Mozilla/5.0 (compatible; SemrushBot-BA; +http://www.semrush.com/bot.html)"
14.128.63.14 - - [19/Sep/2025:15:24:00 +0530] "GET /include/ckeditor/images/addon.gif HTTP/1.1" 301 1081 "http://www.skresins.com" "AppleWebKit/534.46 (KHTML,like Gecko) Version/5.1 Mobile Safari/10600.6.3"
14.128.63.14 - - [19/Sep/2025:15:24:02 +0530] "GET /images/loadinglit.gif HTTP/1.1" 301 1069 "http://www.skresins.com" "AppleWebKit/534.46 (KHTML,like Gecko) Version/5.1 Mobile Safari/10600.6.3"
94.249.154.149 - - [19/Sep/2025:15:24:21 +0530] "POST /fix.php HTTP/1.1" 301 1014 "-" "Mozilla/5.0 (Windows NT 10.0; Win64; x64) AppleWebKit/537.36 (KHTML, like Gecko) Chrome/127.0.0.0 Safari/537.36"
85.208.98.23 - - [19/Sep/2025:15:25:19 +0530] "GET /robots.txt HTTP/1.1" 301 1058 "-" "Mozilla/5.0 (compatible; SemrushBot-BA; +http://www.semrush.com/bot.html)"
85.208.98.23 - - [19/Sep/2025:15:27:06 +0530] "GET /robots.txt HTTP/1.1" 301 1058 "-" "Mozilla/5.0 (compatible; SemrushBot-BA; +http://www.semrush.com/bot.html)"
85.208.98.23 - - [19/Sep/2025:15:27:36 +0530] "GET /robots.txt HTTP/1.1" 301 1058 "-" "Mozilla/5.0 (compatible; SemrushBot-BA; +http://www.semrush.com/bot.html)"
85.208.98.23 - - [19/Sep/2025:15:28:40 +0530] "GET /robots.txt HTTP/1.1" 301 1058 "-" "Mozilla/5.0 (compatible; SemrushBot-BA; +http://www.semrush.com/bot.html)"
85.208.98.23 - - [19/Sep/2025:15:29:29 +0530] "GET /robots.txt HTTP/1.1" 301 1058 "-" "Mozilla/5.0 (compatible; SemrushBot-BA; +http://www.semrush.com/bot.html)"
85.208.98.23 - - [19/Sep/2025:15:33:36 +0530] "GET /robots.txt HTTP/1.1" 301 1058 "-" "Mozilla/5.0 (compatible; SemrushBot-BA; +http://www.semrush.com/bot.html)"
85.208.98.23 - - [19/Sep/2025:15:34:27 +0530] "GET /robots.txt HTTP/1.1" 301 1058 "-" "Mozilla/5.0 (compatible; SemrushBot-BA; +http://www.semrush.com/bot.html)"
85.208.98.23 - - [19/Sep/2025:15:35:54 +0530] "GET /robots.txt HTTP/1.1" 301 1058 "-" "Mozilla/5.0 (compatible; SemrushBot-BA; +http://www.semrush.com/bot.html)"
85.208.98.23 - - [19/Sep/2025:15:36:14 +0530] "GET /robots.txt HTTP/1.1" 301 1058 "-" "Mozilla/5.0 (compatible; SemrushBot-BA; +http://www.semrush.com/bot.html)"
85.208.98.23 - - [19/Sep/2025:15:37:45 +0530] "GET /robots.txt HTTP/1.1" 301 1058 "-" "Mozilla/5.0 (compatible; SemrushBot-BA; +http://www.semrush.com/bot.html)"
85.208.98.23 - - [19/Sep/2025:15:44:39 +0530] "GET /robots.txt HTTP/1.1" 301 1058 "-" "Mozilla/5.0 (compatible; SemrushBot-BA; +http://www.semrush.com/bot.html)"
85.208.98.23 - - [19/Sep/2025:15:46:34 +0530] "GET /robots.txt HTTP/1.1" 301 1058 "-" "Mozilla/5.0 (compatible; SemrushBot-BA; +http://www.semrush.com/bot.html)"
85.208.98.23 - - [19/Sep/2025:15:46:43 +0530] "GET /robots.txt HTTP/1.1" 301 1058 "-" "Mozilla/5.0 (compatible; SemrushBot-BA; +http://www.semrush.com/bot.html)"
85.208.98.23 - - [19/Sep/2025:15:47:52 +0530] "GET /robots.txt HTTP/1.1" 301 1058 "-" "Mozilla/5.0 (compatible; SemrushBot-BA; +http://www.semrush.com/bot.html)"
162.62.213.187 - - [19/Sep/2025:15:47:54 +0530] "GET / HTTP/1.1" 301 1048 "-" "Mozilla/5.0 (iPhone; CPU iPhone OS 13_2_3 like Mac OS X) AppleWebKit/605.1.15 (KHTML, like Gecko) Version/13.0.3 Mobile/15E148 Safari/604.1"
85.208.98.23 - - [19/Sep/2025:15:53:44 +0530] "GET /robots.txt HTTP/1.1" 301 1058 "-" "Mozilla/5.0 (compatible; SemrushBot-BA; +http://www.semrush.com/bot.html)"
85.208.98.23 - - [19/Sep/2025:15:54:58 +0530] "GET /robots.txt HTTP/1.1" 301 1058 "-" "Mozilla/5.0 (compatible; SemrushBot-BA; +http://www.semrush.com/bot.html)"
85.208.98.23 - - [19/Sep/2025:15:55:33 +0530] "GET /robots.txt HTTP/1.1" 301 1058 "-" "Mozilla/5.0 (compatible; SemrushBot-BA; +http://www.semrush.com/bot.html)"
85.208.98.23 - - [19/Sep/2025:15:59:33 +0530] "GET /robots.txt HTTP/1.1" 301 1058 "-" "Mozilla/5.0 (compatible; SemrushBot-BA; +http://www.semrush.com/bot.html)"
85.208.98.23 - - [19/Sep/2025:16:00:52 +0530] "GET /robots.txt HTTP/1.1" 301 1058 "-" "Mozilla/5.0 (compatible; SemrushBot-BA; +http://www.semrush.com/bot.html)"
85.208.98.23 - - [19/Sep/2025:16:01:20 +0530] "GET /robots.txt HTTP/1.1" 301 1058 "-" "Mozilla/5.0 (compatible; SemrushBot-BA; +http://www.semrush.com/bot.html)"
85.255.181.244 - - [19/Sep/2025:16:05:18 +0530] "GET /php.php?watchx=true HTTP/1.1" 301 1063 "http://skresins.com/php.php?watchx=true" "Mozilla/5.0 (Windows NT 10.0; Win64; x64) AppleWebKit/537.36 (KHTML, like Gecko) Chrome/119.0.0.0 Safari/537.36"
85.208.98.23 - - [19/Sep/2025:16:05:28 +0530] "GET /robots.txt HTTP/1.1" 301 1058 "-" "Mozilla/5.0 (compatible; SemrushBot-BA; +http://www.semrush.com/bot.html)"
85.208.98.23 - - [19/Sep/2025:16:06:10 +0530] "GET /robots.txt HTTP/1.1" 301 1058 "-" "Mozilla/5.0 (compatible; SemrushBot-BA; +http://www.semrush.com/bot.html)"
85.208.98.23 - - [19/Sep/2025:16:06:24 +0530] "GET /robots.txt HTTP/1.1" 301 1058 "-" "Mozilla/5.0 (compatible; SemrushBot-BA; +http://www.semrush.com/bot.html)"
85.208.98.23 - - [19/Sep/2025:16:06:47 +0530] "GET /robots.txt HTTP/1.1" 301 1058 "-" "Mozilla/5.0 (compatible; SemrushBot-BA; +http://www.semrush.com/bot.html)"
85.208.98.23 - - [19/Sep/2025:16:07:55 +0530] "GET /robots.txt HTTP/1.1" 301 1058 "-" "Mozilla/5.0 (compatible; SemrushBot-BA; +http://www.semrush.com/bot.html)"
85.208.98.23 - - [19/Sep/2025:16:09:00 +0530] "GET /robots.txt HTTP/1.1" 301 1058 "-" "Mozilla/5.0 (compatible; SemrushBot-BA; +http://www.semrush.com/bot.html)"
144.126.133.71 - - [19/Sep/2025:16:10:49 +0530] "GET / HTTP/1.1" 301 1044 "-" "-"
85.208.98.23 - - [19/Sep/2025:16:11:12 +0530] "GET /robots.txt HTTP/1.1" 301 1058 "-" "Mozilla/5.0 (compatible; SemrushBot-BA; +http://www.semrush.com/bot.html)"
85.208.98.23 - - [19/Sep/2025:16:11:19 +0530] "GET /robots.txt HTTP/1.1" 301 1058 "-" "Mozilla/5.0 (compatible; SemrushBot-BA; +http://www.semrush.com/bot.html)"
85.208.98.23 - - [19/Sep/2025:16:12:51 +0530] "GET /robots.txt HTTP/1.1" 301 1058 "-" "Mozilla/5.0 (compatible; SemrushBot-BA; +http://www.semrush.com/bot.html)"
85.208.98.23 - - [19/Sep/2025:16:13:00 +0530] "GET /robots.txt HTTP/1.1" 301 1058 "-" "Mozilla/5.0 (compatible; SemrushBot-BA; +http://www.semrush.com/bot.html)"
23.94.126.26 - - [19/Sep/2025:16:15:08 +0530] "POST /shell.php?pass=jemex HTTP/1.1" 301 1064 "-" "GuzzleHttp/7"
85.208.98.23 - - [19/Sep/2025:16:16:16 +0530] "GET /robots.txt HTTP/1.1" 301 1058 "-" "Mozilla/5.0 (compatible; SemrushBot-BA; +http://www.semrush.com/bot.html)"
85.208.98.23 - - [19/Sep/2025:16:18:30 +0530] "GET /robots.txt HTTP/1.1" 301 1058 "-" "Mozilla/5.0 (compatible; SemrushBot-BA; +http://www.semrush.com/bot.html)"
85.208.98.23 - - [19/Sep/2025:16:18:37 +0530] "GET /robots.txt HTTP/1.1" 301 1058 "-" "Mozilla/5.0 (compatible; SemrushBot-BA; +http://www.semrush.com/bot.html)"
85.208.98.23 - - [19/Sep/2025:16:25:19 +0530] "GET /robots.txt HTTP/1.1" 301 1058 "-" "Mozilla/5.0 (compatible; SemrushBot-BA; +http://www.semrush.com/bot.html)"
85.208.98.23 - - [19/Sep/2025:16:26:13 +0530] "GET /robots.txt HTTP/1.1" 301 1058 "-" "Mozilla/5.0 (compatible; SemrushBot-BA; +http://www.semrush.com/bot.html)"
85.208.98.23 - - [19/Sep/2025:16:27:49 +0530] "GET /robots.txt HTTP/1.1" 301 1058 "-" "Mozilla/5.0 (compatible; SemrushBot-BA; +http://www.semrush.com/bot.html)"
85.208.98.23 - - [19/Sep/2025:16:28:46 +0530] "GET /robots.txt HTTP/1.1" 301 1058 "-" "Mozilla/5.0 (compatible; SemrushBot-BA; +http://www.semrush.com/bot.html)"
85.208.98.23 - - [19/Sep/2025:16:30:49 +0530] "GET /robots.txt HTTP/1.1" 301 1058 "-" "Mozilla/5.0 (compatible; SemrushBot-BA; +http://www.semrush.com/bot.html)"
40.69.93.192 - - [19/Sep/2025:16:31:13 +0530] "GET /aa.php HTTP/1.1" 301 1050 "-" "-"
149.154.161.250 - - [19/Sep/2025:16:31:42 +0530] "GET /aa.php HTTP/1.1" 301 1050 "-" "TelegramBot (like TwitterBot)"
85.208.98.23 - - [19/Sep/2025:16:32:34 +0530] "GET /robots.txt HTTP/1.1" 301 1058 "-" "Mozilla/5.0 (compatible; SemrushBot-BA; +http://www.semrush.com/bot.html)"
85.208.98.23 - - [19/Sep/2025:16:32:49 +0530] "GET /robots.txt HTTP/1.1" 301 1058 "-" "Mozilla/5.0 (compatible; SemrushBot-BA; +http://www.semrush.com/bot.html)"
85.208.98.23 - - [19/Sep/2025:16:35:08 +0530] "GET /robots.txt HTTP/1.1" 301 1058 "-" "Mozilla/5.0 (compatible; SemrushBot-BA; +http://www.semrush.com/bot.html)"
85.208.98.23 - - [19/Sep/2025:16:35:33 +0530] "GET /robots.txt HTTP/1.1" 301 1058 "-" "Mozilla/5.0 (compatible; SemrushBot-BA; +http://www.semrush.com/bot.html)"
85.208.98.23 - - [19/Sep/2025:16:36:05 +0530] "GET /robots.txt HTTP/1.1" 301 1058 "-" "Mozilla/5.0 (compatible; SemrushBot-BA; +http://www.semrush.com/bot.html)"
85.208.98.23 - - [19/Sep/2025:16:39:53 +0530] "GET /robots.txt HTTP/1.1" 301 1058 "-" "Mozilla/5.0 (compatible; SemrushBot-BA; +http://www.semrush.com/bot.html)"
85.208.98.23 - - [19/Sep/2025:16:40:41 +0530] "GET /robots.txt HTTP/1.1" 301 1058 "-" "Mozilla/5.0 (compatible; SemrushBot-BA; +http://www.semrush.com/bot.html)"
85.208.98.23 - - [19/Sep/2025:16:41:07 +0530] "GET /robots.txt HTTP/1.1" 301 1058 "-" "Mozilla/5.0 (compatible; SemrushBot-BA; +http://www.semrush.com/bot.html)"
103.131.71.149 - - [19/Sep/2025:16:41:30 +0530] "GET /robots.txt HTTP/1.1" 301 1017 "-" "Mozilla/5.0 (compatible; coccocbot-web/1.0; +http://help.coccoc.com/searchengine)"
85.208.98.23 - - [19/Sep/2025:16:43:17 +0530] "GET /robots.txt HTTP/1.1" 301 1058 "-" "Mozilla/5.0 (compatible; SemrushBot-BA; +http://www.semrush.com/bot.html)"
85.208.98.23 - - [19/Sep/2025:16:46:07 +0530] "GET /robots.txt HTTP/1.1" 301 1058 "-" "Mozilla/5.0 (compatible; SemrushBot-BA; +http://www.semrush.com/bot.html)"
85.208.98.23 - - [19/Sep/2025:16:47:24 +0530] "GET /robots.txt HTTP/1.1" 301 1058 "-" "Mozilla/5.0 (compatible; SemrushBot-BA; +http://www.semrush.com/bot.html)"
85.208.98.23 - - [19/Sep/2025:16:47:39 +0530] "GET /robots.txt HTTP/1.1" 301 1058 "-" "Mozilla/5.0 (compatible; SemrushBot-BA; +http://www.semrush.com/bot.html)"
85.208.98.23 - - [19/Sep/2025:16:55:03 +0530] "GET /robots.txt HTTP/1.1" 301 1058 "-" "Mozilla/5.0 (compatible; SemrushBot-BA; +http://www.semrush.com/bot.html)"
85.208.98.23 - - [19/Sep/2025:16:56:18 +0530] "GET /robots.txt HTTP/1.1" 301 1058 "-" "Mozilla/5.0 (compatible; SemrushBot-BA; +http://www.semrush.com/bot.html)"
85.208.98.23 - - [19/Sep/2025:16:57:19 +0530] "GET /robots.txt HTTP/1.1" 301 1058 "-" "Mozilla/5.0 (compatible; SemrushBot-BA; +http://www.semrush.com/bot.html)"
85.208.98.23 - - [19/Sep/2025:17:00:20 +0530] "GET /robots.txt HTTP/1.1" 301 1058 "-" "Mozilla/5.0 (compatible; SemrushBot-BA; +http://www.semrush.com/bot.html)"
143.244.46.101 - - [19/Sep/2025:17:01:54 +0530] "POST /xmlrpc.php HTTP/1.1" 301 1058 "-" "Mozilla/5.0 (Windows NT 10.0; Win64; x64) AppleWebKit/537.36 (KHTML, like Gecko) Chrome/74.0.3729.169 Safari/537.36"
143.244.46.101 - - [19/Sep/2025:17:02:04 +0530] "POST /xmlrpc.php HTTP/1.1" 301 1058 "-" "Mozilla/5.0 (Windows NT 10.0; Win64; x64) AppleWebKit/537.36 (KHTML, like Gecko) Chrome/74.0.3729.169 Safari/537.36"
143.244.46.101 - - [19/Sep/2025:17:02:12 +0530] "POST /xmlrpc.php HTTP/1.1" 301 1021 "-" "Mozilla/5.0 (Windows NT 10.0; Win64; x64) AppleWebKit/537.36 (KHTML, like Gecko) Chrome/74.0.3729.169 Safari/537.36"
143.244.46.101 - - [19/Sep/2025:17:02:16 +0530] "POST /xmlrpc.php HTTP/1.1" 301 1058 "-" "Mozilla/5.0 (Windows NT 10.0; Win64; x64) AppleWebKit/537.36 (KHTML, like Gecko) Chrome/74.0.3729.169 Safari/537.36"
23.94.126.26 - - [19/Sep/2025:17:03:24 +0530] "POST /shell.php7?pass=jemex HTTP/1.1" 301 1065 "-" "GuzzleHttp/7"
85.208.98.23 - - [19/Sep/2025:17:04:00 +0530] "GET /robots.txt HTTP/1.1" 301 1058 "-" "Mozilla/5.0 (compatible; SemrushBot-BA; +http://www.semrush.com/bot.html)"
85.208.98.23 - - [19/Sep/2025:17:04:24 +0530] "GET /robots.txt HTTP/1.1" 301 1058 "-" "Mozilla/5.0 (compatible; SemrushBot-BA; +http://www.semrush.com/bot.html)"
85.208.98.23 - - [19/Sep/2025:17:05:16 +0530] "GET /robots.txt HTTP/1.1" 301 1058 "-" "Mozilla/5.0 (compatible; SemrushBot-BA; +http://www.semrush.com/bot.html)"
85.208.98.23 - - [19/Sep/2025:17:06:36 +0530] "GET /robots.txt HTTP/1.1" 301 1058 "-" "Mozilla/5.0 (compatible; SemrushBot-BA; +http://www.semrush.com/bot.html)"
85.208.98.23 - - [19/Sep/2025:17:09:45 +0530] "GET /robots.txt HTTP/1.1" 301 1058 "-" "Mozilla/5.0 (compatible; SemrushBot-BA; +http://www.semrush.com/bot.html)"
85.208.98.23 - - [19/Sep/2025:17:09:46 +0530] "GET /robots.txt HTTP/1.1" 301 1058 "-" "Mozilla/5.0 (compatible; SemrushBot-BA; +http://www.semrush.com/bot.html)"
85.208.98.23 - - [19/Sep/2025:17:09:50 +0530] "GET /robots.txt HTTP/1.1" 301 1058 "-" "Mozilla/5.0 (compatible; SemrushBot-BA; +http://www.semrush.com/bot.html)"
85.208.98.23 - - [19/Sep/2025:17:12:19 +0530] "GET /robots.txt HTTP/1.1" 301 1058 "-" "Mozilla/5.0 (compatible; SemrushBot-BA; +http://www.semrush.com/bot.html)"
85.208.98.23 - - [19/Sep/2025:17:12:44 +0530] "GET /robots.txt HTTP/1.1" 301 1058 "-" "Mozilla/5.0 (compatible; SemrushBot-BA; +http://www.semrush.com/bot.html)"
85.208.98.23 - - [19/Sep/2025:17:15:59 +0530] "GET /robots.txt HTTP/1.1" 301 1058 "-" "Mozilla/5.0 (compatible; SemrushBot-BA; +http://www.semrush.com/bot.html)"
85.208.98.23 - - [19/Sep/2025:17:16:43 +0530] "GET /robots.txt HTTP/1.1" 301 1058 "-" "Mozilla/5.0 (compatible; SemrushBot-BA; +http://www.semrush.com/bot.html)"
85.208.98.23 - - [19/Sep/2025:17:20:27 +0530] "GET /robots.txt HTTP/1.1" 301 1058 "-" "Mozilla/5.0 (compatible; SemrushBot-BA; +http://www.semrush.com/bot.html)"
85.208.98.23 - - [19/Sep/2025:17:25:55 +0530] "GET /robots.txt HTTP/1.1" 301 1058 "-" "Mozilla/5.0 (compatible; SemrushBot-BA; +http://www.semrush.com/bot.html)"
85.208.98.23 - - [19/Sep/2025:17:26:20 +0530] "GET /robots.txt HTTP/1.1" 301 1058 "-" "Mozilla/5.0 (compatible; SemrushBot-BA; +http://www.semrush.com/bot.html)"
23.128.65.126 - - [19/Sep/2025:17:29:16 +0530] "POST /fix.phtml HTTP/1.1" 301 1016 "-" "Mozilla/5.0 (Windows NT 10.0; Win64; x64) AppleWebKit/537.36 (KHTML, like Gecko) Chrome/127.0.0.0 Safari/537.36"
196.251.73.195 - - [19/Sep/2025:17:33:43 +0530] "GET /wp-content/plugins/ccx/index.php HTTP/1.1" 301 1076 "-" "Mozlila/5.0 (Linux; Android 7.0; SM-G892A Bulid/NRD90M; wv) AppleWebKit/537.36 (KHTML, like Gecko) Version/4.0 Chrome/60.0.3112.107 Moblie Safari/537.36"
196.251.73.195 - - [19/Sep/2025:17:34:07 +0530] "GET /ccx/index.php HTTP/1.1" 301 1057 "-" "Mozlila/5.0 (Linux; Android 7.0; SM-G892A Bulid/NRD90M; wv) AppleWebKit/537.36 (KHTML, like Gecko) Version/4.0 Chrome/60.0.3112.107 Moblie Safari/537.36"
196.251.73.195 - - [19/Sep/2025:17:34:40 +0530] "GET /wp-content/plugins/ccx/index.php HTTP/1.1" 301 1076 "-" "Mozlila/5.0 (Linux; Android 7.0; SM-G892A Bulid/NRD90M; wv) AppleWebKit/537.36 (KHTML, like Gecko) Version/4.0 Chrome/60.0.3112.107 Moblie Safari/537.36"
196.251.73.195 - - [19/Sep/2025:17:34:52 +0530] "GET /wp-content/themes/ccx/index.php HTTP/1.1" 301 1075 "-" "Mozlila/5.0 (Linux; Android 7.0; SM-G892A Bulid/NRD90M; wv) AppleWebKit/537.36 (KHTML, like Gecko) Version/4.0 Chrome/60.0.3112.107 Moblie Safari/537.36"
196.251.73.195 - - [19/Sep/2025:17:34:56 +0530] "GET /index.php?3x=3x HTTP/1.1" 301 1059 "-" "Mozlila/5.0 (Linux; Android 7.0; SM-G892A Bulid/NRD90M; wv) AppleWebKit/537.36 (KHTML, like Gecko) Version/4.0 Chrome/60.0.3112.107 Moblie Safari/537.36"
196.251.73.195 - - [19/Sep/2025:17:35:28 +0530] "GET /css/admin/content.php%20 HTTP/1.1" 301 1068 "-" "Mozlila/5.0 (Linux; Android 7.0; SM-G892A Bulid/NRD90M; wv) AppleWebKit/537.36 (KHTML, like Gecko) Version/4.0 Chrome/60.0.3112.107 Moblie Safari/537.36"
196.251.73.195 - - [19/Sep/2025:17:36:02 +0530] "GET /wp-content/themes/seotheme/mar.php HTTP/1.1" 301 1078 "-" "Mozlila/5.0 (Linux; Android 7.0; SM-G892A Bulid/NRD90M; wv) AppleWebKit/537.36 (KHTML, like Gecko) Version/4.0 Chrome/60.0.3112.107 Moblie Safari/537.36"
196.251.73.195 - - [19/Sep/2025:17:36:16 +0530] "GET /wp-content/plugins/ioptimization/IOptimize.php?rchk HTTP/1.1" 301 1095 "-" "Mozlila/5.0 (Linux; Android 7.0; SM-G892A Bulid/NRD90M; wv) AppleWebKit/537.36 (KHTML, like Gecko) Version/4.0 Chrome/60.0.3112.107 Moblie Safari/537.36"
196.251.73.195 - - [19/Sep/2025:17:37:04 +0530] "GET /wp-content/themes/pridmag/db.php?u HTTP/1.1" 301 1078 "-" "Mozlila/5.0 (Linux; Android 7.0; SM-G892A Bulid/NRD90M; wv) AppleWebKit/537.36 (KHTML, like Gecko) Version/4.0 Chrome/60.0.3112.107 Moblie Safari/537.36"
196.251.73.195 - - [19/Sep/2025:17:37:24 +0530] "GET /shell20211028.php HTTP/1.1" 301 1061 "-" "Mozlila/5.0 (Linux; Android 7.0; SM-G892A Bulid/NRD90M; wv) AppleWebKit/537.36 (KHTML, like Gecko) Version/4.0 Chrome/60.0.3112.107 Moblie Safari/537.36"
196.251.73.195 - - [19/Sep/2025:17:38:03 +0530] "GET /wp-content/themes/ccx/index.php HTTP/1.1" 301 1075 "-" "Mozlila/5.0 (Linux; Android 7.0; SM-G892A Bulid/NRD90M; wv) AppleWebKit/537.36 (KHTML, like Gecko) Version/4.0 Chrome/60.0.3112.107 Moblie Safari/537.36"
196.251.73.195 - - [19/Sep/2025:17:38:33 +0530] "GET /xmlrp.php?url=https://rentry.co/yu8xc/raw HTTP/1.1" 301 1085 "-" "Mozlila/5.0 (Linux; Android 7.0; SM-G892A Bulid/NRD90M; wv) AppleWebKit/537.36 (KHTML, like Gecko) Version/4.0 Chrome/60.0.3112.107 Moblie Safari/537.36"
196.251.73.195 - - [19/Sep/2025:17:38:44 +0530] "GET /wp-content/db_cache.php HTTP/1.1" 301 1067 "-" "Mozlila/5.0 (Linux; Android 7.0; SM-G892A Bulid/NRD90M; wv) AppleWebKit/537.36 (KHTML, like Gecko) Version/4.0 Chrome/60.0.3112.107 Moblie Safari/537.36"
196.251.73.195 - - [19/Sep/2025:17:38:51 +0530] "GET /wp-content/plugins/backup_index.php HTTP/1.1" 301 1079 "-" "Mozlila/5.0 (Linux; Android 7.0; SM-G892A Bulid/NRD90M; wv) AppleWebKit/537.36 (KHTML, like Gecko) Version/4.0 Chrome/60.0.3112.107 Moblie Safari/537.36"
85.208.98.23 - - [19/Sep/2025:17:39:09 +0530] "GET /robots.txt HTTP/1.1" 301 1058 "-" "Mozilla/5.0 (compatible; SemrushBot-BA; +http://www.semrush.com/bot.html)"
196.251.73.195 - - [19/Sep/2025:17:39:26 +0530] "GET /boom.php?x HTTP/1.1" 301 1054 "-" "Mozlila/5.0 (Linux; Android 7.0; SM-G892A Bulid/NRD90M; wv) AppleWebKit/537.36 (KHTML, like Gecko) Version/4.0 Chrome/60.0.3112.107 Moblie Safari/537.36"
196.251.73.195 - - [19/Sep/2025:17:39:48 +0530] "GET /wp-content/plugins/t_file_wp/t_file_wp.php?test=hello HTTP/1.1" 301 1097 "-" "Mozlila/5.0 (Linux; Android 7.0; SM-G892A Bulid/NRD90M; wv) AppleWebKit/537.36 (KHTML, like Gecko) Version/4.0 Chrome/60.0.3112.107 Moblie Safari/537.36"
196.251.73.195 - - [19/Sep/2025:17:40:44 +0530] "GET /style.php HTTP/1.1" 301 1053 "-" "Mozlila/5.0 (Linux; Android 7.0; SM-G892A Bulid/NRD90M; wv) AppleWebKit/537.36 (KHTML, like Gecko) Version/4.0 Chrome/60.0.3112.107 Moblie Safari/537.36"
196.251.73.195 - - [19/Sep/2025:17:40:51 +0530] "GET /wp-content/themes/pridmag/bp.php HTTP/1.1" 301 1076 "-" "Mozlila/5.0 (Linux; Android 7.0; SM-G892A Bulid/NRD90M; wv) AppleWebKit/537.36 (KHTML, like Gecko) Version/4.0 Chrome/60.0.3112.107 Moblie Safari/537.36"
85.208.98.23 - - [19/Sep/2025:17:41:23 +0530] "GET /robots.txt HTTP/1.1" 301 1058 "-" "Mozilla/5.0 (compatible; SemrushBot-BA; +http://www.semrush.com/bot.html)"
196.251.73.195 - - [19/Sep/2025:17:41:31 +0530] "GET /wp-content/plugins/w3-total-cache/up.php?db HTTP/1.1" 301 1087 "-" "Mozlila/5.0 (Linux; Android 7.0; SM-G892A Bulid/NRD90M; wv) AppleWebKit/537.36 (KHTML, like Gecko) Version/4.0 Chrome/60.0.3112.107 Moblie Safari/537.36"
196.251.73.195 - - [19/Sep/2025:17:42:02 +0530] "GET /radio.php HTTP/1.1" 301 1053 "-" "Mozlila/5.0 (Linux; Android 7.0; SM-G892A Bulid/NRD90M; wv) AppleWebKit/537.36 (KHTML, like Gecko) Version/4.0 Chrome/60.0.3112.107 Moblie Safari/537.36"
196.251.73.195 - - [19/Sep/2025:17:42:51 +0530] "GET /c.php HTTP/1.1" 301 1049 "-" "Mozlila/5.0 (Linux; Android 7.0; SM-G892A Bulid/NRD90M; wv) AppleWebKit/537.36 (KHTML, like Gecko) Version/4.0 Chrome/60.0.3112.107 Moblie Safari/537.36"
196.251.73.195 - - [19/Sep/2025:17:43:23 +0530] "GET /data.php HTTP/1.1" 301 1052 "-" "Mozlila/5.0 (Linux; Android 7.0; SM-G892A Bulid/NRD90M; wv) AppleWebKit/537.36 (KHTML, like Gecko) Version/4.0 Chrome/60.0.3112.107 Moblie Safari/537.36"
196.251.73.195 - - [19/Sep/2025:17:43:33 +0530] "GET /406 HTTP/1.1" 301 1047 "-" "Mozlila/5.0 (Linux; Android 7.0; SM-G892A Bulid/NRD90M; wv) AppleWebKit/537.36 (KHTML, like Gecko) Version/4.0 Chrome/60.0.3112.107 Moblie Safari/537.36"
196.251.73.195 - - [19/Sep/2025:17:44:04 +0530] "GET /new-index.php HTTP/1.1" 301 1057 "-" "Mozlila/5.0 (Linux; Android 7.0; SM-G892A Bulid/NRD90M; wv) AppleWebKit/537.36 (KHTML, like Gecko) Version/4.0 Chrome/60.0.3112.107 Moblie Safari/537.36"
196.251.73.195 - - [19/Sep/2025:17:44:20 +0530] "GET /2index.php HTTP/1.1" 301 1054 "-" "Mozlila/5.0 (Linux; Android 7.0; SM-G892A Bulid/NRD90M; wv) AppleWebKit/537.36 (KHTML, like Gecko) Version/4.0 Chrome/60.0.3112.107 Moblie Safari/537.36"
196.251.73.195 - - [19/Sep/2025:17:44:25 +0530] "GET /old-index.php HTTP/1.1" 301 1057 "-" "Mozlila/5.0 (Linux; Android 7.0; SM-G892A Bulid/NRD90M; wv) AppleWebKit/537.36 (KHTML, like Gecko) Version/4.0 Chrome/60.0.3112.107 Moblie Safari/537.36"
196.251.73.195 - - [19/Sep/2025:17:44:51 +0530] "GET /2index.php HTTP/1.1" 301 1054 "-" "Mozlila/5.0 (Linux; Android 7.0; SM-G892A Bulid/NRD90M; wv) AppleWebKit/537.36 (KHTML, like Gecko) Version/4.0 Chrome/60.0.3112.107 Moblie Safari/537.36"
196.251.73.195 - - [19/Sep/2025:17:45:20 +0530] "GET /shell.php HTTP/1.1" 301 1053 "-" "Mozlila/5.0 (Linux; Android 7.0; SM-G892A Bulid/NRD90M; wv) AppleWebKit/537.36 (KHTML, like Gecko) Version/4.0 Chrome/60.0.3112.107 Moblie Safari/537.36"
196.251.73.195 - - [19/Sep/2025:17:45:47 +0530] "GET /1index.php HTTP/1.1" 301 1054 "-" "Mozlila/5.0 (Linux; Android 7.0; SM-G892A Bulid/NRD90M; wv) AppleWebKit/537.36 (KHTML, like Gecko) Version/4.0 Chrome/60.0.3112.107 Moblie Safari/537.36"
196.251.73.195 - - [19/Sep/2025:17:46:08 +0530] "GET /wp-content/wso.php HTTP/1.1" 301 1062 "-" "Mozlila/5.0 (Linux; Android 7.0; SM-G892A Bulid/NRD90M; wv) AppleWebKit/537.36 (KHTML, like Gecko) Version/4.0 Chrome/60.0.3112.107 Moblie Safari/537.36"
196.251.73.195 - - [19/Sep/2025:17:46:25 +0530] "GET /wp-admin/alfa.php HTTP/1.1" 301 1061 "-" "Mozlila/5.0 (Linux; Android 7.0; SM-G892A Bulid/NRD90M; wv) AppleWebKit/537.36 (KHTML, like Gecko) Version/4.0 Chrome/60.0.3112.107 Moblie Safari/537.36"
196.251.73.195 - - [19/Sep/2025:17:46:54 +0530] "GET /wp-includes/widgets/class-wp-widget-index.php HTTP/1.1" 301 1089 "-" "Mozlila/5.0 (Linux; Android 7.0; SM-G892A Bulid/NRD90M; wv) AppleWebKit/537.36 (KHTML, like Gecko) Version/4.0 Chrome/60.0.3112.107 Moblie Safari/537.36"
51.161.37.244 - - [19/Sep/2025:17:47:20 +0530] "GET /robots.txt HTTP/1.1" 301 1054 "-" "Mozilla/5.0 (compatible; AhrefsBot/7.0; +http://ahrefs.com/robot/)"
54.39.136.28 - - [19/Sep/2025:17:47:23 +0530] "GET / HTTP/1.1" 301 1044 "-" "Mozilla/5.0 (compatible; AhrefsBot/7.0; +http://ahrefs.com/robot/)"
196.251.73.195 - - [19/Sep/2025:17:47:49 +0530] "GET /wp-content/index.php?BIBIL-Spamworldpro HTTP/1.1" 301 1083 "-" "Mozlila/5.0 (Linux; Android 7.0; SM-G892A Bulid/NRD90M; wv) AppleWebKit/537.36 (KHTML, like Gecko) Version/4.0 Chrome/60.0.3112.107 Moblie Safari/537.36"
196.251.73.195 - - [19/Sep/2025:17:47:54 +0530] "GET /mt/pekok.php HTTP/1.1" 301 1056 "-" "Mozlila/5.0 (Linux; Android 7.0; SM-G892A Bulid/NRD90M; wv) AppleWebKit/537.36 (KHTML, like Gecko) Version/4.0 Chrome/60.0.3112.107 Moblie Safari/537.36"
196.251.73.195 - - [19/Sep/2025:17:48:16 +0530] "GET /shell555.php HTTP/1.1" 301 1056 "-" "Mozlila/5.0 (Linux; Android 7.0; SM-G892A Bulid/NRD90M; wv) AppleWebKit/537.36 (KHTML, like Gecko) Version/4.0 Chrome/60.0.3112.107 Moblie Safari/537.36"
196.251.73.195 - - [19/Sep/2025:17:48:36 +0530] "GET /404.php HTTP/1.1" 301 1051 "-" "Mozlila/5.0 (Linux; Android 7.0; SM-G892A Bulid/NRD90M; wv) AppleWebKit/537.36 (KHTML, like Gecko) Version/4.0 Chrome/60.0.3112.107 Moblie Safari/537.36"
196.251.73.195 - - [19/Sep/2025:17:49:02 +0530] "GET /wp-content/uploads/uploads/SpamwoldSecurity.php HTTP/1.1" 301 1091 "-" "Mozlila/5.0 (Linux; Android 7.0; SM-G892A Bulid/NRD90M; wv) AppleWebKit/537.36 (KHTML, like Gecko) Version/4.0 Chrome/60.0.3112.107 Moblie Safari/537.36"
196.251.73.195 - - [19/Sep/2025:17:50:01 +0530] "GET /wp-content/plugins/hello.php HTTP/1.1" 301 1072 "-" "Mozlila/5.0 (Linux; Android 7.0; SM-G892A Bulid/NRD90M; wv) AppleWebKit/537.36 (KHTML, like Gecko) Version/4.0 Chrome/60.0.3112.107 Moblie Safari/537.36"
85.208.98.23 - - [19/Sep/2025:17:50:22 +0530] "GET /robots.txt HTTP/1.1" 301 1058 "-" "Mozilla/5.0 (compatible; SemrushBot-BA; +http://www.semrush.com/bot.html)"
196.251.73.195 - - [19/Sep/2025:17:50:28 +0530] "GET /wp-content/plugins/hello.php HTTP/1.1" 301 1072 "-" "Mozlila/5.0 (Linux; Android 7.0; SM-G892A Bulid/NRD90M; wv) AppleWebKit/537.36 (KHTML, like Gecko) Version/4.0 Chrome/60.0.3112.107 Moblie Safari/537.36"
85.208.98.23 - - [19/Sep/2025:17:50:36 +0530] "GET /robots.txt HTTP/1.1" 301 1058 "-" "Mozilla/5.0 (compatible; SemrushBot-BA; +http://www.semrush.com/bot.html)"
196.251.73.195 - - [19/Sep/2025:17:51:06 +0530] "GET /404.php HTTP/1.1" 301 1051 "-" "Mozlila/5.0 (Linux; Android 7.0; SM-G892A Bulid/NRD90M; wv) AppleWebKit/537.36 (KHTML, like Gecko) Version/4.0 Chrome/60.0.3112.107 Moblie Safari/537.36"
85.208.98.23 - - [19/Sep/2025:17:51:19 +0530] "GET /robots.txt HTTP/1.1" 301 1058 "-" "Mozilla/5.0 (compatible; SemrushBot-BA; +http://www.semrush.com/bot.html)"
196.251.73.195 - - [19/Sep/2025:17:51:25 +0530] "GET /wp-content/themes/pridmag/hot.php HTTP/1.1" 301 1077 "-" "Mozlila/5.0 (Linux; Android 7.0; SM-G892A Bulid/NRD90M; wv) AppleWebKit/537.36 (KHTML, like Gecko) Version/4.0 Chrome/60.0.3112.107 Moblie Safari/537.36"
196.251.73.195 - - [19/Sep/2025:17:51:42 +0530] "GET /wp-content/mu-plugins/blog.php HTTP/1.1" 301 1074 "-" "Mozlila/5.0 (Linux; Android 7.0; SM-G892A Bulid/NRD90M; wv) AppleWebKit/537.36 (KHTML, like Gecko) Version/4.0 Chrome/60.0.3112.107 Moblie Safari/537.36"
196.251.73.195 - - [19/Sep/2025:17:52:27 +0530] "GET /wp-content/mu-plugins/blog.php HTTP/1.1" 301 1074 "-" "Mozlila/5.0 (Linux; Android 7.0; SM-G892A Bulid/NRD90M; wv) AppleWebKit/537.36 (KHTML, like Gecko) Version/4.0 Chrome/60.0.3112.107 Moblie Safari/537.36"
196.251.73.195 - - [19/Sep/2025:17:52:45 +0530] "GET /wp-content/mu-plugins/a.php HTTP/1.1" 301 1071 "-" "Mozlila/5.0 (Linux; Android 7.0; SM-G892A Bulid/NRD90M; wv) AppleWebKit/537.36 (KHTML, like Gecko) Version/4.0 Chrome/60.0.3112.107 Moblie Safari/537.36"
196.251.73.195 - - [19/Sep/2025:17:52:56 +0530] "GET /wp-content/mu-plugins/shell.php HTTP/1.1" 301 1075 "-" "Mozlila/5.0 (Linux; Android 7.0; SM-G892A Bulid/NRD90M; wv) AppleWebKit/537.36 (KHTML, like Gecko) Version/4.0 Chrome/60.0.3112.107 Moblie Safari/537.36"
196.251.73.195 - - [19/Sep/2025:17:53:36 +0530] "GET /wp-content/mu-plugins/s.php HTTP/1.1" 301 1071 "-" "Mozlila/5.0 (Linux; Android 7.0; SM-G892A Bulid/NRD90M; wv) AppleWebKit/537.36 (KHTML, like Gecko) Version/4.0 Chrome/60.0.3112.107 Moblie Safari/537.36"
23.94.126.26 - - [19/Sep/2025:17:53:55 +0530] "POST /shell.phtml?pass=jemex HTTP/1.1" 301 1066 "-" "GuzzleHttp/7"
196.251.73.195 - - [19/Sep/2025:17:53:58 +0530] "GET /wp-admin/css/colors/autoload_classmap.php HTTP/1.1" 301 1085 "-" "Mozlila/5.0 (Linux; Android 7.0; SM-G892A Bulid/NRD90M; wv) AppleWebKit/537.36 (KHTML, like Gecko) Version/4.0 Chrome/60.0.3112.107 Moblie Safari/537.36"
85.208.98.23 - - [19/Sep/2025:17:54:05 +0530] "GET /robots.txt HTTP/1.1" 301 1058 "-" "Mozilla/5.0 (compatible; SemrushBot-BA; +http://www.semrush.com/bot.html)"
85.208.98.23 - - [19/Sep/2025:17:54:13 +0530] "GET /robots.txt HTTP/1.1" 301 1058 "-" "Mozilla/5.0 (compatible; SemrushBot-BA; +http://www.semrush.com/bot.html)"
196.251.73.195 - - [19/Sep/2025:17:54:17 +0530] "GET /403.php HTTP/1.1" 301 1051 "-" "Mozlila/5.0 (Linux; Android 7.0; SM-G892A Bulid/NRD90M; wv) AppleWebKit/537.36 (KHTML, like Gecko) Version/4.0 Chrome/60.0.3112.107 Moblie Safari/537.36"
196.251.73.195 - - [19/Sep/2025:17:54:28 +0530] "GET /wp-content/plugins/prh-api/vendor/phpunit/phpunit/src/Util/PHP/eval-stdin.php HTTP/1.1" 301 1121 "-" "Mozlila/5.0 (Linux; Android 7.0; SM-G892A Bulid/NRD90M; wv) AppleWebKit/537.36 (KHTML, like Gecko) Version/4.0 Chrome/60.0.3112.107 Moblie Safari/537.36"
196.251.73.195 - - [19/Sep/2025:17:54:36 +0530] "GET /wp-content/plugins/hd-webplayer/playlist.php HTTP/1.1" 301 1088 "-" "Mozlila/5.0 (Linux; Android 7.0; SM-G892A Bulid/NRD90M; wv) AppleWebKit/537.36 (KHTML, like Gecko) Version/4.0 Chrome/60.0.3112.107 Moblie Safari/537.36"
196.251.73.195 - - [19/Sep/2025:17:55:01 +0530] "GET /images/neko.php HTTP/1.1" 301 1059 "-" "Mozlila/5.0 (Linux; Android 7.0; SM-G892A Bulid/NRD90M; wv) AppleWebKit/537.36 (KHTML, like Gecko) Version/4.0 Chrome/60.0.3112.107 Moblie Safari/537.36"
196.251.73.195 - - [19/Sep/2025:17:55:27 +0530] "GET /wp-admin/neko.php?cmd=whoami HTTP/1.1" 301 1072 "-" "Mozlila/5.0 (Linux; Android 7.0; SM-G892A Bulid/NRD90M; wv) AppleWebKit/537.36 (KHTML, like Gecko) Version/4.0 Chrome/60.0.3112.107 Moblie Safari/537.36"
196.251.73.195 - - [19/Sep/2025:17:55:33 +0530] "GET /wp-content/plugins/sid/sidwso.php HTTP/1.1" 301 1077 "-" "Mozlila/5.0 (Linux; Android 7.0; SM-G892A Bulid/NRD90M; wv) AppleWebKit/537.36 (KHTML, like Gecko) Version/4.0 Chrome/60.0.3112.107 Moblie Safari/537.36"
196.251.73.195 - - [19/Sep/2025:17:55:55 +0530] "GET /1.php HTTP/1.1" 301 1049 "-" "Mozlila/5.0 (Linux; Android 7.0; SM-G892A Bulid/NRD90M; wv) AppleWebKit/537.36 (KHTML, like Gecko) Version/4.0 Chrome/60.0.3112.107 Moblie Safari/537.36"
85.208.98.23 - - [19/Sep/2025:17:56:04 +0530] "GET /robots.txt HTTP/1.1" 301 1058 "-" "Mozilla/5.0 (compatible; SemrushBot-BA; +http://www.semrush.com/bot.html)"
196.251.73.195 - - [19/Sep/2025:17:56:35 +0530] "GET /wp-admin/pbyobidwjl.php HTTP/1.1" 301 1067 "-" "Mozlila/5.0 (Linux; Android 7.0; SM-G892A Bulid/NRD90M; wv) AppleWebKit/537.36 (KHTML, like Gecko) Version/4.0 Chrome/60.0.3112.107 Moblie Safari/537.36"
196.251.73.195 - - [19/Sep/2025:17:56:52 +0530] "GET /.tmb/nftrtixxxj.php HTTP/1.1" 301 1063 "-" "Mozlila/5.0 (Linux; Android 7.0; SM-G892A Bulid/NRD90M; wv) AppleWebKit/537.36 (KHTML, like Gecko) Version/4.0 Chrome/60.0.3112.107 Moblie Safari/537.36"
196.251.73.195 - - [19/Sep/2025:17:56:57 +0530] "GET /.tmp/fywvkgtiud.php HTTP/1.1" 301 1063 "-" "Mozlila/5.0 (Linux; Android 7.0; SM-G892A Bulid/NRD90M; wv) AppleWebKit/537.36 (KHTML, like Gecko) Version/4.0 Chrome/60.0.3112.107 Moblie Safari/537.36"
196.251.73.195 - - [19/Sep/2025:17:57:10 +0530] "GET /wp-admin/uzgdhqwbyv.php HTTP/1.1" 301 1067 "-" "Mozlila/5.0 (Linux; Android 7.0; SM-G892A Bulid/NRD90M; wv) AppleWebKit/537.36 (KHTML, like Gecko) Version/4.0 Chrome/60.0.3112.107 Moblie Safari/537.36"
196.251.73.195 - - [19/Sep/2025:17:57:42 +0530] "GET /rwyzyqozvo.php HTTP/1.1" 301 1058 "-" "Mozlila/5.0 (Linux; Android 7.0; SM-G892A Bulid/NRD90M; wv) AppleWebKit/537.36 (KHTML, like Gecko) Version/4.0 Chrome/60.0.3112.107 Moblie Safari/537.36"
196.251.73.195 - - [19/Sep/2025:17:57:56 +0530] "GET /omsgljtiou.php HTTP/1.1" 301 1058 "-" "Mozlila/5.0 (Linux; Android 7.0; SM-G892A Bulid/NRD90M; wv) AppleWebKit/537.36 (KHTML, like Gecko) Version/4.0 Chrome/60.0.3112.107 Moblie Safari/537.36"
85.208.98.23 - - [19/Sep/2025:18:00:53 +0530] "GET /robots.txt HTTP/1.1" 301 1058 "-" "Mozilla/5.0 (compatible; SemrushBot-BA; +http://www.semrush.com/bot.html)"
85.208.98.23 - - [19/Sep/2025:18:01:52 +0530] "GET /robots.txt HTTP/1.1" 301 1058 "-" "Mozilla/5.0 (compatible; SemrushBot-BA; +http://www.semrush.com/bot.html)"
85.208.98.23 - - [19/Sep/2025:18:03:30 +0530] "GET /robots.txt HTTP/1.1" 301 1058 "-" "Mozilla/5.0 (compatible; SemrushBot-BA; +http://www.semrush.com/bot.html)"
85.208.98.23 - - [19/Sep/2025:18:04:17 +0530] "GET /robots.txt HTTP/1.1" 301 1058 "-" "Mozilla/5.0 (compatible; SemrushBot-BA; +http://www.semrush.com/bot.html)"
