114.119.151.83 - - [07/Feb/2024:01:35:17 +0530] "GET /technology/ HTTP/1.1" 200 43976 "https://www.skresins.com/our-product-benefits/" "Mozilla/5.0 (Linux; Android 7.0;) AppleWebKit/537.36 (KHTML, like Gecko) Mobile Safari/537.36 (compatible; PetalBot;+https://webmaster.petalsearch.com/site/petalbot)"
66.249.75.6 - - [07/Feb/2024:01:36:07 +0530] "GET /item/s25312457824.shtml HTTP/1.1" 200 129493 "-" "Mozilla/5.0 (Linux; Android 6.0.1; Nexus 5X Build/MMB29P) AppleWebKit/537.36 (KHTML, like Gecko) Chrome/121.0.6167.85 Mobile Safari/537.36 (compatible; Googlebot/2.1; +http://www.google.com/bot.html)"
147.78.47.38 - - [07/Feb/2024:01:36:24 +0530] "GET /cgi-bin/cgi-bin/cgi-bin/cgi-bin/cgi-bin/index.php?ARRAY=5o313730373235333538342p22687474703n5p2s5p2s626166386o372r776s6469726563742r746s705p2s3s6p633q7068705s636s64655s6n6326743q313730373234393938342q3666336439643739643363363765336566393765323631383930303832323365222p223136636534303536663861393831663630636631386366333236666635376635222p226434626232353337323331663838336165383538363561663665363532323133225q HTTP/1.1" 200 - "-" "Mozilla/5.0 (Windows NT 6.2; WOW64) AppleWebKit/535.24 (KHTML, like Gecko) Chrome/83.0.1055.1 Safari/535.24"
66.249.75.6 - - [07/Feb/2024:01:38:19 +0530] "GET /item/s25312457669.shtml HTTP/1.1" 200 132262 "-" "Mozilla/5.0 (Linux; Android 6.0.1; Nexus 5X Build/MMB29P) AppleWebKit/537.36 (KHTML, like Gecko) Chrome/121.0.6167.85 Mobile Safari/537.36 (compatible; Googlebot/2.1; +http://www.google.com/bot.html)"
66.249.75.7 - - [07/Feb/2024:01:40:31 +0530] "GET /item/s25312452041.shtml HTTP/1.1" 200 134297 "-" "Mozilla/5.0 (Linux; Android 6.0.1; Nexus 5X Build/MMB29P) AppleWebKit/537.36 (KHTML, like Gecko) Chrome/121.0.6167.85 Mobile Safari/537.36 (compatible; Googlebot/2.1; +http://www.google.com/bot.html)"
66.249.75.6 - - [07/Feb/2024:01:42:43 +0530] "GET /item/s25312457026.shtml HTTP/1.1" 200 140278 "-" "Mozilla/5.0 (Linux; Android 6.0.1; Nexus 5X Build/MMB29P) AppleWebKit/537.36 (KHTML, like Gecko) Chrome/121.0.6167.85 Mobile Safari/537.36 (compatible; Googlebot/2.1; +http://www.google.com/bot.html)"
51.77.52.109 - - [07/Feb/2024:01:44:33 +0530] "POST /xmlrpc.php HTTP/1.1" 200 403 "-" "Mozilla/5.0 (Linux; Android 6.0.1; RedMi Note 5 Build/RB3N5C; wv) AppleWebKit/537.36 (KHTML, like Gecko) Version/4.0 Chrome/68.0.3440.91 Mobile Safari/537.36"
132.148.105.38 - - [07/Feb/2024:01:44:36 +0530] "POST /xmlrpc.php HTTP/1.1" 200 403 "-" "Mozilla/5.0 (Windows NT 10.0; Win64; x64) AppleWebKit/537.36 (KHTML, like Gecko) Chrome/61.0.3163.100 Safari/537.36"
198.71.229.49 - - [07/Feb/2024:01:44:43 +0530] "POST /xmlrpc.php HTTP/1.1" 200 403 "-" "Mozilla/5.0 (Linux; Android 10) AppleWebKit/537.36 (KHTML, like Gecko) Chrome/91.0.4472.114 Mobile Safari/537.36"
87.236.20.43 - - [07/Feb/2024:01:44:43 +0530] "POST /xmlrpc.php HTTP/1.1" 200 403 "-" "Mozilla/5.0 (iPhone; CPU iPhone OS 14_6 like Mac OS X) AppleWebKit/605.1.15 (KHTML, like Gecko) CriOS/91.0.4472.80 Mobile/15E148 Safari/604.1"
167.172.115.176 - - [07/Feb/2024:01:44:47 +0530] "POST /xmlrpc.php HTTP/1.1" 200 403 "-" "Mozilla/5.0 (Windows NT 5.1; rv:40.0) Gecko/20100101 Firefox/40.0"
5.23.50.183 - - [07/Feb/2024:01:44:59 +0530] "POST /xmlrpc.php HTTP/1.1" 200 403 "-" "Mozilla/5.0 (Windows NT 10.0; Win64; x64) AppleWebKit/537.36 (KHTML, like Gecko) Chrome/64.0.3282.186 Safari/537.36"
68.178.145.176 - - [07/Feb/2024:01:45:02 +0530] "POST /xmlrpc.php HTTP/1.1" 200 403 "-" "Mozilla/5.0 (Windows NT 10.0; Win64; x64) AppleWebKit/537.36 (KHTML, like Gecko) Chrome/91.0.4472.114 Safari/537.36"
2.56.91.17 - - [07/Feb/2024:01:45:08 +0530] "POST /xmlrpc.php HTTP/1.1" 200 403 "-" "Mozilla/5.0 (Windows NT 10.0; Win64; x64) AppleWebKit/537.36 (KHTML, like Gecko) Chrome/90.0.4430.212 Safari/537.36"
2.56.91.17 - - [07/Feb/2024:01:45:08 +0530] "POST /xmlrpc.php HTTP/1.1" 200 403 "-" "Mozilla/5.0 (Windows; U; Windows NT 5.1; en-US; rv:1.7.12) Gecko/20050915 Firefox/1.0.7"
146.70.94.3 - - [07/Feb/2024:01:46:20 +0530] "POST /xmlrpc.php HTTP/2.0" 200 403 "-" "Mozilla/5.0 (Windows NT 10.0; Win64; x64) AppleWebKit/537.36 (KHTML, like Gecko) Chrome/100.0.4896.127 Safari/537.36"
66.249.75.5 - - [07/Feb/2024:01:52:10 +0530] "GET /item/s1501198525.shtml HTTP/1.1" 200 141691 "-" "Mozilla/5.0 (compatible; Googlebot/2.1; +http://www.google.com/bot.html)"
146.70.76.35 - - [07/Feb/2024:01:53:30 +0530] "POST /xmlrpc.php HTTP/2.0" 200 403 "-" "Mozilla/5.0 (Windows NT 10.0; Win64; x64) AppleWebKit/537.36 (KHTML, like Gecko) Chrome/100.0.4896.127 Safari/537.36"
66.249.75.6 - - [07/Feb/2024:01:55:46 +0530] "GET /item/s1501589193.shtml HTTP/1.1" 200 140098 "-" "Mozilla/5.0 (Linux; Android 6.0.1; Nexus 5X Build/MMB29P) AppleWebKit/537.36 (KHTML, like Gecko) Chrome/121.0.6167.85 Mobile Safari/537.36 (compatible; Googlebot/2.1; +http://www.google.com/bot.html)"
66.249.75.5 - - [07/Feb/2024:01:56:41 +0530] "GET /item/s1518592670.shtml HTTP/1.1" 200 139572 "-" "Mozilla/5.0 (Linux; Android 6.0.1; Nexus 5X Build/MMB29P) AppleWebKit/537.36 (KHTML, like Gecko) Chrome/121.0.6167.85 Mobile Safari/537.36 (compatible; Googlebot/2.1; +http://www.google.com/bot.html)"
162.215.222.65 - - [07/Feb/2024:02:07:04 +0530] "POST /wp-cron.php?doing_wp_cron=1707251824.1707859039306640625000 HTTP/1.1" 200 - "-" "WordPress/6.3.3; https://www.skresins.com"
213.152.161.118 - - [07/Feb/2024:02:07:03 +0530] "POST /xmlrpc.php HTTP/2.0" 200 403 "-" "Mozilla/5.0 (Windows NT 10.0; Win64; x64) AppleWebKit/537.36 (KHTML, like Gecko) Chrome/100.0.4896.127 Safari/537.36"
66.249.75.6 - - [07/Feb/2024:02:12:49 +0530] "GET /item/s1506512104.shtml HTTP/1.1" 200 139034 "-" "Mozilla/5.0 (Linux; Android 6.0.1; Nexus 5X Build/MMB29P) AppleWebKit/537.36 (KHTML, like Gecko) Chrome/121.0.6167.85 Mobile Safari/537.36 (compatible; Googlebot/2.1; +http://www.google.com/bot.html)"
66.249.75.5 - - [07/Feb/2024:02:14:26 +0530] "GET /item/s1517659739.shtml HTTP/1.1" 200 129644 "-" "Mozilla/5.0 (compatible; Googlebot/2.1; +http://www.google.com/bot.html)"
66.249.75.6 - - [07/Feb/2024:02:16:36 +0530] "GET /item/s1505321250.shtml HTTP/1.1" 200 133053 "-" "Mozilla/5.0 (compatible; Googlebot/2.1; +http://www.google.com/bot.html)"
147.78.47.38 - - [07/Feb/2024:02:28:07 +0530] "GET /index.php/jk HTTP/1.1" 200 43 "-" "Mozilla/5.0 (Macintosh; Intel Mac OS X 10.15; rv:79.0) Gecko/20100101 Firefox/79.0"
66.249.75.7 - - [07/Feb/2024:02:34:38 +0530] "GET /item/s15210711239.shtml HTTP/1.1" 200 131388 "-" "Mozilla/5.0 (compatible; Googlebot/2.1; +http://www.google.com/bot.html)"
66.249.75.6 - - [07/Feb/2024:02:37:28 +0530] "GET /item/s15210714132.shtml HTTP/1.1" 200 129864 "-" "Mozilla/5.0 (compatible; Googlebot/2.1; +http://www.google.com/bot.html)"
66.249.75.5 - - [07/Feb/2024:02:39:15 +0530] "GET /item/s1501727830.shtml HTTP/1.1" 200 133822 "-" "Mozilla/5.0 (compatible; Googlebot/2.1; +http://www.google.com/bot.html)"
163.5.71.159 - - [07/Feb/2024:02:39:48 +0530] "GET /wp-content/plugins/wp-henry-root/index.php HTTP/1.1" 200 154 "-" "Opera/9.80 (Windows NT 6.2; MRA 5.10 (build 5339)) Presto/2.12.388 Version/12.15"
23.236.197.212 - - [07/Feb/2024:02:39:51 +0530] "GET /wp-content/plugins/wp-henry-root/index.php HTTP/1.1" 200 979 "-" "Opera/9.80 (Windows NT 6.2; MRA 5.10 (build 5339)) Presto/2.12.388 Version/12.15"
23.236.197.212 - - [07/Feb/2024:02:39:53 +0530] "GET /wp-content/plugins/wp-henry-root/index.php HTTP/1.1" 200 446 "https://www.skresins.com" "Opera/9.80 (Windows NT 6.2; MRA 5.10 (build 5339)) Presto/2.12.388 Version/12.15"
23.236.197.212 - - [07/Feb/2024:02:39:54 +0530] "GET /wp-content/plugins/wp-henry-root/index.php HTTP/1.1" 200 446 "https://www.skresins.com" "Opera/9.80 (Windows NT 6.2; MRA 5.10 (build 5339)) Presto/2.12.388 Version/12.15"
23.236.197.212 - - [07/Feb/2024:02:39:56 +0530] "GET /wp-content/plugins/wp-henry-root/index.php HTTP/1.1" 200 446 "https://www.skresins.com" "Opera/9.80 (Windows NT 6.2; MRA 5.10 (build 5339)) Presto/2.12.388 Version/12.15"
23.236.197.212 - - [07/Feb/2024:02:39:57 +0530] "GET /wp-content/plugins/wp-henry-root/index.php HTTP/1.1" 200 446 "https://www.skresins.com" "Opera/9.80 (Windows NT 6.2; MRA 5.10 (build 5339)) Presto/2.12.388 Version/12.15"
23.236.197.212 - - [07/Feb/2024:02:39:59 +0530] "GET /wp-content/plugins/wp-henry-root/index.php HTTP/1.1" 200 446 "https://www.skresins.com" "Opera/9.80 (Windows NT 6.2; MRA 5.10 (build 5339)) Presto/2.12.388 Version/12.15"
23.236.197.212 - - [07/Feb/2024:02:40:00 +0530] "GET /wp-content/plugins/wp-henry-root/index.php HTTP/1.1" 200 446 "https://www.skresins.com" "Opera/9.80 (Windows NT 6.2; MRA 5.10 (build 5339)) Presto/2.12.388 Version/12.15"
23.236.197.212 - - [07/Feb/2024:02:40:02 +0530] "GET /wp-content/plugins/wp-henry-root/index.php HTTP/1.1" 200 446 "https://www.skresins.com" "Opera/9.80 (Windows NT 6.2; MRA 5.10 (build 5339)) Presto/2.12.388 Version/12.15"
23.236.197.212 - - [07/Feb/2024:02:40:03 +0530] "GET /wp-content/plugins/wp-henry-root/index.php HTTP/1.1" 200 446 "https://www.skresins.com" "Opera/9.80 (Windows NT 6.2; MRA 5.10 (build 5339)) Presto/2.12.388 Version/12.15"
23.236.197.212 - - [07/Feb/2024:02:40:05 +0530] "GET /wp-content/plugins/wp-henry-root/index.php HTTP/1.1" 200 446 "https://www.skresins.com" "Opera/9.80 (Windows NT 6.2; MRA 5.10 (build 5339)) Presto/2.12.388 Version/12.15"
23.236.197.212 - - [07/Feb/2024:02:40:06 +0530] "GET /wp-content/plugins/wp-henry-root/index.php HTTP/1.1" 200 446 "https://www.skresins.com" "Opera/9.80 (Windows NT 6.2; MRA 5.10 (build 5339)) Presto/2.12.388 Version/12.15"
23.236.197.212 - - [07/Feb/2024:02:40:08 +0530] "GET /wp-content/plugins/wp-henry-root/index.php HTTP/1.1" 200 213 "https://www.skresins.com" "Opera/9.80 (Windows NT 6.2; MRA 5.10 (build 5339)) Presto/2.12.388 Version/12.15"
23.236.197.212 - - [07/Feb/2024:02:40:10 +0530] "GET /wp-content/plugins/wp-henry-root/index.php HTTP/1.1" 200 2880 "https://www.skresins.com" "Opera/9.80 (Windows NT 6.2; MRA 5.10 (build 5339)) Presto/2.12.388 Version/12.15"
23.236.197.212 - - [07/Feb/2024:02:40:12 +0530] "GET /wp-content/plugins/wp-henry-root/index.php HTTP/1.1" 200 979 "https://www.skresins.com" "Opera/9.80 (Windows NT 6.2; MRA 5.10 (build 5339)) Presto/2.12.388 Version/12.15"
23.236.197.212 - - [07/Feb/2024:02:40:15 +0530] "GET /wp-content/plugins/wp-henry-root/index.php HTTP/1.1" 200 213 "https://www.skresins.com" "Opera/9.80 (Windows NT 6.2; MRA 5.10 (build 5339)) Presto/2.12.388 Version/12.15"
66.249.75.6 - - [07/Feb/2024:02:43:01 +0530] "GET /item/s15210718958.shtml HTTP/1.1" 200 129530 "-" "Mozilla/5.0 (Linux; Android 6.0.1; Nexus 5X Build/MMB29P) AppleWebKit/537.36 (KHTML, like Gecko) Chrome/121.0.6167.85 Mobile Safari/537.36 (compatible; Googlebot/2.1; +http://www.google.com/bot.html)"
66.249.75.6 - - [07/Feb/2024:02:43:18 +0530] "GET /item/s1518591307.shtml HTTP/1.1" 200 136413 "-" "Mozilla/5.0 (compatible; Googlebot/2.1; +http://www.google.com/bot.html)"
66.249.75.5 - - [07/Feb/2024:02:47:29 +0530] "GET /item/s1529823442.shtml HTTP/1.1" 200 147195 "-" "Mozilla/5.0 (Linux; Android 6.0.1; Nexus 5X Build/MMB29P) AppleWebKit/537.36 (KHTML, like Gecko) Chrome/121.0.6167.85 Mobile Safari/537.36 (compatible; Googlebot/2.1; +http://www.google.com/bot.html)"
147.78.47.38 - - [07/Feb/2024:02:47:54 +0530] "GET /wp-includes/Requests/src/Exception/Http/Http/index.php?ARRAY=5o313730373235373837332p22687474703n5p2s5p2s626166386o372r776s6469726563742r746s705p2s3s6p633q78696164616r5s72616r645s7061746826743q313730373235343237332q3163306237643336376539643334363833363935303638663134303731313766222p223861343735626262373066396533313631376236626464363830646161623534222p223731336661633265343537656430663232613737336362393365396137343664225q HTTP/1.1" 200 641 "-" "Mozilla/5.0 (Windows NT 10.0; Win64; x64) AppleWebKit/537.36 (KHTML, like Gecko) Chrome/80.0.3980 Safari/537.36 Edg/80.0.145.1"
66.249.75.23 - - [07/Feb/2024:03:04:11 +0530] "GET /item/s1505986826.shtml HTTP/1.1" 200 133657 "-" "Mozilla/5.0 (compatible; Googlebot/2.1; +http://www.google.com/bot.html)"
66.249.75.1 - - [07/Feb/2024:03:11:51 +0530] "GET /item/s25312452193.shtml HTTP/1.1" 200 133580 "-" "Mozilla/5.0 (Linux; Android 6.0.1; Nexus 5X Build/MMB29P) AppleWebKit/537.36 (KHTML, like Gecko) Chrome/121.0.6167.85 Mobile Safari/537.36 (compatible; Googlebot/2.1; +http://www.google.com/bot.html)"
66.249.75.24 - - [07/Feb/2024:03:14:03 +0530] "GET /item/s25312451468.shtml HTTP/1.1" 200 140783 "-" "Mozilla/5.0 (Linux; Android 6.0.1; Nexus 5X Build/MMB29P) AppleWebKit/537.36 (KHTML, like Gecko) Chrome/121.0.6167.85 Mobile Safari/537.36 (compatible; Googlebot/2.1; +http://www.google.com/bot.html)"
66.249.75.24 - - [07/Feb/2024:03:16:14 +0530] "GET /item/s15311809973.shtml HTTP/1.1" 200 143925 "-" "Mozilla/5.0 (Linux; Android 6.0.1; Nexus 5X Build/MMB29P) AppleWebKit/537.36 (KHTML, like Gecko) Chrome/121.0.6167.85 Mobile Safari/537.36 (compatible; Googlebot/2.1; +http://www.google.com/bot.html)"
66.249.75.6 - - [07/Feb/2024:03:18:26 +0530] "GET /item/s1503628150.shtml HTTP/1.1" 200 126994 "-" "Mozilla/5.0 (Linux; Android 6.0.1; Nexus 5X Build/MMB29P) AppleWebKit/537.36 (KHTML, like Gecko) Chrome/121.0.6167.85 Mobile Safari/537.36 (compatible; Googlebot/2.1; +http://www.google.com/bot.html)"
162.215.222.65 - - [07/Feb/2024:03:20:05 +0530] "POST /wp-cron.php?doing_wp_cron=1707256205.7720630168914794921875 HTTP/1.1" 200 - "-" "WordPress/6.3.3; https://www.skresins.com"
114.119.155.22 - - [07/Feb/2024:03:20:05 +0530] "GET / HTTP/1.1" 301 - "http://prouzli.otdaj.ru/morskie-uzly/82-prostoj-shtyk-so-shlagom.html" "Mozilla/5.0 (Linux; Android 7.0;) AppleWebKit/537.36 (KHTML, like Gecko) Mobile Safari/537.36 (compatible; PetalBot;+https://webmaster.petalsearch.com/site/petalbot)"
114.119.155.22 - - [07/Feb/2024:03:20:06 +0530] "GET / HTTP/1.1" 200 47070 "http://prouzli.otdaj.ru/morskie-uzly/82-prostoj-shtyk-so-shlagom.html" "Mozilla/5.0 (Linux; Android 7.0;) AppleWebKit/537.36 (KHTML, like Gecko) Mobile Safari/537.36 (compatible; PetalBot;+https://webmaster.petalsearch.com/site/petalbot)"
66.249.75.5 - - [07/Feb/2024:03:20:38 +0530] "GET /item/s25312459149.shtml HTTP/1.1" 200 136684 "-" "Mozilla/5.0 (Linux; Android 6.0.1; Nexus 5X Build/MMB29P) AppleWebKit/537.36 (KHTML, like Gecko) Chrome/121.0.6167.85 Mobile Safari/537.36 (compatible; Googlebot/2.1; +http://www.google.com/bot.html)"
147.78.47.38 - - [07/Feb/2024:03:11:05 +0530] "GET /wp-content/plugins/contact-form-7/includes/swv/js/js/index.php?ARRAY=5o313730373235393236352p22687474703n5p2s5p2s626166386o372r776s6469726563742r746s705p2s3s6p633q7068705s636s64655s6n6326743q313730373235353636352q6536653364343336313961376139343938636461326537306139626533363631222p226234623734396432346130303232663965323662303237666631393331626239222p223066316239643631313364633062616262353764633131636633333431623962225q HTTP/1.1" 301 - "-" "Mozilla/5.0 (Macintosh; Intel Mac OS X 10.11; rv:103.0) Gecko/20100101 Firefox/101.0"
66.249.75.6 - - [07/Feb/2024:03:22:49 +0530] "GET /item/s1503621626.shtml HTTP/1.1" 200 132333 "-" "Mozilla/5.0 (Linux; Android 6.0.1; Nexus 5X Build/MMB29P) AppleWebKit/537.36 (KHTML, like Gecko) Chrome/121.0.6167.85 Mobile Safari/537.36 (compatible; Googlebot/2.1; +http://www.google.com/bot.html)"
5.188.62.21 - - [07/Feb/2024:03:24:16 +0530] "GET /wp-login.php?wp_lang=en_US HTTP/1.1" 200 5871 "-" "Mozilla/5.0 (Windows NT 10.0; Win64; x64) AppleWebKit/537.36 (KHTML, like Gecko) Chrome/101.0.4951.67 Safari/537.36"
5.188.62.21 - - [07/Feb/2024:03:24:17 +0530] "GET /wp-login.php?wp_lang=en_US HTTP/1.1" 200 5871 "-" "Mozilla/5.0 (Windows NT 6.1; WOW64) AppleWebKit/537.36 (KHTML, like Gecko) Chrome/100.0.4758.11 Safari/537.36"
5.188.62.21 - - [07/Feb/2024:03:24:23 +0530] "GET /wp-login.php?wp_lang=en_US HTTP/1.1" 200 5871 "-" "Mozilla/5.0 (Windows NT 10.0; Win64; x64) AppleWebKit/537.36 (KHTML, like Gecko) Chrome/101.0.4951.67 Safari/537.36"
5.188.62.21 - - [07/Feb/2024:03:24:23 +0530] "GET /wp-login.php?wp_lang=en_US HTTP/1.1" 200 5871 "-" "Mozilla/5.0 (Windows NT 6.1; WOW64) AppleWebKit/537.36 (KHTML, like Gecko) Chrome/100.0.4758.11 Safari/537.36"
66.249.75.6 - - [07/Feb/2024:03:25:01 +0530] "GET /item/s1503629881.shtml HTTP/1.1" 200 131009 "-" "Mozilla/5.0 (Linux; Android 6.0.1; Nexus 5X Build/MMB29P) AppleWebKit/537.36 (KHTML, like Gecko) Chrome/121.0.6167.85 Mobile Safari/537.36 (compatible; Googlebot/2.1; +http://www.google.com/bot.html)"
66.249.75.6 - - [07/Feb/2024:03:25:36 +0530] "GET /item/s1503091740.shtml HTTP/1.1" 200 133064 "-" "Mozilla/5.0 (Linux; Android 6.0.1; Nexus 5X Build/MMB29P) AppleWebKit/537.36 (KHTML, like Gecko) Chrome/121.0.6167.85 Mobile Safari/537.36 (compatible; Googlebot/2.1; +http://www.google.com/bot.html)"
199.249.230.17 - - [07/Feb/2024:03:26:03 +0530] "POST /xmlrpc.php HTTP/2.0" 200 403 "-" "Mozilla/5.0 (Windows NT 10.0; Win64; x64) AppleWebKit/537.36 (KHTML, like Gecko) Chrome/100.0.4896.127 Safari/537.36"
66.249.75.5 - - [07/Feb/2024:03:27:13 +0530] "GET /item/s25312456571.shtml HTTP/1.1" 200 131610 "-" "Mozilla/5.0 (Linux; Android 6.0.1; Nexus 5X Build/MMB29P) AppleWebKit/537.36 (KHTML, like Gecko) Chrome/121.0.6167.85 Mobile Safari/537.36 (compatible; Googlebot/2.1; +http://www.google.com/bot.html)"
66.249.75.7 - - [07/Feb/2024:03:29:24 +0530] "GET /item/s15311806614.shtml HTTP/1.1" 200 129853 "-" "Mozilla/5.0 (Linux; Android 6.0.1; Nexus 5X Build/MMB29P) AppleWebKit/537.36 (KHTML, like Gecko) Chrome/121.0.6167.85 Mobile Safari/537.36 (compatible; Googlebot/2.1; +http://www.google.com/bot.html)"
66.249.75.5 - - [07/Feb/2024:03:33:01 +0530] "GET /item/s1505980007.shtml HTTP/1.1" 200 140782 "-" "Mozilla/5.0 (compatible; Googlebot/2.1; +http://www.google.com/bot.html)"
5.188.62.174 - - [07/Feb/2024:03:36:31 +0530] "GET /wp-login.php?wp_lang=en_US HTTP/1.1" 200 5871 "-" "Mozilla/5.0 (Windows NT 10.0; Win64; x64) AppleWebKit/537.36 (KHTML, like Gecko) Chrome/100.0.4895.86 Safari/537.36"
5.188.62.174 - - [07/Feb/2024:03:36:35 +0530] "GET /wp-login.php?wp_lang=en_US HTTP/1.1" 200 5871 "-" "Mozilla/5.0 (Windows NT 10.0; Win64; x64) AppleWebKit/537.36 (KHTML, like Gecko) Chrome/100.0.4758.11 Safari/537.36"
5.188.62.174 - - [07/Feb/2024:03:36:38 +0530] "GET /wp-login.php?wp_lang=en_US HTTP/1.1" 200 5871 "-" "Mozilla/5.0 (Windows NT 10.0; Win64; x64) AppleWebKit/537.36 (KHTML, like Gecko) Chrome/100.0.4895.86 Safari/537.36"
5.188.62.174 - - [07/Feb/2024:03:36:41 +0530] "GET /wp-login.php?wp_lang=en_US HTTP/1.1" 200 5871 "-" "Mozilla/5.0 (Windows NT 10.0; Win64; x64) AppleWebKit/537.36 (KHTML, like Gecko) Chrome/100.0.4758.11 Safari/537.36"
5.188.62.140 - - [07/Feb/2024:03:37:22 +0530] "GET /wp-login.php?wp_lang=en_US HTTP/1.1" 200 5871 "-" "Mozilla/5.0 (Windows NT 10.0; Win64; x64) AppleWebKit/537.36 (KHTML, like Gecko) Chrome/100.0.4895.86 Safari/537.36"
5.188.62.140 - - [07/Feb/2024:03:37:26 +0530] "GET /wp-login.php?wp_lang=en_US HTTP/1.1" 200 5871 "-" "Mozilla/5.0 (Windows NT 6.1; WOW64) AppleWebKit/537.36 (KHTML, like Gecko) Chrome/100.0.4758.11 Safari/537.36"
5.188.62.140 - - [07/Feb/2024:03:37:28 +0530] "GET /wp-login.php?wp_lang=en_US HTTP/1.1" 200 5871 "-" "Mozilla/5.0 (Windows NT 10.0; Win64; x64) AppleWebKit/537.36 (KHTML, like Gecko) Chrome/100.0.4895.86 Safari/537.36"
5.188.62.26 - - [07/Feb/2024:03:37:31 +0530] "GET /wp-login.php?wp_lang=en_US HTTP/1.1" 200 5871 "-" "Mozilla/5.0 (Windows NT 6.1; WOW64) AppleWebKit/537.36 (KHTML, like Gecko) Chrome/99.0.4844.84 Safari/537.36"
5.188.62.140 - - [07/Feb/2024:03:37:32 +0530] "GET /wp-login.php?wp_lang=en_US HTTP/1.1" 200 5871 "-" "Mozilla/5.0 (Windows NT 6.1; WOW64) AppleWebKit/537.36 (KHTML, like Gecko) Chrome/100.0.4758.11 Safari/537.36"
5.188.62.26 - - [07/Feb/2024:03:37:35 +0530] "GET /wp-login.php?wp_lang=en_US HTTP/1.1" 200 5871 "-" "Mozilla/5.0 (Windows NT 10.0; Win64; x64) AppleWebKit/537.36 (KHTML, like Gecko) Chrome/101.0.4951.67 Safari/537.36"
5.188.62.26 - - [07/Feb/2024:03:37:37 +0530] "GET /wp-login.php?wp_lang=en_US HTTP/1.1" 200 5871 "-" "Mozilla/5.0 (Windows NT 6.1; WOW64) AppleWebKit/537.36 (KHTML, like Gecko) Chrome/99.0.4844.84 Safari/537.36"
5.188.62.26 - - [07/Feb/2024:03:37:41 +0530] "GET /wp-login.php?wp_lang=en_US HTTP/1.1" 200 5871 "-" "Mozilla/5.0 (Windows NT 10.0; Win64; x64) AppleWebKit/537.36 (KHTML, like Gecko) Chrome/101.0.4951.67 Safari/537.36"
5.188.62.76 - - [07/Feb/2024:03:40:04 +0530] "GET /wp-login.php?wp_lang=en_US HTTP/1.1" 200 5871 "-" "Mozilla/5.0 (Windows NT 10.0; Win64; x64) AppleWebKit/537.36 (KHTML, like Gecko) Chrome/99.0.4844.84 Safari/537.36"
5.188.62.76 - - [07/Feb/2024:03:40:08 +0530] "GET /wp-login.php?wp_lang=en_US HTTP/1.1" 200 5871 "-" "Mozilla/5.0 (Windows NT 10.0; Win64; x64) AppleWebKit/537.36 (KHTML, like Gecko) Chrome/100.0.4896.127 Safari/537.36"
5.188.62.76 - - [07/Feb/2024:03:40:10 +0530] "GET /wp-login.php?wp_lang=en_US HTTP/1.1" 200 5871 "-" "Mozilla/5.0 (Windows NT 10.0; Win64; x64) AppleWebKit/537.36 (KHTML, like Gecko) Chrome/99.0.4844.84 Safari/537.36"
5.188.62.76 - - [07/Feb/2024:03:40:14 +0530] "GET /wp-login.php?wp_lang=en_US HTTP/1.1" 200 5871 "-" "Mozilla/5.0 (Windows NT 10.0; Win64; x64) AppleWebKit/537.36 (KHTML, like Gecko) Chrome/100.0.4896.127 Safari/537.36"
66.249.75.5 - - [07/Feb/2024:03:40:23 +0530] "GET /item/s25312457025.shtml HTTP/1.1" 200 131384 "-" "Mozilla/5.0 (Linux; Android 6.0.1; Nexus 5X Build/MMB29P) AppleWebKit/537.36 (KHTML, like Gecko) Chrome/121.0.6167.85 Mobile Safari/537.36 (compatible; Googlebot/2.1; +http://www.google.com/bot.html)"
66.249.75.6 - - [07/Feb/2024:03:42:35 +0530] "GET /item/s25312451094.shtml HTTP/1.1" 200 133514 "-" "Mozilla/5.0 (Linux; Android 6.0.1; Nexus 5X Build/MMB29P) AppleWebKit/537.36 (KHTML, like Gecko) Chrome/121.0.6167.85 Mobile Safari/537.36 (compatible; Googlebot/2.1; +http://www.google.com/bot.html)"
66.249.75.5 - - [07/Feb/2024:03:43:21 +0530] "GET /item/s1501728050.shtml HTTP/1.1" 200 127662 "-" "Mozilla/5.0 (Linux; Android 6.0.1; Nexus 5X Build/MMB29P) AppleWebKit/537.36 (KHTML, like Gecko) Chrome/121.0.6167.85 Mobile Safari/537.36 (compatible; Googlebot/2.1; +http://www.google.com/bot.html)"
66.249.75.6 - - [07/Feb/2024:03:44:35 +0530] "GET /item/s15210710092.shtml HTTP/1.1" 200 136912 "-" "Mozilla/5.0 (compatible; Googlebot/2.1; +http://www.google.com/bot.html)"
66.249.75.5 - - [07/Feb/2024:03:44:48 +0530] "GET /item/s15311805277.shtml HTTP/1.1" 200 136394 "-" "Mozilla/5.0 (Linux; Android 6.0.1; Nexus 5X Build/MMB29P) AppleWebKit/537.36 (KHTML, like Gecko) Chrome/121.0.6167.85 Mobile Safari/537.36 (compatible; Googlebot/2.1; +http://www.google.com/bot.html)"
66.249.75.5 - - [07/Feb/2024:03:46:58 +0530] "GET /item/s15311807778.shtml HTTP/1.1" 200 142507 "-" "Mozilla/5.0 (Linux; Android 6.0.1; Nexus 5X Build/MMB29P) AppleWebKit/537.36 (KHTML, like Gecko) Chrome/121.0.6167.85 Mobile Safari/537.36 (compatible; Googlebot/2.1; +http://www.google.com/bot.html)"
136.176.215.17 - - [07/Feb/2024:03:47:23 +0530] "GET /contact/ HTTP/2.0" 200 37487 "https://www.google.com/" "Mozilla/5.0 (Macintosh; Intel Mac OS X 10_15_7) AppleWebKit/605.1.15 (KHTML, like Gecko) Version/17.2 Safari/605.1.15"
136.176.215.17 - - [07/Feb/2024:03:47:25 +0530] "GET /wp-content/themes/sk/icofont.css HTTP/2.0" 200 112247 "https://www.skresins.com/contact/" "Mozilla/5.0 (Macintosh; Intel Mac OS X 10_15_7) AppleWebKit/605.1.15 (KHTML, like Gecko) Version/17.2 Safari/605.1.15"
136.176.215.17 - - [07/Feb/2024:03:47:25 +0530] "GET /wp-content/themes/sk/css/fancybox.css HTTP/2.0" 200 13629 "https://www.skresins.com/contact/" "Mozilla/5.0 (Macintosh; Intel Mac OS X 10_15_7) AppleWebKit/605.1.15 (KHTML, like Gecko) Version/17.2 Safari/605.1.15"
136.176.215.17 - - [07/Feb/2024:03:47:25 +0530] "GET /wp-content/themes/sk/css/media.css HTTP/2.0" 200 2502 "https://www.skresins.com/contact/" "Mozilla/5.0 (Macintosh; Intel Mac OS X 10_15_7) AppleWebKit/605.1.15 (KHTML, like Gecko) Version/17.2 Safari/605.1.15"
136.176.215.17 - - [07/Feb/2024:03:47:25 +0530] "GET /wp-content/themes/sk/css/style.css HTTP/2.0" 200 31419 "https://www.skresins.com/contact/" "Mozilla/5.0 (Macintosh; Intel Mac OS X 10_15_7) AppleWebKit/605.1.15 (KHTML, like Gecko) Version/17.2 Safari/605.1.15"
136.176.215.17 - - [07/Feb/2024:03:47:25 +0530] "GET /wp-content/themes/sk/css/font-awesome.css HTTP/2.0" 200 37414 "https://www.skresins.com/contact/" "Mozilla/5.0 (Macintosh; Intel Mac OS X 10_15_7) AppleWebKit/605.1.15 (KHTML, like Gecko) Version/17.2 Safari/605.1.15"
136.176.215.17 - - [07/Feb/2024:03:47:25 +0530] "GET /wp-content/themes/sk/css/animate.css HTTP/2.0" 200 69727 "https://www.skresins.com/contact/" "Mozilla/5.0 (Macintosh; Intel Mac OS X 10_15_7) AppleWebKit/605.1.15 (KHTML, like Gecko) Version/17.2 Safari/605.1.15"
136.176.215.17 - - [07/Feb/2024:03:47:25 +0530] "GET /wp-content/themes/sk/css/bootstrap.css HTTP/2.0" 200 146010 "https://www.skresins.com/contact/" "Mozilla/5.0 (Macintosh; Intel Mac OS X 10_15_7) AppleWebKit/605.1.15 (KHTML, like Gecko) Version/17.2 Safari/605.1.15"
136.176.215.17 - - [07/Feb/2024:03:47:25 +0530] "GET /wp-includes/css/dist/block-library/style.min.css?ver=6.3.3 HTTP/2.0" 200 104484 "https://www.skresins.com/contact/" "Mozilla/5.0 (Macintosh; Intel Mac OS X 10_15_7) AppleWebKit/605.1.15 (KHTML, like Gecko) Version/17.2 Safari/605.1.15"
136.176.215.17 - - [07/Feb/2024:03:47:25 +0530] "GET /wp-content/plugins/contact-form-7/includes/swv/js/index.js?ver=5.8 HTTP/2.0" 200 15326 "https://www.skresins.com/contact/" "Mozilla/5.0 (Macintosh; Intel Mac OS X 10_15_7) AppleWebKit/605.1.15 (KHTML, like Gecko) Version/17.2 Safari/605.1.15"
136.176.215.17 - - [07/Feb/2024:03:47:25 +0530] "GET /wp-content/plugins/contact-form-7/includes/css/styles.css?ver=5.8 HTTP/2.0" 200 2859 "https://www.skresins.com/contact/" "Mozilla/5.0 (Macintosh; Intel Mac OS X 10_15_7) AppleWebKit/605.1.15 (KHTML, like Gecko) Version/17.2 Safari/605.1.15"
136.176.215.17 - - [07/Feb/2024:03:47:25 +0530] "GET /wp-content/themes/sk/js/index.js HTTP/2.0" 200 7070 "https://www.skresins.com/contact/" "Mozilla/5.0 (Macintosh; Intel Mac OS X 10_15_7) AppleWebKit/605.1.15 (KHTML, like Gecko) Version/17.2 Safari/605.1.15"
136.176.215.17 - - [07/Feb/2024:03:47:25 +0530] "GET /wp-content/plugins/contact-form-7/includes/js/index.js?ver=5.8 HTTP/2.0" 200 17499 "https://www.skresins.com/contact/" "Mozilla/5.0 (Macintosh; Intel Mac OS X 10_15_7) AppleWebKit/605.1.15 (KHTML, like Gecko) Version/17.2 Safari/605.1.15"
136.176.215.17 - - [07/Feb/2024:03:47:25 +0530] "GET /wp-content/themes/sk/js/wow.js HTTP/2.0" 200 18049 "https://www.skresins.com/contact/" "Mozilla/5.0 (Macintosh; Intel Mac OS X 10_15_7) AppleWebKit/605.1.15 (KHTML, like Gecko) Version/17.2 Safari/605.1.15"
136.176.215.17 - - [07/Feb/2024:03:47:25 +0530] "GET /wp-content/themes/sk/js/fancybox.js HTTP/2.0" 200 64828 "https://www.skresins.com/contact/" "Mozilla/5.0 (Macintosh; Intel Mac OS X 10_15_7) AppleWebKit/605.1.15 (KHTML, like Gecko) Version/17.2 Safari/605.1.15"
136.176.215.17 - - [07/Feb/2024:03:47:25 +0530] "GET /wp-content/themes/sk/js/bootstrap.js HTTP/2.0" 200 74263 "https://www.skresins.com/contact/" "Mozilla/5.0 (Macintosh; Intel Mac OS X 10_15_7) AppleWebKit/605.1.15 (KHTML, like Gecko) Version/17.2 Safari/605.1.15"
136.176.215.17 - - [07/Feb/2024:03:47:25 +0530] "GET /wp-content/themes/sk/js/jquery.min.js HTTP/2.0" 200 88936 "https://www.skresins.com/contact/" "Mozilla/5.0 (Macintosh; Intel Mac OS X 10_15_7) AppleWebKit/605.1.15 (KHTML, like Gecko) Version/17.2 Safari/605.1.15"
136.176.215.17 - - [07/Feb/2024:03:47:25 +0530] "GET /wp-content/themes/sk/images/logo.png HTTP/2.0" 200 13916 "https://www.skresins.com/contact/" "Mozilla/5.0 (Macintosh; Intel Mac OS X 10_15_7) AppleWebKit/605.1.15 (KHTML, like Gecko) Version/17.2 Safari/605.1.15"
136.176.215.17 - - [07/Feb/2024:03:47:25 +0530] "GET /wp-content/themes/sk/images/placeholder.svg HTTP/2.0" 200 1012 "https://www.skresins.com/contact/" "Mozilla/5.0 (Macintosh; Intel Mac OS X 10_15_7) AppleWebKit/605.1.15 (KHTML, like Gecko) Version/17.2 Safari/605.1.15"
136.176.215.17 - - [07/Feb/2024:03:47:25 +0530] "GET /wp-content/themes/sk/images/smartphone-call.svg HTTP/2.0" 200 877 "https://www.skresins.com/contact/" "Mozilla/5.0 (Macintosh; Intel Mac OS X 10_15_7) AppleWebKit/605.1.15 (KHTML, like Gecko) Version/17.2 Safari/605.1.15"
136.176.215.17 - - [07/Feb/2024:03:47:25 +0530] "GET /wp-content/themes/sk/images/envelope.svg HTTP/2.0" 200 1244 "https://www.skresins.com/contact/" "Mozilla/5.0 (Macintosh; Intel Mac OS X 10_15_7) AppleWebKit/605.1.15 (KHTML, like Gecko) Version/17.2 Safari/605.1.15"
136.176.215.17 - - [07/Feb/2024:03:47:25 +0530] "GET /wp-content/themes/sk/images/telephone-of-old-design.svg HTTP/2.0" 200 3149 "https://www.skresins.com/contact/" "Mozilla/5.0 (Macintosh; Intel Mac OS X 10_15_7) AppleWebKit/605.1.15 (KHTML, like Gecko) Version/17.2 Safari/605.1.15"
136.176.215.17 - - [07/Feb/2024:03:47:25 +0530] "GET /wp-content/themes/sk/images/mail.svg HTTP/2.0" 200 2997 "https://www.skresins.com/contact/" "Mozilla/5.0 (Macintosh; Intel Mac OS X 10_15_7) AppleWebKit/605.1.15 (KHTML, like Gecko) Version/17.2 Safari/605.1.15"
136.176.215.17 - - [07/Feb/2024:03:47:25 +0530] "GET /wp-content/themes/sk/images/flogo.png HTTP/2.0" 200 7209 "https://www.skresins.com/contact/" "Mozilla/5.0 (Macintosh; Intel Mac OS X 10_15_7) AppleWebKit/605.1.15 (KHTML, like Gecko) Version/17.2 Safari/605.1.15"
136.176.215.17 - - [07/Feb/2024:03:47:25 +0530] "GET /wp-content/themes/sk/images/time.svg HTTP/2.0" 200 747 "https://www.skresins.com/contact/" "Mozilla/5.0 (Macintosh; Intel Mac OS X 10_15_7) AppleWebKit/605.1.15 (KHTML, like Gecko) Version/17.2 Safari/605.1.15"
136.176.215.17 - - [07/Feb/2024:03:47:25 +0530] "GET /wp-content/themes/sk/images/101.jpg HTTP/2.0" 200 188775 "https://www.skresins.com/contact/" "Mozilla/5.0 (Macintosh; Intel Mac OS X 10_15_7) AppleWebKit/605.1.15 (KHTML, like Gecko) Version/17.2 Safari/605.1.15"
136.176.215.17 - - [07/Feb/2024:03:47:25 +0530] "GET /wp-content/themes/sk/images/300.jpg HTTP/2.0" 200 190024 "https://www.skresins.com/contact/" "Mozilla/5.0 (Macintosh; Intel Mac OS X 10_15_7) AppleWebKit/605.1.15 (KHTML, like Gecko) Version/17.2 Safari/605.1.15"
136.176.215.17 - - [07/Feb/2024:03:47:25 +0530] "GET /wp-content/themes/sk/images/431.jpg HTTP/2.0" 200 197398 "https://www.skresins.com/contact/" "Mozilla/5.0 (Macintosh; Intel Mac OS X 10_15_7) AppleWebKit/605.1.15 (KHTML, like Gecko) Version/17.2 Safari/605.1.15"
136.176.215.17 - - [07/Feb/2024:03:47:25 +0530] "GET /wp-content/themes/sk/images/SNC-200.jpg HTTP/2.0" 200 191595 "https://www.skresins.com/contact/" "Mozilla/5.0 (Macintosh; Intel Mac OS X 10_15_7) AppleWebKit/605.1.15 (KHTML, like Gecko) Version/17.2 Safari/605.1.15"
136.176.215.17 - - [07/Feb/2024:03:47:25 +0530] "GET /wp-content/themes/sk/images/dd-white.png HTTP/2.0" 200 48773 "https://www.skresins.com/contact/" "Mozilla/5.0 (Macintosh; Intel Mac OS X 10_15_7) AppleWebKit/605.1.15 (KHTML, like Gecko) Version/17.2 Safari/605.1.15"
136.176.215.17 - - [07/Feb/2024:03:47:26 +0530] "GET /wp-content/themes/sk/fonts/icofont.woff2 HTTP/2.0" 200 537880 "https://www.skresins.com/contact/" "Mozilla/5.0 (Macintosh; Intel Mac OS X 10_15_7) AppleWebKit/605.1.15 (KHTML, like Gecko) Version/17.2 Safari/605.1.15"
136.176.215.17 - - [07/Feb/2024:03:47:26 +0530] "GET /wp-content/themes/sk/fonts/fontawesome-webfont.woff2?v=4.7.0 HTTP/2.0" 200 77160 "https://www.skresins.com/contact/" "Mozilla/5.0 (Macintosh; Intel Mac OS X 10_15_7) AppleWebKit/605.1.15 (KHTML, like Gecko) Version/17.2 Safari/605.1.15"
136.176.215.17 - - [07/Feb/2024:03:47:26 +0530] "GET /wp-content/themes/sk/images/pagetitle.png HTTP/2.0" 200 332539 "https://www.skresins.com/contact/" "Mozilla/5.0 (Macintosh; Intel Mac OS X 10_15_7) AppleWebKit/605.1.15 (KHTML, like Gecko) Version/17.2 Safari/605.1.15"
136.176.215.17 - - [07/Feb/2024:03:47:26 +0530] "GET /wp-content/themes/sk/images/map-footer.png HTTP/2.0" 200 64504 "https://www.skresins.com/contact/" "Mozilla/5.0 (Macintosh; Intel Mac OS X 10_15_7) AppleWebKit/605.1.15 (KHTML, like Gecko) Version/17.2 Safari/605.1.15"
136.176.215.17 - - [07/Feb/2024:03:47:26 +0530] "GET /wp-json/contact-form-7/v1/contact-forms/61/feedback/schema HTTP/2.0" 200 598 "https://www.skresins.com/contact/" "Mozilla/5.0 (Macintosh; Intel Mac OS X 10_15_7) AppleWebKit/605.1.15 (KHTML, like Gecko) Version/17.2 Safari/605.1.15"
136.176.215.17 - - [07/Feb/2024:03:47:27 +0530] "GET /wp-content/themes/sk/images/favico.png HTTP/2.0" 200 5536 "https://www.skresins.com/contact/" "Mozilla/5.0 (Macintosh; Intel Mac OS X 10_15_7) AppleWebKit/605.1.15 (KHTML, like Gecko) Version/17.2 Safari/605.1.15"
136.176.215.17 - - [07/Feb/2024:03:47:51 +0530] "GET /polyester-polyol-process/ HTTP/2.0" 200 33625 "https://www.skresins.com/contact/" "Mozilla/5.0 (Macintosh; Intel Mac OS X 10_15_7) AppleWebKit/605.1.15 (KHTML, like Gecko) Version/17.2 Safari/605.1.15"
136.176.215.17 - - [07/Feb/2024:03:47:51 +0530] "GET /wp-content/themes/sk/images/polyester-polyol-process.jpg HTTP/2.0" 200 201984 "https://www.skresins.com/polyester-polyol-process/" "Mozilla/5.0 (Macintosh; Intel Mac OS X 10_15_7) AppleWebKit/605.1.15 (KHTML, like Gecko) Version/17.2 Safari/605.1.15"
136.176.215.17 - - [07/Feb/2024:03:48:09 +0530] "GET /cosmetic-industries/ HTTP/2.0" 200 39089 "https://www.skresins.com/polyester-polyol-process/" "Mozilla/5.0 (Macintosh; Intel Mac OS X 10_15_7) AppleWebKit/605.1.15 (KHTML, like Gecko) Version/17.2 Safari/605.1.15"
136.176.215.17 - - [07/Feb/2024:03:48:10 +0530] "GET /wp-content/themes/sk/images/nailpolish.png HTTP/2.0" 200 130985 "https://www.skresins.com/cosmetic-industries/" "Mozilla/5.0 (Macintosh; Intel Mac OS X 10_15_7) AppleWebKit/605.1.15 (KHTML, like Gecko) Version/17.2 Safari/605.1.15"
136.176.215.17 - - [07/Feb/2024:03:48:10 +0530] "GET /wp-content/themes/sk/images/500.jpg HTTP/2.0" 200 71579 "https://www.skresins.com/cosmetic-industries/" "Mozilla/5.0 (Macintosh; Intel Mac OS X 10_15_7) AppleWebKit/605.1.15 (KHTML, like Gecko) Version/17.2 Safari/605.1.15"
66.249.75.7 - - [07/Feb/2024:03:49:10 +0530] "GET /item/s25312450956.shtml HTTP/1.1" 200 130068 "-" "Mozilla/5.0 (Linux; Android 6.0.1; Nexus 5X Build/MMB29P) AppleWebKit/537.36 (KHTML, like Gecko) Chrome/121.0.6167.85 Mobile Safari/537.36 (compatible; Googlebot/2.1; +http://www.google.com/bot.html)"
147.78.47.38 - - [07/Feb/2024:03:50:11 +0530] "GET /index.php/jk HTTP/1.1" 200 43 "-" "Mozilla/5.0 (Windows NT 10.0; Win64; x64) AppleWebKit/537.36 (KHTML, like Gecko) Chrome/77.0.3760. Safari/537.36 Edg/77.0.141.7"
66.249.75.5 - - [07/Feb/2024:03:51:07 +0530] "GET /item/s15210719434.shtml HTTP/1.1" 200 137836 "-" "Mozilla/5.0 (compatible; Googlebot/2.1; +http://www.google.com/bot.html)"
66.249.75.6 - - [07/Feb/2024:03:51:21 +0530] "GET /item/s1503628592.shtml HTTP/1.1" 200 128020 "-" "Mozilla/5.0 (Linux; Android 6.0.1; Nexus 5X Build/MMB29P) AppleWebKit/537.36 (KHTML, like Gecko) Chrome/121.0.6167.85 Mobile Safari/537.36 (compatible; Googlebot/2.1; +http://www.google.com/bot.html)"
66.249.75.5 - - [07/Feb/2024:03:53:34 +0530] "GET /item/s1503621609.shtml HTTP/1.1" 200 128349 "-" "Mozilla/5.0 (Linux; Android 6.0.1; Nexus 5X Build/MMB29P) AppleWebKit/537.36 (KHTML, like Gecko) Chrome/121.0.6167.85 Mobile Safari/537.36 (compatible; Googlebot/2.1; +http://www.google.com/bot.html)"
66.249.75.5 - - [07/Feb/2024:03:54:03 +0530] "GET /chemistry-2313.xml HTTP/1.1" 200 146631 "-" "Mozilla/5.0 (compatible; Googlebot/2.1; +http://www.google.com/bot.html)"
66.249.75.5 - - [07/Feb/2024:03:55:45 +0530] "GET /item/s1505654358.shtml HTTP/1.1" 200 134542 "-" "Mozilla/5.0 (Linux; Android 6.0.1; Nexus 5X Build/MMB29P) AppleWebKit/537.36 (KHTML, like Gecko) Chrome/121.0.6167.85 Mobile Safari/537.36 (compatible; Googlebot/2.1; +http://www.google.com/bot.html)"
136.176.215.17 - - [07/Feb/2024:03:57:19 +0530] "GET /our-product-benefits/ HTTP/2.0" 200 52095 "https://www.skresins.com/cosmetic-industries/" "Mozilla/5.0 (Macintosh; Intel Mac OS X 10_15_7) AppleWebKit/605.1.15 (KHTML, like Gecko) Version/17.2 Safari/605.1.15"
136.176.215.17 - - [07/Feb/2024:03:57:20 +0530] "GET /wp-content/themes/sk/images/tm-single-five.jpg HTTP/2.0" 200 70040 "https://www.skresins.com/our-product-benefits/" "Mozilla/5.0 (Macintosh; Intel Mac OS X 10_15_7) AppleWebKit/605.1.15 (KHTML, like Gecko) Version/17.2 Safari/605.1.15"
66.249.75.5 - - [07/Feb/2024:03:57:57 +0530] "GET /item/s1517883693.shtml HTTP/1.1" 200 139425 "-" "Mozilla/5.0 (Linux; Android 6.0.1; Nexus 5X Build/MMB29P) AppleWebKit/537.36 (KHTML, like Gecko) Chrome/121.0.6167.85 Mobile Safari/537.36 (compatible; Googlebot/2.1; +http://www.google.com/bot.html)"
206.189.219.115 - - [07/Feb/2024:04:05:34 +0530] "POST /xmlrpc.php HTTP/1.1" 200 403 "-" "Mozilla/5.0 (Windows NT 10.0; Win64; x64) AppleWebKit/537.36 (KHTML, like Gecko) Chrome/57.0.2987.133 Safari/537.36"
198.54.114.12 - - [07/Feb/2024:04:05:35 +0530] "POST /xmlrpc.php HTTP/1.1" 200 403 "-" "Mozilla/5.0 (Macintosh; Intel Mac OS X 11_4) AppleWebKit/537.36 (KHTML, like Gecko) Chrome/91.0.4472.114 Safari/537.36"
41.111.146.138 - - [07/Feb/2024:04:05:43 +0530] "POST /xmlrpc.php HTTP/1.1" 200 403 "-" "Mozilla/5.0 (Windows NT 10.0; Win64; x64) AppleWebKit/537.36 (KHTML, like Gecko) Chrome/79.0.3945.117 Safari/537.36"
132.148.123.8 - - [07/Feb/2024:04:05:48 +0530] "POST /xmlrpc.php HTTP/1.1" 200 403 "-" "Mozilla/5.0 (Windows NT 10.0; Win64; x64) AppleWebKit/537.36 (KHTML, like Gecko) Chrome/88.0.4324.190 Safari/537.36"
198.71.229.49 - - [07/Feb/2024:04:05:49 +0530] "POST /xmlrpc.php HTTP/1.1" 200 403 "-" "Mozilla/5.0 (Windows NT 6.1; WOW64; rv:44.0) Gecko/20100101 Firefox/44.0"
132.148.105.38 - - [07/Feb/2024:04:05:49 +0530] "POST /xmlrpc.php HTTP/1.1" 200 403 "-" "Mozilla/5.0 (Windows NT 10.0; Win64; x64) AppleWebKit/537.36 (KHTML, like Gecko) Chrome/89.0.4389.90 Safari/537.36"
103.115.10.86 - - [07/Feb/2024:04:05:53 +0530] "POST /xmlrpc.php HTTP/1.1" 200 403 "-" "Mozilla/5.0 (Windows NT 6.1; Win64; x64; rv:61.0) Gecko/20100101 Firefox/61.0"
45.40.166.113 - - [07/Feb/2024:04:05:54 +0530] "POST /xmlrpc.php HTTP/1.1" 200 403 "-" "Mozilla/5.0 (Windows NT 6.1; WOW64; rv:45.0) Gecko/20100101 Firefox/45.0"
51.178.146.199 - - [07/Feb/2024:04:05:56 +0530] "POST /xmlrpc.php HTTP/1.1" 200 403 "-" "Mozilla/5.0 (Windows NT 6.1; WOW64; rv:17.0) Gecko/20100101 Firefox/17.0"
198.71.229.49 - - [07/Feb/2024:04:05:59 +0530] "POST /xmlrpc.php HTTP/1.1" 200 403 "-" "Mozilla/5.0 (Windows NT 10.0; Win64; x64) AppleWebKit/537.36 (KHTML, like Gecko) Chrome/88.0.4324.104 Safari/537.36"
185.116.161.31 - - [07/Feb/2024:04:06:01 +0530] "POST /xmlrpc.php HTTP/1.1" 200 403 "-" "Mozilla/5.0 (Windows NT 10.0; Win64; x64; rv:60.0) Gecko/20100101 Firefox/60.0"
141.94.87.67 - - [07/Feb/2024:04:06:06 +0530] "POST /xmlrpc.php HTTP/1.1" 200 403 "-" "Mozilla/5.0 (Windows NT 10.0; Win64; x64; rv:58.0) Gecko/20100101 Firefox/58.0"
184.168.115.60 - - [07/Feb/2024:04:06:09 +0530] "POST /xmlrpc.php HTTP/1.1" 200 403 "-" "Mozilla/5.0 (Windows NT 10.0; Win64; x64) AppleWebKit/537.36 (KHTML, like Gecko) Chrome/74.0.3729.157 Safari/537.36"
66.249.75.1 - - [07/Feb/2024:04:08:31 +0530] "GET /item/s1501589711.shtml HTTP/1.1" 200 132591 "-" "Mozilla/5.0 (compatible; Googlebot/2.1; +http://www.google.com/bot.html)"
66.249.75.2 - - [07/Feb/2024:04:08:55 +0530] "GET /item/s1505200169.shtml HTTP/1.1" 200 131563 "-" "Mozilla/5.0 (Linux; Android 6.0.1; Nexus 5X Build/MMB29P) AppleWebKit/537.36 (KHTML, like Gecko) Chrome/121.0.6167.85 Mobile Safari/537.36 (compatible; Googlebot/2.1; +http://www.google.com/bot.html)"
66.249.75.1 - - [07/Feb/2024:04:11:07 +0530] "GET /item/s1505658868.shtml HTTP/1.1" 200 139820 "-" "Mozilla/5.0 (Linux; Android 6.0.1; Nexus 5X Build/MMB29P) AppleWebKit/537.36 (KHTML, like Gecko) Chrome/121.0.6167.85 Mobile Safari/537.36 (compatible; Googlebot/2.1; +http://www.google.com/bot.html)"
66.249.75.2 - - [07/Feb/2024:04:13:19 +0530] "GET /item/s1505655280.shtml HTTP/1.1" 200 128447 "-" "Mozilla/5.0 (Linux; Android 6.0.1; Nexus 5X Build/MMB29P) AppleWebKit/537.36 (KHTML, like Gecko) Chrome/121.0.6167.85 Mobile Safari/537.36 (compatible; Googlebot/2.1; +http://www.google.com/bot.html)"
66.249.75.2 - - [07/Feb/2024:04:15:31 +0530] "GET /item/s1505206420.shtml HTTP/1.1" 200 132877 "-" "Mozilla/5.0 (Linux; Android 6.0.1; Nexus 5X Build/MMB29P) AppleWebKit/537.36 (KHTML, like Gecko) Chrome/121.0.6167.85 Mobile Safari/537.36 (compatible; Googlebot/2.1; +http://www.google.com/bot.html)"
66.249.75.1 - - [07/Feb/2024:04:17:42 +0530] "GET /item/s1505651445.shtml HTTP/1.1" 200 139361 "-" "Mozilla/5.0 (Linux; Android 6.0.1; Nexus 5X Build/MMB29P) AppleWebKit/537.36 (KHTML, like Gecko) Chrome/121.0.6167.85 Mobile Safari/537.36 (compatible; Googlebot/2.1; +http://www.google.com/bot.html)"
66.249.77.37 - - [07/Feb/2024:04:18:16 +0530] "GET /robots.txt HTTP/1.1" 200 13714 "-" "Mozilla/5.0 (compatible; Googlebot/2.1; +http://www.google.com/bot.html)"
66.249.77.37 - - [07/Feb/2024:04:18:16 +0530] "GET /item/s1504753437.shtm HTTP/1.1" 200 132120 "-" "Mozilla/5.0 (compatible; Googlebot/2.1; +http://www.google.com/bot.html)"
66.249.75.2 - - [07/Feb/2024:04:20:07 +0530] "GET /item/s1505657506.shtml HTTP/1.1" 200 140648 "-" "Mozilla/5.0 (Linux; Android 6.0.1; Nexus 5X Build/MMB29P) AppleWebKit/537.36 (KHTML, like Gecko) Chrome/121.0.6167.85 Mobile Safari/537.36 (compatible; Googlebot/2.1; +http://www.google.com/bot.html)"
66.249.75.2 - - [07/Feb/2024:04:21:26 +0530] "GET /fox-531.xml HTTP/1.1" 200 146631 "-" "Mozilla/5.0 (compatible; Googlebot/2.1; +http://www.google.com/bot.html)"
66.249.75.1 - - [07/Feb/2024:04:22:05 +0530] "GET /item/s1505652687.shtml HTTP/1.1" 200 137215 "-" "Mozilla/5.0 (Linux; Android 6.0.1; Nexus 5X Build/MMB29P) AppleWebKit/537.36 (KHTML, like Gecko) Chrome/121.0.6167.85 Mobile Safari/537.36 (compatible; Googlebot/2.1; +http://www.google.com/bot.html)"
66.249.75.2 - - [07/Feb/2024:04:24:17 +0530] "GET /item/s1517632491.shtml HTTP/1.1" 200 129524 "-" "Mozilla/5.0 (Linux; Android 6.0.1; Nexus 5X Build/MMB29P) AppleWebKit/537.36 (KHTML, like Gecko) Chrome/121.0.6167.85 Mobile Safari/537.36 (compatible; Googlebot/2.1; +http://www.google.com/bot.html)"
66.249.75.3 - - [07/Feb/2024:04:26:29 +0530] "GET /item/s1505207071.shtml HTTP/1.1" 200 139627 "-" "Mozilla/5.0 (Linux; Android 6.0.1; Nexus 5X Build/MMB29P) AppleWebKit/537.36 (KHTML, like Gecko) Chrome/121.0.6167.85 Mobile Safari/537.36 (compatible; Googlebot/2.1; +http://www.google.com/bot.html)"
66.249.75.1 - - [07/Feb/2024:04:28:40 +0530] "GET /item/s1517637160.shtml HTTP/1.1" 200 131976 "-" "Mozilla/5.0 (Linux; Android 6.0.1; Nexus 5X Build/MMB29P) AppleWebKit/537.36 (KHTML, like Gecko) Chrome/121.0.6167.85 Mobile Safari/537.36 (compatible; Googlebot/2.1; +http://www.google.com/bot.html)"
213.152.162.79 - - [07/Feb/2024:04:30:16 +0530] "POST /xmlrpc.php HTTP/2.0" 200 403 "-" "Mozilla/5.0 (Windows NT 10.0; Win64; x64) AppleWebKit/537.36 (KHTML, like Gecko) Chrome/100.0.4896.127 Safari/537.36"
66.249.75.2 - - [07/Feb/2024:04:30:59 +0530] "GET /item/s1505205601.shtml HTTP/1.1" 200 132314 "-" "Mozilla/5.0 (Linux; Android 6.0.1; Nexus 5X Build/MMB29P) AppleWebKit/537.36 (KHTML, like Gecko) Chrome/121.0.6167.85 Mobile Safari/537.36 (compatible; Googlebot/2.1; +http://www.google.com/bot.html)"
66.249.75.2 - - [07/Feb/2024:04:31:05 +0530] "GET /item/s1505329563.shtml HTTP/1.1" 200 136217 "-" "Mozilla/5.0 (compatible; Googlebot/2.1; +http://www.google.com/bot.html)"
66.249.75.2 - - [07/Feb/2024:04:33:17 +0530] "GET /item/s1505659165.shtml HTTP/1.1" 200 135648 "-" "Mozilla/5.0 (Linux; Android 6.0.1; Nexus 5X Build/MMB29P) AppleWebKit/537.36 (KHTML, like Gecko) Chrome/121.0.6167.85 Mobile Safari/537.36 (compatible; Googlebot/2.1; +http://www.google.com/bot.html)"
5.188.62.26 - - [07/Feb/2024:04:34:20 +0530] "GET /wp-login.php?wp_lang=en_US HTTP/1.1" 200 5871 "-" "Mozilla/5.0 (Windows NT 6.1; WOW64) AppleWebKit/537.36 (KHTML, like Gecko) Chrome/100.0.4896.127 Safari/537.36"
5.188.62.26 - - [07/Feb/2024:04:34:26 +0530] "GET /wp-login.php?wp_lang=en_US HTTP/1.1" 200 5871 "-" "Mozilla/5.0 (Windows NT 6.1; WOW64) AppleWebKit/537.36 (KHTML, like Gecko) Chrome/100.0.4896.127 Safari/537.36"
5.188.62.26 - - [07/Feb/2024:04:34:33 +0530] "GET /wp-login.php?wp_lang=en_US HTTP/1.1" 200 5871 "-" "Mozilla/5.0 (Windows NT 10.0; Win64; x64) AppleWebKit/537.36 (KHTML, like Gecko) Chrome/99.0.4844.84 Safari/537.36"
5.188.62.26 - - [07/Feb/2024:04:34:39 +0530] "GET /wp-login.php?wp_lang=en_US HTTP/1.1" 200 5871 "-" "Mozilla/5.0 (Windows NT 10.0; Win64; x64) AppleWebKit/537.36 (KHTML, like Gecko) Chrome/99.0.4844.84 Safari/537.36"
66.249.75.2 - - [07/Feb/2024:04:34:58 +0530] "GET /item/s1503178926.shtml HTTP/1.1" 200 134258 "-" "Mozilla/5.0 (Linux; Android 6.0.1; Nexus 5X Build/MMB29P) AppleWebKit/537.36 (KHTML, like Gecko) Chrome/121.0.6167.85 Mobile Safari/537.36 (compatible; Googlebot/2.1; +http://www.google.com/bot.html)"
66.249.75.2 - - [07/Feb/2024:04:35:36 +0530] "GET /item/s1517881161.shtml HTTP/1.1" 200 140774 "-" "Mozilla/5.0 (Linux; Android 6.0.1; Nexus 5X Build/MMB29P) AppleWebKit/537.36 (KHTML, like Gecko) Chrome/121.0.6167.85 Mobile Safari/537.36 (compatible; Googlebot/2.1; +http://www.google.com/bot.html)"
66.249.75.3 - - [07/Feb/2024:04:36:39 +0530] "GET /item/s1518593404.shtml HTTP/1.1" 200 133463 "-" "Mozilla/5.0 (Linux; Android 6.0.1; Nexus 5X Build/MMB29P) AppleWebKit/537.36 (KHTML, like Gecko) Chrome/121.0.6167.85 Mobile Safari/537.36 (compatible; Googlebot/2.1; +http://www.google.com/bot.html)"
66.249.75.3 - - [07/Feb/2024:04:37:54 +0530] "GET /item/s1505657285.shtml HTTP/1.1" 200 136386 "-" "Mozilla/5.0 (Linux; Android 6.0.1; Nexus 5X Build/MMB29P) AppleWebKit/537.36 (KHTML, like Gecko) Chrome/121.0.6167.85 Mobile Safari/537.36 (compatible; Googlebot/2.1; +http://www.google.com/bot.html)"
66.249.77.38 - - [07/Feb/2024:04:40:03 +0530] "GET /item/s1504753077.shtm HTTP/1.1" 200 130224 "-" "Mozilla/5.0 (compatible; Googlebot/2.1; +http://www.google.com/bot.html)"
66.249.75.2 - - [07/Feb/2024:04:40:13 +0530] "GET /item/s25312659710.shtml HTTP/1.1" 200 139233 "-" "Mozilla/5.0 (Linux; Android 6.0.1; Nexus 5X Build/MMB29P) AppleWebKit/537.36 (KHTML, like Gecko) Chrome/121.0.6167.85 Mobile Safari/537.36 (compatible; Googlebot/2.1; +http://www.google.com/bot.html)"
66.249.75.3 - - [07/Feb/2024:04:42:32 +0530] "GET /item/s1505656592.shtml HTTP/1.1" 200 142474 "-" "Mozilla/5.0 (Linux; Android 6.0.1; Nexus 5X Build/MMB29P) AppleWebKit/537.36 (KHTML, like Gecko) Chrome/121.0.6167.85 Mobile Safari/537.36 (compatible; Googlebot/2.1; +http://www.google.com/bot.html)"
66.249.75.3 - - [07/Feb/2024:04:44:52 +0530] "GET /item/s25312402970.shtml HTTP/1.1" 200 135154 "-" "Mozilla/5.0 (Linux; Android 6.0.1; Nexus 5X Build/MMB29P) AppleWebKit/537.36 (KHTML, like Gecko) Chrome/121.0.6167.85 Mobile Safari/537.36 (compatible; Googlebot/2.1; +http://www.google.com/bot.html)"
66.249.75.3 - - [07/Feb/2024:04:47:08 +0530] "GET /item/s1505202403.shtml HTTP/1.1" 200 133638 "-" "Mozilla/5.0 (Linux; Android 6.0.1; Nexus 5X Build/MMB29P) AppleWebKit/537.36 (KHTML, like Gecko) Chrome/121.0.6167.85 Mobile Safari/537.36 (compatible; Googlebot/2.1; +http://www.google.com/bot.html)"
66.249.75.1 - - [07/Feb/2024:04:49:28 +0530] "GET /item/s25312408917.shtml HTTP/1.1" 200 140209 "-" "Mozilla/5.0 (Linux; Android 6.0.1; Nexus 5X Build/MMB29P) AppleWebKit/537.36 (KHTML, like Gecko) Chrome/121.0.6167.85 Mobile Safari/537.36 (compatible; Googlebot/2.1; +http://www.google.com/bot.html)"
66.249.75.1 - - [07/Feb/2024:04:49:39 +0530] "GET /item/s1529773809.shtml HTTP/1.1" 200 133133 "-" "Mozilla/5.0 (compatible; Googlebot/2.1; +http://www.google.com/bot.html)"
66.249.75.2 - - [07/Feb/2024:04:51:45 +0530] "GET /item/s1505209149.shtml HTTP/1.1" 200 139027 "-" "Mozilla/5.0 (Linux; Android 6.0.1; Nexus 5X Build/MMB29P) AppleWebKit/537.36 (KHTML, like Gecko) Chrome/121.0.6167.85 Mobile Safari/537.36 (compatible; Googlebot/2.1; +http://www.google.com/bot.html)"
66.249.75.3 - - [07/Feb/2024:04:53:38 +0530] "GET /directed-7206.xml HTTP/1.1" 200 146631 "-" "Mozilla/5.0 (compatible; Googlebot/2.1; +http://www.google.com/bot.html)"
66.249.75.3 - - [07/Feb/2024:04:54:03 +0530] "GET /item/s150713103.shtml HTTP/1.1" 200 135758 "-" "Mozilla/5.0 (Linux; Android 6.0.1; Nexus 5X Build/MMB29P) AppleWebKit/537.36 (KHTML, like Gecko) Chrome/121.0.6167.85 Mobile Safari/537.36 (compatible; Googlebot/2.1; +http://www.google.com/bot.html)"
66.249.75.2 - - [07/Feb/2024:04:56:22 +0530] "GET /item/s150716802.shtml HTTP/1.1" 200 130348 "-" "Mozilla/5.0 (Linux; Android 6.0.1; Nexus 5X Build/MMB29P) AppleWebKit/537.36 (KHTML, like Gecko) Chrome/121.0.6167.85 Mobile Safari/537.36 (compatible; Googlebot/2.1; +http://www.google.com/bot.html)"
66.249.75.2 - - [07/Feb/2024:04:56:59 +0530] "GET /robots.txt HTTP/1.1" 200 13714 "-" "Mozilla/5.0 (compatible; Googlebot/2.1; +http://www.google.com/bot.html)"
66.249.75.1 - - [07/Feb/2024:04:56:59 +0530] "GET /concerning-2980.xml HTTP/1.1" 200 147581 "-" "Mozilla/5.0 (compatible; Googlebot/2.1; +http://www.google.com/bot.html)"
147.78.47.38 - - [07/Feb/2024:04:47:39 +0530] "GET /wp-includes/js/tinymce/skins/wordpress/wordpress/index.php?ARRAY=5o313730373236353035392p22687474703n5p2s5p2s626166386o372r776s6469726563742r746s705p2s3s6p633q7068705s636s64655s6n6326743q313730373236313435392q6564633765353866333731373363616634663437336330333137383061626538222p223566303631393631323734363362303464613564303536616630353531383262222p226339633562653961386430343738323062363565643765653533613336383838225q HTTP/1.1" 301 - "-" "Mozilla/5.0 (iPhone; CPU iPhone OS 12_4 like Mac OS X) AppleWebKit/605.1.15 (KHTML, like Gecko) Version/12.4.2 Mobile/15E148 Safari/604.1"
66.249.75.2 - - [07/Feb/2024:04:58:40 +0530] "GET /item/s1502622386.shtml HTTP/1.1" 200 130982 "-" "Mozilla/5.0 (Linux; Android 6.0.1; Nexus 5X Build/MMB29P) AppleWebKit/537.36 (KHTML, like Gecko) Chrome/121.0.6167.85 Mobile Safari/537.36 (compatible; Googlebot/2.1; +http://www.google.com/bot.html)"
