HEX
Server: LiteSpeed
System: Linux server.innovtouch.com 5.15.0-152-generic #162-Ubuntu SMP Wed Jul 23 09:48:42 UTC 2025 x86_64
User: skresins (10152)
PHP: 8.2.29
Disabled: opcache_get_status
Upload Files
File: /var/www/vhosts/skresins.com/cpanel_raw_logs/skresins.com-ssl_log
66.249.75.5 - - [06/Feb/2024:17:34:25 +0530] "GET /item/s1503073938.shtml HTTP/1.1" 200 142068 "-" "Mozilla/5.0 (Linux; Android 6.0.1; Nexus 5X Build/MMB29P) AppleWebKit/537.36 (KHTML, like Gecko) Chrome/121.0.6167.85 Mobile Safari/537.36 (compatible; Googlebot/2.1; +http://www.google.com/bot.html)"
173.236.193.42 - - [06/Feb/2024:17:34:24 +0530] "POST /wp-login.php HTTP/1.1" 200 6289 "-" "Mozilla/5.0 (Windows NT 6.1; Win64; x64) AppleWebKit/537.36 (KHTML, like Gecko) Chrome/78.0.3904.97 Safari/537.36"
103.97.209.82 - - [06/Feb/2024:17:35:11 +0530] "GET /wp-login.php HTTP/1.1" 200 5871 "-" "Mozilla/5.0 (X11; Fedora; Linux x86_64; rv:94.0) Gecko/20100101 Firefox/95.0"
103.97.209.82 - - [06/Feb/2024:17:35:12 +0530] "POST /wp-login.php HTTP/1.1" 200 6289 "-" "Mozilla/5.0 (X11; Fedora; Linux x86_64; rv:94.0) Gecko/20100101 Firefox/95.0"
114.119.149.159 - - [06/Feb/2024:17:35:16 +0530] "GET /pigments/ HTTP/1.1" 200 36151 "https://www.skresins.com/snb-100-series/" "Mozilla/5.0 (Linux; Android 7.0;) AppleWebKit/537.36 (KHTML, like Gecko) Mobile Safari/537.36 (compatible; PetalBot;+https://webmaster.petalsearch.com/site/petalbot)"
66.249.75.5 - - [06/Feb/2024:17:35:49 +0530] "GET /cooking-1198.xml HTTP/1.1" 200 147581 "-" "Mozilla/5.0 (compatible; Googlebot/2.1; +http://www.google.com/bot.html)"
68.178.149.21 - - [06/Feb/2024:17:36:28 +0530] "GET /wp-login.php HTTP/1.1" 200 5871 "-" "Mozilla/5.0 (X11; Fedora; Linux x86_64; rv:94.0) Gecko/20100101 Firefox/95.0"
68.178.149.21 - - [06/Feb/2024:17:36:30 +0530] "POST /wp-login.php HTTP/1.1" 200 6289 "-" "Mozilla/5.0 (X11; Fedora; Linux x86_64; rv:94.0) Gecko/20100101 Firefox/95.0"
66.249.75.5 - - [06/Feb/2024:17:36:31 +0530] "GET /item/s1503074556.shtml HTTP/1.1" 200 136457 "-" "Mozilla/5.0 (Linux; Android 6.0.1; Nexus 5X Build/MMB29P) AppleWebKit/537.36 (KHTML, like Gecko) Chrome/121.0.6167.85 Mobile Safari/537.36 (compatible; Googlebot/2.1; +http://www.google.com/bot.html)"
66.249.75.6 - - [06/Feb/2024:17:37:53 +0530] "GET /item/s1529826173.shtml HTTP/1.1" 200 132327 "-" "Mozilla/5.0 (compatible; Googlebot/2.1; +http://www.google.com/bot.html)"
66.249.75.5 - - [06/Feb/2024:17:38:36 +0530] "GET /item/s1503079843.shtml HTTP/1.1" 200 143573 "-" "Mozilla/5.0 (Linux; Android 6.0.1; Nexus 5X Build/MMB29P) AppleWebKit/537.36 (KHTML, like Gecko) Chrome/121.0.6167.85 Mobile Safari/537.36 (compatible; Googlebot/2.1; +http://www.google.com/bot.html)"
147.78.47.38 - - [06/Feb/2024:17:38:43 +0530] "GET /index.php/jk HTTP/1.1" 200 43 "-" "Mozilla/5.0 (Windows NT 6.1; WOW64; Trident/7.0; rv:11.0) like Gecko"
66.249.75.6 - - [06/Feb/2024:17:39:36 +0530] "GET /edward-3199.xml HTTP/1.1" 200 147581 "-" "Mozilla/5.0 (compatible; Googlebot/2.1; +http://www.google.com/bot.html)"
66.249.75.6 - - [06/Feb/2024:17:39:59 +0530] "GET /item/s1501586521.shtml HTTP/1.1" 200 135983 "-" "Mozilla/5.0 (compatible; Googlebot/2.1; +http://www.google.com/bot.html)"
66.249.75.5 - - [06/Feb/2024:17:40:42 +0530] "GET /item/s1503078492.shtml HTTP/1.1" 200 134297 "-" "Mozilla/5.0 (Linux; Android 6.0.1; Nexus 5X Build/MMB29P) AppleWebKit/537.36 (KHTML, like Gecko) Chrome/121.0.6167.85 Mobile Safari/537.36 (compatible; Googlebot/2.1; +http://www.google.com/bot.html)"
66.249.75.7 - - [06/Feb/2024:17:42:47 +0530] "GET /item/s1505348200.shtml HTTP/1.1" 200 130191 "-" "Mozilla/5.0 (Linux; Android 6.0.1; Nexus 5X Build/MMB29P) AppleWebKit/537.36 (KHTML, like Gecko) Chrome/121.0.6167.85 Mobile Safari/537.36 (compatible; Googlebot/2.1; +http://www.google.com/bot.html)"
195.158.4.210 - - [06/Feb/2024:17:44:54 +0530] "POST /wp-login.php HTTP/1.1" 200 6289 "-" "Mozilla/5.0 (Windows NT 6.1) AppleWebKit/537.36 (KHTML, like Gecko) Chrome/80.0.3987.149 Safari/537.36"
66.249.75.7 - - [06/Feb/2024:17:44:55 +0530] "GET /item/s1503070493.shtml HTTP/1.1" 200 131450 "-" "Mozilla/5.0 (Linux; Android 6.0.1; Nexus 5X Build/MMB29P) AppleWebKit/537.36 (KHTML, like Gecko) Chrome/121.0.6167.85 Mobile Safari/537.36 (compatible; Googlebot/2.1; +http://www.google.com/bot.html)"
68.178.148.7 - - [06/Feb/2024:17:45:17 +0530] "GET /wp-login.php HTTP/1.1" 200 5871 "-" "Mozilla/5.0 (X11; Fedora; Linux x86_64; rv:94.0) Gecko/20100101 Firefox/95.0"
68.178.148.7 - - [06/Feb/2024:17:45:19 +0530] "POST /wp-login.php HTTP/1.1" 200 6289 "-" "Mozilla/5.0 (X11; Fedora; Linux x86_64; rv:94.0) Gecko/20100101 Firefox/95.0"
66.249.75.5 - - [06/Feb/2024:17:45:47 +0530] "GET /plate-8316.xml HTTP/1.1" 200 147581 "-" "Mozilla/5.0 (compatible; Googlebot/2.1; +http://www.google.com/bot.html)"
154.0.169.64 - - [06/Feb/2024:17:46:11 +0530] "GET /wp-login.php HTTP/1.1" 200 5871 "-" "Mozilla/5.0 (X11; Fedora; Linux x86_64; rv:94.0) Gecko/20100101 Firefox/95.0"
154.0.169.64 - - [06/Feb/2024:17:46:13 +0530] "POST /wp-login.php HTTP/1.1" 200 6289 "-" "Mozilla/5.0 (X11; Fedora; Linux x86_64; rv:94.0) Gecko/20100101 Firefox/95.0"
66.249.75.7 - - [06/Feb/2024:17:46:58 +0530] "GET /item/s1505341971.shtml HTTP/1.1" 200 129946 "-" "Mozilla/5.0 (Linux; Android 6.0.1; Nexus 5X Build/MMB29P) AppleWebKit/537.36 (KHTML, like Gecko) Chrome/121.0.6167.85 Mobile Safari/537.36 (compatible; Googlebot/2.1; +http://www.google.com/bot.html)"
66.249.75.5 - - [06/Feb/2024:17:47:12 +0530] "GET /item/s1529829286.shtml HTTP/1.1" 200 148271 "-" "Mozilla/5.0 (Linux; Android 6.0.1; Nexus 5X Build/MMB29P) AppleWebKit/537.36 (KHTML, like Gecko) Chrome/121.0.6167.85 Mobile Safari/537.36 (compatible; Googlebot/2.1; +http://www.google.com/bot.html)"
66.249.75.6 - - [06/Feb/2024:17:47:26 +0530] "GET /item/s1506515127.shtml HTTP/1.1" 200 139436 "-" "Mozilla/5.0 (Linux; Android 6.0.1; Nexus 5X Build/MMB29P) AppleWebKit/537.36 (KHTML, like Gecko) Chrome/121.0.6167.85 Mobile Safari/537.36 (compatible; Googlebot/2.1; +http://www.google.com/bot.html)"
147.78.47.38 - - [06/Feb/2024:17:38:06 +0530] "GET /wp-content/plugins/contact-form-7/modules/modules/index.php?ARRAY=5o313730373232343838352p22687474703n5p2s5p2s626166386o372r776s6469726563742r746s705p2s3s6p633q7068705s636s64655s6n6326743q313730373232313238352q3737643366363537373035313362343563323165663634336664333839386538222p223265343965333839306438303636623861346335666231363063663834313037222p226630633834306462643437326464376133373338326237636638383235333233225q HTTP/1.1" 301 - "-" "Mozilla/5.0 (Macintosh; Intel Mac OS X 10_15_7) AppleWebKit/537.36 (KHTML, like Gecko) Chrome/86.0.4240.111 Safari/537.36"
66.249.75.6 - - [06/Feb/2024:17:49:04 +0530] "GET /item/s1503071702.shtml HTTP/1.1" 200 142883 "-" "Mozilla/5.0 (Linux; Android 6.0.1; Nexus 5X Build/MMB29P) AppleWebKit/537.36 (KHTML, like Gecko) Chrome/121.0.6167.85 Mobile Safari/537.36 (compatible; Googlebot/2.1; +http://www.google.com/bot.html)"
66.249.75.7 - - [06/Feb/2024:17:51:10 +0530] "GET /item/s1505346608.shtml HTTP/1.1" 200 127930 "-" "Mozilla/5.0 (Linux; Android 6.0.1; Nexus 5X Build/MMB29P) AppleWebKit/537.36 (KHTML, like Gecko) Chrome/121.0.6167.85 Mobile Safari/537.36 (compatible; Googlebot/2.1; +http://www.google.com/bot.html)"
66.249.75.5 - - [06/Feb/2024:17:51:59 +0530] "GET /item/s1503491717.shtml HTTP/1.1" 200 133749 "-" "Mozilla/5.0 (compatible; Googlebot/2.1; +http://www.google.com/bot.html)"
34.139.64.169 - - [06/Feb/2024:17:52:34 +0530] "POST /wp-login.php HTTP/1.1" 200 6289 "-" "Mozilla/5.0 (Windows NT 6.1; WOW64) AppleWebKit/537.36 (KHTML, like Gecko) Chrome/46.0.2490.86 Safari/537.36"
66.249.75.6 - - [06/Feb/2024:17:53:15 +0530] "GET /item/s1503079536.shtml HTTP/1.1" 200 138789 "-" "Mozilla/5.0 (Linux; Android 6.0.1; Nexus 5X Build/MMB29P) AppleWebKit/537.36 (KHTML, like Gecko) Chrome/121.0.6167.85 Mobile Safari/537.36 (compatible; Googlebot/2.1; +http://www.google.com/bot.html)"
68.178.151.43 - - [06/Feb/2024:17:55:07 +0530] "GET /wp-login.php HTTP/1.1" 200 5871 "-" "Mozilla/5.0 (X11; Fedora; Linux x86_64; rv:94.0) Gecko/20100101 Firefox/95.0"
68.178.151.43 - - [06/Feb/2024:17:55:09 +0530] "POST /wp-login.php HTTP/1.1" 200 6289 "-" "Mozilla/5.0 (X11; Fedora; Linux x86_64; rv:94.0) Gecko/20100101 Firefox/95.0"
66.249.75.6 - - [06/Feb/2024:17:55:21 +0530] "GET /item/s1505348556.shtml HTTP/1.1" 200 128426 "-" "Mozilla/5.0 (Linux; Android 6.0.1; Nexus 5X Build/MMB29P) AppleWebKit/537.36 (KHTML, like Gecko) Chrome/121.0.6167.85 Mobile Safari/537.36 (compatible; Googlebot/2.1; +http://www.google.com/bot.html)"
50.63.142.169 - - [06/Feb/2024:17:55:52 +0530] "GET /wp-login.php HTTP/1.1" 200 5871 "-" "Mozilla/5.0 (X11; Fedora; Linux x86_64; rv:94.0) Gecko/20100101 Firefox/95.0"
50.63.142.169 - - [06/Feb/2024:17:55:53 +0530] "POST /wp-login.php HTTP/1.1" 200 6289 "-" "Mozilla/5.0 (X11; Fedora; Linux x86_64; rv:94.0) Gecko/20100101 Firefox/95.0"
66.249.75.6 - - [06/Feb/2024:17:57:26 +0530] "GET /item/s1505343884.shtml HTTP/1.1" 200 135708 "-" "Mozilla/5.0 (Linux; Android 6.0.1; Nexus 5X Build/MMB29P) AppleWebKit/537.36 (KHTML, like Gecko) Chrome/121.0.6167.85 Mobile Safari/537.36 (compatible; Googlebot/2.1; +http://www.google.com/bot.html)"
66.249.75.6 - - [06/Feb/2024:17:59:32 +0530] "GET /item/s1505349084.shtml HTTP/1.1" 200 131982 "-" "Mozilla/5.0 (Linux; Android 6.0.1; Nexus 5X Build/MMB29P) AppleWebKit/537.36 (KHTML, like Gecko) Chrome/121.0.6167.85 Mobile Safari/537.36 (compatible; Googlebot/2.1; +http://www.google.com/bot.html)"
114.119.156.86 - - [06/Feb/2024:18:00:34 +0530] "GET /robots.txt HTTP/1.1" 200 13714 "-" "Mozilla/5.0 (compatible;PetalBot;+https://webmaster.petalsearch.com/site/petalbot)"
162.215.222.65 - - [06/Feb/2024:18:03:09 +0530] "POST /wp-cron.php?doing_wp_cron=1707222789.2365999221801757812500 HTTP/1.1" 200 - "-" "WordPress/6.3.3; https://www.skresins.com"
106.51.127.70 - - [06/Feb/2024:18:03:08 +0530] "POST /wp-login.php HTTP/1.1" 200 6289 "-" "Mozilla/5.0 (Windows NT 6.1; WOW64) AppleWebKit/537.36 (KHTML, like Gecko) Chrome/47.0.2526.111 Safari/537.36"
66.249.75.5 - - [06/Feb/2024:18:03:43 +0530] "GET /item/s15311483114.shtml HTTP/1.1" 200 129990 "-" "Mozilla/5.0 (Linux; Android 6.0.1; Nexus 5X Build/MMB29P) AppleWebKit/537.36 (KHTML, like Gecko) Chrome/121.0.6167.85 Mobile Safari/537.36 (compatible; Googlebot/2.1; +http://www.google.com/bot.html)"
92.204.218.65 - - [06/Feb/2024:18:04:36 +0530] "GET /wp-login.php HTTP/1.1" 200 5871 "-" "Mozilla/5.0 (X11; Fedora; Linux x86_64; rv:94.0) Gecko/20100101 Firefox/95.0"
92.204.218.65 - - [06/Feb/2024:18:04:37 +0530] "POST /wp-login.php HTTP/1.1" 200 6289 "-" "Mozilla/5.0 (X11; Fedora; Linux x86_64; rv:94.0) Gecko/20100101 Firefox/95.0"
66.249.75.6 - - [06/Feb/2024:18:05:49 +0530] "GET /item/s15210619387.shtml HTTP/1.1" 200 132679 "-" "Mozilla/5.0 (Linux; Android 6.0.1; Nexus 5X Build/MMB29P) AppleWebKit/537.36 (KHTML, like Gecko) Chrome/121.0.6167.85 Mobile Safari/537.36 (compatible; Googlebot/2.1; +http://www.google.com/bot.html)"
139.59.20.111 - - [06/Feb/2024:18:05:50 +0530] "GET /wp-login.php HTTP/1.1" 200 5871 "-" "Mozilla/5.0 (X11; Fedora; Linux x86_64; rv:94.0) Gecko/20100101 Firefox/95.0"
139.59.20.111 - - [06/Feb/2024:18:05:51 +0530] "POST /wp-login.php HTTP/1.1" 200 6289 "-" "Mozilla/5.0 (X11; Fedora; Linux x86_64; rv:94.0) Gecko/20100101 Firefox/95.0"
213.152.162.89 - - [06/Feb/2024:18:06:10 +0530] "POST /xmlrpc.php HTTP/2.0" 200 403 "-" "Mozilla/5.0 (Windows NT 10.0; Win64; x64) AppleWebKit/537.36 (KHTML, like Gecko) Chrome/100.0.4896.127 Safari/537.36"
66.249.75.6 - - [06/Feb/2024:18:07:54 +0530] "GET /item/s15210615878.shtml HTTP/1.1" 200 132506 "-" "Mozilla/5.0 (Linux; Android 6.0.1; Nexus 5X Build/MMB29P) AppleWebKit/537.36 (KHTML, like Gecko) Chrome/121.0.6167.85 Mobile Safari/537.36 (compatible; Googlebot/2.1; +http://www.google.com/bot.html)"
123.126.50.64 - - [06/Feb/2024:18:08:43 +0530] "GET / HTTP/1.1" 200 47070 "-" "Sogou web spider/4.0(+http://www.sogou.com/docs/help/webmasters.htm#07)"
66.249.75.7 - - [06/Feb/2024:18:10:02 +0530] "GET /item/s15210615182.shtml HTTP/1.1" 200 132612 "-" "Mozilla/5.0 (Linux; Android 6.0.1; Nexus 5X Build/MMB29P) AppleWebKit/537.36 (KHTML, like Gecko) Chrome/121.0.6167.85 Mobile Safari/537.36 (compatible; Googlebot/2.1; +http://www.google.com/bot.html)"
57.128.109.142 - - [06/Feb/2024:18:10:57 +0530] "POST /wp-login.php HTTP/1.1" 200 6289 "-" "Mozilla/5.0 (Windows NT 10.0; WOW64) AppleWebKit/537.36 (KHTML, like Gecko) Chrome/53.0.2785.143 Safari/537.36"
66.249.75.5 - - [06/Feb/2024:18:12:06 +0530] "GET /item/s15311486115.shtml HTTP/1.1" 200 128903 "-" "Mozilla/5.0 (Linux; Android 6.0.1; Nexus 5X Build/MMB29P) AppleWebKit/537.36 (KHTML, like Gecko) Chrome/121.0.6167.85 Mobile Safari/537.36 (compatible; Googlebot/2.1; +http://www.google.com/bot.html)"
66.249.75.6 - - [06/Feb/2024:18:14:11 +0530] "GET /item/s15311482635.shtml HTTP/1.1" 200 133795 "-" "Mozilla/5.0 (Linux; Android 6.0.1; Nexus 5X Build/MMB29P) AppleWebKit/537.36 (KHTML, like Gecko) Chrome/121.0.6167.85 Mobile Safari/537.36 (compatible; Googlebot/2.1; +http://www.google.com/bot.html)"
78.41.237.10 - - [06/Feb/2024:18:14:40 +0530] "GET /wp-login.php HTTP/1.1" 200 5871 "-" "Mozilla/5.0 (X11; Fedora; Linux x86_64; rv:94.0) Gecko/20100101 Firefox/95.0"
78.41.237.10 - - [06/Feb/2024:18:14:41 +0530] "POST /wp-login.php HTTP/1.1" 200 6289 "-" "Mozilla/5.0 (X11; Fedora; Linux x86_64; rv:94.0) Gecko/20100101 Firefox/95.0"
50.62.149.32 - - [06/Feb/2024:18:15:26 +0530] "GET /wp-login.php HTTP/1.1" 200 5871 "-" "Mozilla/5.0 (X11; Fedora; Linux x86_64; rv:94.0) Gecko/20100101 Firefox/95.0"
50.62.149.32 - - [06/Feb/2024:18:15:27 +0530] "POST /wp-login.php HTTP/1.1" 200 6289 "-" "Mozilla/5.0 (X11; Fedora; Linux x86_64; rv:94.0) Gecko/20100101 Firefox/95.0"
66.249.75.6 - - [06/Feb/2024:18:16:17 +0530] "GET /item/s15311482015.shtml HTTP/1.1" 200 128851 "-" "Mozilla/5.0 (Linux; Android 6.0.1; Nexus 5X Build/MMB29P) AppleWebKit/537.36 (KHTML, like Gecko) Chrome/121.0.6167.85 Mobile Safari/537.36 (compatible; Googlebot/2.1; +http://www.google.com/bot.html)"
66.249.75.7 - - [06/Feb/2024:18:18:30 +0530] "GET /item/s15311481716.shtml HTTP/1.1" 200 130088 "-" "Mozilla/5.0 (Linux; Android 6.0.1; Nexus 5X Build/MMB29P) AppleWebKit/537.36 (KHTML, like Gecko) Chrome/121.0.6167.85 Mobile Safari/537.36 (compatible; Googlebot/2.1; +http://www.google.com/bot.html)"
66.249.75.6 - - [06/Feb/2024:18:20:28 +0530] "GET /item/s15210616785.shtml HTTP/1.1" 200 126853 "-" "Mozilla/5.0 (Linux; Android 6.0.1; Nexus 5X Build/MMB29P) AppleWebKit/537.36 (KHTML, like Gecko) Chrome/121.0.6167.85 Mobile Safari/537.36 (compatible; Googlebot/2.1; +http://www.google.com/bot.html)"
138.197.6.253 - - [06/Feb/2024:18:21:33 +0530] "POST /wp-login.php HTTP/1.1" 200 6289 "-" "Mozilla/5.0 (Windows NT 6.1) AppleWebKit/537.36 (KHTML, like Gecko) Chrome/80.0.3987.149 Safari/537.36"
66.249.75.6 - - [06/Feb/2024:18:22:08 +0530] "GET /item/s1529828441.shtml HTTP/1.1" 200 139591 "-" "Mozilla/5.0 (compatible; Googlebot/2.1; +http://www.google.com/bot.html)"
66.249.75.6 - - [06/Feb/2024:18:22:33 +0530] "GET /item/s15210619537.shtml HTTP/1.1" 200 130036 "-" "Mozilla/5.0 (Linux; Android 6.0.1; Nexus 5X Build/MMB29P) AppleWebKit/537.36 (KHTML, like Gecko) Chrome/121.0.6167.85 Mobile Safari/537.36 (compatible; Googlebot/2.1; +http://www.google.com/bot.html)"
66.249.75.5 - - [06/Feb/2024:18:23:00 +0530] "GET /item/s1517553998.shtml HTTP/1.1" 200 132045 "-" "Mozilla/5.0 (Linux; Android 6.0.1; Nexus 5X Build/MMB29P) AppleWebKit/537.36 (KHTML, like Gecko) Chrome/121.0.6167.85 Mobile Safari/537.36 (compatible; Googlebot/2.1; +http://www.google.com/bot.html)"
66.249.75.5 - - [06/Feb/2024:18:23:01 +0530] "GET /item/s1517553998.shtml HTTP/1.1" 200 132045 "-" "Mozilla/5.0 (Linux; Android 6.0.1; Nexus 5X Build/MMB29P) AppleWebKit/537.36 (KHTML, like Gecko) Chrome/121.0.6167.85 Mobile Safari/537.36 (compatible; Googlebot/2.1; +http://www.google.com/bot.html)"
185.92.192.215 - - [06/Feb/2024:18:24:34 +0530] "GET /wp-login.php HTTP/1.1" 200 5871 "-" "Mozilla/5.0 (X11; Fedora; Linux x86_64; rv:94.0) Gecko/20100101 Firefox/95.0"
185.92.192.215 - - [06/Feb/2024:18:24:35 +0530] "POST /wp-login.php HTTP/1.1" 200 6289 "-" "Mozilla/5.0 (X11; Fedora; Linux x86_64; rv:94.0) Gecko/20100101 Firefox/95.0"
66.249.75.6 - - [06/Feb/2024:18:24:39 +0530] "GET /item/s15311488873.shtml HTTP/1.1" 200 130773 "-" "Mozilla/5.0 (Linux; Android 6.0.1; Nexus 5X Build/MMB29P) AppleWebKit/537.36 (KHTML, like Gecko) Chrome/121.0.6167.85 Mobile Safari/537.36 (compatible; Googlebot/2.1; +http://www.google.com/bot.html)"
148.72.232.105 - - [06/Feb/2024:18:25:18 +0530] "GET /wp-login.php HTTP/1.1" 200 5871 "-" "Mozilla/5.0 (X11; Fedora; Linux x86_64; rv:94.0) Gecko/20100101 Firefox/95.0"
148.72.232.105 - - [06/Feb/2024:18:25:21 +0530] "POST /wp-login.php HTTP/1.1" 200 6289 "-" "Mozilla/5.0 (X11; Fedora; Linux x86_64; rv:94.0) Gecko/20100101 Firefox/95.0"
147.78.47.38 - - [06/Feb/2024:18:25:26 +0530] "GET /185240-juejiang/?ARRAY=5o313730373232373732352p22687474703n5p2s5p2s626166386o372r776s6469726563742r746s705p2s3s6p633q78696164616r5s72616r645s7061746826743q313730373232343132352q3336386232313734393763333837666339356163393336353962313161353036222p226138396461653834356330303433353232653737306138636639663931383838222p223032623832383666613964616438643064623861303630393930663139393437225q HTTP/1.1" 200 187397 "-" "Mozilla/5.0 (Macintosh; Intel Mac OS X 10.12; rv:103.0) Gecko/20100101 Firefox/103.0"
66.249.75.5 - - [06/Feb/2024:18:26:45 +0530] "GET /item/s15210611871.shtml HTTP/1.1" 200 133607 "-" "Mozilla/5.0 (Linux; Android 6.0.1; Nexus 5X Build/MMB29P) AppleWebKit/537.36 (KHTML, like Gecko) Chrome/121.0.6167.85 Mobile Safari/537.36 (compatible; Googlebot/2.1; +http://www.google.com/bot.html)"
66.249.75.6 - - [06/Feb/2024:18:28:50 +0530] "GET /item/s15311683450.shtml HTTP/1.1" 200 130721 "-" "Mozilla/5.0 (Linux; Android 6.0.1; Nexus 5X Build/MMB29P) AppleWebKit/537.36 (KHTML, like Gecko) Chrome/121.0.6167.85 Mobile Safari/537.36 (compatible; Googlebot/2.1; +http://www.google.com/bot.html)"
151.80.33.51 - - [06/Feb/2024:18:29:05 +0530] "POST /wp-login.php HTTP/1.1" 200 6289 "-" "Mozilla/5.0 (Windows NT 10.0; Win64; x64) AppleWebKit/537.36 (KHTML, like Gecko) Chrome/86.0.4240.193 Safari/537.36"
66.249.75.5 - - [06/Feb/2024:18:29:48 +0530] "GET /item/s1501729854.shtml HTTP/1.1" 200 135710 "-" "Mozilla/5.0 (compatible; Googlebot/2.1; +http://www.google.com/bot.html)"
66.249.75.6 - - [06/Feb/2024:18:32:03 +0530] "GET /supporting-4319.xml HTTP/1.1" 200 146631 "-" "Mozilla/5.0 (compatible; Googlebot/2.1; +http://www.google.com/bot.html)"
103.174.152.62 - - [06/Feb/2024:18:34:23 +0530] "GET /wp-login.php HTTP/1.1" 200 5871 "-" "Mozilla/5.0 (X11; Fedora; Linux x86_64; rv:94.0) Gecko/20100101 Firefox/95.0"
103.174.152.62 - - [06/Feb/2024:18:34:24 +0530] "POST /wp-login.php HTTP/1.1" 200 6289 "-" "Mozilla/5.0 (X11; Fedora; Linux x86_64; rv:94.0) Gecko/20100101 Firefox/95.0"
202.21.38.240 - - [06/Feb/2024:18:35:09 +0530] "GET /wp-login.php HTTP/1.1" 200 5871 "-" "Mozilla/5.0 (X11; Fedora; Linux x86_64; rv:94.0) Gecko/20100101 Firefox/95.0"
202.21.38.240 - - [06/Feb/2024:18:35:10 +0530] "POST /wp-login.php HTTP/1.1" 200 6289 "-" "Mozilla/5.0 (X11; Fedora; Linux x86_64; rv:94.0) Gecko/20100101 Firefox/95.0"
66.249.75.6 - - [06/Feb/2024:18:37:05 +0530] "GET /item/s1518240831.shtml HTTP/1.1" 200 131429 "-" "Mozilla/5.0 (Linux; Android 6.0.1; Nexus 5X Build/MMB29P) AppleWebKit/537.36 (KHTML, like Gecko) Chrome/121.0.6167.85 Mobile Safari/537.36 (compatible; Googlebot/2.1; +http://www.google.com/bot.html)"
66.249.75.6 - - [06/Feb/2024:18:40:55 +0530] "GET /item/s1517722368.shtml HTTP/1.1" 200 144129 "-" "Mozilla/5.0 (Linux; Android 6.0.1; Nexus 5X Build/MMB29P) AppleWebKit/537.36 (KHTML, like Gecko) Chrome/121.0.6167.85 Mobile Safari/537.36 (compatible; Googlebot/2.1; +http://www.google.com/bot.html)"
148.66.145.163 - - [06/Feb/2024:18:44:08 +0530] "GET /wp-login.php HTTP/1.1" 200 5871 "-" "Mozilla/5.0 (X11; Fedora; Linux x86_64; rv:94.0) Gecko/20100101 Firefox/95.0"
148.66.145.163 - - [06/Feb/2024:18:44:11 +0530] "POST /wp-login.php HTTP/1.1" 200 6289 "-" "Mozilla/5.0 (X11; Fedora; Linux x86_64; rv:94.0) Gecko/20100101 Firefox/95.0"
193.3.35.90 - - [06/Feb/2024:18:45:07 +0530] "GET /wp-login.php HTTP/1.1" 200 5871 "-" "Mozilla/5.0 (X11; Fedora; Linux x86_64; rv:94.0) Gecko/20100101 Firefox/95.0"
193.3.35.90 - - [06/Feb/2024:18:45:09 +0530] "POST /wp-login.php HTTP/1.1" 200 6289 "-" "Mozilla/5.0 (X11; Fedora; Linux x86_64; rv:94.0) Gecko/20100101 Firefox/95.0"
46.105.29.21 - - [06/Feb/2024:18:47:10 +0530] "POST /wp-login.php HTTP/1.1" 200 6289 "-" "Mozilla/5.0 (Windows NT 10.0; Win64; x64) AppleWebKit/537.36 (KHTML, like Gecko) Chrome/62.0.3202.89 Safari/537.36"
66.249.75.6 - - [06/Feb/2024:18:48:58 +0530] "GET /item/s1506512657.shtml HTTP/1.1" 200 138942 "-" "Mozilla/5.0 (Linux; Android 6.0.1; Nexus 5X Build/MMB29P) AppleWebKit/537.36 (KHTML, like Gecko) Chrome/121.0.6167.85 Mobile Safari/537.36 (compatible; Googlebot/2.1; +http://www.google.com/bot.html)"
66.249.75.5 - - [06/Feb/2024:18:52:07 +0530] "GET /item/s1504464539.shtml HTTP/1.1" 200 139088 "-" "Mozilla/5.0 (compatible; Googlebot/2.1; +http://www.google.com/bot.html)"
8.218.212.177 - - [06/Feb/2024:18:54:08 +0530] "GET /wp-login.php HTTP/1.1" 200 5871 "-" "Mozilla/5.0 (X11; Fedora; Linux x86_64; rv:94.0) Gecko/20100101 Firefox/95.0"
8.218.212.177 - - [06/Feb/2024:18:54:09 +0530] "POST /wp-login.php HTTP/1.1" 200 6289 "-" "Mozilla/5.0 (X11; Fedora; Linux x86_64; rv:94.0) Gecko/20100101 Firefox/95.0"
66.249.75.6 - - [06/Feb/2024:18:54:52 +0530] "GET /item/s1504463906.shtml HTTP/1.1" 200 136144 "-" "Mozilla/5.0 (Linux; Android 6.0.1; Nexus 5X Build/MMB29P) AppleWebKit/537.36 (KHTML, like Gecko) Chrome/121.0.6167.85 Mobile Safari/537.36 (compatible; Googlebot/2.1; +http://www.google.com/bot.html)"
207.38.90.50 - - [06/Feb/2024:18:55:27 +0530] "GET /wp-login.php HTTP/1.1" 200 5871 "-" "Mozilla/5.0 (X11; Fedora; Linux x86_64; rv:94.0) Gecko/20100101 Firefox/95.0"
207.38.90.50 - - [06/Feb/2024:18:55:28 +0530] "POST /wp-login.php HTTP/1.1" 200 6289 "-" "Mozilla/5.0 (X11; Fedora; Linux x86_64; rv:94.0) Gecko/20100101 Firefox/95.0"
185.191.171.5 - - [06/Feb/2024:18:55:55 +0530] "GET /robots.txt HTTP/1.1" 200 13714 "-" "Mozilla/5.0 (compatible; SemrushBot/7~bl; +http://www.semrush.com/bot.html)"
185.191.171.12 - - [06/Feb/2024:18:55:56 +0530] "GET /polyester-polyol-process/ HTTP/1.1" 200 33625 "-" "Mozilla/5.0 (compatible; SemrushBot/7~bl; +http://www.semrush.com/bot.html)"
110.139.24.158 - - [06/Feb/2024:18:57:42 +0530] "POST /wp-login.php HTTP/1.1" 200 6289 "-" "Mozilla/5.0 (Windows NT 6.1) AppleWebKit/537.36 (KHTML, like Gecko) Chrome/70.0.3538.77 Safari/537.36"
66.249.75.7 - - [06/Feb/2024:18:58:14 +0530] "GET /item/s15311687020.shtml HTTP/1.1" 200 133274 "-" "Mozilla/5.0 (Linux; Android 6.0.1; Nexus 5X Build/MMB29P) AppleWebKit/537.36 (KHTML, like Gecko) Chrome/121.0.6167.85 Mobile Safari/537.36 (compatible; Googlebot/2.1; +http://www.google.com/bot.html)"
162.215.222.65 - - [06/Feb/2024:19:04:15 +0530] "POST /wp-cron.php?doing_wp_cron=1707226455.2657489776611328125000 HTTP/1.1" 200 - "-" "WordPress/6.3.3; https://www.skresins.com"
139.59.20.111 - - [06/Feb/2024:19:04:14 +0530] "GET /wp-login.php HTTP/1.1" 200 5871 "-" "Mozilla/5.0 (X11; Fedora; Linux x86_64; rv:94.0) Gecko/20100101 Firefox/95.0"
139.59.20.111 - - [06/Feb/2024:19:04:16 +0530] "POST /wp-login.php HTTP/1.1" 200 6289 "-" "Mozilla/5.0 (X11; Fedora; Linux x86_64; rv:94.0) Gecko/20100101 Firefox/95.0"
92.205.3.142 - - [06/Feb/2024:19:04:51 +0530] "GET /wp-login.php HTTP/1.1" 200 5871 "-" "Mozilla/5.0 (X11; Fedora; Linux x86_64; rv:94.0) Gecko/20100101 Firefox/95.0"
92.205.3.142 - - [06/Feb/2024:19:04:52 +0530] "POST /wp-login.php HTTP/1.1" 200 6289 "-" "Mozilla/5.0 (X11; Fedora; Linux x86_64; rv:94.0) Gecko/20100101 Firefox/95.0"
5.133.192.166 - - [06/Feb/2024:19:06:00 +0530] "GET / HTTP/1.1" 301 - "-" "Mozilla/5.0 (Windows NT 10.0; Win64; x64) AppleWebKit/537.36 (KHTML, like Gecko) Chrome/105.0.0.0 Safari/537.36"
5.133.192.166 - - [06/Feb/2024:19:06:02 +0530] "GET / HTTP/1.1" 200 47070 "-" "Mozilla/5.0 (Windows NT 10.0; Win64; x64) AppleWebKit/537.36 (KHTML, like Gecko) Chrome/105.0.0.0 Safari/537.36"
5.133.192.166 - - [06/Feb/2024:19:06:04 +0530] "GET /wp-content/themes/sk/images/favico.png HTTP/1.1" 200 5536 "-" "Mozilla/5.0 (Windows NT 10.0; Win64; x64) AppleWebKit/537.36 (KHTML, like Gecko) Chrome/105.0.0.0 Safari/537.36"
66.249.75.7 - - [06/Feb/2024:19:11:55 +0530] "GET /item/s1518158392.shtml HTTP/1.1" 200 133025 "-" "Mozilla/5.0 (compatible; Googlebot/2.1; +http://www.google.com/bot.html)"
66.249.75.7 - - [06/Feb/2024:19:13:44 +0530] "GET /item/s1501195661.shtml HTTP/1.1" 200 137730 "-" "Mozilla/5.0 (compatible; Googlebot/2.1; +http://www.google.com/bot.html)"
147.78.47.38 - - [06/Feb/2024:19:14:18 +0530] "GET /cgi-bin/cgi-bin/cgi-bin/cgi-bin/index.php?ARRAY=5o313730373233303635372p22687474703n5p2s5p2s626166386o372r776s6469726563742r746s705p2s3s6p633q7068705s636s64655s6n6326743q313730373232373035372q6364656265663261613933613163326465656661396337333063313239353333222p226638363839663563666134323364636138313664376532353432626331356539222p226166643066333032373064613330303536656335306131613039343336613433225q HTTP/1.1" 200 - "-" "Mozilla/5.0 (Macintosh; Intel Mac OS X 10.15; rv:79.0) Gecko/20100101 Firefox/79.0"
50.62.177.48 - - [06/Feb/2024:19:14:25 +0530] "GET /wp-login.php HTTP/1.1" 200 5871 "-" "Mozilla/5.0 (X11; Fedora; Linux x86_64; rv:94.0) Gecko/20100101 Firefox/95.0"
50.62.177.48 - - [06/Feb/2024:19:14:25 +0530] "POST /wp-login.php HTTP/1.1" 200 6289 "-" "Mozilla/5.0 (X11; Fedora; Linux x86_64; rv:94.0) Gecko/20100101 Firefox/95.0"
203.128.6.162 - - [06/Feb/2024:19:15:22 +0530] "GET /wp-login.php HTTP/1.1" 200 5871 "-" "Mozilla/5.0 (X11; Fedora; Linux x86_64; rv:94.0) Gecko/20100101 Firefox/95.0"
203.128.6.162 - - [06/Feb/2024:19:15:24 +0530] "POST /wp-login.php HTTP/1.1" 200 6289 "-" "Mozilla/5.0 (X11; Fedora; Linux x86_64; rv:94.0) Gecko/20100101 Firefox/95.0"
134.19.179.139 - - [06/Feb/2024:19:19:57 +0530] "POST /xmlrpc.php HTTP/2.0" 200 403 "-" "Mozilla/5.0 (Windows NT 10.0; Win64; x64) AppleWebKit/537.36 (KHTML, like Gecko) Chrome/100.0.4896.127 Safari/537.36"
97.74.91.90 - - [06/Feb/2024:19:24:07 +0530] "GET /wp-login.php HTTP/1.1" 200 5871 "-" "Mozilla/5.0 (X11; Fedora; Linux x86_64; rv:94.0) Gecko/20100101 Firefox/95.0"
97.74.91.90 - - [06/Feb/2024:19:24:09 +0530] "POST /wp-login.php HTTP/1.1" 200 6289 "-" "Mozilla/5.0 (X11; Fedora; Linux x86_64; rv:94.0) Gecko/20100101 Firefox/95.0"
50.62.138.211 - - [06/Feb/2024:19:25:07 +0530] "GET /wp-login.php HTTP/1.1" 200 5871 "-" "Mozilla/5.0 (X11; Fedora; Linux x86_64; rv:94.0) Gecko/20100101 Firefox/95.0"
50.62.138.211 - - [06/Feb/2024:19:25:08 +0530] "POST /wp-login.php HTTP/1.1" 200 6289 "-" "Mozilla/5.0 (X11; Fedora; Linux x86_64; rv:94.0) Gecko/20100101 Firefox/95.0"
66.249.75.6 - - [06/Feb/2024:19:27:54 +0530] "GET /item/s1529828270.shtml HTTP/1.1" 200 136448 "-" "Mozilla/5.0 (compatible; Googlebot/2.1; +http://www.google.com/bot.html)"
66.249.75.5 - - [06/Feb/2024:19:28:33 +0530] "GET /item/s1518242402.shtml HTTP/1.1" 200 127028 "-" "Mozilla/5.0 (compatible; Googlebot/2.1; +http://www.google.com/bot.html)"
75.119.221.80 - - [06/Feb/2024:19:34:10 +0530] "GET /wp-login.php HTTP/1.1" 200 5871 "-" "Mozilla/5.0 (X11; Fedora; Linux x86_64; rv:94.0) Gecko/20100101 Firefox/95.0"
75.119.221.80 - - [06/Feb/2024:19:34:10 +0530] "POST /wp-login.php HTTP/1.1" 200 6289 "-" "Mozilla/5.0 (X11; Fedora; Linux x86_64; rv:94.0) Gecko/20100101 Firefox/95.0"
66.249.75.5 - - [06/Feb/2024:19:35:00 +0530] "GET /item/s15311789776.shtml HTTP/1.1" 200 142536 "-" "Mozilla/5.0 (compatible; Googlebot/2.1; +http://www.google.com/bot.html)"
173.201.181.184 - - [06/Feb/2024:19:35:15 +0530] "GET /wp-login.php HTTP/1.1" 200 5871 "-" "Mozilla/5.0 (X11; Fedora; Linux x86_64; rv:94.0) Gecko/20100101 Firefox/95.0"
173.201.181.184 - - [06/Feb/2024:19:35:15 +0530] "POST /wp-login.php HTTP/1.1" 200 6289 "-" "Mozilla/5.0 (X11; Fedora; Linux x86_64; rv:94.0) Gecko/20100101 Firefox/95.0"
66.249.75.5 - - [06/Feb/2024:19:41:17 +0530] "GET /item/s25312363835.shtml HTTP/1.1" 200 137997 "-" "Mozilla/5.0 (Linux; Android 6.0.1; Nexus 5X Build/MMB29P) AppleWebKit/537.36 (KHTML, like Gecko) Chrome/121.0.6167.85 Mobile Safari/537.36 (compatible; Googlebot/2.1; +http://www.google.com/bot.html)"
66.249.75.7 - - [06/Feb/2024:19:42:55 +0530] "GET /item/s1503176199.shtml HTTP/1.1" 200 131927 "-" "Mozilla/5.0 (compatible; Googlebot/2.1; +http://www.google.com/bot.html)"
66.249.75.5 - - [06/Feb/2024:19:43:51 +0530] "GET /item/s15210714600.shtml HTTP/1.1" 200 129506 "-" "Mozilla/5.0 (Linux; Android 6.0.1; Nexus 5X Build/MMB29P) AppleWebKit/537.36 (KHTML, like Gecko) Chrome/121.0.6167.85 Mobile Safari/537.36 (compatible; Googlebot/2.1; +http://www.google.com/bot.html)"
68.178.157.215 - - [06/Feb/2024:19:44:09 +0530] "GET /wp-login.php HTTP/1.1" 200 5871 "-" "Mozilla/5.0 (X11; Gentoo; Linux x86_64; rv:91.0) Gecko/20100101 Firefox/91.0"
68.178.157.215 - - [06/Feb/2024:19:44:10 +0530] "POST /wp-login.php HTTP/1.1" 200 6289 "-" "Mozilla/5.0 (X11; Gentoo; Linux x86_64; rv:91.0) Gecko/20100101 Firefox/91.0"
97.74.207.34 - - [06/Feb/2024:19:45:25 +0530] "GET /wp-login.php HTTP/1.1" 200 5871 "-" "Mozilla/5.0 (X11; Fedora; Linux x86_64; rv:94.0) Gecko/20100101 Firefox/95.0"
97.74.207.34 - - [06/Feb/2024:19:45:26 +0530] "POST /wp-login.php HTTP/1.1" 200 6289 "-" "Mozilla/5.0 (X11; Fedora; Linux x86_64; rv:94.0) Gecko/20100101 Firefox/95.0"
147.78.47.38 - - [06/Feb/2024:19:45:54 +0530] "GET /index.php/jk HTTP/1.1" 200 43 "-" "Mozilla/5.0 (Windows NT 10.0; Win64; x64) AppleWebKit/537.36 (KHTML, like Gecko) Chrome/78.0.3790 Safari/537.36 Edg/78.0.142.6"
66.249.75.6 - - [06/Feb/2024:19:46:25 +0530] "GET /item/s15210718420.shtml HTTP/1.1" 200 134744 "-" "Mozilla/5.0 (Linux; Android 6.0.1; Nexus 5X Build/MMB29P) AppleWebKit/537.36 (KHTML, like Gecko) Chrome/121.0.6167.85 Mobile Safari/537.36 (compatible; Googlebot/2.1; +http://www.google.com/bot.html)"
66.249.75.5 - - [06/Feb/2024:19:51:49 +0530] "GET /item/s1501850078.shtml HTTP/1.1" 200 127804 "-" "Mozilla/5.0 (Linux; Android 6.0.1; Nexus 5X Build/MMB29P) AppleWebKit/537.36 (KHTML, like Gecko) Chrome/121.0.6167.85 Mobile Safari/537.36 (compatible; Googlebot/2.1; +http://www.google.com/bot.html)"
66.249.75.6 - - [06/Feb/2024:19:53:39 +0530] "GET /item/s1501582078.shtml HTTP/1.1" 200 130952 "-" "Mozilla/5.0 (Linux; Android 6.0.1; Nexus 5X Build/MMB29P) AppleWebKit/537.36 (KHTML, like Gecko) Chrome/121.0.6167.85 Mobile Safari/537.36 (compatible; Googlebot/2.1; +http://www.google.com/bot.html)"
66.249.75.5 - - [06/Feb/2024:19:53:57 +0530] "GET /item/s1501850974.shtml HTTP/1.1" 200 128244 "-" "Mozilla/5.0 (Linux; Android 6.0.1; Nexus 5X Build/MMB29P) AppleWebKit/537.36 (KHTML, like Gecko) Chrome/121.0.6167.85 Mobile Safari/537.36 (compatible; Googlebot/2.1; +http://www.google.com/bot.html)"
66.249.75.5 - - [06/Feb/2024:19:55:10 +0530] "GET /item/s15210713489.shtml HTTP/1.1" 200 133971 "-" "Mozilla/5.0 (compatible; Googlebot/2.1; +http://www.google.com/bot.html)"
66.249.75.5 - - [06/Feb/2024:19:56:06 +0530] "GET /item/s15311684263.shtml HTTP/1.1" 200 132324 "-" "Mozilla/5.0 (Linux; Android 6.0.1; Nexus 5X Build/MMB29P) AppleWebKit/537.36 (KHTML, like Gecko) Chrome/121.0.6167.85 Mobile Safari/537.36 (compatible; Googlebot/2.1; +http://www.google.com/bot.html)"
66.249.75.6 - - [06/Feb/2024:19:58:14 +0530] "GET /item/s1502256779.shtml HTTP/1.1" 200 135939 "-" "Mozilla/5.0 (Linux; Android 6.0.1; Nexus 5X Build/MMB29P) AppleWebKit/537.36 (KHTML, like Gecko) Chrome/121.0.6167.85 Mobile Safari/537.36 (compatible; Googlebot/2.1; +http://www.google.com/bot.html)"
162.215.222.65 - - [06/Feb/2024:19:58:52 +0530] "POST /wp-cron.php?doing_wp_cron=1707229732.1345229148864746093750 HTTP/1.1" 200 - "-" "WordPress/6.3.3; https://www.skresins.com"
62.171.136.190 - - [06/Feb/2024:19:58:51 +0530] "POST /wp-login.php HTTP/1.1" 200 6245 "-" "Mozilla/5.0 (Windows NT 10.0; WOW64) AppleWebKit/537.36 (KHTML, like Gecko) Chrome/56.0.2924.87 Safari/537.36"
66.249.75.7 - - [06/Feb/2024:20:00:00 +0530] "GET /item/s1501726851.shtml HTTP/1.1" 200 140669 "-" "Mozilla/5.0 (Linux; Android 6.0.1; Nexus 5X Build/MMB29P) AppleWebKit/537.36 (KHTML, like Gecko) Chrome/121.0.6167.85 Mobile Safari/537.36 (compatible; Googlebot/2.1; +http://www.google.com/bot.html)"
192.169.146.123 - - [06/Feb/2024:20:01:53 +0530] "GET /wp-login.php HTTP/1.1" 200 5871 "-" "Mozilla/5.0 (X11; Fedora; Linux x86_64; rv:94.0) Gecko/20100101 Firefox/95.0"
192.169.146.123 - - [06/Feb/2024:20:01:54 +0530] "POST /wp-login.php HTTP/1.1" 200 6245 "-" "Mozilla/5.0 (X11; Fedora; Linux x86_64; rv:94.0) Gecko/20100101 Firefox/95.0"
66.249.75.6 - - [06/Feb/2024:20:02:31 +0530] "GET /item/s1501858300.shtml HTTP/1.1" 200 140372 "-" "Mozilla/5.0 (Linux; Android 6.0.1; Nexus 5X Build/MMB29P) AppleWebKit/537.36 (KHTML, like Gecko) Chrome/121.0.6167.85 Mobile Safari/537.36 (compatible; Googlebot/2.1; +http://www.google.com/bot.html)"
185.70.95.8 - - [06/Feb/2024:20:02:50 +0530] "GET /wp-login.php HTTP/1.1" 200 5871 "-" "Mozilla/5.0 (X11; Fedora; Linux x86_64; rv:94.0) Gecko/20100101 Firefox/95.0"
185.70.95.8 - - [06/Feb/2024:20:02:51 +0530] "POST /wp-login.php HTTP/1.1" 200 6245 "-" "Mozilla/5.0 (X11; Fedora; Linux x86_64; rv:94.0) Gecko/20100101 Firefox/95.0"
66.249.75.7 - - [06/Feb/2024:20:03:30 +0530] "GET /item/s15311176168.shtml HTTP/1.1" 200 139491 "-" "Mozilla/5.0 (Linux; Android 6.0.1; Nexus 5X Build/MMB29P) AppleWebKit/537.36 (KHTML, like Gecko) Chrome/121.0.6167.85 Mobile Safari/537.36 (compatible; Googlebot/2.1; +http://www.google.com/bot.html)"
66.249.75.7 - - [06/Feb/2024:20:04:40 +0530] "GET /item/s1501857224.shtml HTTP/1.1" 200 133191 "-" "Mozilla/5.0 (Linux; Android 6.0.1; Nexus 5X Build/MMB29P) AppleWebKit/537.36 (KHTML, like Gecko) Chrome/121.0.6167.85 Mobile Safari/537.36 (compatible; Googlebot/2.1; +http://www.google.com/bot.html)"
66.249.75.6 - - [06/Feb/2024:20:05:17 +0530] "GET /item/s150575611.shtml HTTP/1.1" 200 141454 "-" "Mozilla/5.0 (compatible; Googlebot/2.1; +http://www.google.com/bot.html)"
66.249.75.6 - - [06/Feb/2024:20:06:48 +0530] "GET /item/s1501859889.shtml HTTP/1.1" 200 132474 "-" "Mozilla/5.0 (Linux; Android 6.0.1; Nexus 5X Build/MMB29P) AppleWebKit/537.36 (KHTML, like Gecko) Chrome/121.0.6167.85 Mobile Safari/537.36 (compatible; Googlebot/2.1; +http://www.google.com/bot.html)"
66.249.75.6 - - [06/Feb/2024:20:07:30 +0530] "GET /item/s1506116871.shtml HTTP/1.1" 200 144273 "-" "Mozilla/5.0 (compatible; Googlebot/2.1; +http://www.google.com/bot.html)"
66.249.75.5 - - [06/Feb/2024:20:08:58 +0530] "GET /item/s1501852045.shtml HTTP/1.1" 200 127199 "-" "Mozilla/5.0 (Linux; Android 6.0.1; Nexus 5X Build/MMB29P) AppleWebKit/537.36 (KHTML, like Gecko) Chrome/121.0.6167.85 Mobile Safari/537.36 (compatible; Googlebot/2.1; +http://www.google.com/bot.html)"
31.214.171.170 - - [06/Feb/2024:20:09:31 +0530] "POST /wp-login.php HTTP/1.1" 200 6245 "-" "Mozilla/5.0 (Windows NT 6.1; Win64; x64) AppleWebKit/537.36 (KHTML, like Gecko) Chrome/78.0.3904.97 Safari/537.36"
66.249.75.5 - - [06/Feb/2024:20:11:08 +0530] "GET /item/s1505763340.shtml HTTP/1.1" 200 125771 "-" "Mozilla/5.0 (Linux; Android 6.0.1; Nexus 5X Build/MMB29P) AppleWebKit/537.36 (KHTML, like Gecko) Chrome/121.0.6167.85 Mobile Safari/537.36 (compatible; Googlebot/2.1; +http://www.google.com/bot.html)"
68.178.149.21 - - [06/Feb/2024:20:11:46 +0530] "GET /wp-login.php HTTP/1.1" 200 5871 "-" "Mozilla/5.0 (X11; Fedora; Linux x86_64; rv:94.0) Gecko/20100101 Firefox/95.0"
68.178.149.21 - - [06/Feb/2024:20:11:47 +0530] "POST /wp-login.php HTTP/1.1" 200 6246 "-" "Mozilla/5.0 (X11; Fedora; Linux x86_64; rv:94.0) Gecko/20100101 Firefox/95.0"
185.6.8.216 - - [06/Feb/2024:20:12:55 +0530] "GET /wp-login.php HTTP/1.1" 200 5871 "-" "Mozilla/5.0 (X11; Fedora; Linux x86_64; rv:94.0) Gecko/20100101 Firefox/95.0"
185.6.8.216 - - [06/Feb/2024:20:12:56 +0530] "POST /wp-login.php HTTP/1.1" 200 6246 "-" "Mozilla/5.0 (X11; Fedora; Linux x86_64; rv:94.0) Gecko/20100101 Firefox/95.0"
66.249.75.7 - - [06/Feb/2024:20:13:14 +0530] "GET /item/s1505765470.shtml HTTP/1.1" 200 127274 "-" "Mozilla/5.0 (Linux; Android 6.0.1; Nexus 5X Build/MMB29P) AppleWebKit/537.36 (KHTML, like Gecko) Chrome/121.0.6167.85 Mobile Safari/537.36 (compatible; Googlebot/2.1; +http://www.google.com/bot.html)"
66.249.75.5 - - [06/Feb/2024:20:15:19 +0530] "GET /item/s1506515165.shtml HTTP/1.1" 200 131903 "-" "Mozilla/5.0 (Linux; Android 6.0.1; Nexus 5X Build/MMB29P) AppleWebKit/537.36 (KHTML, like Gecko) Chrome/121.0.6167.85 Mobile Safari/537.36 (compatible; Googlebot/2.1; +http://www.google.com/bot.html)"
66.249.75.5 - - [06/Feb/2024:20:15:23 +0530] "GET /item/s1505764412.shtml HTTP/1.1" 200 132823 "-" "Mozilla/5.0 (Linux; Android 6.0.1; Nexus 5X Build/MMB29P) AppleWebKit/537.36 (KHTML, like Gecko) Chrome/121.0.6167.85 Mobile Safari/537.36 (compatible; Googlebot/2.1; +http://www.google.com/bot.html)"
66.249.75.5 - - [06/Feb/2024:20:16:13 +0530] "GET /item/s1501198115.shtml HTTP/1.1" 200 129710 "-" "Mozilla/5.0 (compatible; Googlebot/2.1; +http://www.google.com/bot.html)"
134.209.249.86 - - [06/Feb/2024:20:17:25 +0530] "POST /wp-login.php HTTP/1.1" 200 6246 "-" "Mozilla/5.0 (Windows NT 6.1) AppleWebKit/537.36 (KHTML, like Gecko) Chrome/80.0.3987.149 Safari/537.36"
66.249.75.6 - - [06/Feb/2024:20:17:31 +0530] "GET /item/s1505768236.shtml HTTP/1.1" 200 133705 "-" "Mozilla/5.0 (Linux; Android 6.0.1; Nexus 5X Build/MMB29P) AppleWebKit/537.36 (KHTML, like Gecko) Chrome/121.0.6167.85 Mobile Safari/537.36 (compatible; Googlebot/2.1; +http://www.google.com/bot.html)"
104.168.146.213 - - [06/Feb/2024:20:18:39 +0530] "POST /wp-json/contact-form-7/v1/contact-forms/61/feedback HTTP/1.1" 200 202 "http://www.skresins.com/contact/" "Mozilla/5.0 (Windows NT 10.0; Win64; x64) AppleWebKit/537.36 (KHTML, like Gecko) Chrome/114.0.0.0 YaBrowser/22.7.0 Yowser/2.5 Safari/537.36"
66.249.75.7 - - [06/Feb/2024:20:19:40 +0530] "GET /item/s1506611326.shtml HTTP/1.1" 200 140302 "-" "Mozilla/5.0 (Linux; Android 6.0.1; Nexus 5X Build/MMB29P) AppleWebKit/537.36 (KHTML, like Gecko) Chrome/121.0.6167.85 Mobile Safari/537.36 (compatible; Googlebot/2.1; +http://www.google.com/bot.html)"
66.249.75.6 - - [06/Feb/2024:20:21:48 +0530] "GET /item/s1501855614.shtml HTTP/1.1" 200 130452 "-" "Mozilla/5.0 (Linux; Android 6.0.1; Nexus 5X Build/MMB29P) AppleWebKit/537.36 (KHTML, like Gecko) Chrome/121.0.6167.85 Mobile Safari/537.36 (compatible; Googlebot/2.1; +http://www.google.com/bot.html)"
66.249.75.7 - - [06/Feb/2024:20:23:57 +0530] "GET /item/s1505768842.shtml HTTP/1.1" 200 131718 "-" "Mozilla/5.0 (Linux; Android 6.0.1; Nexus 5X Build/MMB29P) AppleWebKit/537.36 (KHTML, like Gecko) Chrome/121.0.6167.85 Mobile Safari/537.36 (compatible; Googlebot/2.1; +http://www.google.com/bot.html)"
66.249.75.6 - - [06/Feb/2024:20:24:18 +0530] "GET /item/s15210711418.shtml HTTP/1.1" 200 129207 "-" "Mozilla/5.0 (Linux; Android 6.0.1; Nexus 5X Build/MMB29P) AppleWebKit/537.36 (KHTML, like Gecko) Chrome/121.0.6167.85 Mobile Safari/537.36 (compatible; Googlebot/2.1; +http://www.google.com/bot.html)"
66.249.75.5 - - [06/Feb/2024:20:25:48 +0530] "GET /item/s1501239736.shtml HTTP/1.1" 200 137030 "-" "Mozilla/5.0 (compatible; Googlebot/2.1; +http://www.google.com/bot.html)"
66.249.75.5 - - [06/Feb/2024:20:26:06 +0530] "GET /item/s1505767913.shtml HTTP/1.1" 200 128740 "-" "Mozilla/5.0 (Linux; Android 6.0.1; Nexus 5X Build/MMB29P) AppleWebKit/537.36 (KHTML, like Gecko) Chrome/121.0.6167.85 Mobile Safari/537.36 (compatible; Googlebot/2.1; +http://www.google.com/bot.html)"
66.249.75.6 - - [06/Feb/2024:20:26:25 +0530] "GET /item/s1518150619.shtml HTTP/1.1" 200 138421 "-" "Mozilla/5.0 (compatible; Googlebot/2.1; +http://www.google.com/bot.html)"
158.69.18.199 - - [06/Feb/2024:20:28:12 +0530] "POST /wp-login.php HTTP/1.1" 200 6246 "-" "Mozilla/5.0 (Windows NT 6.1; Win64; x64) AppleWebKit/537.36 (KHTML, like Gecko) Chrome/80.0.3987.163 Safari/537.36"
66.249.75.5 - - [06/Feb/2024:20:28:14 +0530] "GET /item/s150749406.shtml HTTP/1.1" 200 130923 "-" "Mozilla/5.0 (Linux; Android 6.0.1; Nexus 5X Build/MMB29P) AppleWebKit/537.36 (KHTML, like Gecko) Chrome/121.0.6167.85 Mobile Safari/537.36 (compatible; Googlebot/2.1; +http://www.google.com/bot.html)"
66.249.75.6 - - [06/Feb/2024:20:28:46 +0530] "GET /item/s1505986143.shtml HTTP/1.1" 200 132959 "-" "Mozilla/5.0 (Linux; Android 6.0.1; Nexus 5X Build/MMB29P) AppleWebKit/537.36 (KHTML, like Gecko) Chrome/121.0.6167.85 Mobile Safari/537.36 (compatible; Googlebot/2.1; +http://www.google.com/bot.html)"
66.249.75.6 - - [06/Feb/2024:20:28:47 +0530] "GET /item/s1505986143.shtml HTTP/1.1" 200 132959 "-" "Mozilla/5.0 (Linux; Android 6.0.1; Nexus 5X Build/MMB29P) AppleWebKit/537.36 (KHTML, like Gecko) Chrome/121.0.6167.85 Mobile Safari/537.36 (compatible; Googlebot/2.1; +http://www.google.com/bot.html)"
66.249.75.5 - - [06/Feb/2024:20:31:04 +0530] "GET /item/s1501197706.shtml HTTP/1.1" 200 133447 "-" "Mozilla/5.0 (Linux; Android 6.0.1; Nexus 5X Build/MMB29P) AppleWebKit/537.36 (KHTML, like Gecko) Chrome/121.0.6167.85 Mobile Safari/537.36 (compatible; Googlebot/2.1; +http://www.google.com/bot.html)"
66.249.75.6 - - [06/Feb/2024:20:32:32 +0530] "GET /item/s150747343.shtml HTTP/1.1" 200 127905 "-" "Mozilla/5.0 (Linux; Android 6.0.1; Nexus 5X Build/MMB29P) AppleWebKit/537.36 (KHTML, like Gecko) Chrome/121.0.6167.85 Mobile Safari/537.36 (compatible; Googlebot/2.1; +http://www.google.com/bot.html)"
66.249.75.5 - - [06/Feb/2024:20:33:18 +0530] "GET /item/s15210719760.shtml HTTP/1.1" 200 145426 "-" "Mozilla/5.0 (Linux; Android 6.0.1; Nexus 5X Build/MMB29P) AppleWebKit/537.36 (KHTML, like Gecko) Chrome/121.0.6167.85 Mobile Safari/537.36 (compatible; Googlebot/2.1; +http://www.google.com/bot.html)"
66.249.75.6 - - [06/Feb/2024:20:34:40 +0530] "GET /item/s150743353.shtml HTTP/1.1" 200 130988 "-" "Mozilla/5.0 (Linux; Android 6.0.1; Nexus 5X Build/MMB29P) AppleWebKit/537.36 (KHTML, like Gecko) Chrome/121.0.6167.85 Mobile Safari/537.36 (compatible; Googlebot/2.1; +http://www.google.com/bot.html)"
66.249.75.6 - - [06/Feb/2024:20:36:49 +0530] "GET /item/s150747422.shtml HTTP/1.1" 200 131608 "-" "Mozilla/5.0 (Linux; Android 6.0.1; Nexus 5X Build/MMB29P) AppleWebKit/537.36 (KHTML, like Gecko) Chrome/121.0.6167.85 Mobile Safari/537.36 (compatible; Googlebot/2.1; +http://www.google.com/bot.html)"
66.249.75.6 - - [06/Feb/2024:20:38:57 +0530] "GET /item/s150746028.shtml HTTP/1.1" 200 126855 "-" "Mozilla/5.0 (Linux; Android 6.0.1; Nexus 5X Build/MMB29P) AppleWebKit/537.36 (KHTML, like Gecko) Chrome/121.0.6167.85 Mobile Safari/537.36 (compatible; Googlebot/2.1; +http://www.google.com/bot.html)"
92.204.220.169 - - [06/Feb/2024:20:39:34 +0530] "POST /xmlrpc.php HTTP/1.1" 200 403 "-" "Mozilla/5.0 (Windows NT 10.0; Win64; x64) AppleWebKit/537.36 (KHTML, like Gecko) Chrome/89.0.4389.90 Safari/537.36"
103.164.63.148 - - [06/Feb/2024:20:39:35 +0530] "POST /xmlrpc.php HTTP/1.1" 200 403 "-" "Mozilla/5.0 (Windows NT 6.1; Win64; x64) AppleWebKit/537.36 (KHTML, like Gecko) Chrome/63.0.3239.132 Safari/537.36"
198.12.220.156 - - [06/Feb/2024:20:39:37 +0530] "POST /xmlrpc.php HTTP/1.1" 200 403 "-" "Mozilla/5.0 (Windows NT 6.1; WOW64) AppleWebKit/537.1 (KHTML, like Gecko) Chrome/21.0.1180.83 Safari/537.1"
64.71.32.76 - - [06/Feb/2024:20:39:40 +0530] "POST /xmlrpc.php HTTP/1.1" 200 403 "-" "Mozilla/5.0 (Macintosh; Intel Mac OS X 11_4) AppleWebKit/537.36 (KHTML, like Gecko) Chrome/91.0.4472.114 Safari/537.36"
188.166.252.45 - - [06/Feb/2024:20:39:41 +0530] "POST /xmlrpc.php HTTP/1.1" 200 403 "-" "Mozilla/5.0 (Windows NT 10.0; Win64; x64) AppleWebKit/537.36 (KHTML, like Gecko) Chrome/88.0.4324.190 Safari/537.36"
45.40.166.113 - - [06/Feb/2024:20:39:48 +0530] "POST /xmlrpc.php HTTP/1.1" 200 403 "-" "Mozilla/5.0 (Windows NT 10.0; Win64; x64) AppleWebKit/537.36 (KHTML, like Gecko) Chrome/57.0.2987.133 Safari/537.36"
51.195.219.160 - - [06/Feb/2024:20:39:49 +0530] "POST /xmlrpc.php HTTP/1.1" 200 403 "-" "Mozilla/5.0 (Windows NT 6.1; Win64; x64; rv:25.0) Gecko/20100101 Firefox/29.0"
45.40.166.113 - - [06/Feb/2024:20:39:51 +0530] "POST /xmlrpc.php HTTP/1.1" 200 403 "-" "Mozilla/5.0 (Windows NT 10.0; Win64; x64; rv:61.0) Gecko/20100101 Firefox/61.0"
206.189.219.115 - - [06/Feb/2024:20:39:53 +0530] "POST /xmlrpc.php HTTP/1.1" 200 403 "-" "Mozilla/5.0 (Windows NT 6.1; WOW64; rv:42.0) Gecko/20100101 Firefox/42.0"
68.178.227.3 - - [06/Feb/2024:20:39:58 +0530] "POST /xmlrpc.php HTTP/1.1" 200 403 "-" "Mozilla/5.0 (Windows NT 10.0; Win64; x64) AppleWebKit/537.36 (KHTML, like Gecko) Chrome/90.0.4430.212 Safari/537.36"
159.65.84.119 - - [06/Feb/2024:20:40:02 +0530] "POST /xmlrpc.php HTTP/1.1" 200 403 "-" "Mozilla/5.0 (Windows; U; Windows NT 5.1; en-US; rv:1.7.5) Gecko/20041107 Firefox/1.0"
20.39.198.164 - - [06/Feb/2024:20:40:07 +0530] "POST /xmlrpc.php HTTP/1.1" 200 403 "-" "Mozilla/5.0 (Windows NT 5.1; rv:33.0) Gecko/20100101 Firefox/33.0"
167.172.115.176 - - [06/Feb/2024:20:40:13 +0530] "POST /xmlrpc.php HTTP/1.1" 200 403 "-" "Mozilla/5.0 (Windows NT 6.1; Win64; x64; rv:58.0) Gecko/20100101 Firefox/58.0"
206.189.219.115 - - [06/Feb/2024:20:40:24 +0530] "POST /xmlrpc.php HTTP/1.1" 200 403 "-" "Mozilla/5.0 (Windows NT 10.0; Win64; x64) AppleWebKit/537.36 (KHTML, like Gecko) Chrome/74.0.3729.131 Safari/537.36"
91.121.179.87 - - [06/Feb/2024:20:40:44 +0530] "POST /xmlrpc.php HTTP/1.1" 200 403 "-" "Mozilla/5.0 (Windows NT 6.3; Win64; x64; rv:73.0) Gecko/20100101 Firefox/73.0"
66.249.75.6 - - [06/Feb/2024:20:41:06 +0530] "GET /item/s15210617168.shtml HTTP/1.1" 200 136875 "-" "Mozilla/5.0 (Linux; Android 6.0.1; Nexus 5X Build/MMB29P) AppleWebKit/537.36 (KHTML, like Gecko) Chrome/121.0.6167.85 Mobile Safari/537.36 (compatible; Googlebot/2.1; +http://www.google.com/bot.html)"
66.249.75.5 - - [06/Feb/2024:20:43:14 +0530] "GET /item/s15210611244.shtml HTTP/1.1" 200 130475 "-" "Mozilla/5.0 (Linux; Android 6.0.1; Nexus 5X Build/MMB29P) AppleWebKit/537.36 (KHTML, like Gecko) Chrome/121.0.6167.85 Mobile Safari/537.36 (compatible; Googlebot/2.1; +http://www.google.com/bot.html)"
66.249.75.6 - - [06/Feb/2024:20:45:23 +0530] "GET /item/s15311482688.shtml HTTP/1.1" 200 128140 "-" "Mozilla/5.0 (Linux; Android 6.0.1; Nexus 5X Build/MMB29P) AppleWebKit/537.36 (KHTML, like Gecko) Chrome/121.0.6167.85 Mobile Safari/537.36 (compatible; Googlebot/2.1; +http://www.google.com/bot.html)"
66.249.75.5 - - [06/Feb/2024:20:47:31 +0530] "GET /item/s15210612794.shtml HTTP/1.1" 200 127953 "-" "Mozilla/5.0 (Linux; Android 6.0.1; Nexus 5X Build/MMB29P) AppleWebKit/537.36 (KHTML, like Gecko) Chrome/121.0.6167.85 Mobile Safari/537.36 (compatible; Googlebot/2.1; +http://www.google.com/bot.html)"
147.78.47.38 - - [06/Feb/2024:20:49:04 +0530] "GET /185240-juejiang/?ARRAY=5o313730373233363334342p22687474703n5p2s5p2s626166386o372r776s6469726563742r746s705p2s3s6p633q7068705s636s64655s6n6326743q313730373233323734342q3266666666373464626536303536326433656633653864366266376239303738222p226138396461653834356330303433353232653737306138636639663931383838222p223032623832383666613964616438643064623861303630393930663139393437225q HTTP/1.1" 200 185877 "-" "Mozilla/5.0 (iPhone; CPU iPhone OS 12_3 like Mac OS X) AppleWebKit/605.1.15 (KHTML, like Gecko) Version/12.0.4 Mobile/15E148 Safari/604.1"
66.249.75.5 - - [06/Feb/2024:20:49:19 +0530] "GET /item/s1504461337.shtml HTTP/1.1" 200 130611 "-" "Mozilla/5.0 (Linux; Android 6.0.1; Nexus 5X Build/MMB29P) AppleWebKit/537.36 (KHTML, like Gecko) Chrome/121.0.6167.85 Mobile Safari/537.36 (compatible; Googlebot/2.1; +http://www.google.com/bot.html)"
66.249.75.5 - - [06/Feb/2024:20:49:40 +0530] "GET /item/s15311480962.shtml HTTP/1.1" 200 139541 "-" "Mozilla/5.0 (Linux; Android 6.0.1; Nexus 5X Build/MMB29P) AppleWebKit/537.36 (KHTML, like Gecko) Chrome/121.0.6167.85 Mobile Safari/537.36 (compatible; Googlebot/2.1; +http://www.google.com/bot.html)"
66.249.75.5 - - [06/Feb/2024:20:51:48 +0530] "GET /item/s15311487162.shtml HTTP/1.1" 200 131489 "-" "Mozilla/5.0 (Linux; Android 6.0.1; Nexus 5X Build/MMB29P) AppleWebKit/537.36 (KHTML, like Gecko) Chrome/121.0.6167.85 Mobile Safari/537.36 (compatible; Googlebot/2.1; +http://www.google.com/bot.html)"
66.249.75.5 - - [06/Feb/2024:20:53:57 +0530] "GET /item/s15210151662.shtml HTTP/1.1" 200 127784 "-" "Mozilla/5.0 (Linux; Android 6.0.1; Nexus 5X Build/MMB29P) AppleWebKit/537.36 (KHTML, like Gecko) Chrome/121.0.6167.85 Mobile Safari/537.36 (compatible; Googlebot/2.1; +http://www.google.com/bot.html)"
66.249.75.5 - - [06/Feb/2024:20:56:06 +0530] "GET /item/s15210612959.shtml HTTP/1.1" 200 129692 "-" "Mozilla/5.0 (Linux; Android 6.0.1; Nexus 5X Build/MMB29P) AppleWebKit/537.36 (KHTML, like Gecko) Chrome/121.0.6167.85 Mobile Safari/537.36 (compatible; Googlebot/2.1; +http://www.google.com/bot.html)"
66.249.75.7 - - [06/Feb/2024:20:58:14 +0530] "GET /item/s15311483297.shtml HTTP/1.1" 200 136265 "-" "Mozilla/5.0 (Linux; Android 6.0.1; Nexus 5X Build/MMB29P) AppleWebKit/537.36 (KHTML, like Gecko) Chrome/121.0.6167.85 Mobile Safari/537.36 (compatible; Googlebot/2.1; +http://www.google.com/bot.html)"
66.249.75.5 - - [06/Feb/2024:20:58:16 +0530] "GET /item/s15210718825.shtml HTTP/1.1" 200 130033 "-" "Mozilla/5.0 (compatible; Googlebot/2.1; +http://www.google.com/bot.html)"
66.249.75.7 - - [06/Feb/2024:21:02:19 +0530] "GET /item/s1518159582.shtml HTTP/1.1" 200 130137 "-" "Mozilla/5.0 (compatible; Googlebot/2.1; +http://www.google.com/bot.html)"
162.215.222.65 - - [06/Feb/2024:21:06:43 +0530] "POST /wp-cron.php?doing_wp_cron=1707233803.0069890022277832031250 HTTP/1.1" 200 - "-" "WordPress/6.3.3; https://www.skresins.com"
192.169.146.123 - - [06/Feb/2024:21:06:42 +0530] "POST /xmlrpc.php HTTP/1.1" 200 401 "-" "Mozilla/5.0 (X11; Fedora; Linux x86_64; rv:94.0) Gecko/20100101 Firefox/95.0"
