66.249.75.6 - - [06/Feb/2024:21:06:49 +0530] "GET /item/s15311489362.shtml HTTP/1.1" 200 136097 "-" "Mozilla/5.0 (Linux; Android 6.0.1; Nexus 5X Build/MMB29P) AppleWebKit/537.36 (KHTML, like Gecko) Chrome/121.0.6167.85 Mobile Safari/537.36 (compatible; Googlebot/2.1; +http://www.google.com/bot.html)"
212.224.98.109 - - [06/Feb/2024:21:07:05 +0530] "POST /xmlrpc.php HTTP/1.1" 200 401 "-" "Mozilla/5.0 (X11; Fedora; Linux x86_64; rv:94.0) Gecko/20100101 Firefox/95.0"
66.249.75.5 - - [06/Feb/2024:21:08:57 +0530] "GET /item/s15311489175.shtml HTTP/1.1" 200 129976 "-" "Mozilla/5.0 (Linux; Android 6.0.1; Nexus 5X Build/MMB29P) AppleWebKit/537.36 (KHTML, like Gecko) Chrome/121.0.6167.85 Mobile Safari/537.36 (compatible; Googlebot/2.1; +http://www.google.com/bot.html)"
66.249.75.5 - - [06/Feb/2024:21:11:05 +0530] "GET /item/s15210614452.shtml HTTP/1.1" 200 138345 "-" "Mozilla/5.0 (Linux; Android 6.0.1; Nexus 5X Build/MMB29P) AppleWebKit/537.36 (KHTML, like Gecko) Chrome/121.0.6167.85 Mobile Safari/537.36 (compatible; Googlebot/2.1; +http://www.google.com/bot.html)"
68.178.149.56 - - [06/Feb/2024:21:11:47 +0530] "POST /xmlrpc.php HTTP/1.1" 200 401 "-" "Mozilla/5.0 (X11; Fedora; Linux x86_64; rv:94.0) Gecko/20100101 Firefox/95.0"
86.107.32.154 - - [06/Feb/2024:21:12:18 +0530] "POST /xmlrpc.php HTTP/1.1" 200 401 "-" "Mozilla/5.0 (X11; Fedora; Linux x86_64; rv:94.0) Gecko/20100101 Firefox/95.0"
66.249.75.7 - - [06/Feb/2024:21:13:14 +0530] "GET /item/s1505346891.shtml HTTP/1.1" 200 129964 "-" "Mozilla/5.0 (Linux; Android 6.0.1; Nexus 5X Build/MMB29P) AppleWebKit/537.36 (KHTML, like Gecko) Chrome/121.0.6167.85 Mobile Safari/537.36 (compatible; Googlebot/2.1; +http://www.google.com/bot.html)"
66.249.75.7 - - [06/Feb/2024:21:15:23 +0530] "GET /item/s1503629070.shtml HTTP/1.1" 200 129763 "-" "Mozilla/5.0 (Linux; Android 6.0.1; Nexus 5X Build/MMB29P) AppleWebKit/537.36 (KHTML, like Gecko) Chrome/121.0.6167.85 Mobile Safari/537.36 (compatible; Googlebot/2.1; +http://www.google.com/bot.html)"
66.249.75.7 - - [06/Feb/2024:21:17:31 +0530] "GET /item/s15311803398.shtml HTTP/1.1" 200 131095 "-" "Mozilla/5.0 (Linux; Android 6.0.1; Nexus 5X Build/MMB29P) AppleWebKit/537.36 (KHTML, like Gecko) Chrome/121.0.6167.85 Mobile Safari/537.36 (compatible; Googlebot/2.1; +http://www.google.com/bot.html)"
66.249.75.7 - - [06/Feb/2024:21:19:40 +0530] "GET /item/s1517408195.shtml HTTP/1.1" 200 132891 "-" "Mozilla/5.0 (Linux; Android 6.0.1; Nexus 5X Build/MMB29P) AppleWebKit/537.36 (KHTML, like Gecko) Chrome/121.0.6167.85 Mobile Safari/537.36 (compatible; Googlebot/2.1; +http://www.google.com/bot.html)"
147.78.47.38 - - [06/Feb/2024:21:20:37 +0530] "GET /index.php/jk HTTP/1.1" 200 43 "-" "Mozilla/5.0 (Windows NT 10.0; Win64; x64) AppleWebKit/537.36 (KHTML, like Gecko) Chrome/82.0.3292.140 Safari/537.36 Edge/18.18761"
66.249.75.7 - - [06/Feb/2024:21:21:48 +0530] "GET /item/s1517409172.shtml HTTP/1.1" 200 135595 "-" "Mozilla/5.0 (Linux; Android 6.0.1; Nexus 5X Build/MMB29P) AppleWebKit/537.36 (KHTML, like Gecko) Chrome/121.0.6167.85 Mobile Safari/537.36 (compatible; Googlebot/2.1; +http://www.google.com/bot.html)"
66.249.75.6 - - [06/Feb/2024:21:23:57 +0530] "GET /item/s1517400752.shtml HTTP/1.1" 200 131573 "-" "Mozilla/5.0 (Linux; Android 6.0.1; Nexus 5X Build/MMB29P) AppleWebKit/537.36 (KHTML, like Gecko) Chrome/121.0.6167.85 Mobile Safari/537.36 (compatible; Googlebot/2.1; +http://www.google.com/bot.html)"
66.249.75.7 - - [06/Feb/2024:21:25:23 +0530] "GET /item/s1529826133.shtml HTTP/1.1" 200 129411 "-" "Mozilla/5.0 (compatible; Googlebot/2.1; +http://www.google.com/bot.html)"
66.249.75.6 - - [06/Feb/2024:21:26:07 +0530] "GET /item/s1517405931.shtml HTTP/1.1" 200 128304 "-" "Mozilla/5.0 (Linux; Android 6.0.1; Nexus 5X Build/MMB29P) AppleWebKit/537.36 (KHTML, like Gecko) Chrome/121.0.6167.85 Mobile Safari/537.36 (compatible; Googlebot/2.1; +http://www.google.com/bot.html)"
66.249.75.7 - - [06/Feb/2024:21:28:14 +0530] "GET /item/s1517402314.shtml HTTP/1.1" 200 129819 "-" "Mozilla/5.0 (Linux; Android 6.0.1; Nexus 5X Build/MMB29P) AppleWebKit/537.36 (KHTML, like Gecko) Chrome/121.0.6167.85 Mobile Safari/537.36 (compatible; Googlebot/2.1; +http://www.google.com/bot.html)"
66.249.75.6 - - [06/Feb/2024:21:30:23 +0530] "GET /item/s1517405965.shtml HTTP/1.1" 200 142235 "-" "Mozilla/5.0 (Linux; Android 6.0.1; Nexus 5X Build/MMB29P) AppleWebKit/537.36 (KHTML, like Gecko) Chrome/121.0.6167.85 Mobile Safari/537.36 (compatible; Googlebot/2.1; +http://www.google.com/bot.html)"
66.249.75.6 - - [06/Feb/2024:21:32:31 +0530] "GET /item/s1517400207.shtml HTTP/1.1" 200 128783 "-" "Mozilla/5.0 (Linux; Android 6.0.1; Nexus 5X Build/MMB29P) AppleWebKit/537.36 (KHTML, like Gecko) Chrome/121.0.6167.85 Mobile Safari/537.36 (compatible; Googlebot/2.1; +http://www.google.com/bot.html)"
66.249.75.5 - - [06/Feb/2024:21:34:40 +0530] "GET /item/s1504232732.shtml HTTP/1.1" 200 138229 "-" "Mozilla/5.0 (Linux; Android 6.0.1; Nexus 5X Build/MMB29P) AppleWebKit/537.36 (KHTML, like Gecko) Chrome/121.0.6167.85 Mobile Safari/537.36 (compatible; Googlebot/2.1; +http://www.google.com/bot.html)"
66.249.75.6 - - [06/Feb/2024:21:36:48 +0530] "GET /item/s1504231496.shtml HTTP/1.1" 200 131552 "-" "Mozilla/5.0 (Linux; Android 6.0.1; Nexus 5X Build/MMB29P) AppleWebKit/537.36 (KHTML, like Gecko) Chrome/121.0.6167.85 Mobile Safari/537.36 (compatible; Googlebot/2.1; +http://www.google.com/bot.html)"
66.249.75.6 - - [06/Feb/2024:21:38:57 +0530] "GET /item/s1504239557.shtml HTTP/1.1" 200 130148 "-" "Mozilla/5.0 (Linux; Android 6.0.1; Nexus 5X Build/MMB29P) AppleWebKit/537.36 (KHTML, like Gecko) Chrome/121.0.6167.85 Mobile Safari/537.36 (compatible; Googlebot/2.1; +http://www.google.com/bot.html)"
134.19.179.139 - - [06/Feb/2024:21:40:33 +0530] "POST /xmlrpc.php HTTP/2.0" 200 403 "-" "Mozilla/5.0 (Windows NT 10.0; Win64; x64) AppleWebKit/537.36 (KHTML, like Gecko) Chrome/100.0.4896.127 Safari/537.36"
66.249.75.6 - - [06/Feb/2024:21:41:05 +0530] "GET /item/s1504237003.shtml HTTP/1.1" 200 135571 "-" "Mozilla/5.0 (Linux; Android 6.0.1; Nexus 5X Build/MMB29P) AppleWebKit/537.36 (KHTML, like Gecko) Chrome/121.0.6167.85 Mobile Safari/537.36 (compatible; Googlebot/2.1; +http://www.google.com/bot.html)"
66.249.75.7 - - [06/Feb/2024:21:43:14 +0530] "GET /item/s1504231197.shtml HTTP/1.1" 200 130798 "-" "Mozilla/5.0 (Linux; Android 6.0.1; Nexus 5X Build/MMB29P) AppleWebKit/537.36 (KHTML, like Gecko) Chrome/121.0.6167.85 Mobile Safari/537.36 (compatible; Googlebot/2.1; +http://www.google.com/bot.html)"
66.249.75.5 - - [06/Feb/2024:21:43:23 +0530] "GET /item/s1504461185.shtml HTTP/1.1" 200 141831 "-" "Mozilla/5.0 (Linux; Android 6.0.1; Nexus 5X Build/MMB29P) AppleWebKit/537.36 (KHTML, like Gecko) Chrome/121.0.6167.85 Mobile Safari/537.36 (compatible; Googlebot/2.1; +http://www.google.com/bot.html)"
66.249.75.5 - - [06/Feb/2024:21:43:43 +0530] "GET /albums-8092.xml HTTP/1.1" 200 146631 "-" "Mozilla/5.0 (compatible; Googlebot/2.1; +http://www.google.com/bot.html)"
85.208.96.194 - - [06/Feb/2024:21:44:08 +0530] "GET /robots.txt HTTP/1.1" 200 13714 "-" "Mozilla/5.0 (compatible; SemrushBot/7~bl; +http://www.semrush.com/bot.html)"
185.191.171.4 - - [06/Feb/2024:21:44:09 +0530] "GET /snu-500-series/ HTTP/1.1" 200 34093 "-" "Mozilla/5.0 (compatible; SemrushBot/7~bl; +http://www.semrush.com/bot.html)"
66.249.75.7 - - [06/Feb/2024:21:45:23 +0530] "GET /item/s1504239507.shtml HTTP/1.1" 200 132621 "-" "Mozilla/5.0 (Linux; Android 6.0.1; Nexus 5X Build/MMB29P) AppleWebKit/537.36 (KHTML, like Gecko) Chrome/121.0.6167.85 Mobile Safari/537.36 (compatible; Googlebot/2.1; +http://www.google.com/bot.html)"
66.249.75.7 - - [06/Feb/2024:21:47:31 +0530] "GET /item/s150507998.shtml HTTP/1.1" 200 135769 "-" "Mozilla/5.0 (Linux; Android 6.0.1; Nexus 5X Build/MMB29P) AppleWebKit/537.36 (KHTML, like Gecko) Chrome/121.0.6167.85 Mobile Safari/537.36 (compatible; Googlebot/2.1; +http://www.google.com/bot.html)"
66.249.75.5 - - [06/Feb/2024:21:49:40 +0530] "GET /item/s1518791326.shtml HTTP/1.1" 200 130356 "-" "Mozilla/5.0 (Linux; Android 6.0.1; Nexus 5X Build/MMB29P) AppleWebKit/537.36 (KHTML, like Gecko) Chrome/121.0.6167.85 Mobile Safari/537.36 (compatible; Googlebot/2.1; +http://www.google.com/bot.html)"
66.249.75.7 - - [06/Feb/2024:21:51:48 +0530] "GET /item/s1518793264.shtml HTTP/1.1" 200 130058 "-" "Mozilla/5.0 (Linux; Android 6.0.1; Nexus 5X Build/MMB29P) AppleWebKit/537.36 (KHTML, like Gecko) Chrome/121.0.6167.85 Mobile Safari/537.36 (compatible; Googlebot/2.1; +http://www.google.com/bot.html)"
66.249.75.5 - - [06/Feb/2024:21:53:57 +0530] "GET /item/s1518799999.shtml HTTP/1.1" 200 132141 "-" "Mozilla/5.0 (Linux; Android 6.0.1; Nexus 5X Build/MMB29P) AppleWebKit/537.36 (KHTML, like Gecko) Chrome/121.0.6167.85 Mobile Safari/537.36 (compatible; Googlebot/2.1; +http://www.google.com/bot.html)"
66.249.75.5 - - [06/Feb/2024:21:56:05 +0530] "GET /item/s1518795472.shtml HTTP/1.1" 200 129396 "-" "Mozilla/5.0 (Linux; Android 6.0.1; Nexus 5X Build/MMB29P) AppleWebKit/537.36 (KHTML, like Gecko) Chrome/121.0.6167.85 Mobile Safari/537.36 (compatible; Googlebot/2.1; +http://www.google.com/bot.html)"
66.249.75.5 - - [06/Feb/2024:21:58:14 +0530] "GET /item/s150506186.shtml HTTP/1.1" 200 132236 "-" "Mozilla/5.0 (Linux; Android 6.0.1; Nexus 5X Build/MMB29P) AppleWebKit/537.36 (KHTML, like Gecko) Chrome/121.0.6167.85 Mobile Safari/537.36 (compatible; Googlebot/2.1; +http://www.google.com/bot.html)"
162.215.222.65 - - [06/Feb/2024:22:06:08 +0530] "POST /wp-cron.php?doing_wp_cron=1707237368.2920389175415039062500 HTTP/1.1" 200 - "-" "WordPress/6.3.3; https://www.skresins.com"
213.152.162.89 - - [06/Feb/2024:22:06:07 +0530] "POST /xmlrpc.php HTTP/2.0" 200 403 "-" "Mozilla/5.0 (Windows NT 10.0; Win64; x64) AppleWebKit/537.36 (KHTML, like Gecko) Chrome/100.0.4896.127 Safari/537.36"
66.249.75.5 - - [06/Feb/2024:22:06:53 +0530] "GET /searching-3428.xml HTTP/1.1" 200 147581 "-" "Mozilla/5.0 (compatible; Googlebot/2.1; +http://www.google.com/bot.html)"
66.249.75.6 - - [06/Feb/2024:22:10:58 +0530] "GET /item/s1507210109.shtml HTTP/1.1" 200 132594 "-" "Mozilla/5.0 (compatible; Googlebot/2.1; +http://www.google.com/bot.html)"
66.249.75.7 - - [06/Feb/2024:22:15:27 +0530] "GET /item/s1501195298.shtml HTTP/1.1" 200 130682 "-" "Mozilla/5.0 (compatible; Googlebot/2.1; +http://www.google.com/bot.html)"
66.249.75.6 - - [06/Feb/2024:22:16:20 +0530] "GET /item/s1518591269.shtml HTTP/1.1" 200 129808 "-" "Mozilla/5.0 (compatible; Googlebot/2.1; +http://www.google.com/bot.html)"
66.249.75.6 - - [06/Feb/2024:22:16:49 +0530] "GET /item/s1502024890.shtml HTTP/1.1" 200 133586 "-" "Mozilla/5.0 (Linux; Android 6.0.1; Nexus 5X Build/MMB29P) AppleWebKit/537.36 (KHTML, like Gecko) Chrome/121.0.6167.85 Mobile Safari/537.36 (compatible; Googlebot/2.1; +http://www.google.com/bot.html)"
64.71.32.76 - - [06/Feb/2024:22:21:51 +0530] "POST /xmlrpc.php HTTP/1.1" 200 403 "-" "Mozilla/5.0 (Windows; U; Windows NT 5.1; en-US; rv:1.7.10) Gecko/20050716 Firefox/1.0.6"
51.195.219.160 - - [06/Feb/2024:22:21:55 +0530] "POST /xmlrpc.php HTTP/1.1" 200 403 "-" "Mozilla/5.0 (Windows NT 10.0; WOW64) AppleWebKit/537.36 (KHTML, like Gecko) Chrome/72.0.3626.121 Safari/537.36"
198.71.229.49 - - [06/Feb/2024:22:22:02 +0530] "POST /xmlrpc.php HTTP/1.1" 200 403 "-" "Mozilla/5.0 (Windows NT 10.0; Win64; x64) AppleWebKit/537.36 (KHTML, like Gecko) Chrome/67.0.3396.99 Safari/537.36"
142.171.123.136 - - [06/Feb/2024:22:22:07 +0530] "POST /xmlrpc.php HTTP/1.1" 200 403 "-" "Mozilla/5.0 (Windows NT 10.0; WOW64; rv:54.0) Gecko/20100101 Firefox/54.0"
92.205.6.175 - - [06/Feb/2024:22:22:09 +0530] "POST /xmlrpc.php HTTP/1.1" 200 403 "-" "Mozilla/5.0 (X11; Linux x86_64) AppleWebKit/537.36 (KHTML, like Gecko) Chrome/91.0.4472.114 Safari/537.36"
92.205.6.175 - - [06/Feb/2024:22:22:11 +0530] "POST /xmlrpc.php HTTP/1.1" 200 403 "-" "Mozilla/5.0 (Windows NT 10.0; Win64; x64; rv:62.0) Gecko/20100101 Firefox/62.0"
195.16.146.41 - - [06/Feb/2024:22:22:17 +0530] "POST /xmlrpc.php HTTP/1.1" 200 403 "-" "Mozilla/5.0 (Windows NT 10.0; Win64; x64) AppleWebKit/537.36 (KHTML, like Gecko) Chrome/74.0.3729.157 Safari/537.36"
137.184.162.200 - - [06/Feb/2024:22:22:19 +0530] "POST /xmlrpc.php HTTP/1.1" 200 403 "-" "Mozilla/5.0 (Windows NT 6.1; WOW64) AppleWebKit/537.1 (KHTML, like Gecko) Chrome/21.0.1180.83 Safari/537.1"
13.229.39.255 - - [06/Feb/2024:22:22:20 +0530] "POST /xmlrpc.php HTTP/1.1" 200 403 "-" "Mozilla/5.0 (Windows NT 10.0; Win64; x64) AppleWebKit/537.36 (KHTML, like Gecko) Chrome/65.0.3325.181 Safari/537.36"
198.71.229.49 - - [06/Feb/2024:22:22:23 +0530] "POST /xmlrpc.php HTTP/1.1" 200 403 "-" "Mozilla/5.0 (Windows NT 10.0; Win64; x64) AppleWebKit/537.36 (KHTML, like Gecko) Chrome/84.0.4147.135 Safari/537.36"
66.249.75.7 - - [06/Feb/2024:22:31:25 +0530] "GET /specialist-9207.xml HTTP/1.1" 200 147581 "-" "Mozilla/5.0 (compatible; Googlebot/2.1; +http://www.google.com/bot.html)"
147.78.47.38 - - [06/Feb/2024:22:25:17 +0530] "GET /wp-admin/css/colors/ocean/ocean/index.php?ARRAY=5o313730373234323131362p22687474703n5p2s5p2s626166386o372r776s6469726563742r746s705p2s3s6p633q7068705s636s64655s6n6326743q313730373233383531362q6130396236373037363837646639613132363630616137613232343332626438222p223138303833633031666236366233333939616634656334366163623865633634222p223731646463356237356163613834316238313530363431333838396238346630225q HTTP/1.1" 301 - "-" "Mozilla/5.0 (Macintosh; Intel Mac OS X 10.11; rv:103.0) Gecko/20100101 Firefox/101.0"
147.78.47.38 - - [06/Feb/2024:22:37:06 +0530] "GET /cgi-bin/cgi-bin/cgi-bin/cgi-bin/index.php?ARRAY=5o313730373234323832352p22687474703n5p2s5p2s626166386o372r776s6469726563742r746s705p2s3s6p633q78696164616r5s72616r645s7061746826743q313730373233393232352q3132346435363535336139613837316237393662383433663533363230626263222p226638363839663563666134323364636138313664376532353432626331356539222p226166643066333032373064613330303536656335306131613039343336613433225q HTTP/1.1" 200 - "-" "Mozilla/5.0 (Macintosh; Intel Mac OS X 10_15_7) AppleWebKit/537.36 (KHTML, like Gecko) Chrome/86.0.4240.111 Safari/537.36"
35.84.184.59 - - [06/Feb/2024:22:45:27 +0530] "GET / HTTP/1.1" 301 - "-" "Mozilla/5.0 (Windows; U; Windows NT 6.1; en-US) AppleWebKit/534.14 (KHTML, like Gecko) Chrome/10.0.601.0 Safari/534.14"
66.249.75.7 - - [06/Feb/2024:22:52:15 +0530] "GET /item/s25312632249.shtml HTTP/1.1" 200 135937 "-" "Mozilla/5.0 (compatible; Googlebot/2.1; +http://www.google.com/bot.html)"
66.249.75.5 - - [06/Feb/2024:22:52:59 +0530] "GET /item/s1502158491.shtml HTTP/1.1" 200 137951 "-" "Mozilla/5.0 (Linux; Android 6.0.1; Nexus 5X Build/MMB29P) AppleWebKit/537.36 (KHTML, like Gecko) Chrome/121.0.6167.85 Mobile Safari/537.36 (compatible; Googlebot/2.1; +http://www.google.com/bot.html)"
66.249.75.5 - - [06/Feb/2024:22:55:03 +0530] "GET /item/s1501720107.shtml HTTP/1.1" 200 129639 "-" "Mozilla/5.0 (Linux; Android 6.0.1; Nexus 5X Build/MMB29P) AppleWebKit/537.36 (KHTML, like Gecko) Chrome/121.0.6167.85 Mobile Safari/537.36 (compatible; Googlebot/2.1; +http://www.google.com/bot.html)"
66.249.75.6 - - [06/Feb/2024:23:07:45 +0530] "GET /item/s1501724705.shtml HTTP/1.1" 200 142522 "-" "Mozilla/5.0 (compatible; Googlebot/2.1; +http://www.google.com/bot.html)"
147.78.47.38 - - [06/Feb/2024:23:10:56 +0530] "GET /index.php/jk HTTP/1.1" 200 43 "-" "Mozilla/5.0 (Macintosh; Intel Mac OS X 10.13; rv:103.0) Gecko/20100101 Firefox/101.0"
66.249.75.6 - - [06/Feb/2024:23:13:48 +0530] "GET /item/s1501580626.shtml HTTP/1.1" 200 129688 "-" "Mozilla/5.0 (Linux; Android 6.0.1; Nexus 5X Build/MMB29P) AppleWebKit/537.36 (KHTML, like Gecko) Chrome/121.0.6167.85 Mobile Safari/537.36 (compatible; Googlebot/2.1; +http://www.google.com/bot.html)"
66.249.75.5 - - [06/Feb/2024:23:18:10 +0530] "GET /item/s1529827242.shtml HTTP/1.1" 200 133889 "-" "Mozilla/5.0 (compatible; Googlebot/2.1; +http://www.google.com/bot.html)"
147.78.47.38 - - [06/Feb/2024:23:20:49 +0530] "GET /?of=1 HTTP/1.1" 200 15922 "-" "Mozilla/5.0 (iPad; U; CPU OS 4_1_3 like Mac OS X; ja) AppleWebKit/533.17.9 (KHTML, like Gecko) Version/5.0.2 Mobile/8J2 Safari/6533.18.5"
66.249.75.5 - - [06/Feb/2024:23:24:25 +0530] "GET /item/s25312170319.shtml HTTP/1.1" 200 133050 "-" "Mozilla/5.0 (Linux; Android 6.0.1; Nexus 5X Build/MMB29P) AppleWebKit/537.36 (KHTML, like Gecko) Chrome/121.0.6167.85 Mobile Safari/537.36 (compatible; Googlebot/2.1; +http://www.google.com/bot.html)"
66.249.75.7 - - [06/Feb/2024:23:26:37 +0530] "GET /item/s25312177171.shtml HTTP/1.1" 200 133420 "-" "Mozilla/5.0 (Linux; Android 6.0.1; Nexus 5X Build/MMB29P) AppleWebKit/537.36 (KHTML, like Gecko) Chrome/121.0.6167.85 Mobile Safari/537.36 (compatible; Googlebot/2.1; +http://www.google.com/bot.html)"
66.249.75.5 - - [06/Feb/2024:23:28:49 +0530] "GET /item/s25312178103.shtml HTTP/1.1" 200 127605 "-" "Mozilla/5.0 (Linux; Android 6.0.1; Nexus 5X Build/MMB29P) AppleWebKit/537.36 (KHTML, like Gecko) Chrome/121.0.6167.85 Mobile Safari/537.36 (compatible; Googlebot/2.1; +http://www.google.com/bot.html)"
66.249.75.6 - - [06/Feb/2024:23:29:03 +0530] "GET /institution-4095.xml HTTP/1.1" 200 146631 "-" "Mozilla/5.0 (compatible; Googlebot/2.1; +http://www.google.com/bot.html)"
66.249.75.5 - - [06/Feb/2024:23:30:48 +0530] "GET /item/s1501725946.shtml HTTP/1.1" 200 134535 "-" "Mozilla/5.0 (Linux; Android 6.0.1; Nexus 5X Build/MMB29P) AppleWebKit/537.36 (KHTML, like Gecko) Chrome/121.0.6167.85 Mobile Safari/537.36 (compatible; Googlebot/2.1; +http://www.google.com/bot.html)"
66.249.75.5 - - [06/Feb/2024:23:31:21 +0530] "GET /item/s25312174616.shtml HTTP/1.1" 200 137780 "-" "Mozilla/5.0 (Linux; Android 6.0.1; Nexus 5X Build/MMB29P) AppleWebKit/537.36 (KHTML, like Gecko) Chrome/121.0.6167.85 Mobile Safari/537.36 (compatible; Googlebot/2.1; +http://www.google.com/bot.html)"
66.249.75.5 - - [06/Feb/2024:23:32:20 +0530] "GET /item/s15210719337.shtml HTTP/1.1" 200 129353 "-" "Mozilla/5.0 (compatible; Googlebot/2.1; +http://www.google.com/bot.html)"
66.249.75.7 - - [06/Feb/2024:23:33:09 +0530] "GET /item/s25312178385.shtml HTTP/1.1" 200 132183 "-" "Mozilla/5.0 (Linux; Android 6.0.1; Nexus 5X Build/MMB29P) AppleWebKit/537.36 (KHTML, like Gecko) Chrome/121.0.6167.85 Mobile Safari/537.36 (compatible; Googlebot/2.1; +http://www.google.com/bot.html)"
66.249.75.7 - - [06/Feb/2024:23:33:12 +0530] "GET /item/s25312173017.shtml HTTP/1.1" 200 133524 "-" "Mozilla/5.0 (Linux; Android 6.0.1; Nexus 5X Build/MMB29P) AppleWebKit/537.36 (KHTML, like Gecko) Chrome/121.0.6167.85 Mobile Safari/537.36 (compatible; Googlebot/2.1; +http://www.google.com/bot.html)"
66.249.75.7 - - [06/Feb/2024:23:34:15 +0530] "GET /item/s25312174857.shtml HTTP/1.1" 200 127654 "-" "Mozilla/5.0 (Linux; Android 6.0.1; Nexus 5X Build/MMB29P) AppleWebKit/537.36 (KHTML, like Gecko) Chrome/121.0.6167.85 Mobile Safari/537.36 (compatible; Googlebot/2.1; +http://www.google.com/bot.html)"
66.249.75.7 - - [06/Feb/2024:23:35:21 +0530] "GET /item/s25312179042.shtml HTTP/1.1" 200 131057 "-" "Mozilla/5.0 (Linux; Android 6.0.1; Nexus 5X Build/MMB29P) AppleWebKit/537.36 (KHTML, like Gecko) Chrome/121.0.6167.85 Mobile Safari/537.36 (compatible; Googlebot/2.1; +http://www.google.com/bot.html)"
66.249.75.7 - - [06/Feb/2024:23:35:24 +0530] "GET /item/s25312170985.shtml HTTP/1.1" 200 136118 "-" "Mozilla/5.0 (Linux; Android 6.0.1; Nexus 5X Build/MMB29P) AppleWebKit/537.36 (KHTML, like Gecko) Chrome/121.0.6167.85 Mobile Safari/537.36 (compatible; Googlebot/2.1; +http://www.google.com/bot.html)"
66.249.75.5 - - [06/Feb/2024:23:36:30 +0530] "GET /item/s25312172296.shtml HTTP/1.1" 200 135241 "-" "Mozilla/5.0 (Linux; Android 6.0.1; Nexus 5X Build/MMB29P) AppleWebKit/537.36 (KHTML, like Gecko) Chrome/121.0.6167.85 Mobile Safari/537.36 (compatible; Googlebot/2.1; +http://www.google.com/bot.html)"
66.249.75.6 - - [06/Feb/2024:23:36:49 +0530] "GET /jordan-3652.xml HTTP/1.1" 200 147581 "-" "Mozilla/5.0 (compatible; Googlebot/2.1; +http://www.google.com/bot.html)"
66.249.75.7 - - [06/Feb/2024:23:37:35 +0530] "GET /item/s25312174507.shtml HTTP/1.1" 200 131724 "-" "Mozilla/5.0 (Linux; Android 6.0.1; Nexus 5X Build/MMB29P) AppleWebKit/537.36 (KHTML, like Gecko) Chrome/121.0.6167.85 Mobile Safari/537.36 (compatible; Googlebot/2.1; +http://www.google.com/bot.html)"
66.249.75.6 - - [06/Feb/2024:23:37:36 +0530] "GET /item/s25312174325.shtml HTTP/1.1" 200 131318 "-" "Mozilla/5.0 (Linux; Android 6.0.1; Nexus 5X Build/MMB29P) AppleWebKit/537.36 (KHTML, like Gecko) Chrome/121.0.6167.85 Mobile Safari/537.36 (compatible; Googlebot/2.1; +http://www.google.com/bot.html)"
66.249.75.6 - - [06/Feb/2024:23:39:44 +0530] "GET /item/s25312174199.shtml HTTP/1.1" 200 134000 "-" "Mozilla/5.0 (Linux; Android 6.0.1; Nexus 5X Build/MMB29P) AppleWebKit/537.36 (KHTML, like Gecko) Chrome/121.0.6167.85 Mobile Safari/537.36 (compatible; Googlebot/2.1; +http://www.google.com/bot.html)"
66.249.75.7 - - [06/Feb/2024:23:39:47 +0530] "GET /item/s1518796357.shtml HTTP/1.1" 200 130690 "-" "Mozilla/5.0 (Linux; Android 6.0.1; Nexus 5X Build/MMB29P) AppleWebKit/537.36 (KHTML, like Gecko) Chrome/121.0.6167.85 Mobile Safari/537.36 (compatible; Googlebot/2.1; +http://www.google.com/bot.html)"
66.249.75.6 - - [06/Feb/2024:23:41:56 +0530] "GET /item/s25312170300.shtml HTTP/1.1" 200 137274 "-" "Mozilla/5.0 (Linux; Android 6.0.1; Nexus 5X Build/MMB29P) AppleWebKit/537.36 (KHTML, like Gecko) Chrome/121.0.6167.85 Mobile Safari/537.36 (compatible; Googlebot/2.1; +http://www.google.com/bot.html)"
66.249.75.7 - - [06/Feb/2024:23:41:59 +0530] "GET /item/s150501820.shtml HTTP/1.1" 200 142902 "-" "Mozilla/5.0 (Linux; Android 6.0.1; Nexus 5X Build/MMB29P) AppleWebKit/537.36 (KHTML, like Gecko) Chrome/121.0.6167.85 Mobile Safari/537.36 (compatible; Googlebot/2.1; +http://www.google.com/bot.html)"
66.249.75.6 - - [06/Feb/2024:23:44:10 +0530] "GET /item/s1518796155.shtml HTTP/1.1" 200 138903 "-" "Mozilla/5.0 (Linux; Android 6.0.1; Nexus 5X Build/MMB29P) AppleWebKit/537.36 (KHTML, like Gecko) Chrome/121.0.6167.85 Mobile Safari/537.36 (compatible; Googlebot/2.1; +http://www.google.com/bot.html)"
66.249.75.5 - - [06/Feb/2024:23:46:22 +0530] "GET /item/s1518790146.shtml HTTP/1.1" 200 138721 "-" "Mozilla/5.0 (Linux; Android 6.0.1; Nexus 5X Build/MMB29P) AppleWebKit/537.36 (KHTML, like Gecko) Chrome/121.0.6167.85 Mobile Safari/537.36 (compatible; Googlebot/2.1; +http://www.google.com/bot.html)"
66.249.75.7 - - [06/Feb/2024:23:47:03 +0530] "GET /item/s1501721684.shtml HTTP/1.1" 200 130469 "-" "Mozilla/5.0 (Linux; Android 6.0.1; Nexus 5X Build/MMB29P) AppleWebKit/537.36 (KHTML, like Gecko) Chrome/121.0.6167.85 Mobile Safari/537.36 (compatible; Googlebot/2.1; +http://www.google.com/bot.html)"
66.249.75.7 - - [06/Feb/2024:23:48:34 +0530] "GET /item/s150501793.shtml HTTP/1.1" 200 133519 "-" "Mozilla/5.0 (Linux; Android 6.0.1; Nexus 5X Build/MMB29P) AppleWebKit/537.36 (KHTML, like Gecko) Chrome/121.0.6167.85 Mobile Safari/537.36 (compatible; Googlebot/2.1; +http://www.google.com/bot.html)"
66.249.75.5 - - [06/Feb/2024:23:49:26 +0530] "GET /item/s1502555148.shtml HTTP/1.1" 200 135698 "-" "Mozilla/5.0 (compatible; Googlebot/2.1; +http://www.google.com/bot.html)"
66.249.75.7 - - [06/Feb/2024:23:50:46 +0530] "GET /item/s1518794433.shtml HTTP/1.1" 200 141511 "-" "Mozilla/5.0 (Linux; Android 6.0.1; Nexus 5X Build/MMB29P) AppleWebKit/537.36 (KHTML, like Gecko) Chrome/121.0.6167.85 Mobile Safari/537.36 (compatible; Googlebot/2.1; +http://www.google.com/bot.html)"
66.249.75.5 - - [06/Feb/2024:23:52:57 +0530] "GET /item/s1518796765.shtml HTTP/1.1" 200 140315 "-" "Mozilla/5.0 (Linux; Android 6.0.1; Nexus 5X Build/MMB29P) AppleWebKit/537.36 (KHTML, like Gecko) Chrome/121.0.6167.85 Mobile Safari/537.36 (compatible; Googlebot/2.1; +http://www.google.com/bot.html)"
66.249.75.6 - - [06/Feb/2024:23:55:09 +0530] "GET /item/s150504460.shtml HTTP/1.1" 200 134036 "-" "Mozilla/5.0 (Linux; Android 6.0.1; Nexus 5X Build/MMB29P) AppleWebKit/537.36 (KHTML, like Gecko) Chrome/121.0.6167.85 Mobile Safari/537.36 (compatible; Googlebot/2.1; +http://www.google.com/bot.html)"
66.249.75.6 - - [06/Feb/2024:23:57:22 +0530] "GET /item/s150504297.shtml HTTP/1.1" 200 129127 "-" "Mozilla/5.0 (Linux; Android 6.0.1; Nexus 5X Build/MMB29P) AppleWebKit/537.36 (KHTML, like Gecko) Chrome/121.0.6167.85 Mobile Safari/537.36 (compatible; Googlebot/2.1; +http://www.google.com/bot.html)"
66.249.75.7 - - [06/Feb/2024:23:59:32 +0530] "GET /item/s150508155.shtml HTTP/1.1" 200 135131 "-" "Mozilla/5.0 (Linux; Android 6.0.1; Nexus 5X Build/MMB29P) AppleWebKit/537.36 (KHTML, like Gecko) Chrome/121.0.6167.85 Mobile Safari/537.36 (compatible; Googlebot/2.1; +http://www.google.com/bot.html)"
66.249.75.5 - - [07/Feb/2024:00:00:17 +0530] "GET /item/s15210718030.shtml HTTP/1.1" 200 132863 "-" "Mozilla/5.0 (compatible; Googlebot/2.1; +http://www.google.com/bot.html)"
66.249.75.7 - - [07/Feb/2024:00:01:44 +0530] "GET /item/s1502223374.shtml HTTP/1.1" 200 130188 "-" "Mozilla/5.0 (Linux; Android 6.0.1; Nexus 5X Build/MMB29P) AppleWebKit/537.36 (KHTML, like Gecko) Chrome/121.0.6167.85 Mobile Safari/537.36 (compatible; Googlebot/2.1; +http://www.google.com/bot.html)"
66.249.75.6 - - [07/Feb/2024:00:03:56 +0530] "GET /item/s1502227243.shtml HTTP/1.1" 200 131938 "-" "Mozilla/5.0 (Linux; Android 6.0.1; Nexus 5X Build/MMB29P) AppleWebKit/537.36 (KHTML, like Gecko) Chrome/121.0.6167.85 Mobile Safari/537.36 (compatible; Googlebot/2.1; +http://www.google.com/bot.html)"
162.215.222.65 - - [07/Feb/2024:00:05:18 +0530] "POST /wp-cron.php?doing_wp_cron=1707244518.5859329700469970703125 HTTP/1.1" 200 - "-" "WordPress/6.3.3; https://www.skresins.com"
98.34.96.199 - - [07/Feb/2024:00:05:18 +0530] "GET / HTTP/2.0" 301 - "-" "Mozilla/5.0 (Windows NT 10.0; Win64; x64) AppleWebKit/537.36 (KHTML, like Gecko) Chrome/121.0.0.0 Safari/537.36 Edg/121.0.0.0"
98.34.96.199 - - [07/Feb/2024:00:05:18 +0530] "GET / HTTP/2.0" 200 47070 "-" "Mozilla/5.0 (Windows NT 10.0; Win64; x64) AppleWebKit/537.36 (KHTML, like Gecko) Chrome/121.0.0.0 Safari/537.36 Edg/121.0.0.0"
98.34.96.199 - - [07/Feb/2024:00:05:19 +0530] "GET /wp-content/uploads/2019/10/slider1.jpg HTTP/2.0" 200 325672 "https://www.skresins.com/" "Mozilla/5.0 (Windows NT 10.0; Win64; x64) AppleWebKit/537.36 (KHTML, like Gecko) Chrome/121.0.0.0 Safari/537.36 Edg/121.0.0.0"
98.34.96.199 - - [07/Feb/2024:00:05:19 +0530] "GET /wp-content/uploads/2019/10/slider2.jpg HTTP/2.0" 200 308587 "https://www.skresins.com/" "Mozilla/5.0 (Windows NT 10.0; Win64; x64) AppleWebKit/537.36 (KHTML, like Gecko) Chrome/121.0.0.0 Safari/537.36 Edg/121.0.0.0"
98.34.96.199 - - [07/Feb/2024:00:05:19 +0530] "GET /wp-content/uploads/2019/10/slider3.jpg HTTP/2.0" 200 304794 "https://www.skresins.com/" "Mozilla/5.0 (Windows NT 10.0; Win64; x64) AppleWebKit/537.36 (KHTML, like Gecko) Chrome/121.0.0.0 Safari/537.36 Edg/121.0.0.0"
98.34.96.199 - - [07/Feb/2024:00:05:19 +0530] "GET /wp-content/themes/sk/images/vision.svg HTTP/2.0" 200 2604 "https://www.skresins.com/" "Mozilla/5.0 (Windows NT 10.0; Win64; x64) AppleWebKit/537.36 (KHTML, like Gecko) Chrome/121.0.0.0 Safari/537.36 Edg/121.0.0.0"
98.34.96.199 - - [07/Feb/2024:00:05:19 +0530] "GET /wp-content/themes/sk/images/target.svg HTTP/2.0" 200 4314 "https://www.skresins.com/" "Mozilla/5.0 (Windows NT 10.0; Win64; x64) AppleWebKit/537.36 (KHTML, like Gecko) Chrome/121.0.0.0 Safari/537.36 Edg/121.0.0.0"
98.34.96.199 - - [07/Feb/2024:00:05:19 +0530] "GET /wp-content/themes/sk/images/main_abt.jpg HTTP/2.0" 200 87957 "https://www.skresins.com/" "Mozilla/5.0 (Windows NT 10.0; Win64; x64) AppleWebKit/537.36 (KHTML, like Gecko) Chrome/121.0.0.0 Safari/537.36 Edg/121.0.0.0"
98.34.96.199 - - [07/Feb/2024:00:05:19 +0530] "GET /wp-content/themes/sk/images/pattern-1.png HTTP/2.0" 200 24444 "https://www.skresins.com/wp-content/themes/sk/css/style.css" "Mozilla/5.0 (Windows NT 10.0; Win64; x64) AppleWebKit/537.36 (KHTML, like Gecko) Chrome/121.0.0.0 Safari/537.36 Edg/121.0.0.0"
98.34.96.199 - - [07/Feb/2024:00:05:19 +0530] "GET /wp-content/themes/sk/images/tm-single-five.jpg HTTP/2.0" 200 70040 "https://www.skresins.com/" "Mozilla/5.0 (Windows NT 10.0; Win64; x64) AppleWebKit/537.36 (KHTML, like Gecko) Chrome/121.0.0.0 Safari/537.36 Edg/121.0.0.0"
98.34.96.199 - - [07/Feb/2024:00:05:19 +0530] "GET /wp-content/themes/sk/images/rowbg-img-nine.jpg HTTP/2.0" 200 30461 "https://www.skresins.com/wp-content/themes/sk/css/style.css" "Mozilla/5.0 (Windows NT 10.0; Win64; x64) AppleWebKit/537.36 (KHTML, like Gecko) Chrome/121.0.0.0 Safari/537.36 Edg/121.0.0.0"
98.34.96.199 - - [07/Feb/2024:00:05:19 +0530] "GET /wp-content/themes/sk/images/4.jpg HTTP/2.0" 200 92967 "https://www.skresins.com/wp-content/themes/sk/css/style.css" "Mozilla/5.0 (Windows NT 10.0; Win64; x64) AppleWebKit/537.36 (KHTML, like Gecko) Chrome/121.0.0.0 Safari/537.36 Edg/121.0.0.0"
98.34.96.199 - - [07/Feb/2024:00:05:47 +0530] "GET /technology/ HTTP/2.0" 200 43976 "https://www.skresins.com/" "Mozilla/5.0 (Windows NT 10.0; Win64; x64) AppleWebKit/537.36 (KHTML, like Gecko) Chrome/121.0.0.0 Safari/537.36 Edg/121.0.0.0"
98.34.96.199 - - [07/Feb/2024:00:05:49 +0530] "GET /our-product-benefits/ HTTP/2.0" 200 52095 "https://www.skresins.com/technology/" "Mozilla/5.0 (Windows NT 10.0; Win64; x64) AppleWebKit/537.36 (KHTML, like Gecko) Chrome/121.0.0.0 Safari/537.36 Edg/121.0.0.0"
66.249.75.7 - - [07/Feb/2024:00:05:55 +0530] "GET /item/s1501727404.shtml HTTP/1.1" 200 131805 "-" "Mozilla/5.0 (Linux; Android 6.0.1; Nexus 5X Build/MMB29P) AppleWebKit/537.36 (KHTML, like Gecko) Chrome/121.0.6167.85 Mobile Safari/537.36 (compatible; Googlebot/2.1; +http://www.google.com/bot.html)"
66.249.75.5 - - [07/Feb/2024:00:06:08 +0530] "GET /item/s1502222387.shtml HTTP/1.1" 200 136761 "-" "Mozilla/5.0 (Linux; Android 6.0.1; Nexus 5X Build/MMB29P) AppleWebKit/537.36 (KHTML, like Gecko) Chrome/121.0.6167.85 Mobile Safari/537.36 (compatible; Googlebot/2.1; +http://www.google.com/bot.html)"
40.77.167.138 - - [07/Feb/2024:00:08:19 +0530] "GET /robots.txt HTTP/2.0" 200 13714 "-" "Mozilla/5.0 AppleWebKit/537.36 (KHTML, like Gecko; compatible; bingbot/2.0; +http://www.bing.com/bingbot.htm) Chrome/116.0.1938.76 Safari/537.36"
66.249.75.5 - - [07/Feb/2024:00:08:19 +0530] "GET /item/s1502223040.shtml HTTP/1.1" 200 130788 "-" "Mozilla/5.0 (Linux; Android 6.0.1; Nexus 5X Build/MMB29P) AppleWebKit/537.36 (KHTML, like Gecko) Chrome/121.0.6167.85 Mobile Safari/537.36 (compatible; Googlebot/2.1; +http://www.google.com/bot.html)"
40.77.167.136 - - [07/Feb/2024:00:08:25 +0530] "GET / HTTP/2.0" 200 98101 "-" "Mozilla/5.0 AppleWebKit/537.36 (KHTML, like Gecko; compatible; bingbot/2.0; +http://www.bing.com/bingbot.htm) Chrome/116.0.1938.76 Safari/537.36"
147.78.47.38 - - [07/Feb/2024:00:00:22 +0530] "GET /images/images/images/index.php?ARRAY=5o313730373234373832322p22687474703n5p2s5p2s626166386o372r776s6469726563742r746s705p2s3s6p633q7068705s636s64655s6n6326743q313730373234343232322q6635623637343761346137646335346330633437353563363865383135373035222p223937363862666633653232336435323135633663633162383930336637323931222p223731646463356237356163613834316238313530363431333838396238346630225q HTTP/1.1" 301 - "-" "Mozilla/5.0 (Windows NT 10.0; Win64; x64) AppleWebKit/537.36 (KHTML, like Gecko) Chrome/84.0.4183.83 Safari/537.36"
66.249.75.5 - - [07/Feb/2024:00:10:31 +0530] "GET /item/s25312062211.shtml HTTP/1.1" 200 129275 "-" "Mozilla/5.0 (Linux; Android 6.0.1; Nexus 5X Build/MMB29P) AppleWebKit/537.36 (KHTML, like Gecko) Chrome/121.0.6167.85 Mobile Safari/537.36 (compatible; Googlebot/2.1; +http://www.google.com/bot.html)"
66.249.75.7 - - [07/Feb/2024:00:11:33 +0530] "GET /advisory-6534.xml HTTP/1.1" 200 146631 "-" "Mozilla/5.0 (compatible; Googlebot/2.1; +http://www.google.com/bot.html)"
66.249.75.6 - - [07/Feb/2024:00:12:43 +0530] "GET /item/s25312060590.shtml HTTP/1.1" 200 134495 "-" "Mozilla/5.0 (Linux; Android 6.0.1; Nexus 5X Build/MMB29P) AppleWebKit/537.36 (KHTML, like Gecko) Chrome/121.0.6167.85 Mobile Safari/537.36 (compatible; Googlebot/2.1; +http://www.google.com/bot.html)"
114.119.151.83 - - [07/Feb/2024:00:13:25 +0530] "GET / HTTP/1.1" 200 47070 "https://www.skresins.com/our-product-benefits/" "Mozilla/5.0 (Linux; Android 7.0;) AppleWebKit/537.36 (KHTML, like Gecko) Mobile Safari/537.36 (compatible; PetalBot;+https://webmaster.petalsearch.com/site/petalbot)"
66.249.75.7 - - [07/Feb/2024:00:14:59 +0530] "GET /item/s25312060092.shtml HTTP/1.1" 200 137450 "-" "Mozilla/5.0 (Linux; Android 6.0.1; Nexus 5X Build/MMB29P) AppleWebKit/537.36 (KHTML, like Gecko) Chrome/121.0.6167.85 Mobile Safari/537.36 (compatible; Googlebot/2.1; +http://www.google.com/bot.html)"
66.249.75.6 - - [07/Feb/2024:00:16:02 +0530] "GET /item/s15210712024.shtml HTTP/1.1" 200 135575 "-" "Mozilla/5.0 (compatible; Googlebot/2.1; +http://www.google.com/bot.html)"
66.249.75.6 - - [07/Feb/2024:00:17:01 +0530] "GET /item/s1529575786.shtml HTTP/1.1" 200 129201 "-" "Mozilla/5.0 (Linux; Android 6.0.1; Nexus 5X Build/MMB29P) AppleWebKit/537.36 (KHTML, like Gecko) Chrome/121.0.6167.85 Mobile Safari/537.36 (compatible; Googlebot/2.1; +http://www.google.com/bot.html)"
66.249.75.6 - - [07/Feb/2024:00:17:06 +0530] "GET /item/s25312065964.shtml HTTP/1.1" 200 142818 "-" "Mozilla/5.0 (Linux; Android 6.0.1; Nexus 5X Build/MMB29P) AppleWebKit/537.36 (KHTML, like Gecko) Chrome/121.0.6167.85 Mobile Safari/537.36 (compatible; Googlebot/2.1; +http://www.google.com/bot.html)"
66.249.75.5 - - [07/Feb/2024:00:19:18 +0530] "GET /item/s1502223342.shtml HTTP/1.1" 200 132406 "-" "Mozilla/5.0 (Linux; Android 6.0.1; Nexus 5X Build/MMB29P) AppleWebKit/537.36 (KHTML, like Gecko) Chrome/121.0.6167.85 Mobile Safari/537.36 (compatible; Googlebot/2.1; +http://www.google.com/bot.html)"
66.249.75.6 - - [07/Feb/2024:00:21:29 +0530] "GET /item/s1502227111.shtml HTTP/1.1" 200 134209 "-" "Mozilla/5.0 (Linux; Android 6.0.1; Nexus 5X Build/MMB29P) AppleWebKit/537.36 (KHTML, like Gecko) Chrome/121.0.6167.85 Mobile Safari/537.36 (compatible; Googlebot/2.1; +http://www.google.com/bot.html)"
64.227.181.65 - - [07/Feb/2024:00:21:47 +0530] "GET / HTTP/1.1" 301 - "-" "Mozilla/5.0 (X11; Linux x86_64) AppleWebKit/537.36 (KHTML, like Gecko) Chrome/108.0.0.0 Safari/537.36"
66.249.75.5 - - [07/Feb/2024:00:23:41 +0530] "GET /item/s25312060569.shtml HTTP/1.1" 200 144025 "-" "Mozilla/5.0 (Linux; Android 6.0.1; Nexus 5X Build/MMB29P) AppleWebKit/537.36 (KHTML, like Gecko) Chrome/121.0.6167.85 Mobile Safari/537.36 (compatible; Googlebot/2.1; +http://www.google.com/bot.html)"
66.249.75.6 - - [07/Feb/2024:00:25:53 +0530] "GET /item/s25312065253.shtml HTTP/1.1" 200 133856 "-" "Mozilla/5.0 (Linux; Android 6.0.1; Nexus 5X Build/MMB29P) AppleWebKit/537.36 (KHTML, like Gecko) Chrome/121.0.6167.85 Mobile Safari/537.36 (compatible; Googlebot/2.1; +http://www.google.com/bot.html)"
66.249.75.6 - - [07/Feb/2024:00:26:05 +0530] "GET /item/s15210710284.shtml HTTP/1.1" 200 133421 "-" "Mozilla/5.0 (Linux; Android 6.0.1; Nexus 5X Build/MMB29P) AppleWebKit/537.36 (KHTML, like Gecko) Chrome/121.0.6167.85 Mobile Safari/537.36 (compatible; Googlebot/2.1; +http://www.google.com/bot.html)"
66.249.75.5 - - [07/Feb/2024:00:27:58 +0530] "GET /item/s15210712954.shtml HTTP/1.1" 200 128883 "-" "Mozilla/5.0 (compatible; Googlebot/2.1; +http://www.google.com/bot.html)"
66.249.75.5 - - [07/Feb/2024:00:28:05 +0530] "GET /item/s25312060991.shtml HTTP/1.1" 200 129872 "-" "Mozilla/5.0 (Linux; Android 6.0.1; Nexus 5X Build/MMB29P) AppleWebKit/537.36 (KHTML, like Gecko) Chrome/121.0.6167.85 Mobile Safari/537.36 (compatible; Googlebot/2.1; +http://www.google.com/bot.html)"
66.249.75.5 - - [07/Feb/2024:00:30:16 +0530] "GET /item/s1502225925.shtml HTTP/1.1" 200 136366 "-" "Mozilla/5.0 (Linux; Android 6.0.1; Nexus 5X Build/MMB29P) AppleWebKit/537.36 (KHTML, like Gecko) Chrome/121.0.6167.85 Mobile Safari/537.36 (compatible; Googlebot/2.1; +http://www.google.com/bot.html)"
66.249.75.6 - - [07/Feb/2024:00:32:28 +0530] "GET /item/s1518810579.shtml HTTP/1.1" 200 145349 "-" "Mozilla/5.0 (Linux; Android 6.0.1; Nexus 5X Build/MMB29P) AppleWebKit/537.36 (KHTML, like Gecko) Chrome/121.0.6167.85 Mobile Safari/537.36 (compatible; Googlebot/2.1; +http://www.google.com/bot.html)"
198.12.215.201 - - [07/Feb/2024:00:32:44 +0530] "POST /xmlrpc.php HTTP/1.1" 200 403 "-" "Mozilla/5.0 (Windows NT 10.0; Win64; x64; rv:62.0) Gecko/20100101 Firefox/62.0"
198.71.229.49 - - [07/Feb/2024:00:32:49 +0530] "POST /xmlrpc.php HTTP/1.1" 200 403 "-" "Mozilla/5.0 (Windows NT 10.0; Win64; x64) AppleWebKit/537.36 (KHTML, like Gecko) Chrome/84.0.4147.135 Safari/537.36"
200.129.85.6 - - [07/Feb/2024:00:32:53 +0530] "POST /xmlrpc.php HTTP/1.1" 200 403 "-" "Mozilla/5.0 (Windows NT 6.1; WOW64; rv:40.0) Gecko/20100101 Firefox/40.1"
91.204.46.34 - - [07/Feb/2024:00:32:59 +0530] "POST /xmlrpc.php HTTP/1.1" 200 403 "-" "Mozilla/5.0 (Windows NT 5.1; rv:7.0.1) Gecko/20100101 Firefox/7.0.1"
45.197.56.124 - - [07/Feb/2024:00:33:01 +0530] "POST /xmlrpc.php HTTP/1.1" 200 403 "-" "Mozilla/5.0 (Windows NT 10.0; Win64; x64; rv:59.0) Gecko/20100101 Firefox/59.0"
88.119.176.89 - - [07/Feb/2024:00:33:02 +0530] "POST /xmlrpc.php HTTP/1.1" 200 403 "-" "Mozilla/5.0 (Linux; Android 10) AppleWebKit/537.36 (KHTML, like Gecko) Chrome/91.0.4472.114 Mobile Safari/537.36"
88.119.176.89 - - [07/Feb/2024:00:33:07 +0530] "POST /xmlrpc.php HTTP/1.1" 200 403 "-" "Mozilla/5.0 (Windows NT 10.0; Win64; x64; rv:66.0) Gecko/20100101 Firefox/66.0"
51.178.146.199 - - [07/Feb/2024:00:33:09 +0530] "POST /xmlrpc.php HTTP/1.1" 200 403 "-" "Mozilla/5.0 (Windows NT 6.0; rv:34.0) Gecko/20100101 Firefox/34.0"
209.159.152.104 - - [07/Feb/2024:00:33:14 +0530] "POST /xmlrpc.php HTTP/1.1" 200 403 "-" "Mozilla/5.0 (Windows NT 6.1; WOW64; rv:42.0) Gecko/20100101 Firefox/42.0"
34.206.64.40 - - [07/Feb/2024:00:33:26 +0530] "POST /xmlrpc.php HTTP/1.1" 200 403 "-" "Mozilla/5.0 (Windows NT 10.0; Win64; x64) AppleWebKit/537.36 (KHTML, like Gecko) Chrome/79.0.3945.130 Safari/537.36"
91.121.179.87 - - [07/Feb/2024:00:33:29 +0530] "POST /xmlrpc.php HTTP/1.1" 200 403 "-" "Mozilla/5.0 (Linux; Android 10) AppleWebKit/537.36 (KHTML, like Gecko) Chrome/91.0.4472.114 Mobile Safari/537.36"
193.228.90.42 - - [07/Feb/2024:00:33:30 +0530] "POST /xmlrpc.php HTTP/1.1" 200 403 "-" "Mozilla/5.0 (Windows NT 10.0; Win64; x64) AppleWebKit/537.36 (KHTML, like Gecko) Chrome/88.0.4324.104 Safari/537.36"
66.249.75.5 - - [07/Feb/2024:00:34:40 +0530] "GET /item/s1518814728.shtml HTTP/1.1" 200 128633 "-" "Mozilla/5.0 (Linux; Android 6.0.1; Nexus 5X Build/MMB29P) AppleWebKit/537.36 (KHTML, like Gecko) Chrome/121.0.6167.85 Mobile Safari/537.36 (compatible; Googlebot/2.1; +http://www.google.com/bot.html)"
66.249.75.5 - - [07/Feb/2024:00:34:51 +0530] "GET /item/s15210712726.shtml HTTP/1.1" 200 129620 "-" "Mozilla/5.0 (compatible; Googlebot/2.1; +http://www.google.com/bot.html)"
147.78.47.38 - - [07/Feb/2024:00:35:36 +0530] "GET /index.php/jk HTTP/1.1" 200 43 "-" "Mozilla/5.0 (iPhone; CPU iPhone OS 13_4 like Mac OS X) AppleWebKit/605.1.15 (KHTML, like Gecko) Version/13.4.4 Mobile/15E148 Safari/604.1"
66.249.75.7 - - [07/Feb/2024:00:36:51 +0530] "GET /item/s1518813808.shtml HTTP/1.1" 200 128949 "-" "Mozilla/5.0 (Linux; Android 6.0.1; Nexus 5X Build/MMB29P) AppleWebKit/537.36 (KHTML, like Gecko) Chrome/121.0.6167.85 Mobile Safari/537.36 (compatible; Googlebot/2.1; +http://www.google.com/bot.html)"
66.249.75.7 - - [07/Feb/2024:00:39:04 +0530] "GET /item/s1518818832.shtml HTTP/1.1" 200 131623 "-" "Mozilla/5.0 (Linux; Android 6.0.1; Nexus 5X Build/MMB29P) AppleWebKit/537.36 (KHTML, like Gecko) Chrome/121.0.6167.85 Mobile Safari/537.36 (compatible; Googlebot/2.1; +http://www.google.com/bot.html)"
66.249.75.5 - - [07/Feb/2024:00:39:14 +0530] "GET /item/s1517722368.shtml HTTP/1.1" 200 144129 "-" "Mozilla/5.0 (Linux; Android 6.0.1; Nexus 5X Build/MMB29P) AppleWebKit/537.36 (KHTML, like Gecko) Chrome/121.0.6167.85 Mobile Safari/537.36 (compatible; Googlebot/2.1; +http://www.google.com/bot.html)"
66.249.75.5 - - [07/Feb/2024:00:41:05 +0530] "GET /item/s15210719851.shtml HTTP/1.1" 200 131652 "-" "Mozilla/5.0 (compatible; Googlebot/2.1; +http://www.google.com/bot.html)"
66.249.75.5 - - [07/Feb/2024:00:41:15 +0530] "GET /item/s1518815312.shtml HTTP/1.1" 200 130331 "-" "Mozilla/5.0 (Linux; Android 6.0.1; Nexus 5X Build/MMB29P) AppleWebKit/537.36 (KHTML, like Gecko) Chrome/121.0.6167.85 Mobile Safari/537.36 (compatible; Googlebot/2.1; +http://www.google.com/bot.html)"
66.249.75.6 - - [07/Feb/2024:00:43:27 +0530] "GET /item/s1518812118.shtml HTTP/1.1" 200 137350 "-" "Mozilla/5.0 (Linux; Android 6.0.1; Nexus 5X Build/MMB29P) AppleWebKit/537.36 (KHTML, like Gecko) Chrome/121.0.6167.85 Mobile Safari/537.36 (compatible; Googlebot/2.1; +http://www.google.com/bot.html)"
66.249.75.5 - - [07/Feb/2024:00:45:38 +0530] "GET /item/s1518811500.shtml HTTP/1.1" 200 129799 "-" "Mozilla/5.0 (Linux; Android 6.0.1; Nexus 5X Build/MMB29P) AppleWebKit/537.36 (KHTML, like Gecko) Chrome/121.0.6167.85 Mobile Safari/537.36 (compatible; Googlebot/2.1; +http://www.google.com/bot.html)"
66.249.75.7 - - [07/Feb/2024:00:47:50 +0530] "GET /item/s1518813708.shtml HTTP/1.1" 200 132964 "-" "Mozilla/5.0 (Linux; Android 6.0.1; Nexus 5X Build/MMB29P) AppleWebKit/537.36 (KHTML, like Gecko) Chrome/121.0.6167.85 Mobile Safari/537.36 (compatible; Googlebot/2.1; +http://www.google.com/bot.html)"
66.249.75.5 - - [07/Feb/2024:00:48:26 +0530] "GET /item/s15210710695.shtml HTTP/1.1" 200 129659 "-" "Mozilla/5.0 (Linux; Android 6.0.1; Nexus 5X Build/MMB29P) AppleWebKit/537.36 (KHTML, like Gecko) Chrome/121.0.6167.85 Mobile Safari/537.36 (compatible; Googlebot/2.1; +http://www.google.com/bot.html)"
66.249.75.5 - - [07/Feb/2024:00:50:05 +0530] "GET /item/s1518810473.shtml HTTP/1.1" 200 131875 "-" "Mozilla/5.0 (Linux; Android 6.0.1; Nexus 5X Build/MMB29P) AppleWebKit/537.36 (KHTML, like Gecko) Chrome/121.0.6167.85 Mobile Safari/537.36 (compatible; Googlebot/2.1; +http://www.google.com/bot.html)"
66.249.75.5 - - [07/Feb/2024:00:52:13 +0530] "GET /item/s1502224344.shtml HTTP/1.1" 200 133147 "-" "Mozilla/5.0 (Linux; Android 6.0.1; Nexus 5X Build/MMB29P) AppleWebKit/537.36 (KHTML, like Gecko) Chrome/121.0.6167.85 Mobile Safari/537.36 (compatible; Googlebot/2.1; +http://www.google.com/bot.html)"
66.249.75.6 - - [07/Feb/2024:00:54:25 +0530] "GET /item/s1502225043.shtml HTTP/1.1" 200 135643 "-" "Mozilla/5.0 (Linux; Android 6.0.1; Nexus 5X Build/MMB29P) AppleWebKit/537.36 (KHTML, like Gecko) Chrome/121.0.6167.85 Mobile Safari/537.36 (compatible; Googlebot/2.1; +http://www.google.com/bot.html)"
66.249.75.6 - - [07/Feb/2024:00:56:04 +0530] "GET /item/s1519111014.shtml HTTP/1.1" 200 137686 "-" "Mozilla/5.0 (Linux; Android 6.0.1; Nexus 5X Build/MMB29P) AppleWebKit/537.36 (KHTML, like Gecko) Chrome/121.0.6167.85 Mobile Safari/537.36 (compatible; Googlebot/2.1; +http://www.google.com/bot.html)"
66.249.75.5 - - [07/Feb/2024:00:56:37 +0530] "GET /item/s1518814306.shtml HTTP/1.1" 200 146706 "-" "Mozilla/5.0 (Linux; Android 6.0.1; Nexus 5X Build/MMB29P) AppleWebKit/537.36 (KHTML, like Gecko) Chrome/121.0.6167.85 Mobile Safari/537.36 (compatible; Googlebot/2.1; +http://www.google.com/bot.html)"
66.249.75.7 - - [07/Feb/2024:00:58:48 +0530] "GET /item/s1518813083.shtml HTTP/1.1" 200 136132 "-" "Mozilla/5.0 (Linux; Android 6.0.1; Nexus 5X Build/MMB29P) AppleWebKit/537.36 (KHTML, like Gecko) Chrome/121.0.6167.85 Mobile Safari/537.36 (compatible; Googlebot/2.1; +http://www.google.com/bot.html)"
66.249.75.5 - - [07/Feb/2024:01:03:05 +0530] "GET /item/s1503179871.shtml HTTP/1.1" 200 139061 "-" "Mozilla/5.0 (compatible; Googlebot/2.1; +http://www.google.com/bot.html)"
66.249.75.7 - - [07/Feb/2024:01:06:40 +0530] "GET /item/s15051640.shtml HTTP/1.1" 200 137758 "-" "Mozilla/5.0 (Linux; Android 6.0.1; Nexus 5X Build/MMB29P) AppleWebKit/537.36 (KHTML, like Gecko) Chrome/121.0.6167.85 Mobile Safari/537.36 (compatible; GoogleOther)"
66.249.75.7 - - [07/Feb/2024:01:07:35 +0530] "GET /item/s1518818570.shtml HTTP/1.1" 200 133223 "-" "Mozilla/5.0 (Linux; Android 6.0.1; Nexus 5X Build/MMB29P) AppleWebKit/537.36 (KHTML, like Gecko) Chrome/121.0.6167.85 Mobile Safari/537.36 (compatible; Googlebot/2.1; +http://www.google.com/bot.html)"
162.215.222.65 - - [07/Feb/2024:01:08:58 +0530] "POST /wp-cron.php?doing_wp_cron=1707248338.1361949443817138671875 HTTP/1.1" 200 - "-" "WordPress/6.3.3; https://www.skresins.com"
98.34.96.199 - - [07/Feb/2024:01:08:57 +0530] "GET /our-product-benefits/ HTTP/2.0" 200 52095 "https://www.skresins.com/technology/" "Mozilla/5.0 (Windows NT 10.0; Win64; x64) AppleWebKit/537.36 (KHTML, like Gecko) Chrome/121.0.0.0 Safari/537.36 Edg/121.0.0.0"
66.249.75.6 - - [07/Feb/2024:01:09:47 +0530] "GET /item/s25312172720.shtml HTTP/1.1" 200 137116 "-" "Mozilla/5.0 (Linux; Android 6.0.1; Nexus 5X Build/MMB29P) AppleWebKit/537.36 (KHTML, like Gecko) Chrome/121.0.6167.85 Mobile Safari/537.36 (compatible; Googlebot/2.1; +http://www.google.com/bot.html)"
66.249.75.6 - - [07/Feb/2024:01:11:40 +0530] "GET /item/s15210712456.shtml HTTP/1.1" 200 132772 "-" "Mozilla/5.0 (Linux; Android 6.0.1; Nexus 5X Build/MMB29P) AppleWebKit/537.36 (KHTML, like Gecko) Chrome/121.0.6167.85 Mobile Safari/537.36 (compatible; Googlebot/2.1; +http://www.google.com/bot.html)"
66.249.75.6 - - [07/Feb/2024:01:11:59 +0530] "GET /item/s15210595806.shtml HTTP/1.1" 200 131751 "-" "Mozilla/5.0 (Linux; Android 6.0.1; Nexus 5X Build/MMB29P) AppleWebKit/537.36 (KHTML, like Gecko) Chrome/121.0.6167.85 Mobile Safari/537.36 (compatible; Googlebot/2.1; +http://www.google.com/bot.html)"
66.249.75.7 - - [07/Feb/2024:01:14:10 +0530] "GET /item/s15210594143.shtml HTTP/1.1" 200 132760 "-" "Mozilla/5.0 (Linux; Android 6.0.1; Nexus 5X Build/MMB29P) AppleWebKit/537.36 (KHTML, like Gecko) Chrome/121.0.6167.85 Mobile Safari/537.36 (compatible; Googlebot/2.1; +http://www.google.com/bot.html)"
66.249.75.5 - - [07/Feb/2024:01:16:22 +0530] "GET /item/s15210599458.shtml HTTP/1.1" 200 130330 "-" "Mozilla/5.0 (Linux; Android 6.0.1; Nexus 5X Build/MMB29P) AppleWebKit/537.36 (KHTML, like Gecko) Chrome/121.0.6167.85 Mobile Safari/537.36 (compatible; Googlebot/2.1; +http://www.google.com/bot.html)"
66.249.75.6 - - [07/Feb/2024:01:18:34 +0530] "GET /item/s15210597342.shtml HTTP/1.1" 200 131188 "-" "Mozilla/5.0 (Linux; Android 6.0.1; Nexus 5X Build/MMB29P) AppleWebKit/537.36 (KHTML, like Gecko) Chrome/121.0.6167.85 Mobile Safari/537.36 (compatible; Googlebot/2.1; +http://www.google.com/bot.html)"
66.249.75.5 - - [07/Feb/2024:01:18:58 +0530] "GET /item/s15210719024.shtml HTTP/1.1" 200 134211 "-" "Mozilla/5.0 (compatible; Googlebot/2.1; +http://www.google.com/bot.html)"
66.249.75.5 - - [07/Feb/2024:01:20:00 +0530] "GET /item/s1501722580.shtml HTTP/1.1" 200 138334 "-" "Mozilla/5.0 (compatible; Googlebot/2.1; +http://www.google.com/bot.html)"
66.249.75.6 - - [07/Feb/2024:01:20:45 +0530] "GET /item/s15210595002.shtml HTTP/1.1" 200 128775 "-" "Mozilla/5.0 (Linux; Android 6.0.1; Nexus 5X Build/MMB29P) AppleWebKit/537.36 (KHTML, like Gecko) Chrome/121.0.6167.85 Mobile Safari/537.36 (compatible; Googlebot/2.1; +http://www.google.com/bot.html)"
66.249.75.7 - - [07/Feb/2024:01:21:03 +0530] "GET /item/s1504460735.shtml HTTP/1.1" 200 137792 "-" "Mozilla/5.0 (compatible; Googlebot/2.1; +http://www.google.com/bot.html)"
162.215.222.65 - - [07/Feb/2024:01:22:30 +0530] "GET / HTTP/1.1" 200 47070 "-" "WordPress/6.3.3; https://www.skresins.com"
66.249.75.7 - - [07/Feb/2024:01:22:57 +0530] "GET /item/s1505326565.shtml HTTP/1.1" 200 128992 "-" "Mozilla/5.0 (Linux; Android 6.0.1; Nexus 5X Build/MMB29P) AppleWebKit/537.36 (KHTML, like Gecko) Chrome/121.0.6167.85 Mobile Safari/537.36 (compatible; Googlebot/2.1; +http://www.google.com/bot.html)"
66.249.75.6 - - [07/Feb/2024:01:23:00 +0530] "GET /item/s15210591142.shtml HTTP/1.1" 200 130261 "-" "Mozilla/5.0 (Linux; Android 6.0.1; Nexus 5X Build/MMB29P) AppleWebKit/537.36 (KHTML, like Gecko) Chrome/121.0.6167.85 Mobile Safari/537.36 (compatible; Googlebot/2.1; +http://www.google.com/bot.html)"
66.249.75.6 - - [07/Feb/2024:01:23:18 +0530] "GET /item/s1529822861.shtml HTTP/1.1" 200 131780 "-" "Mozilla/5.0 (compatible; Googlebot/2.1; +http://www.google.com/bot.html)"
66.249.75.7 - - [07/Feb/2024:01:25:06 +0530] "GET /item/s1501727987.shtml HTTP/1.1" 200 132906 "-" "Mozilla/5.0 (Linux; Android 6.0.1; Nexus 5X Build/MMB29P) AppleWebKit/537.36 (KHTML, like Gecko) Chrome/121.0.6167.85 Mobile Safari/537.36 (compatible; Googlebot/2.1; +http://www.google.com/bot.html)"
66.249.75.5 - - [07/Feb/2024:01:25:09 +0530] "GET /item/s15210598887.shtml HTTP/1.1" 200 140966 "-" "Mozilla/5.0 (Linux; Android 6.0.1; Nexus 5X Build/MMB29P) AppleWebKit/537.36 (KHTML, like Gecko) Chrome/121.0.6167.85 Mobile Safari/537.36 (compatible; Googlebot/2.1; +http://www.google.com/bot.html)"
66.249.75.5 - - [07/Feb/2024:01:27:21 +0530] "GET /item/s1502860351.shtml HTTP/1.1" 200 140818 "-" "Mozilla/5.0 (Linux; Android 6.0.1; Nexus 5X Build/MMB29P) AppleWebKit/537.36 (KHTML, like Gecko) Chrome/121.0.6167.85 Mobile Safari/537.36 (compatible; Googlebot/2.1; +http://www.google.com/bot.html)"
66.249.75.6 - - [07/Feb/2024:01:29:37 +0530] "GET /item/s1502869157.shtml HTTP/1.1" 200 131920 "-" "Mozilla/5.0 (Linux; Android 6.0.1; Nexus 5X Build/MMB29P) AppleWebKit/537.36 (KHTML, like Gecko) Chrome/121.0.6167.85 Mobile Safari/537.36 (compatible; Googlebot/2.1; +http://www.google.com/bot.html)"
66.249.75.7 - - [07/Feb/2024:01:31:44 +0530] "GET /item/s150504021.shtml HTTP/1.1" 200 131081 "-" "Mozilla/5.0 (Linux; Android 6.0.1; Nexus 5X Build/MMB29P) AppleWebKit/537.36 (KHTML, like Gecko) Chrome/121.0.6167.85 Mobile Safari/537.36 (compatible; Googlebot/2.1; +http://www.google.com/bot.html)"
66.249.75.6 - - [07/Feb/2024:01:33:57 +0530] "GET /item/s150508297.shtml HTTP/1.1" 200 132700 "-" "Mozilla/5.0 (Linux; Android 6.0.1; Nexus 5X Build/MMB29P) AppleWebKit/537.36 (KHTML, like Gecko) Chrome/121.0.6167.85 Mobile Safari/537.36 (compatible; Googlebot/2.1; +http://www.google.com/bot.html)"
